06-19 16:42:37.255 1062 1062 I auditd : type=1400 audit(0.0:406): avc: denied { getattr } for comm="android.hardwar" path="/dev/__properties__/u:object_r:device_config_storage_native_boot_prop:s0" dev="tmpfs" ino=189 scontext=u:r:hal_camera_default:s0 tcontext=u:object_r:device_config_storage_native_boot_prop:s0 tclass=file permissive=1
06-19 16:42:37.255 1062 1062 I auditd : type=1400 audit(0.0:407): avc: denied { map } for comm="android.hardwar" path="/dev/__properties__/u:object_r:device_config_storage_native_boot_prop:s0" dev="tmpfs" ino=189 scontext=u:r:hal_camera_default:s0 tcontext=u:object_r:device_config_storage_native_boot_prop:s0 tclass=file permissive=1
06-19 16:42:37.255 1062 1062 I auditd : type=1400 audit(0.0:408): avc: denied { open } for comm="android.hardwar" path="/dev/__properties__/u:object_r:device_config_swcodec_native_prop:s0" dev="tmpfs" ino=191 scontext=u:r:hal_camera_default:s0 tcontext=u:object_r:device_config_swcodec_native_prop:s0 tclass=file permissive=1
06-19 16:42:37.255 1062 1062 I auditd : type=1400 audit(0.0:409): avc: denied { getattr } for comm="android.hardwar" path="/dev/__properties__/u:object_r:device_config_swcodec_native_prop:s0" dev="tmpfs" ino=191 scontext=u:r:hal_camera_default:s0 tcontext=u:object_r:device_config_swcodec_native_prop:s0 tclass=file permissive=1
06-19 16:42:37.255 1062 1062 I auditd : type=1400 audit(0.0:410): avc: denied { map } for comm="android.hardwar" path="/dev/__properties__/u:object_r:device_config_swcodec_native_prop:s0" dev="tmpfs" ino=191 scontext=u:r:hal_camera_default:s0 tcontext=u:object_r:device_config_swcodec_native_prop:s0 tclass=file permissive=1
06-19 16:42:37.255 1062 1062 I auditd : type=1400 audit(0.0:411): avc: denied { open } for comm="android.hardwar" path="/dev/__properties__/u:object_r:device_config_sys_traced_prop:s0" dev="tmpfs" ino=192 scontext=u:r:hal_camera_default:s0 tcontext=u:object_r:device_config_sys_traced_prop:s0 tclass=file permissive=1
06-19 16:42:37.255 1062 1062 I auditd : type=1400 audit(0.0:412): avc: denied { getattr } for comm="android.hardwar" path="/dev/__properties__/u:object_r:device_config_sys_traced_prop:s0" dev="tmpfs" ino=192 scontext=u:r:hal_camera_default:s0 tcontext=u:object_r:device_config_sys_traced_prop:s0 tclass=file permissive=1
06-19 16:42:37.255 1062 1062 I auditd : type=1400 audit(0.0:413): avc: denied { map } for comm="android.hardwar" path="/dev/__properties__/u:object_r:device_config_sys_traced_prop:s0" dev="tmpfs" ino=192 scontext=u:r:hal_camera_default:s0 tcontext=u:object_r:device_config_sys_traced_prop:s0 tclass=file permissive=1
06-19 16:42:37.255 1062 1062 I auditd : type=1400 audit(0.0:414): avc: denied { open } for comm="android.hardwar" path="/dev/__properties__/u:object_r:device_config_virtualization_framework_native_prop:s0" dev="tmpfs" ino=195 scontext=u:r:hal_camera_default:s0 tcontext=u:object_r:device_config_virtualization_framework_native_prop:s0 tclass=file permissive=1
06-19 16:42:37.255 1062 1062 I auditd : type=1400 audit(0.0:415): avc: denied { getattr } for comm="android.hardwar" path="/dev/__properties__/u:object_r:device_config_virtualization_framework_native_prop:s0" dev="tmpfs" ino=195 scontext=u:r:hal_camera_default:s0 tcontext=u:object_r:device_config_virtualization_framework_native_prop:s0 tclass=file permissive=1
06-19 16:42:37.255 1062 1062 I auditd : type=1400 audit(0.0:416): avc: denied { map } for comm="android.hardwar" path="/dev/__properties__/u:object_r:device_config_virtualization_framework_native_prop:s0" dev="tmpfs" ino=195 scontext=u:r:hal_camera_default:s0 tcontext=u:object_r:device_config_virtualization_framework_native_prop:s0 tclass=file permissive=1
06-19 16:42:37.255 1062 1062 I auditd : type=1400 audit(0.0:417): avc: denied { open } for comm="android.hardwar" path="/dev/__properties__/u:object_r:device_config_window_manager_native_boot_prop:s0" dev="tmpfs" ino=196 scontext=u:r:hal_camera_default:s0 tcontext=u:object_r:device_config_window_manager_native_boot_prop:s0 tclass=file permissive=1
06-19 16:42:37.255 1062 1062 I auditd : type=1400 audit(0.0:418): avc: denied { getattr } for comm="android.hardwar" path="/dev/__properties__/u:object_r:device_config_window_manager_native_boot_prop:s0" dev="tmpfs" ino=196 scontext=u:r:hal_camera_default:s0 tcontext=u:object_r:device_config_window_manager_native_boot_prop:s0 tclass=file permissive=1
06-19 16:42:37.255 1062 1062 I auditd : type=1400 audit(0.0:419): avc: denied { map } for comm="android.hardwar" path="/dev/__properties__/u:object_r:device_config_window_manager_native_boot_prop:s0" dev="tmpfs" ino=196 scontext=u:r:hal_camera_default:s0 tcontext=u:object_r:device_config_window_manager_native_boot_prop:s0 tclass=file permissive=1
06-19 16:42:37.255 1062 1062 I auditd : type=1400 audit(0.0:420): avc: denied { open } for comm="android.hardwar" path="/dev/__properties__/u:object_r:dmesgd_start_prop:s0" dev="tmpfs" ino=199 scontext=u:r:hal_camera_default:s0 tcontext=u:object_r:dmesgd_start_prop:s0 tclass=file permissive=1
06-19 16:42:37.255 1062 1062 I auditd : type=1400 audit(0.0:421): avc: denied { getattr } for comm="android.hardwar" path="/dev/__properties__/u:object_r:dmesgd_start_prop:s0" dev="tmpfs" ino=199 scontext=u:r:hal_camera_default:s0 tcontext=u:object_r:dmesgd_start_prop:s0 tclass=file permissive=1
06-19 16:42:37.255 1062 1062 I auditd : type=1400 audit(0.0:422): avc: denied { map } for comm="android.hardwar" path="/dev/__properties__/u:object_r:dmesgd_start_prop:s0" dev="tmpfs" ino=199 scontext=u:r:hal_camera_default:s0 tcontext=u:object_r:dmesgd_start_prop:s0 tclass=file permissive=1
06-19 16:42:37.255 1062 1062 I auditd : type=1400 audit(0.0:423): avc: denied { open } for comm="android.hardwar" path="/dev/__properties__/u:object_r:fastbootd_protocol_prop:s0" dev="tmpfs" ino=212 scontext=u:r:hal_camera_default:s0 tcontext=u:object_r:fastbootd_protocol_prop:s0 tclass=file permissive=1
06-19 16:42:37.255 1062 1062 I auditd : type=1400 audit(0.0:424): avc: denied { getattr } for comm="android.hardwar" path="/dev/__properties__/u:object_r:fastbootd_protocol_prop:s0" dev="tmpfs" ino=212 scontext=u:r:hal_camera_default:s0 tcontext=u:object_r:fastbootd_protocol_prop:s0 tclass=file permissive=1
06-19 16:42:37.255 1062 1062 I auditd : type=1400 audit(0.0:425): avc: denied { map } for comm="android.hardwar" path="/dev/__properties__/u:object_r:fastbootd_protocol_prop:s0" dev="tmpfs" ino=212 scontext=u:r:hal_camera_default:s0 tcontext=u:object_r:fastbootd_protocol_prop:s0 tclass=file permissive=1
06-19 16:42:37.255 1062 1062 I auditd : type=1400 audit(0.0:426): avc: denied { open } for comm="android.hardwar" path="/dev/__properties__/u:object_r:gsid_prop:s0" dev="tmpfs" ino=221 scontext=u:r:hal_camera_default:s0 tcontext=u:object_r:gsid_prop:s0 tclass=file permissive=1
06-19 16:42:37.255 1062 1062 I auditd : type=1400 audit(0.0:427): avc: denied { getattr } for comm="android.hardwar" path="/dev/__properties__/u:object_r:gsid_prop:s0" dev="tmpfs" ino=221 scontext=u:r:hal_camera_default:s0 tcontext=u:object_r:gsid_prop:s0 tclass=file permissive=1
06-19 16:42:37.255 1062 1062 I auditd : type=1400 audit(0.0:428): avc: denied { map } for comm="android.hardwar" path="/dev/__properties__/u:object_r:gsid_prop:s0" dev="tmpfs" ino=221 scontext=u:r:hal_camera_default:s0 tcontext=u:object_r:gsid_prop:s0 tclass=file permissive=1
06-19 16:42:37.255 1062 1062 I auditd : type=1400 audit(0.0:429): avc: denied { open } for comm="android.hardwar" path="/dev/__properties__/u:object_r:init_perf_lsm_hooks_prop:s0" dev="tmpfs" ino=232 scontext=u:r:hal_camera_default:s0 tcontext=u:object_r:init_perf_lsm_hooks_prop:s0 tclass=file permissive=1
06-19 16:42:37.255 1062 1062 I auditd : type=1400 audit(0.0:430): avc: denied { getattr } for comm="android.hardwar" path="/dev/__properties__/u:object_r:init_perf_lsm_hooks_prop:s0" dev="tmpfs" ino=232 scontext=u:r:hal_camera_default:s0 tcontext=u:object_r:init_perf_lsm_hooks_prop:s0 tclass=file permissive=1
06-19 16:42:37.255 1062 1062 I auditd : type=1400 audit(0.0:431): avc: denied { map } for comm="android.hardwar" path="/dev/__properties__/u:object_r:init_perf_lsm_hooks_prop:s0" dev="tmpfs" ino=232 scontext=u:r:hal_camera_default:s0 tcontext=u:object_r:init_perf_lsm_hooks_prop:s0 tclass=file permissive=1
06-19 16:42:37.255 1062 1062 I auditd : type=1400 audit(0.0:432): avc: denied { open } for comm="android.hardwar" path="/dev/__properties__/u:object_r:init_service_status_private_prop:s0" dev="tmpfs" ino=233 scontext=u:r:hal_camera_default:s0 tcontext=u:object_r:init_service_status_private_prop:s0 tclass=file permissive=1
06-19 16:42:37.255 1062 1062 I auditd : type=1400 audit(0.0:433): avc: denied { getattr } for comm="android.hardwar" path="/dev/__properties__/u:object_r:init_service_status_private_prop:s0" dev="tmpfs" ino=233 scontext=u:r:hal_camera_default:s0 tcontext=u:object_r:init_service_status_private_prop:s0 tclass=file permissive=1
06-19 16:42:37.255 1062 1062 I auditd : type=1400 audit(0.0:434): avc: denied { map } for comm="android.hardwar" path="/dev/__properties__/u:object_r:init_service_status_private_prop:s0" dev="tmpfs" ino=233 scontext=u:r:hal_camera_default:s0 tcontext=u:object_r:init_service_status_private_prop:s0 tclass=file permissive=1
06-19 16:42:37.255 1062 1062 I auditd : type=1400 audit(0.0:435): avc: denied { open } for comm="android.hardwar" path="/dev/__properties__/u:object_r:init_svc_debug_prop:s0" dev="tmpfs" ino=235 scontext=u:r:hal_camera_default:s0 tcontext=u:object_r:init_svc_debug_prop:s0 tclass=file permissive=1
06-19 16:42:37.255 1062 1062 I auditd : type=1400 audit(0.0:436): avc: denied { getattr } for comm="android.hardwar" path="/dev/__properties__/u:object_r:init_svc_debug_prop:s0" dev="tmpfs" ino=235 scontext=u:r:hal_camera_default:s0 tcontext=u:object_r:init_svc_debug_prop:s0 tclass=file permissive=1
06-19 16:42:37.255 1062 1062 I auditd : type=1400 audit(0.0:437): avc: denied { map } for comm="android.hardwar" path="/dev/__properties__/u:object_r:init_svc_debug_prop:s0" dev="tmpfs" ino=235 scontext=u:r:hal_camera_default:s0 tcontext=u:object_r:init_svc_debug_prop:s0 tclass=file permissive=1
06-19 16:42:37.255 1062 1062 I auditd : type=1400 audit(0.0:438): avc: denied { open } for comm="android.hardwar" path="/dev/__properties__/u:object_r:keystore_crash_prop:s0" dev="tmpfs" ino=237 scontext=u:r:hal_camera_default:s0 tcontext=u:object_r:keystore_crash_prop:s0 tclass=file permissive=1
06-19 16:42:37.255 1062 1062 I auditd : type=1400 audit(0.0:439): avc: denied { getattr } for comm="android.hardwar" path="/dev/__properties__/u:object_r:keystore_crash_prop:s0" dev="tmpfs" ino=237 scontext=u:r:hal_camera_default:s0 tcontext=u:object_r:keystore_crash_prop:s0 tclass=file permissive=1
06-19 16:42:37.255 1062 1062 I auditd : type=1400 audit(0.0:440): avc: denied { map } for comm="android.hardwar" path="/dev/__properties__/u:object_r:keystore_crash_prop:s0" dev="tmpfs" ino=237 scontext=u:r:hal_camera_default:s0 tcontext=u:object_r:keystore_crash_prop:s0 tclass=file permissive=1
06-19 16:42:37.255 1062 1062 I auditd : type=1400 audit(0.0:441): avc: denied { open } for comm="android.hardwar" path="/dev/__properties__/u:object_r:keystore_listen_prop:s0" dev="tmpfs" ino=238 scontext=u:r:hal_camera_default:s0 tcontext=u:object_r:keystore_listen_prop:s0 tclass=file permissive=1
06-19 16:42:37.255 1062 1062 I auditd : type=1400 audit(0.0:442): avc: denied { getattr } for comm="android.hardwar" path="/dev/__properties__/u:object_r:keystore_listen_prop:s0" dev="tmpfs" ino=238 scontext=u:r:hal_camera_default:s0 tcontext=u:object_r:keystore_listen_prop:s0 tclass=file permissive=1
06-19 16:42:37.255 1062 1062 I auditd : type=1400 audit(0.0:443): avc: denied { map } for comm="android.hardwar" path="/dev/__properties__/u:object_r:keystore_listen_prop:s0" dev="tmpfs" ino=238 scontext=u:r:hal_camera_default:s0 tcontext=u:object_r:keystore_listen_prop:s0 tclass=file permissive=1
06-19 16:42:37.255 1062 1062 I auditd : type=1400 audit(0.0:444): avc: denied { open } for comm="android.hardwar" path="/dev/__properties__/u:object_r:last_boot_reason_prop:s0" dev="tmpfs" ino=239 scontext=u:r:hal_camera_default:s0 tcontext=u:object_r:last_boot_reason_prop:s0 tclass=file permissive=1
06-19 16:42:37.255 1062 1062 I auditd : type=1400 audit(0.0:445): avc: denied { getattr } for comm="android.hardwar" path="/dev/__properties__/u:object_r:last_boot_reason_prop:s0" dev="tmpfs" ino=239 scontext=u:r:hal_camera_default:s0 tcontext=u:object_r:last_boot_reason_prop:s0 tclass=file permissive=1
06-19 16:42:37.255 1062 1062 I auditd : type=1400 audit(0.0:446): avc: denied { map } for comm="android.hardwar" path="/dev/__properties__/u:object_r:last_boot_reason_prop:s0" dev="tmpfs" ino=239 scontext=u:r:hal_camera_default:s0 tcontext=u:object_r:last_boot_reason_prop:s0 tclass=file permissive=1
06-19 16:42:37.255 1062 1062 I auditd : type=1400 audit(0.0:447): avc: denied { open } for comm="android.hardwar" path="/dev/__properties__/u:object_r:localization_prop:s0" dev="tmpfs" ino=244 scontext=u:r:hal_camera_default:s0 tcontext=u:object_r:localization_prop:s0 tclass=file permissive=1
06-19 16:42:37.255 1062 1062 I auditd : type=1400 audit(0.0:448): avc: denied { getattr } for comm="android.hardwar" path="/dev/__properties__/u:object_r:localization_prop:s0" dev="tmpfs" ino=244 scontext=u:r:hal_camera_default:s0 tcontext=u:object_r:localization_prop:s0 tclass=file permissive=1
06-19 16:42:37.263 1694 1694 D JobStore: Start tag: job-info
06-19 16:42:37.264 1694 1764 D UsbPortManager: Querying USB HAL version
06-19 16:42:37.264 1694 1694 W JobStore: Periodic job for uid='10136' persisted run-time is too big [441:26:53, 801:26:53]. Clamping to [360:00:11,720:00:11]
06-19 16:42:37.266 1694 1694 W JobStore: Periodic job for uid='1000' persisted run-time is too big [81:27:23, 105:26:53]. Clamping to [24:00:11,48:00:11]
06-19 16:42:37.267 1694 1694 W JobStore: Periodic job for uid='1000' persisted run-time is too big [81:27:23, 105:26:50]. Clamping to [24:00:11,48:00:11]
06-19 16:42:37.267 1694 1764 I UsbPortManager: USB HAL HIDL present
06-19 16:42:37.267 1694 1694 W JobStore: Periodic job for uid='1000' persisted run-time is too big [81:27:23, 105:26:53]. Clamping to [24:00:11,48:00:11]
06-19 16:42:37.268 1694 1694 I JobStore: Read 6 jobs
06-19 16:42:37.269 1694 2054 I UsbPortManager: Usb hal service started android.hardware.usb@1.0::IUsb default
06-19 16:42:37.271 1694 1764 D UsbPortManager: getInstance done
06-19 16:42:37.272 1694 1764 D SystemServerInitThreadPool: Finished executing UsbService$Lifecycle#onStart
06-19 16:42:37.273 1694 1694 V HistoricalRegistry: Interaction before persistence initialized
06-19 16:42:37.274 1694 1694 V HistoricalRegistry: Interaction before persistence initialized
06-19 16:42:37.274 1694 1694 W JobScheduler: !!! RTC not yet good; tracking time updates for job scheduling
06-19 16:42:37.275 1694 1694 I SystemServiceManager: Starting com.android.server.soundtrigger.SoundTriggerService
06-19 16:42:37.275 1694 1694 I SystemServiceManager: Starting com.android.server.trust.TrustManagerService
06-19 16:42:37.276 1694 1694 I SystemServiceManager: Starting com.android.server.backup.BackupManagerService$Lifecycle
06-19 16:42:37.277 1694 1694 I SystemServiceManager: Starting com.android.server.appwidget.AppWidgetService
01-01 00:09:50.045 1062 1062 W cam-a5 ac00000.qcom,a5: Direct firmware load for CAMERA_ICP.elf failed with error -2
01-01 00:09:50.045 1062 1062 W cam-a5 ac00000.qcom,a5: Falling back to sysfs fallback for: CAMERA_ICP.elf
01-01 00:09:50.048 2059 2059 I ueventd : firmware: loading 'CAMERA_ICP.elf' for '/devices/platform/soc/ac00000.qcom,a5/firmware/CAMERA_ICP.elf'
01-01 00:09:50.049 1 1 I init : processing action (vendor.sys.usb.adb.disabled=*) from (/system/etc/init/hw/init.usb.rc:22)
06-19 16:42:37.278 1694 1694 I SystemServiceManager: Starting com.android.server.voiceinteraction.VoiceInteractionManagerService
06-19 16:42:37.283 1694 1694 I SystemServiceManager: Starting com.android.server.apphibernation.AppHibernationService
06-19 16:42:37.284 1694 1694 I SystemServiceManager: Starting com.android.server.GestureLauncherService
06-19 16:42:37.284 1694 1694 I SystemServiceManager: Starting com.android.server.SensorNotificationService
01-01 00:09:50.053 2059 2059 I ueventd : loading /devices/platform/soc/ac00000.qcom,a5/firmware/CAMERA_ICP.elf took 5ms
01-01 00:09:50.054 1062 1062 I CAM_INFO: CAM-HFI: cam_hfi_init: 879 Init IO1 : [0x10c00000 0xcf300000] IO2 [0xe0200000 0x1ed00000]
06-19 16:42:37.285 1694 1694 D CompatibilityChangeReporter: Compat change id reported: 194532703; UID 1000; state: ENABLED
06-19 16:42:37.286 1694 1694 D CompatibilityChangeReporter: Compat change id reported: 194532703; UID 1000; state: DISABLED
06-19 16:42:37.288 1694 1694 I SystemServiceManager: Starting com.android.server.emergency.EmergencyAffordanceService
06-19 16:42:37.288 1694 1694 I SystemServiceManager: Starting com.android.server.blob.BlobStoreManagerService
06-19 16:42:37.289 1694 1694 I SystemServiceManager: Starting com.android.server.dreams.DreamManagerService
06-19 16:42:37.292 1694 1694 I SystemServiceManager: Starting com.android.server.print.PrintManagerService
06-19 16:42:37.292 1694 1694 I SystemServiceManager: Starting com.android.server.security.AttestationVerificationManagerService
06-19 16:42:37.293 1694 1694 D AVF : Started
06-19 16:42:37.293 1694 1694 I SystemServiceManager: Starting com.android.server.companion.CompanionDeviceManagerService
01-01 00:09:50.064 8 8 I CAM_INFO: CAM-ICP: cam_icp_mgr_process_dbg_buf: 2506 FW_DBG:CICP_FW_E : HFI :QC_IMAGE_VERSION_STRING=CICP.FW.3.0-00012,OEM_IMAGE_VERSION_STRING=CRM,BUILD_TIME: Dec 1 2020 11:05:55,CACHE_ENABLED at icphostinterface.c:636 QC_IMAGE_VERSION_STRING=CICP.FW.3.0-00012 OEM_IMAGE_VERSION_STRING=CRM
06-19 16:42:37.293 1694 1694 I CompanionDevice_PersistentDataStore: Reading associations for user 0 from disk
01-01 00:09:50.064 8 8 I CAM_INFO: CAM-ICP: cam_icp_mgr_process_dbg_buf: 2506 FW_DBG:CICP_FW_E : HFI :ELF variant: CACHE-ENABLED:T480:API_V2:USE_CDM_1_1: , API version: 0x2000058 at icphostinterface.c:637 QC_IMAGE_VERSION_STRING=CICP.FW.3.0-00012 OEM_IMAGE_VERSION_STRING=CRM
01-01 00:09:50.064 1062 1062 I CAM_INFO: CAM-ICP: cam_icp_mgr_hw_open: 3813 FW download done successfully
06-19 16:42:37.295 1694 1694 I SystemServiceManager: Starting com.android.server.companion.virtual.VirtualDeviceManagerService
06-19 16:42:37.295 1694 1694 I SystemServiceManager: Starting com.android.server.restrictions.RestrictionsManagerService
06-19 16:42:37.295 1694 2043 I stream_devices_changed: [4,0,2]
06-19 16:42:37.296 1694 1694 I SystemServiceManager: Starting com.android.server.media.MediaSessionService
06-19 16:42:37.296 1694 2043 I stream_devices_changed: [6,0,2]
06-19 16:42:37.296 1694 2043 I stream_devices_changed: [3,0,2]
06-19 16:42:37.298 1694 2043 I stream_devices_changed: [2,0,2]
06-19 16:42:37.298 1694 1694 I SystemServiceManager: Starting com.android.server.hdmi.HdmiControlService
06-19 16:42:37.298 1694 2043 I stream_devices_changed: [0,0,2]
06-19 16:42:37.303 1694 1694 E HDMI : [1]:Couldn't connect to cec@1.1java.util.NoSuchElementException
06-19 16:42:37.303 1694 1694 W HDMI : [1]:Couldn't get tv.cec service.
06-19 16:42:37.303 1694 1694 W HDMI : [1]:Unable to use cec@1.1
06-19 16:42:37.305 1694 1694 I HdmiControlService: Device does not support MHL-control.
06-19 16:42:37.311 1694 1694 I SystemServiceManager: Starting com.android.server.media.MediaResourceMonitorService
06-19 16:42:37.311 1694 1694 V HistoricalRegistry: Interaction before persistence initialized
06-19 16:42:37.312 1694 1694 I SystemServiceManager: Starting com.android.server.biometrics.sensors.fingerprint.FingerprintService
06-19 16:42:37.312 1694 1694 I SystemServiceManager: Starting com.android.server.biometrics.BiometricService
06-19 16:42:37.313 1694 1694 I SystemServiceManager: Starting com.android.server.biometrics.AuthService
06-19 16:42:37.316 1694 2070 E FingerprintService: mSensorProps is empty
06-19 16:42:37.316 1694 1694 I SystemServiceManager: Starting com.android.server.pm.ShortcutService$Lifecycle
06-19 16:42:37.317 1694 1694 V HistoricalRegistry: Interaction before persistence initialized
06-19 16:42:37.318 1694 1694 I SystemServiceManager: Starting com.android.server.pm.LauncherAppsService
06-19 16:42:37.319 1694 1694 I SystemServiceManager: Starting com.android.server.pm.CrossProfileAppsService
06-19 16:42:37.320 1694 1694 I SystemServiceManager: Starting com.android.server.people.PeopleService
06-19 16:42:37.320 1694 1694 I SystemServiceManager: Starting com.android.server.media.metrics.MediaMetricsManagerService
06-19 16:42:37.321 1694 1694 I SystemServiceManager: Starting com.android.server.media.projection.MediaProjectionManagerService
06-19 16:42:37.323 1694 1694 I SystemServiceManager: Starting com.android.server.slice.SliceManagerService$Lifecycle
06-19 16:42:37.325 1694 1694 I SystemServiceManager: Starting com.android.server.stats.StatsCompanion$Lifecycle
06-19 16:42:37.328 1694 1694 I SystemServiceManager: Starting com.android.server.scheduling.RebootReadinessManagerService$Lifecycle
06-19 16:42:37.331 1694 1694 I SystemServiceManager: Starting com.android.server.stats.pull.StatsPullAtomService
06-19 16:42:37.332 1694 1694 I SystemServiceManager: Starting com.android.server.stats.bootstrap.StatsBootstrapAtomService$Lifecycle
06-19 16:42:37.332 1694 1694 I SystemServiceManager: Starting com.android.server.incident.IncidentCompanionService
06-19 16:42:37.333 1694 1694 I SystemServiceManager: Starting com.android.server.sdksandbox.SdkSandboxManagerService$Lifecycle
06-19 16:42:37.335 1694 1694 I SystemServiceManager: Starting com.android.server.adservices.AdServicesManagerService$Lifecycle
06-19 16:42:37.336 1694 1694 I SystemServiceManager: Starting com.android.server.autofill.AutofillManagerService
06-19 16:42:37.336 1694 1694 D AutofillManagerService: setLogLevelFromSettings(): level=2, debug=true, verbose=false
06-19 16:42:37.336 1694 1694 D AutofillManagerService: setMaxPartitionsFromSettings(): 10
06-19 16:42:37.336 1694 1694 D AutofillManagerService: setMaxVisibleDatasetsFromSettings(): 0
06-19 16:42:37.338 1694 1758 D AutofillUI: destroySaveUiUiThread(): already destroyed
06-19 16:42:37.338 1694 1694 D AutofillManagerServiceImpl: Reset component for user 0:
06-19 16:42:37.338 1694 1694 D SystemServer: TranslationService not defined by OEM
06-19 16:42:37.338 1694 1694 I SystemServiceManager: Starting com.android.server.clipboard.ClipboardService
06-19 16:42:37.340 1694 1694 I SystemServiceManager: Starting com.android.server.appbinding.AppBindingService$Lifecycle
06-19 16:42:37.340 1694 1694 I SystemServiceManager: Starting com.android.server.tracing.TracingServiceProxy
06-19 16:42:37.345 1694 1694 I SyntheticPasswordManager: Device does not support weaver
06-19 16:42:37.346 1694 1694 I LockSettingsService: Device doesn't implement AuthSecret HAL
06-19 16:42:37.348 1694 1694 I SystemServiceManager: Starting phase 480
06-19 16:42:37.353 1694 1694 I UsbPortManager: USB HAL HIDL version: 12
06-19 16:42:37.353 1694 1903 D SystemServerInitThreadPool: Started executing DevicePolicyManager
06-19 16:42:37.354 1694 1694 D SoundTriggerService: onBootPhase: 480 : false
06-19 16:42:37.354 1694 1903 D SystemServerInitThreadPool: Finished executing DevicePolicyManager
06-19 16:42:37.355 1694 1694 I SystemServiceManager: Starting phase 500
06-19 16:42:37.355 1694 1694 E StatsPullAtomCallbackImpl: Failed to start PowerStatsService statsd pullers
06-19 16:42:37.356 1694 1694 E BatteryStatsService: Could not register PowerStatsInternal
06-19 16:42:37.357 1694 1694 I AttentionDetector: readValuesFromDeviceConfig():
06-19 16:42:37.357 1694 1694 I AttentionDetector: mMaximumExtensionMillis=900000
06-19 16:42:37.357 1694 1694 I AttentionDetector: mPreDimCheckDurationMillis=2000
06-19 16:42:37.357 1694 1694 I AttentionDetector: mRequestedPostDimTimeoutMillis=0
06-19 16:42:37.359 1694 1694 W BrightnessThrottler: DeviceConfig BrightnessThrottlingData is null
06-19 16:42:37.359 1694 1694 E DisplayPowerController[0]: failed to set up display white-balance: java.lang.IllegalStateException: cannot find light sensor
06-19 16:42:37.359 1694 1694 W DisplayPowerController[0]: Screen brightness nits configuration is unavailable; falling back
06-19 16:42:37.361 1694 1694 I FaceDownDetector: readValuesFromDeviceConfig():
06-19 16:42:37.361 1694 1694 I FaceDownDetector: mAccelerationThreshold=0.2
06-19 16:42:37.361 1694 1694 I FaceDownDetector: mZAccelerationThreshold=-9.5
06-19 16:42:37.361 1694 1694 I FaceDownDetector: mTimeThreshold=PT1S
06-19 16:42:37.361 1694 1694 I FaceDownDetector: mIsEnabled=true
06-19 16:42:37.361 1694 1694 I ScreenUndimDetector: readValuesFromDeviceConfig():
06-19 16:42:37.361 1694 1694 I ScreenUndimDetector: mKeepScreenOnForMillis=600000
06-19 16:42:37.361 1694 1694 I ScreenUndimDetector: mKeepScreenOnNotificationEnabled=true
06-19 16:42:37.361 1694 1694 I ScreenUndimDetector: mUndimsRequired=2
06-19 16:42:37.363 1694 1694 V HintManagerService: Initializing HintManager service...
06-19 16:42:37.363 1694 1694 V HistoricalRegistry: Interaction before persistence initialized
06-19 16:42:37.363 1694 1797 W KeyguardServiceDelegate: onScreenTurningOn(): no keyguard service!
06-19 16:42:37.364 1694 1694 D CompatibilityChangeReporter: Compat change id reported: 157233955; UID 1000; state: ENABLED
06-19 16:42:37.364 1694 1797 V DisplayPowerController[0]: Brightness [0.39763778] reason changing to: 'override', previous reason: '0'.
06-19 16:42:37.364 1694 1694 D AppStandbyController: Setting app idle enabled state
06-19 16:42:37.365 1694 1797 I DisplayPowerController[0]: BrightnessEvent: disp=0, physDisp=local:4630946674560563714, brt=0.39763778, initBrt=NaN, rcmdBrt=NaN, preBrt=NaN, lux=0.0, preLux=0.0, hbmMax=1.0, hbmMode=off, rbcStrength=0, powerFactor=1.0, thrmMax=1.0, wasShortTermModelActive=false, flags=, reason=override, autoBrightness=false
06-19 16:42:37.365 1694 1797 I DisplayPowerController[0]: BrightnessEvent: disp=0, physDisp=local:4630946674560563714, brt=0.39763778, initBrt=0.39763778, rcmdBrt=NaN, preBrt=NaN, lux=0.0, preLux=0.0, hbmMax=1.0, hbmMode=off, rbcStrength=0, powerFactor=1.0, thrmMax=1.0, wasShortTermModelActive=false, flags=, reason=override, autoBrightness=false
06-19 16:42:37.365 1694 1797 I DisplayPowerController[0]: BrightnessEvent: disp=0, physDisp=local:4630946674560563714, brt=0.39763778, initBrt=0.39763778, rcmdBrt=NaN, preBrt=NaN, lux=0.0, preLux=0.0, hbmMax=1.0, hbmMode=off, rbcStrength=0, powerFactor=1.0, thrmMax=1.0, wasShortTermModelActive=false, flags=, reason=override, autoBrightness=false
06-19 16:42:37.365 1694 1797 I DisplayPowerController[0]: BrightnessEvent: disp=0, physDisp=local:4630946674560563714, brt=0.39763778, initBrt=0.39763778, rcmdBrt=NaN, preBrt=NaN, lux=0.0, preLux=0.0, hbmMax=1.0, hbmMode=off, rbcStrength=0, powerFactor=1.0, thrmMax=1.0, wasShortTermModelActive=false, flags=, reason=override, autoBrightness=false
06-19 16:42:37.367 1694 1694 V HistoricalRegistry: Interaction before persistence initialized
06-19 16:42:37.368 1694 1694 V VibratorManagerService: Initializing VibratorManager service...
06-19 16:42:37.378 1694 1694 V HistoricalRegistry: Interaction before persistence initialized
06-19 16:42:37.379 1694 1694 V VibratorManagerService: VibratorManager service initialized
06-19 16:42:37.396 1062 1062 I liblog : 630
06-19 16:42:37.406 1694 1694 E LazyAlarmStore: Removed TIME_TICK alarm
06-19 16:42:37.406 1694 1769 I am_wtf : [0,1694,system_server,-1,LazyAlarmStore,Removed TIME_TICK alarm]
06-19 16:42:37.406 1694 1769 I DropBoxManagerService: add tag=system_server_wtf isTagEnabled=true flags=0x2
06-19 16:42:37.447 1072 1072 W healthd : battery l=50 v=0 t=0.0 h=2 st=3 c=0 fc=0 cc=0 chg=
06-19 16:42:37.409 1694 1694 I configuration_changed: 512
06-19 16:42:37.409 1694 1694 I ActivityTaskManager: Config changes=200 {1.0 ?mcc?mnc [en_US] ldltr sw1080dp w1920dp h1080dp 160dpi xlrg long land -touch -keyb/v/h -nav/h winConfig={ mBounds=Rect(0, 0 - 1920, 1080) mAppBounds=Rect(0, 0 - 1920, 1080) mMaxBounds=Rect(0, 0 - 1920, 1080) mDisplayRotation=ROTATION_0 mWindowingMode=fullscreen mDisplayWindowingMode=fullscreen mActivityType=undefined mAlwaysOnTop=undefined mRotation=ROTATION_0} s.4 ?fontWeightAdjustment}
06-19 16:42:37.410 1694 1694 I WindowManager: Override config changes=200 {1.0 ?mcc?mnc [en_US] ldltr sw1080dp w1920dp h1080dp 160dpi xlrg long land -touch -keyb/v/h -nav/h winConfig={ mBounds=Rect(0, 0 - 1920, 1080) mAppBounds=Rect(0, 0 - 1920, 1080) mMaxBounds=Rect(0, 0 - 1920, 1080) mDisplayRotation=ROTATION_0 mWindowingMode=fullscreen mDisplayWindowingMode=fullscreen mActivityType=undefined mAlwaysOnTop=undefined mRotation=ROTATION_0} s.4 ?fontWeightAdjustment} for displayId=0
06-19 16:42:37.411 1694 1694 D TestHarnessModeService: Setting up test harness mode
06-19 16:42:37.411 1694 1694 D TestHarnessModeService: Getting PersistentDataBlockManagerInternal from LocalServices
06-19 16:42:37.411 1694 1760 D WindowManager: framework set brightness value = NaN
06-19 16:42:37.415 1694 1694 V HistoricalRegistry: Interaction before persistence initialized
06-19 16:42:37.457 1062 1062 I CAM_INFO: CAM-SENSOR: cam_sensor_update_slave_info: 665 Sensor Addr: 0x36c1 sensor_id: 0x1a0 sensor_mask: 0xffff sensor_pipeline_delay:0x2
06-19 16:42:37.422 1694 1694 V HistoricalRegistry: Interaction before persistence initialized
06-19 16:42:37.426 1694 1694 V HistoricalRegistry: Interaction before persistence initialized
06-19 16:42:37.426 1694 1694 D SoundTriggerService: onBootPhase: 500 : false
06-19 16:42:37.428 1694 1694 E SystemServiceRegistry: Manager wrapper not available: tv_input
06-19 16:42:37.428 1694 1769 I am_wtf : [0,1694,system_server,-1,SystemServiceRegistry,No service published for: tv_input]
06-19 16:42:37.428 1694 1769 I DropBoxManagerService: add tag=system_server_wtf isTagEnabled=true flags=0x2
06-19 16:42:37.429 1694 1769 I am_wtf : [0,1694,system_server,-1,SystemServiceRegistry,Manager wrapper not available: tv_input]
06-19 16:42:37.429 1694 1769 I DropBoxManagerService: add tag=system_server_wtf isTagEnabled=true flags=0x2
06-19 16:42:37.430 1694 1694 I SystemServiceManager: Starting com.android.server.policy.PermissionPolicyService
06-19 16:42:37.430 1694 2085 I DropBoxManagerService: add tag=system_server_wtf isTagEnabled=true flags=0x2
06-19 16:42:37.431 1694 2086 I DropBoxManagerService: add tag=system_server_wtf isTagEnabled=true flags=0x2
06-19 16:42:37.432 1125 1125 I android.hardware.wifi@1.0-service: Wifi HAL started
06-19 16:42:37.465 968 968 I eth0 : 0xffffffc00c5b5000, 00:e0:4c:68:00:02, IRQ 529
06-19 16:42:37.472 1125 1125 I [wifi@1][0x1aedcc5a][16:42:37.432139] wlan: [1125:I:HDD] wlan_hdd_state_ctrl_param_write: Wifi Turning On from UI
06-19 16:42:37.472 1125 1125 I [wifi@1][0x1aedcd4f][16:42:37.432152] wlan: [1125:I:HDD] wlan_hdd_state_ctrl_param_write: is_driver_loaded 1 is_driver_recovering 0
06-19 16:42:37.472 1125 1125 I [wifi@1][0x1aedce4f][16:42:37.432165] wlan: [1125:I:HDD] wlan_hdd_validate_modules_state: Modules not enabled, Present status: 2
06-19 16:42:37.434 1125 1125 W android.hardware.wifi@1.0-service: No active wlan interfaces in use! Using default
06-19 16:42:37.435 1125 1125 E android.hardware.wifi@1.0-service: Unknown iface name: wlan0
06-19 16:42:37.435 1125 1125 E android.hardware.wifi@1.0-service: Unknown iface name: wlan0
06-19 16:42:37.436 1125 1125 W android.hardware.wifi@1.0-service: No active wlan interfaces in use! Using default
06-19 16:42:37.437 1125 1125 E android.hardware.wifi@1.0-service: Unknown iface name: wlan0
06-19 16:42:37.437 1125 1125 E android.hardware.wifi@1.0-service: Unknown iface name: wlan0
06-19 16:42:37.438 1125 1125 W android.hardware.wifi@1.0-service: No active wlan interfaces in use! Using default
06-19 16:42:37.438 1125 1125 E android.hardware.wifi@1.0-service: Unknown iface name: wlan0
06-19 16:42:37.438 1125 1125 E android.hardware.wifi@1.0-service: Unknown iface name: wlan0
06-19 16:42:37.479 1125 1125 I [wifi@1][0x1aefa955][16:42:37.438499] wlan: [1125:I:HDD] wlan_hdd_state_ctrl_param_write: Wifi Turning On from UI
06-19 16:42:37.479 1125 1125 I [wifi@1][0x1aefa9e1][16:42:37.438506] wlan: [1125:I:HDD] wlan_hdd_state_ctrl_param_write: is_driver_loaded 1 is_driver_recovering 0
06-19 16:42:37.479 1125 1125 I [wifi@1][0x1aefaae6][16:42:37.438520] wlan: [1125:I:HDD] wlan_hdd_validate_modules_state: Modules not enabled, Present status: 2
06-19 16:42:37.480 1694 1694 I commit_sys_config_file: [package-session,0]
06-19 16:42:37.480 1694 1694 V UserDataPreparer: Found /data/user_de/0 with serial number 0
06-19 16:42:37.481 1694 1694 V UserDataPreparer: Found /data/user/0 with serial number 0
06-19 16:42:37.481 1694 1694 V UserDataPreparer: Found /data/system_de/0 with serial number 0
06-19 16:42:37.481 1694 1767 I HealthServiceWrapperAidl: health: HealthServiceWrapper listening to AIDL HAL
06-19 16:42:37.481 1694 1694 V UserDataPreparer: Found /data/system_ce/0 with serial number 0
06-19 16:42:37.481 1694 1694 V UserDataPreparer: Found /data/misc_ce/0 with serial number 0
06-19 16:42:37.481 1694 1694 I PackageManager: Permission ownership changed. Updating all permissions.
06-19 16:42:37.483 1694 1767 D StatsPullAtomService: Registering pullers with statsd
06-19 16:42:37.484 1694 1767 I StatsPullAtomService: register thermal listener successfully
06-19 16:42:37.522 199 199 I msm_pcie_enable: PCIe: Assert the reset of endpoint of RC0.
06-19 16:42:37.526 199 199 I msm_pcie_enable: PCIe: RC0: PCIE20_PARF_INT_ALL_MASK: 0x7f80d202
06-19 16:42:37.528 199 199 I pcie_phy_init: PCIe RC0 PHY is ready!
06-19 16:42:37.530 1062 1062 I CAM_INFO: CAM: cam_res_mgr_shared_pinctrl_put: 271 Need hold put this pinctrl
06-19 16:42:37.530 1062 1062 I CAM_INFO: CAM-SENSOR: cam_sensor_driver_cmd: 1202 Probe success,slot:0,slave_addr:0x34,sensor_id:0x1a0
06-19 16:42:37.535 1062 1062 I CAM_INFO: CAM-SENSOR: cam_sensor_update_slave_info: 665 Sensor Addr: 0x0 sensor_id: 0x1704 sensor_mask: 0xffff sensor_pipeline_delay:0x2
06-19 16:42:37.538 199 199 I msm_pcie_enable: PCIe: Release the reset of endpoint of RC0.
06-19 16:42:37.538 716 716 I CAM_ERR : CAM-SENSOR: cam_hdmi_bdg_get_src_resolution: 122 [HDMI_IN] chipType Invalid!
06-19 16:42:37.538 716 716 I CAM_ERR : CAM-SENSOR: cam_hdmi_irq_get_info: 402 [HDMI_IN] camID[4] Invalid Resolution!,rc = -1
06-19 16:42:37.505 1694 1760 E DisplayModeDirector: Asked about unknown display, returning empty display mode specs!(id=0)
06-19 16:42:37.506 1694 1694 I BrightnessSynchronizer: Initial brightness readings: 102(int), 0.39763778(float)
06-19 16:42:37.506 1694 1694 I SystemServiceManager: Starting com.android.server.app.GameManagerService$Lifecycle
06-19 16:42:37.507 1694 1694 V HistoricalRegistry: Interaction before persistence initialized
06-19 16:42:37.507 1694 1760 D WindowManager: framework set brightness value = NaN
06-19 16:42:37.554 199 199 I msm_pcie_link_train: PCIe RC0 link initialized
06-19 16:42:37.563 1062 1062 I CAM_INFO: CAM-SENSOR: cam_hdmi_bdg_set_cam_ctrl: 1277 [HDMI_IN] Setting sctrl for HDMI cameraid 4
06-19 16:42:37.563 1062 1062 I CAM_INFO: CAM-SENSOR: cam_hdmi_bdg_set_cam_ctrl: 1288 [HDMI_IN] lt6911 create group do
06-19 16:42:37.564 1062 1062 I CAM_ERR : CAM-SENSOR: cam_sensor_match_id: 999 [HDMI_IN] UXC ChipID 0x1704
06-19 16:42:37.565 1062 1062 I CAM_INFO: CAM-SENSOR: cam_sensor_match_id: 1006 [HDMI_IN] UXE chipID 0x0000
06-19 16:42:37.565 1062 1062 I CAM_INFO: CAM-SENSOR: cam_sensor_match_id: 1014 [HDMI_IN] detect lt6911UXC
06-19 16:42:37.565 1062 1062 I CAM_INFO: CAM-SENSOR: cam_sensor_match_id: 1024 read id: 0x1704 expected id 0x1704[UXC] or 0x0221[UXE]
06-19 16:42:37.565 1062 1062 I CAM_INFO: CAM-SENSOR: cam_sensor_driver_cmd: 1202 Probe success,slot:4,slave_addr:0x56,sensor_id:0x1704
06-19 16:42:37.571 755 755 W cnss_pci 0000: 01:00.0: Direct firmware load for qca6390/amss20.bin failed with error -2
06-19 16:42:37.571 755 755 W cnss_pci 0000: 01:00.0: Falling back to sysfs fallback for: qca6390/amss20.bin
06-19 16:42:37.578 2092 2092 I ueventd : firmware: loading 'qca6390/amss20.bin' for '/devices/platform/soc/1c00000.qcom,pcie/pci0000:00/0000:00:00.0/0000:01:00.0/firmware/qca6390!amss20.bin'
06-19 16:42:37.587 2092 2092 I ueventd : loading /devices/platform/soc/1c00000.qcom,pcie/pci0000:00/0000:00:00.0/0000:01:00.0/firmware/qca6390!amss20.bin took 8ms
06-19 16:42:37.550 1694 1694 I SystemServiceManager: Starting phase 520
06-19 16:42:37.550 1694 1694 D SoundTriggerService: onBootPhase: 520 : false
06-19 16:42:37.551 1694 1694 I SystemServiceManager: Starting com.android.safetycenter.SafetyCenterService
06-19 16:42:37.557 1694 1694 I SystemServiceManager: Starting com.android.server.appsearch.AppSearchModule$Lifecycle
06-19 16:42:37.561 1694 1694 I SystemServiceManager: Starting com.android.server.media.MediaCommunicationService
06-19 16:42:37.562 1694 1694 I SystemServiceManager: Starting com.android.server.compat.overrides.AppCompatOverridesService$Lifecycle
06-19 16:42:37.565 1694 1920 D SystemServerInitThreadPool: Started executing Update app-ops uidState in case package com.android.providers.media.module changed
06-19 16:42:37.565 1694 1899 D SystemServerInitThreadPool: Started executing Update app-ops uidState in case package com.qualcomm.qtil.aptxui changed
06-19 16:42:37.565 1694 1949 D SystemServerInitThreadPool: Started executing Update app-ops uidState in case package com.android.systemui changed
06-19 16:42:37.565 1694 1938 D SystemServerInitThreadPool: Started executing Update app-ops uidState in case package com.qualcomm.qtil.btdsda changed
06-19 16:42:37.565 1694 1954 D SystemServerInitThreadPool: Started executing Update app-ops uidState in case package com.qualcomm.qtil.aptxals changed
06-19 16:42:37.565 1694 1917 D SystemServerInitThreadPool: Started executing Update app-ops uidState in case package com.qualcomm.location.XT changed
06-19 16:42:37.565 1694 1764 D SystemServerInitThreadPool: Started executing Update app-ops uidState in case package com.qualcomm.location changed
06-19 16:42:37.565 1694 1903 D SystemServerInitThreadPool: Started executing Update app-ops uidState in case package com.microsoft.teams.ipphone.admin.agent changed
06-19 16:42:37.566 1694 1899 D SystemServerInitThreadPool: Finished executing Update app-ops uidState in case package com.qualcomm.qtil.aptxui changed
06-19 16:42:37.566 1694 1899 D SystemServerInitThreadPool: Started executing Update app-ops uidState in case package com.crestron.home changed
06-19 16:42:37.566 1694 1899 D SystemServerInitThreadPool: Finished executing Update app-ops uidState in case package com.crestron.home changed
06-19 16:42:37.566 1694 1920 D SystemServerInitThreadPool: Finished executing Update app-ops uidState in case package com.android.providers.media.module changed
06-19 16:42:37.566 1694 1899 D SystemServerInitThreadPool: Started executing Update app-ops uidState in case package com.crestron.oemconnector changed
06-19 16:42:37.566 1694 1938 D SystemServerInitThreadPool: Finished executing Update app-ops uidState in case package com.qualcomm.qtil.btdsda changed
06-19 16:42:37.566 1694 1899 D SystemServerInitThreadPool: Finished executing Update app-ops uidState in case package com.crestron.oemconnector changed
06-19 16:42:37.566 1694 1938 D SystemServerInitThreadPool: Started executing Update app-ops uidState in case package com.crestron.byod.display changed
06-19 16:42:37.566 1694 1917 D SystemServerInitThreadPool: Finished executing Update app-ops uidState in case package com.qualcomm.location.XT changed
06-19 16:42:37.566 1694 1949 D SystemServerInitThreadPool: Finished executing Update app-ops uidState in case package com.android.systemui changed
06-19 16:42:37.566 1694 1938 D SystemServerInitThreadPool: Finished executing Update app-ops uidState in case package com.crestron.byod.display changed
06-19 16:42:37.566 1694 1920 D SystemServerInitThreadPool: Started executing Update app-ops uidState in case package com.crestron.vendor changed
06-19 16:42:37.566 1694 1938 D SystemServerInitThreadPool: Started executing Update app-ops uidState in case package com.android.providers.contacts changed
06-19 16:42:37.566 1694 1764 D SystemServerInitThreadPool: Finished executing Update app-ops uidState in case package com.qualcomm.location changed
06-19 16:42:37.566 1694 1938 D SystemServerInitThreadPool: Finished executing Update app-ops uidState in case package com.android.providers.contacts changed
06-19 16:42:37.566 1694 1899 D SystemServerInitThreadPool: Started executing Update app-ops uidState in case package com.android.providers.calendar changed
06-19 16:42:37.566 1694 1949 D SystemServerInitThreadPool: Started executing Update app-ops uidState in case package com.android.providers.userdictionary changed
06-19 16:42:37.566 1694 1899 D SystemServerInitThreadPool: Finished executing Update app-ops uidState in case package com.android.providers.calendar changed
06-19 16:42:37.566 1694 1903 D SystemServerInitThreadPool: Finished executing Update app-ops uidState in case package com.microsoft.teams.ipphone.admin.agent changed
06-19 16:42:37.566 1694 1949 D SystemServerInitThreadPool: Finished executing Update app-ops uidState in case package com.android.providers.userdictionary changed
06-19 16:42:37.566 1694 1954 D SystemServerInitThreadPool: Finished executing Update app-ops uidState in case package com.qualcomm.qtil.aptxals changed
06-19 16:42:37.566 1694 1954 D SystemServerInitThreadPool: Started executing Update app-ops uidState in case package com.qualcomm.qti.services.secureui changed
06-19 16:42:37.566 1694 1938 D SystemServerInitThreadPool: Started executing Update app-ops uidState in case package android changed
06-19 16:42:37.566 1694 1899 D SystemServerInitThreadPool: Started executing Update app-ops uidState in case package com.android.server.telecom changed
06-19 16:42:37.566 1694 1903 D SystemServerInitThreadPool: Started executing Update app-ops uidState in case package com.android.keychain changed
06-19 16:42:37.566 1694 1899 D SystemServerInitThreadPool: Finished executing Update app-ops uidState in case package com.android.server.telecom changed
06-19 16:42:37.566 1694 1938 D SystemServerInitThreadPool: Finished executing Update app-ops uidState in case package android changed
06-19 16:42:37.566 1694 1949 D SystemServerInitThreadPool: Started executing Update app-ops uidState in case package com.android.settings changed
06-19 16:42:37.566 1694 1920 D SystemServerInitThreadPool: Finished executing Update app-ops uidState in case package com.crestron.vendor changed
06-19 16:42:37.566 1694 1954 D SystemServerInitThreadPool: Finished executing Update app-ops uidState in case package com.qualcomm.qti.services.secureui changed
06-19 16:42:37.566 1694 1903 D SystemServerInitThreadPool: Finished executing Update app-ops uidState in case package com.android.keychain changed
06-19 16:42:37.566 1694 1764 D SystemServerInitThreadPool: Started executing Update app-ops uidState in case package com.android.bluetooth changed
06-19 16:42:37.566 1694 1949 D SystemServerInitThreadPool: Finished executing Update app-ops uidState in case package com.android.settings changed
06-19 16:42:37.566 1694 1917 D SystemServerInitThreadPool: Started executing Update app-ops uidState in case package com.crestron.service changed
06-19 16:42:37.566 1694 1764 D SystemServerInitThreadPool: Finished executing Update app-ops uidState in case package com.android.bluetooth changed
06-19 16:42:37.566 1694 1917 D SystemServerInitThreadPool: Finished executing Update app-ops uidState in case package com.crestron.service changed
06-19 16:42:37.581 1694 1694 I ActivityManager: System now ready
06-19 16:42:37.581 1694 1694 I boot_progress_ams_ready: 12243
06-19 16:42:37.583 1694 1694 I configuration_changed: 268435712
06-19 16:42:37.583 1694 1694 I ActivityTaskManager: Config changes=10000100 {1.0 ?mcc?mnc [en_US] ldltr sw1080dp w1920dp h1080dp 160dpi xlrg long land -touch -keyb/v/h -nav/h winConfig={ mBounds=Rect(0, 0 - 1920, 1080) mAppBounds=Rect(0, 0 - 1920, 1080) mMaxBounds=Rect(0, 0 - 1920, 1080) mDisplayRotation=ROTATION_0 mWindowingMode=fullscreen mDisplayWindowingMode=fullscreen mActivityType=undefined mAlwaysOnTop=undefined mRotation=ROTATION_0} s.6 fontWeightAdjustment=0}
06-19 16:42:37.584 1694 1694 I WindowManager: Override config changes=10000100 {1.0 ?mcc?mnc [en_US] ldltr sw1080dp w1920dp h1080dp 160dpi xlrg long land -touch -keyb/v/h -nav/h winConfig={ mBounds=Rect(0, 0 - 1920, 1080) mAppBounds=Rect(0, 0 - 1920, 1080) mMaxBounds=Rect(0, 0 - 1920, 1080) mDisplayRotation=ROTATION_0 mWindowingMode=fullscreen mDisplayWindowingMode=fullscreen mActivityType=undefined mAlwaysOnTop=undefined mRotation=ROTATION_0} s.6 fontWeightAdjustment=0} for displayId=0
06-19 16:42:37.584 1694 1760 D WindowManager: framework set brightness value = NaN
06-19 16:42:37.585 1694 1694 I SystemServer: Making services ready
06-19 16:42:37.585 1694 1694 I SystemServiceManager: Starting phase 550
06-19 16:42:37.586 1694 1694 I ThermalHalWrapper: Thermal HAL 2.0 service connected.
06-19 16:42:37.586 1694 1694 E ThermalHalWrapper: Couldn't get temperatures because of HAL error: ThermalHAL not initialized properly.
06-19 16:42:37.586 1694 1694 W ThermalManagerService: Thermal HAL reported invalid data, abort connection
06-19 16:42:37.586 1694 1694 E ThermalHalWrapper: Couldn't get temperature thresholds because of HAL error: ThermalHAL not initialized properly.
06-19 16:42:37.588 1694 1916 E NativeTombstoneManager: Tombstone's UID (0) not an app, ignoring
06-19 16:42:37.589 1694 1694 W ActivityManager: Too early to start/bind service in system_server: Phase=550 ComponentInfo{com.android.server.telecom/com.android.server.telecom.components.TelecomService}
06-19 16:42:37.589 1694 1694 D CompatibilityChangeReporter: Compat change id reported: 168419799; UID 1000; state: DISABLED
06-19 16:42:37.589 1694 1694 D CompatibilityChangeReporter: Compat change id reported: 273564678; UID 1000; state: DISABLED
06-19 16:42:37.590 1694 1694 W ActivityManager: Too early to start/bind service in system_server: Phase=550 ComponentInfo{com.android.server.telecom/com.android.server.telecom.components.TelecomService}
06-19 16:42:37.590 1694 1694 I SyncManager: No initial accounts
06-19 16:42:37.591 1694 1916 I commit_sys_config_file: [log-files,0]
06-19 16:42:37.591 1694 1916 E NativeTombstoneManager: Tombstone's UID (0) not an app, ignoring
06-19 16:42:37.592 1694 1916 I commit_sys_config_file: [log-files,2]
06-19 16:42:37.593 1694 1916 E NativeTombstoneManager: Tombstone's UID (0) not an app, ignoring
06-19 16:42:37.593 1694 1899 D SystemServerInitThreadPool: Started executing Lazily initialize IMMS#mImeDrawsImeNavBarRes
06-19 16:42:37.596 1694 1916 I commit_sys_config_file: [log-files,5]
06-19 16:42:37.596 1694 1916 E NativeTombstoneManager: Tombstone's UID (0) not an app, ignoring
06-19 16:42:37.597 1694 1916 I commit_sys_config_file: [log-files,7]
06-19 16:42:37.598 1694 1916 E NativeTombstoneManager: Tombstone's UID (0) not an app, ignoring
06-19 16:42:37.599 1694 1916 I commit_sys_config_file: [log-files,9]
06-19 16:42:37.600 1694 1916 E NativeTombstoneManager: Tombstone's UID (0) not an app, ignoring
06-19 16:42:37.601 1694 1916 I commit_sys_config_file: [log-files,10]
06-19 16:42:37.603 1694 1694 I RebootEscrowManager: No reboot escrow data found for users, skipping loading escrow data
06-19 16:42:37.605 1694 1899 D SystemServerInitThreadPool: Finished executing Lazily initialize IMMS#mImeDrawsImeNavBarRes
06-19 16:42:37.612 1694 1958 D TelephonyRegistry: listen oscl: mHasNotifySubscriptionInfoChangedOccurred==false no callback
06-19 16:42:37.613 1694 1694 I WallpaperManagerService: No static wallpaper imagery; defaults will be shown
06-19 16:42:37.613 1694 1694 V WallpaperManagerService: bindWallpaperComponentLocked: componentName=ComponentInfo{com.android.systemui/com.android.systemui.wallpapers.ImageWallpaper}
06-19 16:42:37.614 1694 1694 I am_uid_running: 10110
06-19 16:42:37.614 1694 1694 D CompatibilityChangeReporter: Compat change id reported: 135634846; UID 10110; state: DISABLED
06-19 16:42:37.614 1694 1694 D CompatibilityChangeReporter: Compat change id reported: 177438394; UID 10110; state: DISABLED
06-19 16:42:37.614 1694 1694 D CompatibilityChangeReporter: Compat change id reported: 135772972; UID 10110; state: DISABLED
06-19 16:42:37.614 1694 1694 D CompatibilityChangeReporter: Compat change id reported: 135754954; UID 10110; state: ENABLED
06-19 16:42:37.615 1694 1770 D CompatibilityChangeReporter: Compat change id reported: 143937733; UID 10110; state: ENABLED
06-19 16:42:37.616 1694 1694 W WallpaperManagerService: Invalid wallpaper data
06-19 16:42:37.616 1694 1694 E WallpaperManagerService: Unable to apply new wallpaper
06-19 16:42:37.617 1694 1694 D SoundTriggerService: onBootPhase: 550 : false
06-19 16:42:37.617 1694 1938 D SystemServerInitThreadPool: Started executing UsbService$Lifecycle#onBootPhase
06-19 16:42:37.618 1694 1694 I AppBindingService: Updating constants with: null
06-19 16:42:37.618 1694 1938 D SystemServerInitThreadPool: Finished executing UsbService$Lifecycle#onBootPhase
06-19 16:42:37.619 1694 2054 I UsbPortManager: ClientCallback V1_2: port0
06-19 16:42:37.620 1694 1770 I am_proc_start: [0,2096,10110,com.android.systemui,service,{com.android.systemui/com.android.systemui.wallpapers.ImageWallpaper}]
06-19 16:42:37.620 1694 1770 I ActivityManager: Start proc 2096:com.android.systemui/u0a110 for service {com.android.systemui/com.android.systemui.wallpapers.ImageWallpaper}
