06-19 16:42:39.363 1694 1769 D AutofillManagerServiceImpl: Reset component for user 0:
06-19 16:42:39.363 1694 1758 D AutofillUI: destroySaveUiUiThread(): already destroyed
06-19 16:42:39.364 1694 1769 D FieldClassificationStrategy: reset(): service is not bound. Do nothing.
06-19 16:42:39.364 1694 1769 W AppBindingService: [Default SMS app] u0 Target package not found
06-19 16:42:39.364 1694 1757 W Looper : Drained
06-19 16:42:39.365 1694 2699 I HibernationStateDiskStore: No hibernation file on disk for file /data/system_ce/0/hibernation/states
06-19 16:42:39.409 396 396 I msm-usb-hsphy 88e3000.hsphy: Avail curr from USB = 100
06-19 16:42:39.367 760 760 I vold : Bind mounting /data/media to /mnt/pass_through/0/emulated
06-19 16:42:39.368 1694 2058 V BackupManagerService: [UserID:0] Starting with transport com.android.localtransport/.LocalTransport
06-19 16:42:39.368 1694 2058 D BackupManagerService: [UserID:0] Started thread backup-0
06-19 16:42:39.369 1694 1947 I StorageSessionController: On volume mount VolumeInfo{emulated;0}:
06-19 16:42:39.369 1694 1947 I StorageSessionController: type=EMULATED diskId=null partGuid= mountFlags=PRIMARY|VISIBLE_FOR_WRITE
06-19 16:42:39.369 1694 1947 I StorageSessionController: mountUserId=0 state=CHECKING
06-19 16:42:39.369 1694 1947 I StorageSessionController: fsType=null fsUuid=null fsLabel=null
06-19 16:42:39.369 1694 1947 I StorageSessionController: path=/storage/emulated internalPath=/data/media
06-19 16:42:39.369 1694 1947 I StorageSessionController: Creating connection for user: 0
06-19 16:42:39.369 1694 1947 I StorageSessionController: Creating and starting session with id: emulated;0
06-19 16:42:39.369 1694 1947 I StorageUserConnection: Binding to the ExternalStorageService for user 0
06-19 16:42:39.370 1694 1760 D WindowManager: framework set brightness value = NaN
06-19 16:42:39.373 1694 1769 W ActivityManager: UserLifecycleEvent 5 received without an active userJourneySession.
06-19 16:42:39.373 1694 1769 W ActivityManager: UserLifecycleEvent 6 received without an active userJourneySession.
06-19 16:42:39.373 1694 1769 I uc_finish_user_unlocked: 0
06-19 16:42:39.373 1694 1757 I ActivityTaskManager: Loading recents for user 0 into memory.
06-19 16:42:39.373 1694 1769 I ActivityManager: User 0 state changed from RUNNING_UNLOCKING to RUNNING_UNLOCKED
06-19 16:42:39.373 1694 1769 I am_user_state_changed: [0,3]
06-19 16:42:39.374 1694 1769 V SystemServerTiming: SystemUserUnlock took to complete: 346ms
06-19 16:42:39.376 1694 1757 I wm_task_created: [22,-1]
06-19 16:42:39.377 1694 1757 I wm_task_created: [12,-1]
06-19 16:42:39.377 1694 1757 V PackageConfigPersister: loadPackages: empty list files from /data/system_ce/0/package_configs
06-19 16:42:39.378 1694 1769 I am_uid_running: 10066
06-19 16:42:39.378 1694 1769 D CompatibilityChangeReporter: Compat change id reported: 135634846; UID 10066; state: DISABLED
06-19 16:42:39.378 1694 1769 D CompatibilityChangeReporter: Compat change id reported: 177438394; UID 10066; state: DISABLED
06-19 16:42:39.378 1694 1769 D CompatibilityChangeReporter: Compat change id reported: 135772972; UID 10066; state: DISABLED
06-19 16:42:39.378 1694 1769 D CompatibilityChangeReporter: Compat change id reported: 135754954; UID 10066; state: ENABLED
06-19 16:42:39.378 1694 1769 I am_uid_running: 10091
06-19 16:42:39.378 1694 1770 D CompatibilityChangeReporter: Compat change id reported: 143937733; UID 10066; state: ENABLED
06-19 16:42:39.378 1694 1769 D CompatibilityChangeReporter: Compat change id reported: 135634846; UID 10091; state: DISABLED
06-19 16:42:39.378 1694 1769 D CompatibilityChangeReporter: Compat change id reported: 177438394; UID 10091; state: DISABLED
06-19 16:42:39.378 1694 1769 D CompatibilityChangeReporter: Compat change id reported: 135772972; UID 10091; state: DISABLED
06-19 16:42:39.378 1694 1769 D CompatibilityChangeReporter: Compat change id reported: 135754954; UID 10091; state: ENABLED
06-19 16:42:39.379 1694 1769 I am_uid_running: 10026
06-19 16:42:39.382 1694 1769 D CompatibilityChangeReporter: Compat change id reported: 135634846; UID 10026; state: DISABLED
06-19 16:42:39.382 1694 1769 D CompatibilityChangeReporter: Compat change id reported: 177438394; UID 10026; state: DISABLED
06-19 16:42:39.382 1694 1769 D CompatibilityChangeReporter: Compat change id reported: 135772972; UID 10026; state: DISABLED
06-19 16:42:39.382 1694 1769 D CompatibilityChangeReporter: Compat change id reported: 135754954; UID 10026; state: DISABLED
06-19 16:42:39.382 1694 1769 I am_uid_running: 10119
06-19 16:42:39.382 1694 1769 D CompatibilityChangeReporter: Compat change id reported: 135634846; UID 10119; state: DISABLED
06-19 16:42:39.382 1694 1769 D CompatibilityChangeReporter: Compat change id reported: 177438394; UID 10119; state: DISABLED
06-19 16:42:39.382 1694 1769 D CompatibilityChangeReporter: Compat change id reported: 135772972; UID 10119; state: DISABLED
06-19 16:42:39.382 1694 1769 D CompatibilityChangeReporter: Compat change id reported: 135754954; UID 10119; state: ENABLED
06-19 16:42:39.383 1694 1769 D CompatibilityChangeReporter: Compat change id reported: 135634846; UID 1000; state: DISABLED
06-19 16:42:39.383 1694 1769 D CompatibilityChangeReporter: Compat change id reported: 177438394; UID 1000; state: DISABLED
06-19 16:42:39.383 1694 1769 D CompatibilityChangeReporter: Compat change id reported: 135772972; UID 1000; state: DISABLED
06-19 16:42:39.383 1694 1769 D CompatibilityChangeReporter: Compat change id reported: 135754954; UID 1000; state: ENABLED
06-19 16:42:39.384 1694 2058 E BackupPasswordManager: Unable to read backup pw version
06-19 16:42:39.384 1694 1769 I uc_send_user_broadcast: [0,android.intent.action.USER_UNLOCKED]
06-19 16:42:39.385 1694 2058 E BackupPasswordManager: Unable to read saved backup pw hash
06-19 16:42:39.385 1694 1947 I am_uid_running: 10138
06-19 16:42:39.386 1694 1947 D CompatibilityChangeReporter: Compat change id reported: 135634846; UID 10138; state: DISABLED
06-19 16:42:39.386 1694 1947 D CompatibilityChangeReporter: Compat change id reported: 177438394; UID 10138; state: DISABLED
06-19 16:42:39.386 1694 1947 D CompatibilityChangeReporter: Compat change id reported: 135772972; UID 10138; state: DISABLED
06-19 16:42:39.386 1694 1947 D CompatibilityChangeReporter: Compat change id reported: 135754954; UID 10138; state: ENABLED
06-19 16:42:39.386 1694 1769 I uc_finish_user_unlocked_completed: 0
06-19 16:42:39.386 1694 1947 I StorageUserConnection: Bound to the ExternalStorageService for user 0
06-19 16:42:39.386 1694 1770 I am_proc_start: [0,3042,10066,.pasr,added application,.pasr]
06-19 16:42:39.386 1694 1769 I ActivityManager: Posting BOOT_COMPLETED user #0
06-19 16:42:39.386 1694 1770 I ActivityManager: Start proc 3042:.pasr/u0a66 for added application .pasr
06-19 16:42:39.387 1694 1770 D CompatibilityChangeReporter: Compat change id reported: 143937733; UID 10091; state: ENABLED
06-19 16:42:39.387 1694 1694 W WindowMagnificationMgr: requestConnection duplicated request: connect=false, mConnectionState=DISCONNECTED
06-19 16:42:39.388 1694 1694 V NotificationAssistants: disabling notification assistant for user 0: ComponentInfo{android.ext.services/android.ext.services.notification.Assistant}
06-19 16:42:39.388 1694 1694 D NotificationListeners: Removing active service ComponentInfo{android.ext.services/android.ext.services.notification.Assistant}
06-19 16:42:39.388 1694 1757 D AppWidgetServiceImpl: Unable to load widget provider info from xml for ComponentInfo{com.android.systemui/com.android.systemui.people.widget.PeopleSpaceWidgetProvider}
06-19 16:42:39.388 1694 1757 I AppWidgetServiceImpl: Processing of handleUserUnlocked u0 took 1 ms
06-19 16:42:39.388 1694 1757 I uc_send_user_broadcast: [0,android.intent.action.BOOT_COMPLETED]
06-19 16:42:39.390 1694 1769 I ssm_user_unlocked: 0
06-19 16:42:39.390 1694 1769 I SystemServiceManager: Calling onUnlockedUser 0
06-19 16:42:39.391 1694 1769 I LaunchParamsPersister: Didn't find launch param folder for user 0
06-19 16:42:39.391 1694 1694 V NotificationAssistants: enabling notification assistant for 0: ComponentInfo{android.ext.services/android.ext.services.notification.Assistant}
06-19 16:42:39.391 1694 1694 V NotificationAssistants: binding: Intent { act=android.service.notification.NotificationAssistantService cmp=android.ext.services/.notification.Assistant (has extras) }
06-19 16:42:39.392 1694 1769 W ActivityManager: UserLifecycleEvent 6 received without an active userJourneySession.
06-19 16:42:39.392 1694 1759 I DropBoxManagerService: add tag=system_server_strictmode isTagEnabled=true flags=0x2
06-19 16:42:39.393 1694 2585 I wm_finish_activity: [0,165858576,2,com.android.settings/.FallbackHome,app-request]
06-19 16:42:39.394 1694 2585 I wm_pause_activity: [0,165858576,com.android.settings/.FallbackHome,userLeaving=false,finish]
06-19 16:42:39.395 1694 1760 I sysui_multi_action: [757,1144,758,7,806,com.android.settings,871,com.android.settings.FallbackHome]
06-19 16:42:39.395 2368 2368 I wm_on_top_resumed_lost_called: [165858576,com.android.settings.FallbackHome,topStateChangedWhenResumed]
06-19 16:42:39.395 1694 1760 D WindowManager: framework set brightness value = NaN
06-19 16:42:39.396 2368 2368 I wm_on_paused_called: [165858576,com.android.settings.FallbackHome,performPause]
06-19 16:42:39.404 1694 2585 I ActivityTaskManager: START u0 {act=android.intent.action.MAIN cat=[android.intent.category.HOME] flg=0x10000100 cmp=com.crestron.home/.Home (has extras)} from uid 0
06-19 16:42:39.405 1694 2058 V BackupManagerService: [UserID:0] No ancestral data
06-19 16:42:39.405 1694 2585 D CompatibilityChangeReporter: Compat change id reported: 265464455; UID 10062; state: DISABLED
06-19 16:42:39.405 1694 2585 D CompatibilityChangeReporter: Compat change id reported: 265452344; UID 10062; state: DISABLED
06-19 16:42:39.405 1694 2585 D CompatibilityChangeReporter: Compat change id reported: 266124927; UID 10062; state: DISABLED
06-19 16:42:39.405 1694 2585 D CompatibilityChangeReporter: Compat change id reported: 265451093; UID 10062; state: DISABLED
06-19 16:42:39.405 1694 2585 D CompatibilityChangeReporter: Compat change id reported: 265456536; UID 10062; state: DISABLED
06-19 16:42:39.405 1694 2585 D CompatibilityChangeReporter: Compat change id reported: 255940284; UID 10062; state: DISABLED
06-19 16:42:39.405 1694 2585 D CompatibilityChangeReporter: Compat change id reported: 236283604; UID 10062; state: DISABLED
06-19 16:42:39.405 1694 2585 D CompatibilityChangeReporter: Compat change id reported: 263959004; UID 10062; state: DISABLED
06-19 16:42:39.406 1694 2585 D CompatibilityChangeReporter: Compat change id reported: 264304459; UID 10062; state: DISABLED
06-19 16:42:39.406 1694 2585 D CompatibilityChangeReporter: Compat change id reported: 264301586; UID 10062; state: DISABLED
06-19 16:42:39.406 1694 2585 D CompatibilityChangeReporter: Compat change id reported: 254631730; UID 10062; state: DISABLED
06-19 16:42:39.406 1694 2585 D CompatibilityChangeReporter: Compat change id reported: 273509367; UID 10062; state: DISABLED
06-19 16:42:39.406 1694 2585 D CompatibilityChangeReporter: Compat change id reported: 263259275; UID 10062; state: DISABLED
06-19 16:42:39.409 1694 2058 I BackupManagerService: [UserID:0] Package com.microsoft.teams.ipphone.partner.agent no longer eligible for full backup
06-19 16:42:39.409 1694 2058 I BackupManagerService: [UserID:0] Package com.crestron.lldpinfo no longer eligible for full backup
06-19 16:42:39.409 1694 2058 I BackupManagerService: [UserID:0] Package com.microsoft.teams.ipphone.admin.agent no longer eligible for full backup
06-19 16:42:39.415 1694 2585 D CompatibilityChangeReporter: Compat change id reported: 184838306; UID 10062; state: DISABLED
06-19 16:42:39.415 1694 2585 D CompatibilityChangeReporter: Compat change id reported: 185004937; UID 10062; state: DISABLED
06-19 16:42:39.415 1694 2585 D CompatibilityChangeReporter: Compat change id reported: 181136395; UID 10062; state: DISABLED
06-19 16:42:39.415 1694 2585 D CompatibilityChangeReporter: Compat change id reported: 174042936; UID 10062; state: DISABLED
06-19 16:42:39.415 1694 2585 D CompatibilityChangeReporter: Compat change id reported: 174042980; UID 10062; state: DISABLED
06-19 16:42:39.415 1694 2585 D CompatibilityChangeReporter: Compat change id reported: 194480991; UID 10062; state: ENABLED
06-19 16:42:39.416 1694 2585 I wm_task_created: [23,-1]
06-19 16:42:39.416 1694 2585 I wm_task_moved: [23,1,2147483647]
06-19 16:42:39.418 1694 2585 D CompatibilityChangeReporter: Compat change id reported: 197654537; UID 10062; state: ENABLED
06-19 16:42:39.418 1694 2585 I wm_task_moved: [1,1,1]
06-19 16:42:39.418 1694 2585 I wm_create_task: [0,23]
06-19 16:42:39.418 1694 2585 I wm_create_activity: [0,50074075,23,com.crestron.home/.Home,android.intent.action.MAIN,NULL,NULL,268435712]
06-19 16:42:39.418 1694 2585 I wm_task_moved: [1,1,1]
06-19 16:42:39.418 1694 2585 I wm_task_moved: [23,1,2147483647]
06-19 16:42:39.418 1694 2585 I wm_task_to_front: [0,23]
06-19 16:42:39.422 1694 1694 D CompatibilityChangeReporter: Compat change id reported: 168419799; UID 10139; state: DISABLED
06-19 16:42:39.422 1694 1694 D CompatibilityChangeReporter: Compat change id reported: 273564678; UID 10139; state: DISABLED
06-19 16:42:39.463 102 102 I dwc3_otg_sm_work: sent uevent USB_STATE=CONNECTED
06-19 16:42:39.423 1694 1729 I dvm_lock_sample: [system_server,1,binder:1694_2,31,ActivityManagerService.java,13537,void com.android.server.am.ActivityManagerService.unregisterReceiver(android.content.IIntentReceiver),,0,null,6]
06-19 16:42:39.426 1694 2225 D CompatibilityChangeReporter: Compat change id reported: 161252188; UID 1000; state: DISABLED
06-19 16:42:39.429 1694 1939 I input_focus: [Focus leaving 34cc917 com.android.settings/com.android.settings.FallbackHome (server),reason=NO_WINDOW]
06-19 16:42:39.431 1694 3034 V BackupManagerConstants: getKeyValueBackupIntervalMilliseconds(...) returns 14400000
06-19 16:42:39.431 1694 3034 V BackupManagerConstants: getKeyValueBackupFuzzMilliseconds(...) returns 600000
06-19 16:42:39.431 1694 3034 V BackupManagerConstants: getKeyValueBackupRequiredNetworkType(...) returns 1
06-19 16:42:39.431 1694 3034 V BackupManagerConstants: getKeyValueBackupRequireCharging(...) returns true
06-19 16:42:39.431 1694 3034 V KeyValueBackupJob: Scheduling k/v pass in 249 minutes
06-19 16:42:39.434 1694 1767 I UsageStatsService: User[0] Rollover scheduled @ 2025-06-20 16:42:39(1750437759416)
06-19 16:42:39.435 1694 1767 I UsageStatsService: Time changed in by 1750350767 seconds
06-19 16:42:39.441 1694 1767 I UsageStatsService: User[0] Flushing usage stats to disk
06-19 16:42:39.442 1694 1694 I NotificationHistory: Attempted to unlock gone/disabled user 0
06-19 16:42:39.443 1694 2093 I SyncManager: Loaded persisted syncs: 0 periodic syncs, 0 oneshot syncs, 17 total system server jobs, JobStats: FirstLoad: 6/5/0 LastSave: -1/-1/-1
06-19 16:42:39.447 1694 1757 D CompatibilityChangeReporter: Compat change id reported: 168419799; UID 10087; state: DISABLED
06-19 16:42:39.447 1694 1757 D CompatibilityChangeReporter: Compat change id reported: 273564678; UID 10087; state: DISABLED
06-19 16:42:39.448 1694 3046 E TaskPersister: File error accessing recents directory (directory doesn't exist?).
06-19 16:42:39.449 1694 2364 I am_proc_bound: [0,3042,.pasr]
06-19 16:42:39.449 1694 2364 D CompatibilityChangeReporter: Compat change id reported: 168419799; UID 10066; state: DISABLED
06-19 16:42:39.449 1694 2364 D CompatibilityChangeReporter: Compat change id reported: 273564678; UID 10066; state: DISABLED
06-19 16:42:39.451 1694 2364 I am_uid_active: 10066
06-19 16:42:39.451 1694 2058 I dvm_lock_sample: [system_server,0,backup,41,ActivityManagerService.java,13304,android.content.Intent com.android.server.am.ActivityManagerService.registerReceiverWithFeature(android.app.IApplicationThread, java.lang.String, java.lang.String, java.lang.String, android.content.IIntentReceiver, android.content.IntentFilter, java.lang.String, int, int),,0,null,8]
06-19 16:42:39.452 1694 1728 I am_uid_running: 10115
06-19 16:42:39.452 1694 1728 D CompatibilityChangeReporter: Compat change id reported: 135634846; UID 10115; state: DISABLED
06-19 16:42:39.452 1694 1728 D CompatibilityChangeReporter: Compat change id reported: 177438394; UID 10115; state: DISABLED
06-19 16:42:39.452 1694 1728 D CompatibilityChangeReporter: Compat change id reported: 135772972; UID 10115; state: DISABLED
06-19 16:42:39.452 1694 1728 D CompatibilityChangeReporter: Compat change id reported: 135754954; UID 10115; state: ENABLED
06-19 16:42:39.454 1694 1694 V NotificationAssistants: 0 notification assistant service connected: ComponentInfo{android.ext.services/android.ext.services.notification.Assistant}
06-19 16:42:39.454 1694 2058 I BackupManagerService: isBackupEnabled() => false due to absent settings file
06-19 16:42:39.455 1694 2058 D BackupManagerService: user:0 readBackupEnableState enabled:false
06-19 16:42:39.455 1694 2058 I BackupManagerService: [UserID:0] Backup enabled => false
06-19 16:42:39.455 1694 3093 W ActivityManager: Slow operation: 77ms so far, now at startProcess: done updating battery stats
06-19 16:42:39.455 1694 3093 I am_proc_start: [0,3073,10091,com.qualcomm.qti.services.systemhelper:systemhelper_service,added application,com.qualcomm.qti.services.systemhelper:systemhelper_service]
06-19 16:42:39.455 1694 3093 W ActivityManager: Slow operation: 77ms so far, now at startProcess: building log message
06-19 16:42:39.455 1694 3093 I ActivityManager: Start proc 3073:com.qualcomm.qti.services.systemhelper:systemhelper_service/u0a91 for added application com.qualcomm.qti.services.systemhelper:systemhelper_service
06-19 16:42:39.455 1694 3093 W ActivityManager: Slow operation: 77ms so far, now at startProcess: starting to update pids map
06-19 16:42:39.455 1694 3093 W ActivityManager: Slow operation: 77ms so far, now at startProcess: done updating pids map
06-19 16:42:39.455 1694 3093 I am_proc_bound: [0,3073,com.qualcomm.qti.services.systemhelper:systemhelper_service]
06-19 16:42:39.455 1694 3093 D CompatibilityChangeReporter: Compat change id reported: 168419799; UID 10091; state: DISABLED
06-19 16:42:39.456 1694 3093 D CompatibilityChangeReporter: Compat change id reported: 273564678; UID 10091; state: DISABLED
06-19 16:42:39.457 1694 3093 I am_uid_active: 10091
06-19 16:42:39.458 1694 1770 W ActivityManager: Slow operation: 76ms so far, now at startProcess: asking zygote to start proc
06-19 16:42:39.458 1694 1760 I am_uid_running: 10062
06-19 16:42:39.458 1694 1770 D CompatibilityChangeReporter: Compat change id reported: 143937733; UID 10026; state: DISABLED
06-19 16:42:39.459 1694 1760 D CompatibilityChangeReporter: Compat change id reported: 135634846; UID 10062; state: DISABLED
06-19 16:42:39.459 1694 1760 D WindowManager: framework set brightness value = NaN
06-19 16:42:39.459 1694 1760 D WindowManager: framework set brightness value = NaN
06-19 16:42:39.459 1694 1760 D WindowManager: framework set brightness value = NaN
06-19 16:42:39.459 1694 1760 D WindowManager: framework set brightness value = NaN
06-19 16:42:39.459 1694 1760 D WindowManager: framework set brightness value = NaN
06-19 16:42:39.473 1694 1770 W ActivityManager: Slow operation: 91ms so far, now at startProcess: returned from zygote!
06-19 16:42:39.474 1694 1767 I am_uid_running: 10048
06-19 16:42:39.474 1694 1767 D CompatibilityChangeReporter: Compat change id reported: 135634846; UID 10048; state: DISABLED
06-19 16:42:39.474 1694 1767 D CompatibilityChangeReporter: Compat change id reported: 177438394; UID 10048; state: DISABLED
06-19 16:42:39.474 1694 1767 D CompatibilityChangeReporter: Compat change id reported: 135772972; UID 10048; state: DISABLED
06-19 16:42:39.475 1694 1767 D CompatibilityChangeReporter: Compat change id reported: 135754954; UID 10048; state: ENABLED
06-19 16:42:39.475 1694 2364 D CompatibilityChangeReporter: Compat change id reported: 157233955; UID 10087; state: ENABLED
06-19 16:42:39.475 1694 1770 W ActivityManager: Slow operation: 93ms so far, now at startProcess: done updating battery stats
06-19 16:42:39.475 1694 1770 I am_proc_start: [0,3101,10026,com.crestron.service,added application,com.crestron.service]
06-19 16:42:39.475 1694 1770 W ActivityManager: Slow operation: 93ms so far, now at startProcess: building log message
06-19 16:42:39.475 1694 1770 I ActivityManager: Start proc 3101:com.crestron.service/u0a26 for added application com.crestron.service
06-19 16:42:39.475 1694 1770 W ActivityManager: Slow operation: 94ms so far, now at startProcess: starting to update pids map
06-19 16:42:39.475 1694 1770 W ActivityManager: Slow operation: 94ms so far, now at startProcess: done updating pids map
06-19 16:42:39.476 1694 1770 W ActivityManager: Slow operation: 94ms so far, now at startProcess: asking zygote to start proc
06-19 16:42:39.476 1694 1770 D CompatibilityChangeReporter: Compat change id reported: 143937733; UID 10119; state: ENABLED
06-19 16:42:39.476 1694 1757 I sysui_multi_action: [757,803,799,window_time_0,802,6]
06-19 16:42:39.485 1694 1728 D CompatibilityChangeReporter: Compat change id reported: 161252188; UID 10092; state: DISABLED
06-19 16:42:39.488 1694 1728 D CompatibilityChangeReporter: Compat change id reported: 168419799; UID 10092; state: DISABLED
06-19 16:42:39.488 1694 1728 D CompatibilityChangeReporter: Compat change id reported: 273564678; UID 10092; state: DISABLED
06-19 16:42:39.493 1694 1729 I am_proc_bound: [0,3101,com.crestron.service]
06-19 16:42:39.494 1694 1770 W ActivityManager: Slow operation: 112ms so far, now at startProcess: returned from zygote!
06-19 16:42:39.494 1694 1729 D CompatibilityChangeReporter: Compat change id reported: 168419799; UID 10026; state: DISABLED
06-19 16:42:39.494 1694 1729 D CompatibilityChangeReporter: Compat change id reported: 273564678; UID 10026; state: DISABLED
06-19 16:42:39.536 396 396 I android_work: sent uevent USB_STATE=CONNECTED
06-19 16:42:39.498 1694 1729 I am_uid_active: 10026
06-19 16:42:39.500 1694 1770 W ActivityManager: Slow operation: 119ms so far, now at startProcess: done updating battery stats
06-19 16:42:39.501 1694 1770 I am_proc_start: [0,3125,10119,com.qualcomm.qti.workloadclassifier,added application,com.qualcomm.qti.workloadclassifier]
06-19 16:42:39.501 1694 1770 W ActivityManager: Slow operation: 119ms so far, now at startProcess: building log message
06-19 16:42:39.501 1694 1770 I ActivityManager: Start proc 3125:com.qualcomm.qti.workloadclassifier/u0a119 for added application com.qualcomm.qti.workloadclassifier
06-19 16:42:39.501 1694 1770 W ActivityManager: Slow operation: 119ms so far, now at startProcess: starting to update pids map
06-19 16:42:39.501 1694 1770 W ActivityManager: Slow operation: 119ms so far, now at startProcess: done updating pids map
06-19 16:42:39.501 1694 1770 W ActivityManager: Slow operation: 118ms so far, now at startProcess: asking zygote to start proc
06-19 16:42:39.541 396 396 I msm-usb-hsphy 88e3000.hsphy: Avail curr from USB = 100
06-19 16:42:39.504 1694 1769 I am_uid_running: 10027
06-19 16:42:39.505 1694 1769 D CompatibilityChangeReporter: Compat change id reported: 135634846; UID 10027; state: DISABLED
06-19 16:42:39.505 1694 1769 D CompatibilityChangeReporter: Compat change id reported: 177438394; UID 10027; state: DISABLED
06-19 16:42:39.505 1694 1769 D CompatibilityChangeReporter: Compat change id reported: 135772972; UID 10027; state: DISABLED
06-19 16:42:39.505 1694 1769 D CompatibilityChangeReporter: Compat change id reported: 135754954; UID 10027; state: ENABLED
06-19 16:42:39.518 1694 1770 W ActivityManager: Slow operation: 135ms so far, now at startProcess: returned from zygote!
06-19 16:42:39.518 1694 1770 W ActivityManager: Slow operation: 136ms so far, now at startProcess: done updating battery stats
06-19 16:42:39.518 1694 1770 I am_proc_start: [0,3149,1000,com.qti.diagservices,added application,com.qti.diagservices]
06-19 16:42:39.519 1694 1770 W ActivityManager: Slow operation: 136ms so far, now at startProcess: building log message
06-19 16:42:39.519 1694 1770 I ActivityManager: Start proc 3149:com.qti.diagservices/1000 for added application com.qti.diagservices
06-19 16:42:39.519 1694 1770 W ActivityManager: Slow operation: 136ms so far, now at startProcess: starting to update pids map
06-19 16:42:39.519 1694 1770 W ActivityManager: Slow operation: 136ms so far, now at startProcess: done updating pids map
06-19 16:42:39.519 1694 1770 W ActivityManager: Slow operation: 136ms so far, now at startProcess: asking zygote to start proc
06-19 16:42:39.523 1694 3093 D CompatibilityChangeReporter: Compat change id reported: 161145287; UID 10092; state: DISABLED
06-19 16:42:39.524 1694 2087 I am_proc_bound: [0,3125,com.qualcomm.qti.workloadclassifier]
06-19 16:42:39.525 1694 2087 D CompatibilityChangeReporter: Compat change id reported: 168419799; UID 10119; state: DISABLED
06-19 16:42:39.525 1694 2087 D CompatibilityChangeReporter: Compat change id reported: 273564678; UID 10119; state: DISABLED
06-19 16:42:39.526 1694 2087 I am_uid_active: 10119
06-19 16:42:39.533 1694 2087 I am_proc_bound: [0,3149,com.qti.diagservices]
06-19 16:42:39.546 1694 1770 W ActivityManager: Slow operation: 163ms so far, now at startProcess: returned from zygote!
06-19 16:42:39.547 1694 1770 W ActivityManager: Slow operation: 164ms so far, now at startProcess: done updating battery stats
06-19 16:42:39.547 1694 1770 I am_proc_start: [0,3171,1000,com.qualcomm.qti.services.secureui:sui_service,added application,com.qualcomm.qti.services.secureui:sui_service]
06-19 16:42:39.547 1694 1770 W ActivityManager: Slow operation: 164ms so far, now at startProcess: building log message
06-19 16:42:39.547 1694 1770 I ActivityManager: Start proc 3171:com.qualcomm.qti.services.secureui:sui_service/1000 for added application com.qualcomm.qti.services.secureui:sui_service
06-19 16:42:39.547 1694 1770 W ActivityManager: Slow operation: 164ms so far, now at startProcess: starting to update pids map
06-19 16:42:39.547 1694 1770 W ActivityManager: Slow operation: 164ms so far, now at startProcess: done updating pids map
06-19 16:42:39.547 1694 1770 W ActivityManager: Slow operation: 162ms so far, now at startProcess: asking zygote to start proc
06-19 16:42:39.548 1694 1770 D CompatibilityChangeReporter: Compat change id reported: 143937733; UID 10138; state: ENABLED
06-19 16:42:39.591 102 102 I dwc3_otg_sm_work: sent uevent USB_STATE=CONNECTED
06-19 16:42:39.575 3175 3175 I auditd : type=1400 audit(0.0:452): avc: denied { read } for comm="pgrep" scontext=u:r:vendor_qti_init_shell:s0 tcontext=u:r:vendor_diag-router:s0 tclass=file permissive=1
06-19 16:42:39.575 3175 3175 I auditd : type=1400 audit(0.0:453): avc: denied { read } for comm="pgrep" scontext=u:r:vendor_qti_init_shell:s0 tcontext=u:r:vendor_qccsyshal_qti:s0 tclass=file permissive=1
06-19 16:42:39.575 3175 3175 I auditd : type=1400 audit(0.0:454): avc: denied { read } for comm="pgrep" scontext=u:r:vendor_qti_init_shell:s0 tcontext=u:r:idmap:s0 tclass=file permissive=1
06-19 16:42:39.574 1694 1770 W ActivityManager: Slow operation: 188ms so far, now at startProcess: returned from zygote!
06-19 16:42:39.574 1694 1770 W ActivityManager: Slow operation: 188ms so far, now at startProcess: done updating battery stats
06-19 16:42:39.574 1694 1770 I am_proc_start: [0,3180,10138,com.android.providers.media.module,service,{com.android.providers.media.module/com.android.providers.media.fuse.ExternalStorageServiceImpl}]
06-19 16:42:39.574 1694 1770 I Watchdog: Interesting Java process com.android.providers.media.module started. Pid 3180
06-19 16:42:39.574 1694 1770 W ActivityManager: Slow operation: 188ms so far, now at startProcess: building log message
06-19 16:42:39.574 1694 1770 I ActivityManager: Start proc 3180:com.android.providers.media.module/u0a138 for service {com.android.providers.media.module/com.android.providers.media.fuse.ExternalStorageServiceImpl}
06-19 16:42:39.574 1694 1770 W ActivityManager: Slow operation: 188ms so far, now at startProcess: starting to update pids map
06-19 16:42:39.575 1694 1770 W ActivityManager: Slow operation: 189ms so far, now at startProcess: done updating pids map
06-19 16:42:39.575 1694 1770 W ActivityManager: Slow operation: 148ms so far, now at startProcess: asking zygote to start proc
06-19 16:42:39.583 1694 1770 W ActivityManager: Slow operation: 156ms so far, now at startProcess: returned from zygote!
06-19 16:42:39.583 1694 3038 I am_uid_running: 10022
06-19 16:42:39.584 1694 3038 D CompatibilityChangeReporter: Compat change id reported: 135634846; UID 10022; state: DISABLED
06-19 16:42:39.584 1694 3038 D CompatibilityChangeReporter: Compat change id reported: 177438394; UID 10022; state: DISABLED
06-19 16:42:39.585 1694 3038 D CompatibilityChangeReporter: Compat change id reported: 135772972; UID 10022; state: DISABLED
06-19 16:42:39.585 1694 3038 D CompatibilityChangeReporter: Compat change id reported: 135754954; UID 10022; state: ENABLED
06-19 16:42:39.575 3175 3175 I auditd : type=1400 audit(0.0:455): avc: denied { read } for comm="pgrep" scontext=u:r:vendor_qti_init_shell:s0 tcontext=u:r:storaged:s0 tclass=file permissive=1
06-19 16:42:39.575 3175 3175 I auditd : type=1400 audit(0.0:456): avc: denied { read } for comm="pgrep" scontext=u:r:vendor_qti_init_shell:s0 tcontext=u:r:mediaswcodec:s0 tclass=file permissive=1
06-19 16:42:39.575 3175 3175 I auditd : type=1400 audit(0.0:457): avc: denied { read } for comm="pgrep" scontext=u:r:vendor_qti_init_shell:s0 tcontext=u:r:vendor_ssgqmigd:s0 tclass=file permissive=1
06-19 16:42:39.575 3175 3175 I auditd : type=1400 audit(0.0:458): avc: denied { read } for comm="pgrep" scontext=u:r:vendor_qti_init_shell:s0 tcontext=u:r:update_engine:s0 tclass=file permissive=1
06-19 16:42:39.575 3175 3175 I auditd : type=1400 audit(0.0:459): avc: denied { read } for comm="pgrep" scontext=u:r:vendor_qti_init_shell:s0 tcontext=u:r:vendor_qguard:s0 tclass=file permissive=1
06-19 16:42:39.575 3175 3175 I auditd : type=1400 audit(0.0:460): avc: denied { read } for comm="pgrep" scontext=u:r:vendor_qti_init_shell:s0 tcontext=u:r:adbd:s0 tclass=file permissive=1
06-19 16:42:39.623 3175 3175 W audit_log_lost: 1511 callbacks suppressed
06-19 16:42:39.623 3175 3175 W audit : audit_lost=508 audit_rate_limit=5 audit_backlog_limit=64
06-19 16:42:39.623 3175 3175 E audit : rate limit exceeded
06-19 16:42:39.589 1694 1770 I dvm_lock_sample: [system_server,1,ActivityManager:procStart,6,ProcessList.java,1983,void com.android.server.am.ProcessList.lambda$handleProcessStart$1(com.android.server.am.ProcessRecord, java.lang.String, int[], int, int, int, java.lang.String, java.lang.String, java.lang.String, long),ContentProviderHelper.java,587,android.app.ContentProviderHolder com.android.server.am.ContentProviderHelper.getContentProviderImpl(android.app.IApplicationThread, java.lang.String, android.os.IBinder, int, java.lang.String, java.lang.String, boolean, int),1] --------- beginning of crash
06-19 16:42:39.590 3182 3182 F libc : Fatal signal 11 (SIGSEGV), code 1 (SEGV_MAPERR), fault addr 0x0 in tid 3182 (focus), pid 3182 (focus)
06-19 16:42:39.590 1694 1770 W ActivityManager: Slow operation: 164ms so far, now at startProcess: done updating battery stats
06-19 16:42:39.590 1694 1770 I am_proc_start: [0,3181,1000,com.android.keychain,service,{com.android.keychain/com.android.keychain.KeyChainService}]
06-19 16:42:39.591 1694 1770 W ActivityManager: Slow operation: 164ms so far, now at startProcess: building log message
06-19 16:42:39.591 1694 1770 I ActivityManager: Start proc 3181:com.android.keychain/1000 for service {com.android.keychain/com.android.keychain.KeyChainService}
06-19 16:42:39.591 1694 1770 W ActivityManager: Slow operation: 164ms so far, now at startProcess: starting to update pids map
06-19 16:42:39.591 1694 1770 W ActivityManager: Slow operation: 164ms so far, now at startProcess: done updating pids map
06-19 16:42:39.591 1694 1770 W ActivityManager: Slow operation: 139ms so far, now at startProcess: asking zygote to start proc
06-19 16:42:39.591 1694 1770 D CompatibilityChangeReporter: Compat change id reported: 143937733; UID 10115; state: ENABLED
06-19 16:42:39.599 1694 3093 I am_proc_bound: [0,3180,com.android.providers.media.module]
06-19 16:42:39.600 1694 3093 D CompatibilityChangeReporter: Compat change id reported: 168419799; UID 10138; state: DISABLED
06-19 16:42:39.601 1694 3093 D CompatibilityChangeReporter: Compat change id reported: 273564678; UID 10138; state: DISABLED
06-19 16:42:39.602 1694 3093 I am_uid_active: 10138
06-19 16:42:39.604 1694 2087 I am_proc_bound: [0,3171,com.qualcomm.qti.services.secureui:sui_service]
06-19 16:42:39.605 1694 2087 D CompatibilityChangeReporter: Compat change id reported: 168419799; UID 1000; state: DISABLED
06-19 16:42:39.606 1694 2087 D CompatibilityChangeReporter: Compat change id reported: 273564678; UID 1000; state: DISABLED
06-19 16:42:39.611 1694 1770 W ActivityManager: Slow operation: 159ms so far, now at startProcess: returned from zygote!
06-19 16:42:39.618 1694 1770 W ActivityManager: Slow operation: 166ms so far, now at startProcess: done updating battery stats
06-19 16:42:39.618 1694 1770 I am_proc_start: [0,3226,10115,com.qualcomm.qti.powersavemode,broadcast,{com.qualcomm.qti.powersavemode/com.qualcomm.qti.powersavemode.SystemEventReceiver}]
06-19 16:42:39.618 1694 1770 W ActivityManager: Slow operation: 167ms so far, now at startProcess: building log message
06-19 16:42:39.618 1694 1770 I ActivityManager: Start proc 3226:com.qualcomm.qti.powersavemode/u0a115 for broadcast {com.qualcomm.qti.powersavemode/com.qualcomm.qti.powersavemode.SystemEventReceiver}
06-19 16:42:39.619 1694 1770 W ActivityManager: Slow operation: 167ms so far, now at startProcess: starting to update pids map
06-19 16:42:39.619 1694 1770 W ActivityManager: Slow operation: 167ms so far, now at startProcess: done updating pids map
06-19 16:42:39.619 1694 1770 W ActivityManager: Slow operation: 161ms so far, now at startProcess: asking zygote to start proc
06-19 16:42:39.619 1694 1770 D CompatibilityChangeReporter: Compat change id reported: 143937733; UID 10062; state: ENABLED
06-19 16:42:39.620 1694 1728 I am_proc_bound: [0,3181,com.android.keychain]
06-19 16:42:39.621 1694 1728 D CompatibilityChangeReporter: Compat change id reported: 168419799; UID 1000; state: DISABLED
06-19 16:42:39.622 1694 1728 D CompatibilityChangeReporter: Compat change id reported: 273564678; UID 1000; state: DISABLED
06-19 16:42:39.690 396 396 I msm-usb-hsphy 88e3000.hsphy: Avail curr from USB = 500
06-19 16:42:39.691 396 396 I android_work: sent uevent USB_STATE=CONFIGURED
06-19 16:42:39.647 1694 3093 I am_proc_bound: [0,3226,com.qualcomm.qti.powersavemode]
06-19 16:42:39.647 1694 3093 D CompatibilityChangeReporter: Compat change id reported: 168419799; UID 10115; state: DISABLED
06-19 16:42:39.647 1694 3093 D CompatibilityChangeReporter: Compat change id reported: 273564678; UID 10115; state: DISABLED
06-19 16:42:39.649 1694 3093 I am_uid_active: 10115
06-19 16:42:39.684 1694 1770 W ActivityManager: Slow operation: 226ms so far, now at startProcess: returned from zygote!
06-19 16:42:39.686 1694 1770 W ActivityManager: Slow operation: 228ms so far, now at startProcess: done updating battery stats
06-19 16:42:39.686 1694 1770 I am_proc_start: [0,3269,10062,com.crestron.home,top-activity,{com.crestron.home/com.crestron.home.Home}]
06-19 16:42:39.686 1694 1770 W ActivityManager: Slow operation: 228ms so far, now at startProcess: building log message
06-19 16:42:39.686 1694 1770 I ActivityManager: Start proc 3269:com.crestron.home/u0a62 for top-activity {com.crestron.home/com.crestron.home.Home}
06-19 16:42:39.686 1694 1770 W ActivityManager: Slow operation: 228ms so far, now at startProcess: starting to update pids map
06-19 16:42:39.687 1694 1770 W ActivityManager: Slow operation: 229ms so far, now at startProcess: done updating pids map
06-19 16:42:39.687 1694 1770 W ActivityManager: Slow operation: 213ms so far, now at startProcess: asking zygote to start proc
06-19 16:42:39.687 1694 1770 D CompatibilityChangeReporter: Compat change id reported: 143937733; UID 10048; state: ENABLED
06-19 16:42:39.688 1694 1759 I DropBoxManagerService: add tag=system_app_strictmode isTagEnabled=true flags=0x2
06-19 16:42:39.695 1694 1770 W ActivityManager: Slow operation: 221ms so far, now at startProcess: returned from zygote!
06-19 16:42:39.695 1694 1770 W ActivityManager: Slow operation: 221ms so far, now at startProcess: done updating battery stats
06-19 16:42:39.695 1694 1770 I am_proc_start: [0,3276,10048,com.android.printspooler,service,{com.android.printspooler/com.android.printspooler.model.PrintSpoolerService}]
06-19 16:42:39.695 1694 1770 W ActivityManager: Slow operation: 222ms so far, now at startProcess: building log message
06-19 16:42:39.695 1694 1770 I ActivityManager: Start proc 3276:com.android.printspooler/u0a48 for service {com.android.printspooler/com.android.printspooler.model.PrintSpoolerService}
06-19 16:42:39.695 1694 1770 W ActivityManager: Slow operation: 222ms so far, now at startProcess: starting to update pids map
06-19 16:42:39.696 1694 1770 W ActivityManager: Slow operation: 222ms so far, now at startProcess: done updating pids map
06-19 16:42:39.696 1694 1770 W ActivityManager: Slow operation: 191ms so far, now at startProcess: asking zygote to start proc
06-19 16:42:39.696 1694 1770 D CompatibilityChangeReporter: Compat change id reported: 143937733; UID 10027; state: ENABLED
06-19 16:42:39.734 707 707 I logd : logdr: UID=0 GID=0 PID=3219 n tail=0 logMask=8 pid=3182 start=0ns deadline=0ns
06-19 16:42:39.700 3126 3126 I service_manager_slow: [13,lock_settings]
06-19 16:42:39.701 1694 1728 E LockSettingsService: Caller pid 3126 Caller uid 0
06-19 16:42:39.703 1694 1770 W ActivityManager: Slow operation: 199ms so far, now at startProcess: returned from zygote!
06-19 16:42:39.704 1694 1770 W ActivityManager: Slow operation: 199ms so far, now at startProcess: done updating battery stats
06-19 16:42:39.704 1694 1770 I am_proc_start: [0,3282,10027,android.process.media,broadcast,{com.android.mtp/com.android.mtp.MtpReceiver}]
06-19 16:42:39.704 1694 1770 W ActivityManager: Slow operation: 199ms so far, now at startProcess: building log message
06-19 16:42:39.704 1694 1770 I ActivityManager: Start proc 3282:android.process.media/u0a27 for broadcast {com.android.mtp/com.android.mtp.MtpReceiver}
06-19 16:42:39.704 1694 1770 W ActivityManager: Slow operation: 199ms so far, now at startProcess: starting to update pids map
06-19 16:42:39.704 1694 1770 W ActivityManager: Slow operation: 199ms so far, now at startProcess: done updating pids map
06-19 16:42:39.704 1694 1770 W ActivityManager: Slow operation: 121ms so far, now at startProcess: asking zygote to start proc
06-19 16:42:39.704 1694 1770 D CompatibilityChangeReporter: Compat change id reported: 143937733; UID 10022; state: ENABLED
06-19 16:42:39.710 3219 3219 F DEBUG : *** *** *** *** *** *** *** *** *** *** *** *** *** *** *** ***
06-19 16:42:39.710 3219 3219 F DEBUG : Build fingerprint: 'Crestron/Videobar_70/kona:13/TKQ1.240130.3744/3744:userdebug/release-keys'
06-19 16:42:39.710 3219 3219 F DEBUG : Revision: '0'
06-19 16:42:39.710 3219 3219 F DEBUG : ABI: 'arm64'
06-19 16:42:39.710 3219 3219 F DEBUG : Timestamp: 2025-06-19 16:42:39.656303852+0000
06-19 16:42:39.710 3219 3219 F DEBUG : Process uptime: 0s
06-19 16:42:39.710 3219 3219 F DEBUG : Cmdline: /system/bin/focus -s
06-19 16:42:39.710 3219 3219 F DEBUG : pid: 3182, tid: 3182, name: focus >>> /system/bin/focus <<<
06-19 16:42:39.710 3219 3219 F DEBUG : uid: 0
06-19 16:42:39.710 3219 3219 F DEBUG : tagged_addr_ctrl: 0000000000000001 (PR_TAGGED_ADDR_ENABLE)
06-19 16:42:39.710 3219 3219 F DEBUG : signal 11 (SIGSEGV), code 1 (SEGV_MAPERR), fault addr 0x0000000000000000
06-19 16:42:39.710 3219 3219 F DEBUG : Cause: null pointer dereference
06-19 16:42:39.710 3219 3219 F DEBUG : x0 0000000000000000 x1 0000000000000000 x2 000000000000000a x3 0000000000000000
06-19 16:42:39.710 3219 3219 F DEBUG : x4 000000782c152800 x5 0000000000000004 x6 2f6d65747379732f x7 000000215e4801fd
06-19 16:42:39.710 3219 3219 F DEBUG : x8 3272edf6370853f3 x9 0000000000000000 x10 0101010101010101 x11 0000007fd2d961f0
06-19 16:42:39.710 3219 3219 F DEBUG : x12 ffffff80ffffffd0 x13 0000000000000000 x14 16f3de4d29dc1ccf x15 ffffffffffffffff
06-19 16:42:39.710 3219 3219 F DEBUG : x16 0000005e8c91b7c8 x17 0000007828d5177c x18 000000782d090000 x19 0000000000000000
06-19 16:42:39.710 3219 3219 F DEBUG : x20 0000000000000000 x21 0000000000000002 x22 0000007fd2d971cc x23 000000782c00c010
06-19 16:42:39.710 3219 3219 F DEBUG : x24 0000000000000000 x25 0000000000000000 x26 0000000000000000 x27 0000000000000000
06-19 16:42:39.711 1694 1770 W ActivityManager: Slow operation: 128ms so far, now at startProcess: returned from zygote!
06-19 16:42:39.711 1694 1770 W ActivityManager: Slow operation: 128ms so far, now at startProcess: done updating battery stats
06-19 16:42:39.711 1694 1770 I am_proc_start: [0,3290,10022,android.process.acore,content provider,{com.android.providers.contacts/com.android.providers.contacts.ContactsProvider2}]
06-19 16:42:39.711 1694 1770 W ActivityManager: Slow operation: 128ms so far, now at startProcess: building log message
06-19 16:42:39.711 1694 1770 I ActivityManager: Start proc 3290:android.process.acore/u0a22 for content provider {com.android.providers.contacts/com.android.providers.contacts.ContactsProvider2}
06-19 16:42:39.711 1694 1770 W ActivityManager: Slow operation: 128ms so far, now at startProcess: starting to update pids map
06-19 16:42:39.711 1694 1770 W ActivityManager: Slow operation: 129ms so far, now at startProcess: done updating pids map
06-19 16:42:39.721 3219 3219 F DEBUG : x28 0000000000000000 x29 0000007fd2d96200
06-19 16:42:39.721 3219 3219 F DEBUG : lr 0000007828d51794 sp 0000007fd2d96200 pc 0000007828d51878 pst 0000000020001000
06-19 16:42:39.721 3219 3219 F DEBUG : backtrace:
06-19 16:42:39.721 3219 3219 F DEBUG : #00 pc 0000000000063878 /apex/com.android.runtime/lib64/bionic/libc.so (long StrToI(char const*, char**, int)+60) (BuildId: bf5f1ce73f89cca7d6a062eb7877e86a)
06-19 16:42:39.721 3219 3219 F DEBUG : #01 pc 0000000000063790 /apex/com.android.runtime/lib64/bionic/libc.so (atoi+20) (BuildId: bf5f1ce73f89cca7d6a062eb7877e86a)
06-19 16:42:39.721 3219 3219 F DEBUG : #02 pc 0000000000003fcc /system/bin/focus (BuildId: 09302dcf5d5f91af6c45b632d431051f8373de7c)
06-19 16:42:39.721 3219 3219 F DEBUG : #03 pc 000000000004a9f0 /apex/com.android.runtime/lib64/bionic/libc.so (__libc_init+100) (BuildId: bf5f1ce73f89cca7d6a062eb7877e86a)
06-19 16:42:39.722 1694 1728 I am_proc_bound: [0,3269,com.crestron.home]
06-19 16:42:39.723 1694 2123 W NativeCrashListener: Couldn't find ProcessRecord for pid 3182
06-19 16:42:39.724 1694 1916 E NativeTombstoneManager: Tombstone's UID (0) not an app, ignoring
06-19 16:42:39.724 1694 1728 D CompatibilityChangeReporter: Compat change id reported: 168419799; UID 10062; state: DISABLED
06-19 16:42:39.724 1694 1728 D CompatibilityChangeReporter: Compat change id reported: 273564678; UID 10062; state: DISABLED
06-19 16:42:39.724 1694 1916 E NativeTombstoneManager: Tombstone's UID (0) not an app, ignoring
06-19 16:42:39.725 3181 3181 I service_manager_slow: [24,vendor.perfservice]
06-19 16:42:39.726 1694 1728 I wm_restart_activity: [0,50074075,23,com.crestron.home/.Home]
06-19 16:42:39.727 1694 1728 I wm_set_resumed_activity: [0,com.crestron.home/.Home,minimalResumeActivityLocked - onActivityStateChanged]
06-19 16:42:39.732 1694 2087 I am_proc_bound: [0,3276,com.android.printspooler]
06-19 16:42:39.734 1694 2087 D CompatibilityChangeReporter: Compat change id reported: 168419799; UID 10048; state: DISABLED
06-19 16:42:39.734 1694 2087 D CompatibilityChangeReporter: Compat change id reported: 273564678; UID 10048; state: DISABLED
06-19 16:42:39.735 1694 2087 I am_uid_active: 10048
06-19 16:42:39.736 1694 2364 I am_proc_bound: [0,3282,android.process.media]
06-19 16:42:39.737 1694 2364 D CompatibilityChangeReporter: Compat change id reported: 168419799; UID 10027; state: DISABLED
06-19 16:42:39.737 1694 2364 D CompatibilityChangeReporter: Compat change id reported: 273564678; UID 10027; state: DISABLED
06-19 16:42:39.746 1694 1729 I am_proc_bound: [0,3290,android.process.acore]
06-19 16:42:39.748 1694 1729 D CompatibilityChangeReporter: Compat change id reported: 168419799; UID 10022; state: DISABLED
06-19 16:42:39.749 1694 1729 D CompatibilityChangeReporter: Compat change id reported: 273564678; UID 10022; state: DISABLED
06-19 16:42:39.750 1694 1729 I am_uid_active: 10022
06-19 16:42:39.751 1694 1760 I am_uid_active: 10062
06-19 16:42:39.754 1694 1760 D WindowManager: framework set brightness value = NaN
06-19 16:42:39.757 1694 2225 D CompatibilityChangeReporter: Compat change id reported: 168419799; UID 10102; state: DISABLED
06-19 16:42:39.757 1694 2225 D CompatibilityChangeReporter: Compat change id reported: 273564678; UID 10102; state: DISABLED
06-19 16:42:39.759 1694 2225 D CoreBackPreview: Window{690b5c8 u0 Taskbar}: Setting back callback OnBackInvokedCallbackInfo{mCallback=android.window.IOnBackInvokedCallback$Stub$Proxy@b20f586, mPriority=0}
06-19 16:42:39.776 1694 1729 D CompatibilityChangeReporter: Compat change id reported: 168419799; UID 1001; state: DISABLED
06-19 16:42:39.776 1694 1729 D CompatibilityChangeReporter: Compat change id reported: 273564678; UID 1001; state: DISABLED
06-19 16:42:39.785 1694 2225 D CompatibilityChangeReporter: Compat change id reported: 168419799; UID 10116; state: DISABLED
06-19 16:42:39.785 1694 2225 D CompatibilityChangeReporter: Compat change id reported: 273564678; UID 10116; state: DISABLED
06-19 16:42:39.787 1694 2350 I am_uid_running: 10125
06-19 16:42:39.787 1694 2350 D CompatibilityChangeReporter: Compat change id reported: 135634846; UID 10125; state: DISABLED
06-19 16:42:39.787 1694 2350 D CompatibilityChangeReporter: Compat change id reported: 177438394; UID 10125; state: DISABLED
06-19 16:42:39.787 1694 2350 D CompatibilityChangeReporter: Compat change id reported: 135772972; UID 10125; state: DISABLED
06-19 16:42:39.788 1694 2350 D CompatibilityChangeReporter: Compat change id reported: 135754954; UID 10125; state: ENABLED
06-19 16:42:39.788 1694 1770 D CompatibilityChangeReporter: Compat change id reported: 143937733; UID 10125; state: ENABLED
06-19 16:42:39.795 1694 2350 D CompatibilityChangeReporter: Compat change id reported: 161145287; UID 10022; state: DISABLED
06-19 16:42:39.795 1694 1770 I am_proc_start: [0,3374,10125,com.qualcomm.qtil.aptxui,broadcast,{com.qualcomm.qtil.aptxui/com.qualcomm.qtil.aptxui.aptxuiBootReceiver}]
06-19 16:42:39.795 1694 1770 I ActivityManager: Start proc 3374:com.qualcomm.qtil.aptxui/u0a125 for broadcast {com.qualcomm.qtil.aptxui/com.qualcomm.qtil.aptxui.aptxuiBootReceiver}
06-19 16:42:39.800 1694 1760 D WindowManager: framework set brightness value = NaN
06-19 16:42:39.800 1694 1760 D WindowManager: framework set brightness value = NaN
06-19 16:42:39.801 1694 1760 D WindowManager: framework set brightness value = NaN
06-19 16:42:39.802 1694 1760 D WindowManager: framework set brightness value = NaN
06-19 16:42:39.804 1694 1760 D WindowManager: framework set brightness value = NaN
06-19 16:42:39.804 1694 1760 D WindowManager: framework set brightness value = NaN
06-19 16:42:39.815 1694 1760 D WindowManager: framework set brightness value = NaN
06-19 16:42:39.821 1694 1767 D CompatibilityChangeReporter: Compat change id reported: 168419799; UID 1000; state: DISABLED
06-19 16:42:39.821 1694 1767 D CompatibilityChangeReporter: Compat change id reported: 273564678; UID 1000; state: DISABLED
06-19 16:42:39.875 3400 3400 E kona_tdm_snd_startup: Enabling mclk, clk_freq_in_hz = 12288000
06-19 16:42:39.880 3400 3400 I afe_get_cal_topology_id: port_id = 0x9000 acdb_id = 15 topology_id = 0x112fc cal_type_index=8 ret=0
06-19 16:42:39.880 3400 3400 E send_afe_cal_type: No cal sent for cal_index 0, port_id = 0x9000! ret -22
06-19 16:42:39.882 3400 3400 I afe_send_hw_delay: port_id 0x9000 rate 48000 delay_usec 474 status 0
06-19 16:42:39.891 3400 3400 I afe_get_cal_topology_id: port_id = 0x1006 acdb_id = 10 topology_id = 0x112fc cal_type_index=8 ret=0
06-19 16:42:39.891 3400 3400 E send_afe_cal_type: No cal sent for cal_index 0, port_id = 0x1006! ret -22
06-19 16:42:39.891 3400 3400 I afe_send_hw_delay: port_id 0x1006 rate 48000 delay_usec 474 status 0
06-19 16:42:39.898 3400 3400 E afe_get_cal_topology_id: cal_type 8 not initialized for this port 4120
06-19 16:42:39.898 3400 3400 E : send_afe_cal_type cal_block not found!!
06-19 16:42:39.898 3400 3400 I afe_send_hw_delay: port_id 0x1018 rate 48000 delay_usec 0 status 0
06-19 16:42:39.826 1694 3093 I am_proc_bound: [0,3374,com.qualcomm.qtil.aptxui]
06-19 16:42:39.826 1694 3093 D CompatibilityChangeReporter: Compat change id reported: 168419799; UID 10125; state: DISABLED
06-19 16:42:39.826 1694 3093 D CompatibilityChangeReporter: Compat change id reported: 273564678; UID 10125; state: DISABLED
06-19 16:42:39.835 1694 3093 I am_uid_active: 10125
06-19 16:42:39.836 1694 2087 I sysui_multi_action: [757,128,758,1,793,833,794,0,795,833,796,26,798,0,806,android,857,DEVELOPER_IMPORTANT,858,4,946,ranker_group,947,0,1395,2,1500,630,1688,1]
06-19 16:42:39.836 1694 2087 I sysui_multi_action: [757,1501,758,1,793,833,794,0,795,833,796,26,806,android,857,DEVELOPER_IMPORTANT,858,4,946,ranker_group,947,0,1500,0,1688,1]
06-19 16:42:39.836 1694 2087 I sysui_multi_action: [757,804,799,note_interruptive,801,0,802,1]
06-19 16:42:39.836 1694 2087 I sysui_multi_action: [757,804,799,note_freshness,801,833,802,1]
