06-23 02:18:47.391 7320 7448 D ConnectionMgrIplink: handleReservedDigitalChanged: 18472 / true
06-23 02:18:47.391 7320 7448 D ConnectionMgrIplink: handleDigitalChanged: 18472 / true
06-23 02:18:47.391 7320 7448 D ConnectionMgrIplink: handleReservedDigitalChanged: 18482 / true
06-23 02:18:47.391 7320 7448 D ConnectionMgrIplink: handleDigitalChanged: 18482 / true
06-23 02:18:47.392 7320 7448 D ConnectionMgrIplink: handleReservedDigitalChanged: 18483 / false
06-23 02:18:47.392 7320 7448 D ConnectionMgrIplink: handleDigitalChanged: 18483 / false
06-23 02:18:47.392 7320 7448 D ConnectionMgrIplink: handleReservedDigitalChanged: 18490 / false
06-23 02:18:47.392 7320 7448 D ConnectionMgrIplink: handleDigitalChanged: 18490 / false
06-23 02:18:47.392 7320 7448 D ConnectionMgrIplink: handleReservedDigitalChanged: 18491 / true
06-23 02:18:47.392 7320 7448 D ConnectionMgrIplink: handleDigitalChanged: 18491 / true
06-23 02:18:47.392 7320 7448 D ConnectionMgrIplink: handleReservedDigitalChanged: 18905 / true
06-23 02:18:47.392 7320 7448 D ConnectionMgrIplink: handleDigitalChanged: 18905 / true
06-23 02:18:47.392 7320 7448 D ConnectionMgrIplink: handleReservedDigitalChanged: 18907 / true
06-23 02:18:47.392 7320 7448 D ConnectionMgrIplink: handleDigitalChanged: 18907 / true
06-23 02:18:47.392 7320 7448 D ConnectionMgrIplink: handleReservedDigitalChanged: 18909 / true
06-23 02:18:47.392 7320 7448 D ConnectionMgrIplink: handleDigitalChanged: 18909 / true
06-23 02:18:47.392 7320 7448 D ConnectionMgrIplink: handleReservedDigitalChanged: 18911 / true
06-23 02:18:47.392 7320 7448 D ConnectionMgrIplink: handleDigitalChanged: 18911 / true
06-23 02:18:47.392 7320 7448 D ConnectionMgrIplink: handleReservedDigitalChanged: 18913 / true
06-23 02:18:47.392 7320 7448 D ConnectionMgrIplink: handleDigitalChanged: 18913 / true
06-23 02:18:47.392 7320 7448 D ConnectionMgrIplink: handleReservedDigitalChanged: 23079 / true
06-23 02:18:47.392 7320 7448 D ConnectionMgrIplink: handleDigitalChanged: 23079 / true
06-23 02:18:47.393 7320 7448 D ConnectionMgrIplink: handleReservedDigitalChanged: 23080 / false
06-23 02:18:47.393 7320 7320 D NucPlatformWifiSettings: fillNetworkData: com.crestron.ipphonesettingsprovider.grandstream.nuc.data.model.network.ApiWifiInf@347007e
06-23 02:18:47.393 7320 7448 D ConnectionMgrIplink: handleDigitalChanged: 23080 / false
06-23 02:18:47.393 7320 7448 D ConnectionMgrIplink: handleReservedDigitalChanged: 27302 / false
06-23 02:18:47.393 7320 7448 D ConnectionMgrIplink: handleDigitalChanged: 27302 / false
06-23 02:18:47.393 7320 7448 D ConnectionMgrIplink: handleReservedDigitalChanged: 27303 / true
06-23 02:18:47.393 7320 7448 D ConnectionMgrIplink: handleDigitalChanged: 27303 / true
06-23 02:18:47.393 7320 7448 D ConnectionMgrIplink: handleReservedDigitalChanged: 27367 / true
06-23 02:18:47.393 7320 7448 D ConnectionMgrIplink: handleDigitalChanged: 27367 / true
06-23 02:18:47.393 7320 7448 D ConnectionMgrIplink: handleReservedDigitalChanged: 27371 / true
06-23 02:18:47.393 7320 7448 D ConnectionMgrIplink: handleDigitalChanged: 27371 / true
06-23 02:18:47.393 7320 7448 D ConnectionMgrIplink: handleReservedDigitalChanged: 27372 / true
06-23 02:18:47.393 7320 7448 D ConnectionMgrIplink: handleDigitalChanged: 27372 / true
06-23 02:18:47.393 7320 7448 D ConnectionMgrIplink: handleReservedDigitalChanged: 27373 / true
06-23 02:18:47.393 7320 7448 D ConnectionMgrIplink: handleDigitalChanged: 27373 / true
06-23 02:18:47.393 7320 7448 D ConnectionMgrIplink: handleReservedDigitalChanged: 27374 / false
06-23 02:18:47.393 7320 7448 D ConnectionMgrIplink: handleDigitalChanged: 27374 / false
06-23 02:18:47.393 7320 7448 D ConnectionMgrIplink: handleReservedDigitalChanged: 27375 / true
06-23 02:18:47.393 7320 7448 D ConnectionMgrIplink: handleDigitalChanged: 27375 / true
06-23 02:18:47.394 7320 7320 D NucPlatformWifiSettings: fillNetworkData() and NucSignalProvider.get().wifiDataSignal={"IsEnabled":true,"ScanAccessPoints":false,"ExtraAccessPointValidation":false,"WiFiMode":"Client","ShareApInfoToConnectedDevice":false,"PreferredAccessPoint":"","ActiveAccessPointDetails":{"AccessPointName":"","FrequencyBand":"","Channel":0,"SignalStrength":"","EncryptionType":""},"ActiveAccessPoint":"","AccessPoints":{},"Version":"3.3.4"}
06-23 02:18:47.394 7320 7448 D ConnectionMgrIplink: handleReservedDigitalChanged: 27377 / true
06-23 02:18:47.394 7320 7448 D ConnectionMgrIplink: handleDigitalChanged: 27377 / true
06-23 02:18:47.394 7320 7448 D ConnectionMgrIplink: handleReservedDigitalChanged: 27378 / true
06-23 02:18:47.394 7320 7448 D ConnectionMgrIplink: handleDigitalChanged: 27378 / true
06-23 02:18:47.394 7320 7448 D ConnectionMgrIplink: handleReservedDigitalChanged: 27460 / false
06-23 02:18:47.394 7320 7448 D ConnectionMgrIplink: handleDigitalChanged: 27460 / false
06-23 02:18:47.394 7320 7320 D NucPlatformWifiSettings: fillWifiData (apiWifi= ApiWifi{isEnabled=true, scanAccessPoints=false, activeAccessPoint='', accessPointsCurrentKeyList=[], accessPoints=[], discoveredAccessPoints=[]}
06-23 02:18:47.394 7320 7448 D ConnectionMgrIplink: handleReservedDigitalChanged: 27566 / true
06-23 02:18:47.394 7320 7448 D ConnectionMgrIplink: handleDigitalChanged: 27566 / true
06-23 02:18:47.394 7320 7320 D NucSignalProvider: webuiStatusDataSignal: signalInterface=com.crestron.signal_transport.SignalTransport@d33f493
06-23 02:18:47.394 7320 7320 D NucSignalProvider: webuiStatusDataSignal: start get network path
06-23 02:18:47.394 7320 7448 D ConnectionMgrIplink: handleReservedDigitalChanged: 27567 / false
06-23 02:18:47.394 7320 7448 D ConnectionMgrIplink: handleDigitalChanged: 27567 / false
06-23 02:18:47.394 7320 7448 D ConnectionMgrIplink: handleReservedDigitalChanged: 27568 / false
06-23 02:18:47.394 7320 7448 D ConnectionMgrIplink: handleDigitalChanged: 27568 / false
06-23 02:18:47.394 7320 7448 D ConnectionMgrIplink: handleReservedDigitalChanged: 27586 / true
06-23 02:18:47.394 7320 7448 D ConnectionMgrIplink: handleDigitalChanged: 27586 / true
06-23 02:18:47.394 7320 7448 D ConnectionMgrIplink: handleReservedDigitalChanged: 27587 / false
06-23 02:18:47.394 7320 7448 D ConnectionMgrIplink: handleDigitalChanged: 27587 / false
06-23 02:18:47.394 7320 7320 D NucSignalProvider: webuiStatusDataSignal: get path success =true
06-23 02:18:47.394 7320 7448 D ConnectionMgrIplink: handleReservedDigitalChanged: 27593 / false
06-23 02:18:47.394 7320 7448 D ConnectionMgrIplink: handleDigitalChanged: 27593 / false
06-23 02:18:47.395 7320 7448 D ConnectionMgrIplink: handleReservedDigitalChanged: 27596 / true
06-23 02:18:47.395 7320 7448 D ConnectionMgrIplink: handleDigitalChanged: 27596 / true
06-23 02:18:47.395 7320 7448 D ConnectionMgrIplink: handleReservedDigitalChanged: 27597 / false
06-23 02:18:47.395 7320 7448 D ConnectionMgrIplink: handleDigitalChanged: 27597 / false
06-23 02:18:47.395 7320 7448 D ConnectionMgrIplink: handleReservedDigitalChanged: 28000 / true
06-23 02:18:47.395 7320 7448 D ConnectionMgrIplink: handleDigitalChanged: 28000 / true
06-23 02:18:47.395 7320 7448 D ConnectionMgrIplink: handleReservedDigitalChanged: 28005 / true
06-23 02:18:47.395 7320 7448 D ConnectionMgrIplink: handleDigitalChanged: 28005 / true
06-23 02:18:47.395 7320 7320 D NucSignalProvider: networkAdaptersDataSignal: signalInterface=com.crestron.signal_transport.SignalTransport@d33f493
06-23 02:18:47.395 7320 7320 D NucSignalProvider: networkAdaptersDataSignal: start get network path
06-23 02:18:47.395 7320 7448 D ConnectionMgrIplink: handleReservedDigitalChanged: 28007 / true
06-23 02:18:47.395 7320 7448 D ConnectionMgrIplink: handleDigitalChanged: 28007 / true
06-23 02:18:47.395 7320 7448 D ConnectionMgrIplink: handleReservedDigitalChanged: 28013 / true
06-23 02:18:47.395 7320 7448 D ConnectionMgrIplink: handleDigitalChanged: 28013 / true
06-23 02:18:47.395 7320 7448 D ConnectionMgrIplink: handleReservedDigitalChanged: 28014 / true
06-23 02:18:47.395 7320 7448 D ConnectionMgrIplink: handleDigitalChanged: 28014 / true
06-23 02:18:47.395 7320 7448 D ConnectionMgrIplink: handleReservedDigitalChanged: 28016 / true
06-23 02:18:47.395 7320 7448 D ConnectionMgrIplink: handleDigitalChanged: 28016 / true
06-23 02:18:47.395 7320 7448 D ConnectionMgrIplink: handleReservedDigitalChanged: 28017 / true
06-23 02:18:47.395 7320 7448 D ConnectionMgrIplink: handleDigitalChanged: 28017 / true
06-23 02:18:47.395 7320 7448 D ConnectionMgrIplink: handleReservedDigitalChanged: 28022 / true
06-23 02:18:47.395 7320 7448 D ConnectionMgrIplink: handleDigitalChanged: 28022 / true
06-23 02:18:47.396 7320 7320 D NucSignalProvider: networkAdaptersDataSignal: get path success ={"Adapters":{"Wifi":{"DomainName":"localdomain","IsAdapterReadOnly":false,"Name":"wlan0","MacAddress":"f0.74.e4.42.fc.dc","AddressSchema":"IPv4","IsAutoNegotiationEnabled":false,"AutoNegotiation":"On","IsAdapterEnabled":true,"IsActive":false,"LinkStatus":false,"IPv4":{"Addresses":[{"Address":"0.0.0.0","SubnetMask":"0.0.0.0"}],"StaticAddresses":[{"Address":"0.0.0.0","SubnetMask":"0.0.0.0"}],"StaticDefaultGateway":"0.0.0.0","DefaultGateway":"0.0.0.0","IsDhcpEnabled":true}},"EthernetLan":{"DomainName":"localdomain","IsAdapterReadOnly":false,"Name":"eth0","MacAddress":"de.ad.be.ef.12.34","AddressSchema":"IPv4","IsAutoNegotiationEnabled":false,"AutoNegotiation":"On","IsAdapterEnabled":true,"IsActive":true,"LinkStatus":true,"IPv4":{"Addresses":[{"Address":"192.168.124.4","SubnetMask":"255.255.255.0"}],"StaticAddresses":[{"Address":"0.0.0.0","SubnetMask":"0.0.0.0"}],"StaticDefaultGateway":"0.0.0.0","DefaultGateway":"192.168.124.1","IsDhcpEnabled":true}}},"DnsSettings":{"IPv4":{"DnsServers":["192.168.124.1(DHCP)",""],"StaticDns":["",""]},"StaticDns":{"InitializationEntry":{"Address":"::"}}},"IsIcmpPingEnabled":true,"HostName":"UC-SB2-CAM-A-DEADBEEF1234","IgmpVersion":"v0","AddressSchema":"IPv4","IPv6":{"IsSupported":false,"IsIcmpPingEnabled":false,"IsMulticastProxyEnabled":true},"Version":"3.0.3"}
06-23 02:18:47.396 7320 7448 D ConnectionMgrIplink: handleReservedDigitalChanged: 28023 / true
06-23 02:18:47.396 7320 7448 D ConnectionMgrIplink: handleDigitalChanged: 28023 / true
06-23 02:18:47.396 7320 7448 D ConnectionMgrIplink: handleReservedDigitalChanged: 28040 / true
06-23 02:18:47.396 7320 7448 D ConnectionMgrIplink: handleDigitalChanged: 28040 / true
06-23 02:18:47.396 7320 7320 D NucPlatformEthernetData: fillNetworks: com.crestron.ipphonesettingsprovider.grandstream.nuc.data.model.network.ApiNetworkAdapters@e03162c
06-23 02:18:47.396 7320 7320 D NucSignalProvider: webuiStatusDataSignal: signalInterface=com.crestron.signal_transport.SignalTransport@d33f493
06-23 02:18:47.396 7320 7320 D NucSignalProvider: webuiStatusDataSignal: start get network path
06-23 02:18:47.396 7320 7448 D ConnectionMgrIplink: handleReservedDigitalChanged: 28041 / false
06-23 02:18:47.396 7320 7448 D ConnectionMgrIplink: handleDigitalChanged: 28041 / false
06-23 02:18:47.396 7320 7448 D ConnectionMgrIplink: handleReservedDigitalChanged: 28047 / false
06-23 02:18:47.396 7320 7448 D ConnectionMgrIplink: handleDigitalChanged: 28047 / false
06-23 02:18:47.396 7320 7448 D ConnectionMgrIplink: handleReservedDigitalChanged: 28048 / true
06-23 02:18:47.396 7320 7448 D ConnectionMgrIplink: handleDigitalChanged: 28048 / true
06-23 02:18:47.396 7320 7320 D NucSignalProvider: webuiStatusDataSignal: get path success =true
06-23 02:18:47.396 7320 7448 D ConnectionMgrIplink: handleReservedDigitalChanged: 28052 / true
06-23 02:18:47.396 7320 7448 D ConnectionMgrIplink: handleDigitalChanged: 28052 / true
06-23 02:18:47.396 7320 7320 D PlatformState: getCurrentPlatformState: currentState=3
06-23 02:18:47.396 7320 7448 D ConnectionMgrIplink: handleReservedDigitalChanged: 28053 / false
06-23 02:18:47.396 7320 7448 D ConnectionMgrIplink: handleDigitalChanged: 28053 / false
06-23 02:18:47.396 7320 7320 V CsLibSettingsProvid: getAppData
06-23 02:18:47.396 7320 7448 D ConnectionMgrIplink: handleReservedDigitalChanged: 28101 / true
06-23 02:18:47.396 7320 7448 D ConnectionMgrIplink: handleDigitalChanged: 28101 / true
06-23 02:18:47.396 7320 7448 D ConnectionMgrIplink: handleReservedDigitalChanged: 28252 / false
06-23 02:18:47.397 7320 7448 D ConnectionMgrIplink: handleDigitalChanged: 28252 / false
06-23 02:18:47.397 7320 7320 V CsLibSettingsProvid: getAppData
06-23 02:18:47.397 7320 7448 D ConnectionMgrIplink: handleReservedDigitalChanged: 28253 / true
06-23 02:18:47.397 7320 7448 D ConnectionMgrIplink: handleDigitalChanged: 28253 / true
06-23 02:18:47.397 7320 7448 D ConnectionMgrIplink: handleReservedDigitalChanged: 28451 / false
06-23 02:18:47.397 7320 7448 D ConnectionMgrIplink: handleDigitalChanged: 28451 / false
06-23 02:18:47.397 7320 7448 D ConnectionMgrIplink: handleReservedDigitalChanged: 28497 / true
06-23 02:18:47.397 7320 7448 D ConnectionMgrIplink: handleDigitalChanged: 28497 / true
06-23 02:18:47.397 7320 7448 D ConnectionMgrIplink: handleReservedDigitalChanged: 28498 / false
06-23 02:18:47.397 7320 7448 D ConnectionMgrIplink: handleDigitalChanged: 28498 / false
06-23 02:18:47.397 7320 7448 D ConnectionMgrIplink: handleReservedDigitalChanged: 28500 / false
06-23 02:18:47.397 7320 7448 D ConnectionMgrIplink: handleDigitalChanged: 28500 / false
06-23 02:18:47.397 7320 7448 D ConnectionMgrIplink: handleReservedDigitalChanged: 28510 / false
06-23 02:18:47.397 7320 7448 D ConnectionMgrIplink: handleDigitalChanged: 28510 / false
06-23 02:18:47.398 7320 7448 D ConnectionMgrIplink: handleReservedDigitalChanged: 28522 / false
06-23 02:18:47.398 7320 7448 D ConnectionMgrIplink: handleDigitalChanged: 28522 / false
06-23 02:18:47.398 7320 7448 D ConnectionMgrIplink: handleReservedDigitalChanged: 28523 / true
06-23 02:18:47.398 7320 7448 D ConnectionMgrIplink: handleDigitalChanged: 28523 / true
06-23 02:18:47.398 7320 7448 D ConnectionMgrIplink: handleReservedDigitalChanged: 28524 / false
06-23 02:18:47.398 7320 7448 D ConnectionMgrIplink: handleDigitalChanged: 28524 / false
06-23 02:18:47.398 7320 7448 D ConnectionMgrIplink: handleReservedDigitalChanged: 28525 / true
06-23 02:18:47.398 7320 7448 D ConnectionMgrIplink: handleDigitalChanged: 28525 / true
06-23 02:18:47.398 7320 7448 D ConnectionMgrIplink: handleReservedDigitalChanged: 28529 / true
06-23 02:18:47.398 7320 7448 D ConnectionMgrIplink: handleDigitalChanged: 28529 / true
06-23 02:18:47.398 7320 7448 D ConnectionMgrIplink: handleReservedDigitalChanged: 28530 / false
06-23 02:18:47.398 7320 7448 D ConnectionMgrIplink: handleDigitalChanged: 28530 / false
06-23 02:18:47.398 7320 7448 D ConnectionMgrIplink: handleReservedDigitalChanged: 28531 / false
06-23 02:18:47.398 7320 7448 D ConnectionMgrIplink: handleDigitalChanged: 28531 / false
06-23 02:18:47.398 7320 7448 D ConnectionMgrIplink: handleReservedDigitalChanged: 28532 / true
06-23 02:18:47.398 7320 7448 D ConnectionMgrIplink: handleDigitalChanged: 28532 / true
06-23 02:18:47.398 7320 7448 D ConnectionMgrIplink: handleReservedDigitalChanged: 28533 / false
06-23 02:18:47.398 7320 7448 D ConnectionMgrIplink: handleDigitalChanged: 28533 / false
06-23 02:18:47.399 7320 7448 D ConnectionMgrIplink: handleReservedDigitalChanged: 29600 / true
06-23 02:18:47.399 7320 7448 D ConnectionMgrIplink: handleDigitalChanged: 29600 / true
06-23 02:18:47.399 7320 7448 D ConnectionMgrIplink: handleReservedDigitalChanged: 29601 / false
06-23 02:18:47.399 7320 7448 D ConnectionMgrIplink: handleDigitalChanged: 29601 / false
06-23 02:18:47.399 7320 7320 V CsLibSettingsProvid: getAppData
06-23 02:18:47.399 7320 7448 D ConnectionMgrIplink: handleReservedDigitalChanged: 29792 / false
06-23 02:18:47.399 7320 7448 D ConnectionMgrIplink: handleDigitalChanged: 29792 / false
06-23 02:18:47.399 7320 7448 D ConnectionMgrIplink: handleReservedDigitalChanged: 29795 / false
06-23 02:18:47.399 7320 7448 D ConnectionMgrIplink: handleDigitalChanged: 29795 / false
06-23 02:18:47.399 7320 7448 D ConnectionMgrIplink: handleReservedDigitalChanged: 29796 / true
06-23 02:18:47.399 7320 7448 D ConnectionMgrIplink: handleDigitalChanged: 29796 / true
06-23 02:18:47.399 7320 7448 D ConnectionMgrIplink: handleReservedDigitalChanged: 29797 / true
06-23 02:18:47.399 7320 7448 D ConnectionMgrIplink: handleDigitalChanged: 29797 / true
06-23 02:18:47.399 7320 7448 D ConnectionMgrIplink: handleReservedDigitalChanged: 29800 / true
06-23 02:18:47.399 7320 7448 D ConnectionMgrIplink: handleDigitalChanged: 29800 / true
06-23 02:18:47.399 7320 7448 D ConnectionMgrIplink: handleReservedDigitalChanged: 29801 / true
06-23 02:18:47.399 7320 7448 D ConnectionMgrIplink: handleDigitalChanged: 29801 / true
06-23 02:18:47.400 7320 7448 D ConnectionMgrIplink: handleReservedDigitalChanged: 30000 / true
06-23 02:18:47.400 7320 7448 D ConnectionMgrIplink: handleDigitalChanged: 30000 / true
06-23 02:18:47.400 7320 7448 D ConnectionMgrIplink: handleReservedDigitalChanged: 30150 / false
06-23 02:18:47.400 7320 7448 D ConnectionMgrIplink: handleDigitalChanged: 30150 / false
06-23 02:18:47.400 7320 7448 D ConnectionMgrIplink: handleReservedDigitalChanged: 30151 / false
06-23 02:18:47.400 7320 7448 D ConnectionMgrIplink: handleDigitalChanged: 30151 / false
06-23 02:18:47.400 7320 7448 D ConnectionMgrIplink: handleReservedAnalogChanged: 17203 / 15
06-23 02:18:47.400 7320 7448 D ConnectionMgrIplink: handleAnalogChanged: 17203 / 15
06-23 02:18:47.400 7320 7448 D NucSignalAdapterListen: handleIntegerSignalChange: signal=DISPLAY_BACKLIGHT_TIMEOUT;value=15
06-23 02:18:47.400 7320 7448 D CsLibPlatformDisplaySet: handleIntegerSignalChange(); Signal: DISPLAY_BACKLIGHT_TIMEOUT; Value: 15
06-23 02:18:47.400 7320 7448 D SettingListenerImpl: handleDisplayObjectChange:
06-23 02:18:47.400 7320 7448 D ConnectionMgrIplink: handleReservedAnalogChanged: 17257 / 0
06-23 02:18:47.400 7320 7448 D ConnectionMgrIplink: handleAnalogChanged: 17257 / 0
06-23 02:18:47.400 7320 7448 D ConnectionMgrIplink: handleReservedAnalogChanged: 17262 / 0
06-23 02:18:47.400 7320 7448 D ConnectionMgrIplink: handleAnalogChanged: 17262 / 0
06-23 02:18:47.401 7320 7448 D ConnectionMgrIplink: handleReservedAnalogChanged: 17300 / 49152
06-23 02:18:47.401 7320 7448 D ConnectionMgrIplink: handleAnalogChanged: 17300 / 49152
06-23 02:18:47.401 7320 7448 D ConnectionMgrIplink: handleReservedAnalogChanged: 17302 / 49152
06-23 02:18:47.401 7320 7448 D ConnectionMgrIplink: handleAnalogChanged: 17302 / 49152
06-23 02:18:47.401 7320 7448 D ConnectionMgrIplink: handleReservedAnalogChanged: 17307 / 49152
06-23 02:18:47.401 7320 7448 D ConnectionMgrIplink: handleAnalogChanged: 17307 / 49152
06-23 02:18:47.401 7320 7448 D ConnectionMgrIplink: handleReservedAnalogChanged: 17439 / 1
06-23 02:18:47.401 7320 7448 D ConnectionMgrIplink: handleAnalogChanged: 17439 / 1
06-23 02:18:47.401 7320 7448 D ConnectionMgrIplink: handleReservedAnalogChanged: 17515 / 0
06-23 02:18:47.401 7320 7448 D ConnectionMgrIplink: handleAnalogChanged: 17515 / 0
06-23 02:18:47.401 7320 7448 D ConnectionMgrIplink: handleReservedAnalogChanged: 18274 / 0
06-23 02:18:47.401 7320 7448 D ConnectionMgrIplink: handleAnalogChanged: 18274 / 0
06-23 02:18:47.401 7320 7448 D ConnectionMgrIplink: handleReservedAnalogChanged: 18275 / 0
06-23 02:18:47.401 7320 7448 D ConnectionMgrIplink: handleAnalogChanged: 18275 / 0
06-23 02:18:47.401 7320 7320 D PlatformState: setCurrentPlatformState: support=false;state=3
06-23 02:18:47.401 7320 7320 D PlatformState: getCurrentPlatformState: currentState=3
06-23 02:18:47.401 7320 7448 D ConnectionMgrIplink: handleReservedAnalogChanged: 18276 / 0
06-23 02:18:47.401 7320 7448 D ConnectionMgrIplink: handleAnalogChanged: 18276 / 0
06-23 02:18:47.401 7320 7320 V MercuryApplication: initApplicationComponent is on NucPlatform
06-23 02:18:47.402 7320 7448 D ConnectionMgrIplink: handleReservedAnalogChanged: 19500 / 70
06-23 02:18:47.402 7320 7448 D ConnectionMgrIplink: handleAnalogChanged: 19500 / 70
06-23 02:18:47.402 7320 7448 D ConnectionMgrIplink: handleReservedAnalogChanged: 22551 / 36
06-23 02:18:47.402 7320 7448 D ConnectionMgrIplink: handleAnalogChanged: 22551 / 36
06-23 02:18:47.402 7320 7448 D ConnectionMgrIplink: handleReservedAnalogChanged: 27200 / 0
06-23 02:18:47.402 7320 7448 D ConnectionMgrIplink: handleAnalogChanged: 27200 / 0
06-23 02:18:47.402 7320 7448 D ConnectionMgrIplink: handleReservedAnalogChanged: 27213 / 36
06-23 02:18:47.402 7320 7448 D ConnectionMgrIplink: handleAnalogChanged: 27213 / 36
06-23 02:18:47.402 7320 7448 D ConnectionMgrIplink: handleReservedAnalogChanged: 28500 / 0
06-23 02:18:47.402 7320 7448 D ConnectionMgrIplink: handleAnalogChanged: 28500 / 0
06-23 02:18:47.402 7320 7448 D ConnectionMgrIplink: handleReservedAnalogChanged: 28501 / 1
06-23 02:18:47.402 7320 7448 D ConnectionMgrIplink: handleAnalogChanged: 28501 / 1
06-23 02:18:47.402 7320 7448 D ConnectionMgrIplink: handleReservedAnalogChanged: 28502 / 27
06-23 02:18:47.402 7320 7448 D ConnectionMgrIplink: handleAnalogChanged: 28502 / 27
06-23 02:18:47.402 7320 7448 D ConnectionMgrIplink: handleReservedSerialChanged: 17300 / 192.168.124.4
06-23 02:18:47.403 7320 7448 D ConnectionMgrIplink: handleSerialChanged: 17300 / 192.168.124.4
06-23 02:18:47.403 7320 7448 D ConnectionMgrIplink: handleReservedSerialChanged: 17301 / 255.255.255.0
06-23 02:18:47.403 7320 7448 D ConnectionMgrIplink: handleSerialChanged: 17301 / 255.255.255.0
06-23 02:18:47.403 7320 7448 D ConnectionMgrIplink: handleReservedSerialChanged: 17302 / 0.0.0.0
06-23 02:18:47.403 7320 7448 D ConnectionMgrIplink: handleSerialChanged: 17302 / 0.0.0.0
06-23 02:18:47.403 7320 7448 D ConnectionMgrIplink: handleReservedSerialChanged: 17309 / de:ad:be:ef:12:34
06-23 02:18:47.403 7320 7448 D ConnectionMgrIplink: handleSerialChanged: 17309 / de:ad:be:ef:12:34
06-23 02:18:47.403 7320 7448 D ConnectionMgrIplink: handleReservedSerialChanged: 17316 / 192.168.124.1
06-23 02:18:47.403 7320 7448 D ConnectionMgrIplink: handleSerialChanged: 17316 / 192.168.124.1
06-23 02:18:47.403 7320 7448 D ConnectionMgrIplink: handleReservedSerialChanged: 17318 / 0.0.0.0
06-23 02:18:47.403 7320 7448 D ConnectionMgrIplink: handleSerialChanged: 17318 / 0.0.0.0
06-23 02:18:47.403 7320 7448 D ConnectionMgrIplink: handleReservedSerialChanged: 17319 / 0.0.0.0
06-23 02:18:47.403 7320 7448 D ConnectionMgrIplink: handleSerialChanged: 17319 / 0.0.0.0
06-23 02:18:47.403 7320 7448 D ConnectionMgrIplink: handleReservedSerialChanged: 17320 / 0.0.0.0
06-23 02:18:47.403 7320 7448 D ConnectionMgrIplink: handleSerialChanged: 17320 / 0.0.0.0
06-23 02:18:47.404 7320 7448 D ConnectionMgrIplink: handleReservedSerialChanged: 17321 / 0.0.0.0
06-23 02:18:47.404 7320 7448 D ConnectionMgrIplink: handleSerialChanged: 17321 / 0.0.0.0
06-23 02:18:47.404 7320 7448 D ConnectionMgrIplink: handleReservedSerialChanged: 17322 / 0.0.0.0
06-23 02:18:47.404 7320 7448 D ConnectionMgrIplink: handleSerialChanged: 17322 / 0.0.0.0
06-23 02:18:47.404 7320 7448 D ConnectionMgrIplink: handleReservedSerialChanged: 17323 / UC-SB2-CAM-A-DEADBEEF1234
06-23 02:18:47.404 7320 7448 D ConnectionMgrIplink: handleSerialChanged: 17323 / UC-SB2-CAM-A-DEADBEEF1234
06-23 02:18:47.404 7320 7448 D ConnectionMgrIplink: handleReservedSerialChanged: 17324 / localdomain
06-23 02:18:47.404 7320 7448 D ConnectionMgrIplink: handleSerialChanged: 17324 / localdomain
06-23 02:18:47.404 7320 7448 D ConnectionMgrIplink: handleReservedSerialChanged: 17327 / IPA 192.168.124.4:IPM 255.255.255.0:ROU 0.0.0.0:
06-23 02:18:47.404 7320 7448 D ConnectionMgrIplink: handleSerialChanged: 17327 / IPA 192.168.124.4:IPM 255.255.255.0:ROU 0.0.0.0:
06-23 02:18:47.404 7320 7448 D ConnectionMgrIplink: handleReservedSerialChanged: 18214 /
06-23 02:18:47.404 7320 7448 D ConnectionMgrIplink: handleSerialChanged: 18214 /
06-23 02:18:47.404 7320 7448 D ConnectionMgrIplink: handleReservedSerialChanged: 18215 /
06-23 02:18:47.404 7320 7448 D ConnectionMgrIplink: handleSerialChanged: 18215 /
06-23 02:18:47.404 7320 7448 D ConnectionMgrIplink: handleReservedSerialChanged: 18216 /
06-23 02:18:47.404 7320 7448 D ConnectionMgrIplink: handleSerialChanged: 18216 /
06-23 02:18:47.405 7320 7448 D ConnectionMgrIplink: handleReservedSerialChanged: 18225 / Open
06-23 02:18:47.405 7320 7448 D ConnectionMgrIplink: handleSerialChanged: 18225 / Open
06-23 02:18:47.405 7320 7448 D ConnectionMgrIplink: handleReservedSerialChanged: 18226 / 0.0.0.0
06-23 02:18:47.405 7320 7448 D ConnectionMgrIplink: handleSerialChanged: 18226 / 0.0.0.0
06-23 02:18:47.405 7320 7448 D ConnectionMgrIplink: handleReservedSerialChanged: 18227 / 0.0.0.0
06-23 02:18:47.405 7320 7448 D ConnectionMgrIplink: handleSerialChanged: 18227 / 0.0.0.0
06-23 02:18:47.405 7320 7448 D ConnectionMgrIplink: handleReservedSerialChanged: 18228 / 0.0.0.0
06-23 02:18:47.405 7320 7448 D ConnectionMgrIplink: handleSerialChanged: 18228 / 0.0.0.0
06-23 02:18:47.405 7320 7448 D ConnectionMgrIplink: handleReservedSerialChanged: 18229 / 0.0.0.0
06-23 02:18:47.405 7320 7448 D ConnectionMgrIplink: handleSerialChanged: 18229 / 0.0.0.0
06-23 02:18:47.405 7320 7448 D ConnectionMgrIplink: handleReservedSerialChanged: 18230 / 0.0.0.0
06-23 02:18:47.405 7320 7448 D ConnectionMgrIplink: handleSerialChanged: 18230 / 0.0.0.0
06-23 02:18:47.405 7320 7448 D ConnectionMgrIplink: handleReservedSerialChanged: 18231 / UC-SB2-CAM-A-DEADBEEF1234
06-23 02:18:47.405 7320 7448 D ConnectionMgrIplink: handleSerialChanged: 18231 / UC-SB2-CAM-A-DEADBEEF1234
06-23 02:18:47.405 7320 7448 D ConnectionMgrIplink: handleReservedSerialChanged: 18232 / localdomain
06-23 02:18:47.405 7320 7448 D ConnectionMgrIplink: handleSerialChanged: 18232 / localdomain
06-23 02:18:47.406 7320 7448 D ConnectionMgrIplink: handleReservedSerialChanged: 18233 / 0.0.0.0
06-23 02:18:47.406 7320 7448 D ConnectionMgrIplink: handleSerialChanged: 18233 / 0.0.0.0
06-23 02:18:47.406 7320 7448 D ConnectionMgrIplink: handleReservedSerialChanged: 18234 / 0.0.0.0
06-23 02:18:47.406 7320 7448 D ConnectionMgrIplink: handleSerialChanged: 18234 / 0.0.0.0
06-23 02:18:47.406 7320 7448 D ConnectionMgrIplink: handleReservedSerialChanged: 18235 / 0.0.0.0
06-23 02:18:47.406 7320 7448 D ConnectionMgrIplink: handleSerialChanged: 18235 / 0.0.0.0
06-23 02:18:47.406 7320 7448 D ConnectionMgrIplink: handleReservedSerialChanged: 18236 / 0.0.0.0
06-23 02:18:47.406 7320 7448 D ConnectionMgrIplink: handleSerialChanged: 18236 / 0.0.0.0
06-23 02:18:47.406 7320 7448 D ConnectionMgrIplink: handleReservedSerialChanged: 18237 / 0.0.0.0
06-23 02:18:47.406 7320 7448 D ConnectionMgrIplink: handleSerialChanged: 18237 / 0.0.0.0
06-23 02:18:47.406 7320 7448 D ConnectionMgrIplink: handleReservedSerialChanged: 18251 /
06-23 02:18:47.406 7320 7448 D ConnectionMgrIplink: handleSerialChanged: 18251 /
06-23 02:18:47.406 7320 7448 D ConnectionMgrIplink: handleReservedSerialChanged: 27600 / 192.168.124.4
06-23 02:18:47.406 7320 7448 D ConnectionMgrIplink: handleSerialChanged: 27600 / 192.168.124.4
06-23 02:18:47.406 7320 7448 D ConnectionMgrIplink: handleReservedSerialChanged: 28501 /
06-23 02:18:47.406 7320 7448 D ConnectionMgrIplink: handleSerialChanged: 28501 /
06-23 02:18:47.407 7320 7448 D ConnectionMgrIplink: handleReservedSerialChanged: 28533 / 1449/1.0.96.202
06-23 02:18:47.407 7320 7448 D ConnectionMgrIplink: handleSerialChanged: 28533 / 1449/1.0.96.202
06-23 02:18:47.407 7320 7448 D ConnectionMgrIplink: handleReservedSerialChanged: 28534 / com.microsoft.skype.teams.ipphone
06-23 02:18:47.407 7320 7448 D ConnectionMgrIplink: handleSerialChanged: 28534 / com.microsoft.skype.teams.ipphone
06-23 02:18:47.407 7320 7448 D ConnectionMgrIplink: handleReservedSerialChanged: 28535 /
06-23 02:18:47.407 7320 7448 D ConnectionMgrIplink: handleSerialChanged: 28535 /
06-23 02:18:47.407 7320 7448 D ConnectionMgrIplink: handleReservedSerialChanged: 32768 / UC-SB2-CAM-A
06-23 02:18:47.407 7320 7448 D ConnectionMgrIplink: handleSerialChanged: 32768 / UC-SB2-CAM-A
06-23 02:18:47.407 7320 7448 D ConnectionMgrIplink: handleReservedSerialChanged: 32769 /
06-23 02:18:47.407 7320 7448 D ConnectionMgrIplink: handleSerialChanged: 32769 /
06-23 02:18:47.407 7320 7448 D ConnectionMgrIplink: handleReservedSerialChanged: 32787 / 2100SPE00000
06-23 02:18:47.407 7320 7448 D ConnectionMgrIplink: handleSerialChanged: 32787 / 2100SPE00000
06-23 02:18:47.407 7320 7448 D ConnectionMgrIplink: handleReservedSerialChanged: 32985 /
06-23 02:18:47.407 7320 7448 D ConnectionMgrIplink: handleSerialChanged: 32985 /
06-23 02:18:47.407 7320 7448 D ConnectionMgrIplink: handleReservedSerialChanged: 32986 / 00000000
06-23 02:18:47.407 7320 7448 D ConnectionMgrIplink: handleSerialChanged: 32986 / 00000000
06-23 02:18:47.408 7320 7448 D ConnectionMgrIplink: handleReservedSerialChanged: 32987 /
06-23 02:18:47.408 7320 7448 D ConnectionMgrIplink: handleSerialChanged: 32987 /
06-23 02:18:47.408 7320 7448 D ConnectionMgrIplink: handleReservedSerialChanged: 32988 /
06-23 02:18:47.408 7320 7448 D ConnectionMgrIplink: handleSerialChanged: 32988 /
06-23 02:18:47.408 7320 7448 D ConnectionMgrIplink: handleReservedSerialChanged: 32990 /
06-23 02:18:47.408 7320 7448 D ConnectionMgrIplink: handleSerialChanged: 32990 /
06-23 02:18:47.408 7320 7448 D ConnectionMgrIplink: handleReservedSerialChanged: 33200 / https://crestrondevicefiles.blob.core.windows.net/aiop/manifest.json
06-23 02:18:47.408 7320 7448 D ConnectionMgrIplink: handleSerialChanged: 33200 / https://crestrondevicefiles.blob.core.windows.net/aiop/manifest.json
06-23 02:18:47.408 7320 7448 D ConnectionMgrIplink: handleReservedSerialChanged: 33201 / 02:08
06-23 02:18:47.408 7320 7448 D ConnectionMgrIplink: handleSerialChanged: 33201 / 02:08
06-23 02:18:47.408 7320 7448 D ConnectionMgrIplink: handleReservedSerialChanged: 33330 /
06-23 02:18:47.408 7320 7448 D ConnectionMgrIplink: handleSerialChanged: 33330 /
06-23 02:18:47.408 7320 7448 D ConnectionMgrIplink: handleReservedSerialChanged: 33331 / A58BF14EDB0E407EAD7B1D0A84528254
06-23 02:18:47.408 7320 7448 D ConnectionMgrIplink: handleSerialChanged: 33331 / A58BF14EDB0E407EAD7B1D0A84528254
06-23 02:18:47.408 7320 7448 D ConnectionMgrIplink: handleReservedSerialChanged: 33332 / 0
06-23 02:18:47.408 7320 7448 D ConnectionMgrIplink: handleSerialChanged: 33332 / 0
06-23 02:18:47.408 7320 7448 D ConnectionMgrIplink: handleReservedSerialChanged: 33333 / 0
06-23 02:18:47.408 7320 7448 D ConnectionMgrIplink: handleSerialChanged: 33333 / 0
06-23 02:18:47.409 7320 7448 D ConnectionMgrIplink: handleReservedSerialChanged: 33334 / 0
06-23 02:18:47.409 7320 7448 D ConnectionMgrIplink: handleSerialChanged: 33334 / 0
06-23 02:18:47.414 7320 7320 D NucWifiDataProcessHelpe: NucWifiDataProcessPresenter: com.crestron.settings.server.NucService@912a0f4
06-23 02:18:47.415 7320 7320 D NucService: onCreate:
06-23 02:18:47.415 1694 3075 I sysui_multi_action: [757,856,758,1,806,com.crestron.settings,857,nuc_service_notify_id,858,2]
06-23 02:18:47.416 1694 3075 I am_foreground_service_start: [0,com.crestron.settings/.server.NucService,1,SYSTEM_UID,27,33,0,0,0,1,UNKNOWN]
06-23 02:18:47.416 1694 1769 V ActivityManager: Attempted to start a foreground service (com.crestron.settings/.server.NucService) with a broken notification (no icon: Notification(channel=nuc_service_notify_id shortcut=null contentView=null vibrate=null sound=null defaults=0x0 flags=0x40 color=0x00000000 vis=PRIVATE))
06-23 02:18:47.417 7320 7320 D ServerSettingsProviderFactory: createSettingsProvider: UC-SB2-CAM-A
06-23 02:18:47.417 7320 7320 D PlatformState: setCurrentPlatformState: support=false;state=3
06-23 02:18:47.417 7320 7320 D NucService: onCreate: serverSettingsProvider=com.crestron.ipphonesettingsprovider.grandstream.nuc.csLibSupport.CsLibSettingsProvider@ab1101d
06-23 02:18:47.417 7320 7320 D PlatformState: getCurrentPlatformState: currentState=3
06-23 02:18:47.417 7320 7320 D CsLibSettingsProvid: registerPair: isNucPlatform=true
06-23 02:18:47.417 7320 7320 D PlatformState: getCurrentPlatformState: currentState=3
06-23 02:18:47.417 7320 7320 D ConnectorManager: registerReceiveGetSettings:called ; oemConnector version :1.00.023.255
06-23 02:18:47.417 7320 7320 D ConnectorManager: registerReceiveSettings:called ; oemConnector version :1.00.023.255
06-23 02:18:47.418 1694 1769 I ActivityManager: Deferring FGS notification in legacy app com.crestron.settings/u0a57 : Notification(channel=nuc_service_notify_id shortcut=null contentView=null vibrate=null sound=null defaults=0x0 flags=0x40 color=0x00000000 vis=PRIVATE)
06-23 02:18:47.441 1694 1728 D CompatibilityChangeReporter: Compat change id reported: 161145287; UID 10030; state: DISABLED
06-23 02:18:47.443 7339 7339 D CompatibilityChangeReporter: Compat change id reported: 160794467; UID 10030; state: DISABLED
06-23 02:18:47.443 7339 7339 I UCPRService: UCPR COM port not available
06-23 02:18:47.443 7339 7471 I UCPRService: Stop UCPR
06-23 02:18:47.444 7339 7471 I UCPRManager: onUCPRInfo: applying CresStore settings: {"UcPresentationBox":{"ByodActive":false,"HdmiConnected":false,"IsConnected":false,"UsbAConnected":false,"UsbCConnected":false,"Version":"2.0.0"}}
06-23 02:18:47.445 7339 7473 D CresStoreHelper: SUCCEEDED Set of json: {"Device":{"UcPresentationBox":{"ByodActive":false,"HdmiConnected":false,"IsConnected":false,"UsbAConnected":false,"UsbCConnected":false,"Version":"2.0.0"}}}
06-23 02:18:47.446 1694 1728 I am_foreground_service_start: [0,com.crestron.ucpr/.UCPRService,1,SYSTEM_UID,30,33,0,0,0,1,UNKNOWN]
06-23 02:18:47.446 7320 7445 D AllLibSignalListenerImp: handleCresstoreSignalChange: signal=DEVICE_ROOT
06-23 02:18:47.446 7320 7445 V AllLibSignalListenerImp: handleCresstoreSignalChange: signal=DEVICE_ROOT;value={"UcPresentationBox":{"ByodActive":false,"HdmiConnected":false,"IsConnected":false,"UsbAConnected":false,"UsbCConnected":false,"Version":"2.0.0"}}
06-23 02:18:47.446 1694 1769 I ActivityManager: Deferring FGS notification in legacy app com.crestron.ucpr/u0a30 : Notification(channel=101 shortcut=null contentView=null vibrate=null sound=null defaults=0x0 flags=0x40 color=0x00000000 vis=PRIVATE)
06-23 02:18:47.446 7320 7445 V com.crestron.cresstore.CresStoreManager: Element is a primative value: false
06-23 02:18:47.446 7320 7445 V com.crestron.cresstore.CresStoreManager: Element is a primative value: false
06-23 02:18:47.446 7320 7445 V com.crestron.cresstore.CresStoreManager: Element is a primative value: false
06-23 02:18:47.446 7320 7445 V com.crestron.cresstore.CresStoreManager: Element is a primative value: false
06-23 02:18:47.446 7320 7445 V com.crestron.cresstore.CresStoreManager: Element is a primative value: false
06-23 02:18:47.446 7320 7445 V com.crestron.cresstore.CresStoreManager: Element is a primative value: "2.0.0"
06-23 02:18:47.515 7320 7445 D AllLibSignalListenerImp: handleCresstoreSignalChange: signal=DEVICE_ROOT
06-23 02:18:47.515 7320 7445 V AllLibSignalListenerImp: handleCresstoreSignalChange: signal=DEVICE_ROOT;value={"UiUserProject":{"ProjectName":"","CompiledOn":"","ProjectFileHash":"","Version":"2.0.0"}}
06-23 02:18:47.515 7320 7445 V com.crestron.cresstore.CresStoreManager: Element is a primative value: ""
06-23 02:18:47.515 7320 7445 V com.crestron.cresstore.CresStoreManager: Element is a primative value: ""
06-23 02:18:47.515 7320 7445 V com.crestron.cresstore.CresStoreManager: Element is a primative value: ""
06-23 02:18:47.515 7320 7445 V com.crestron.cresstore.CresStoreManager: Element is a primative value: "2.0.0"
06-23 02:18:47.516 7320 7445 D AllLibSignalListenerImp: handleCresstoreSignalChange: signal=DEVICE_ROOT
06-23 02:18:47.516 7320 7445 V AllLibSignalListenerImp: handleCresstoreSignalChange: signal=DEVICE_ROOT;value={"UiSchedulingProject":{"ProjectName":"","CompiledOn":"","ProjectFileHash":"","Version":"2.0.0"}}
06-23 02:18:47.516 7320 7445 V com.crestron.cresstore.CresStoreManager: Element is a primative value: ""
06-23 02:18:47.516 7320 7445 V com.crestron.cresstore.CresStoreManager: Element is a primative value: ""
06-23 02:18:47.516 7320 7445 V com.crestron.cresstore.CresStoreManager: Element is a primative value: ""
06-23 02:18:47.516 7320 7445 V com.crestron.cresstore.CresStoreManager: Element is a primative value: "2.0.0"
06-23 02:18:47.522 6149 6149 I MSG : CRESTRON_LEVEL_ERROR: # 02:18:47 6-23-2025 # TSXPlatform: OSD:StartProject(): exit on project mode -2
06-23 02:18:47.522 6149 6149 I MSG :
06-23 02:18:47.523 7320 7448 D ConnectionMgrIplink: handleReservedSerialChanged: 28537 /
06-23 02:18:47.523 7320 7448 D ConnectionMgrIplink: handleSerialChanged: 28537 /
06-23 02:18:47.523 7320 7448 D ConnectionMgrIplink: handleSmartObjectSerialChanged: 17300.1 / USB Peripheral Mode
06-23 02:18:47.523 7320 7448 D ConnectionMgrIplink: handleSmartObjectSerialChanged: 17300.2 / ZoomRoom
06-23 02:18:47.523 7320 7448 D ConnectionMgrIplink: handleSmartObjectAnalogChanged: 17300.6 / 2
06-23 02:18:47.527 7350 7350 W e.teams.ipphone: ClassLoaderContext shared library size mismatch. Expected=0, found=1 (PCL[] | PCL[]{PCL[/system/framework/org.apache.http.legacy.jar*1601893743]})
06-23 02:18:47.565 7485 7485 I auditd : type=1400 audit(0.0:2365): avc: denied { read } for comm="ps" scontext=u:r:vendor_qti_init_shell:s0 tcontext=u:r:vendor_diag-router:s0 tclass=file permissive=1
06-23 02:18:47.565 7485 7485 I ps : type=1400 audit(0.0:2365): avc: denied { read } for scontext=u:r:vendor_qti_init_shell:s0 tcontext=u:r:vendor_diag-router:s0 tclass=file permissive=1
06-23 02:18:47.565 7485 7485 I auditd : type=1400 audit(0.0:2366): avc: denied { read } for comm="ps" scontext=u:r:vendor_qti_init_shell:s0 tcontext=u:r:vendor_qccsyshal_qti:s0 tclass=file permissive=1
06-23 02:18:47.565 7485 7485 I ps : type=1400 audit(0.0:2366): avc: denied { read } for scontext=u:r:vendor_qti_init_shell:s0 tcontext=u:r:vendor_qccsyshal_qti:s0 tclass=file permissive=1
06-23 02:18:47.565 7485 7485 I auditd : type=1400 audit(0.0:2367): avc: denied { read } for comm="ps" scontext=u:r:vendor_qti_init_shell:s0 tcontext=u:r:storaged:s0 tclass=file permissive=1
06-23 02:18:47.565 7485 7485 I ps : type=1400 audit(0.0:2367): avc: denied { read } for scontext=u:r:vendor_qti_init_shell:s0 tcontext=u:r:storaged:s0 tclass=file permissive=1
06-23 02:18:47.565 7485 7485 I auditd : type=1400 audit(0.0:2368): avc: denied { read } for comm="ps" scontext=u:r:vendor_qti_init_shell:s0 tcontext=u:r:mediaswcodec:s0 tclass=file permissive=1
06-23 02:18:47.565 7485 7485 I ps : type=1400 audit(0.0:2368): avc: denied { read } for scontext=u:r:vendor_qti_init_shell:s0 tcontext=u:r:mediaswcodec:s0 tclass=file permissive=1
06-23 02:18:47.565 7485 7485 I auditd : type=1400 audit(0.0:2369): avc: denied { read } for comm="ps" scontext=u:r:vendor_qti_init_shell:s0 tcontext=u:r:vendor_ssgqmigd:s0 tclass=file permissive=1
06-23 02:18:47.565 7485 7485 I ps : type=1400 audit(0.0:2369): avc: denied { read } for scontext=u:r:vendor_qti_init_shell:s0 tcontext=u:r:vendor_ssgqmigd:s0 tclass=file permissive=1
06-23 02:18:47.565 7485 7485 I auditd : type=1400 audit(0.0:2370): avc: denied { read } for comm="ps" scontext=u:r:vendor_qti_init_shell:s0 tcontext=u:r:update_engine:s0 tclass=file permissive=1
06-23 02:18:47.565 7485 7485 I ps : type=1400 audit(0.0:2370): avc: denied { read } for scontext=u:r:vendor_qti_init_shell:s0 tcontext=u:r:update_engine:s0 tclass=file permissive=1
06-19 16:43:08.176 7485 7485 W audit : audit_lost=2393 audit_rate_limit=5 audit_backlog_limit=64
06-19 16:43:08.176 7485 7485 E audit : rate limit exceeded
06-23 02:18:47.620 7320 7448 D ConnectionMgrIplink: handleReservedDigitalChanged: 28608 / true
06-23 02:18:47.620 7320 7448 D ConnectionMgrIplink: handleDigitalChanged: 28608 / true
06-23 02:18:47.643 3101 3101 D systemSvc: received system intent 'com.crestron.system.SET_LANGUAGE'.
06-23 02:18:47.644 3101 3101 D systemSvc: Received command to change system locale to 'en_US'.
06-23 02:18:47.644 1694 3075 I configuration_changed: 4
06-23 02:18:47.649 1694 3075 I ActivityTaskManager: Config changes=4 {1.0 ?mcc?mnc [en_US] ldltr sw1080dp w1920dp h1080dp 160dpi xlrg long land -touch -keyb/v/h -nav/h winConfig={ mBounds=Rect(0, 0 - 1920, 1080) mAppBounds=Rect(0, 0 - 1920, 1080) mMaxBounds=Rect(0, 0 - 1920, 1080) mDisplayRotation=ROTATION_0 mWindowingMode=fullscreen mDisplayWindowingMode=fullscreen mActivityType=undefined mAlwaysOnTop=undefined mRotation=ROTATION_0} s.11 fontWeightAdjustment=0}
06-23 02:18:47.651 1694 3075 W ActivityTaskManager: Current config: {1.0 ?mcc?mnc [en_US] ldltr sw1080dp w1920dp h1080dp 160dpi xlrg long land -touch -keyb/v/h -nav/h winConfig={ mBounds=Rect(0, 0 - 1920, 1080) mAppBounds=Rect(0, 0 - 1920, 1080) mMaxBounds=Rect(0, 0 - 1920, 1080) mDisplayRotation=ROTATION_0 mWindowingMode=fullscreen mDisplayWindowingMode=fullscreen mActivityType=undefined mAlwaysOnTop=undefined mRotation=ROTATION_0} s.11 fontWeightAdjustment=0} unchanged for IME proc com.android.inputmethod.latin
06-23 02:18:47.651 1694 3075 I WindowManager: Override config changes=4 {1.0 ?mcc?mnc [en_US] ldltr sw1080dp w1920dp h1080dp 160dpi xlrg long land -touch -keyb/v/h -nav/h winConfig={ mBounds=Rect(0, 0 - 1920, 1080) mAppBounds=Rect(0, 0 - 1920, 1080) mMaxBounds=Rect(0, 0 - 1920, 1080) mDisplayRotation=ROTATION_0 mWindowingMode=fullscreen mDisplayWindowingMode=fullscreen mActivityType=undefined mAlwaysOnTop=undefined mRotation=ROTATION_0} s.11 fontWeightAdjustment=0} for displayId=0
06-23 02:18:47.652 1694 3075 W ActivityTaskManager: Current config: {1.0 ?mcc?mnc [en_US] ldltr sw1080dp w1920dp h1080dp 160dpi xlrg long land -touch -keyb/v/h -nav/h winConfig={ mBounds=Rect(0, 0 - 1920, 1080) mAppBounds=Rect(0, 0 - 1920, 1080) mMaxBounds=Rect(0, 0 - 1920, 1080) mDisplayRotation=ROTATION_0 mWindowingMode=fullscreen mDisplayWindowingMode=fullscreen mActivityType=undefined mAlwaysOnTop=undefined mRotation=ROTATION_0} s.11 fontWeightAdjustment=0} unchanged for IME proc com.android.inputmethod.latin
06-23 02:18:47.653 1694 3075 D CompatibilityChangeReporter: Compat change id reported: 197654537; UID 10060; state: DISABLED
06-23 02:18:47.653 1694 3075 D CompatibilityChangeReporter: Compat change id reported: 174042980; UID 10060; state: DISABLED
06-23 02:18:47.653 1694 3075 D CompatibilityChangeReporter: Compat change id reported: 184838306; UID 10060; state: DISABLED
06-23 02:18:47.653 1694 3075 D CompatibilityChangeReporter: Compat change id reported: 185004937; UID 10060; state: DISABLED
06-23 02:18:47.654 1694 3075 D CompatibilityChangeReporter: Compat change id reported: 174042980; UID 10062; state: DISABLED
06-23 02:18:47.654 1694 3075 D CompatibilityChangeReporter: Compat change id reported: 184838306; UID 10062; state: DISABLED
06-23 02:18:47.654 1694 3075 D CompatibilityChangeReporter: Compat change id reported: 185004937; UID 10062; state: DISABLED
06-23 02:18:47.654 1694 3075 D CompatibilityChangeReporter: Compat change id reported: 181136395; UID 10062; state: DISABLED
06-23 02:18:47.654 1694 3075 D CompatibilityChangeReporter: Compat change id reported: 174042936; UID 10062; state: DISABLED
06-23 02:18:47.656 2096 2096 V WindowManagerShell: Display changed: 0
06-23 02:18:47.658 3101 3101 D CrestronConfig: changelanguage success!
06-23 02:18:47.658 1694 1760 D WindowManager: framework set brightness value = NaN
06-23 02:18:47.659 1694 1965 D WifiService: locale changed
06-23 02:18:47.659 1694 1694 I Telecom : : Locale change; recreating channels.
06-23 02:18:47.660 1694 1694 I sysui_multi_action: [757,128,758,5,759,8,793,293768657,794,293767824,795,293768657,796,26,806,android,857,DEVELOPER_IMPORTANT,858,4,946,ranker_group,947,0,1500,293767824,1688,1]
06-23 02:18:47.660 1694 1694 I notification_canceled: [-1|android|26|null|1000,8,293768657,293768657,293767824,-1,-1,NULL]
06-23 02:18:47.661 1694 1769 D CompatibilityInfo: mCompatibilityFlags - 4
06-23 02:18:47.661 1694 1769 D CompatibilityInfo: applicationDensity - 160
06-23 02:18:47.661 1694 1769 D CompatibilityInfo: applicationScale - 1.0
06-23 02:18:47.662 1694 1757 D UsbDeviceManager: Clear notification
06-23 02:18:47.662 2752 2752 I SystemBroadcastReceiver: System locale changed
06-23 02:18:47.662 1694 1757 D UsbDeviceManager: push notification:Charging this device via USB
06-23 02:18:47.662 1694 1694 I notification_enqueue: [1000,1694,android,26,NULL,-1,Notification(channel=DEVELOPER_IMPORTANT shortcut=null contentView=null vibrate=null sound=null tick defaults=0x0 flags=0x802 color=0x00000000 vis=PUBLIC),0]
06-23 02:18:47.663 1694 1694 I sysui_multi_action: [757,128,758,5,759,8,793,293768758,794,0,795,293768758,796,32,806,android,857,USB,858,1,946,ranker_group,947,0,1500,293768520,1688,1]
06-23 02:18:47.663 1694 1694 I notification_canceled: [-1|android|32|null|1000,8,293768758,293768758,0,-1,-1,NULL]
06-23 02:18:47.663 1694 1694 I notification_enqueue: [1000,1694,android,32,NULL,-1,Notification(channel=USB shortcut=null contentView=null vibrate=null sound=null tick defaults=0x0 flags=0x802 color=0x00000000 vis=PUBLIC),0]
06-23 02:18:47.663 2508 2583 D LoaderTask: loadWorkspace: loading default favorites
06-23 02:18:47.663 2096 7500 W RingtonePlayer: STOP command without a player
06-23 02:18:47.663 1694 1694 I notification_enqueue: [1000,1694,android,2147483647,ranker_group,-1,Notification(channel=USB shortcut=null contentView=null vibrate=null sound=null defaults=0x0 flags=0x700 color=0x00000000 groupKey=ranker_group vis=PRIVATE),1]
06-23 02:18:47.663 1694 1694 I sysui_multi_action: [757,128,758,5,759,16,793,293768447,794,0,795,293768447,796,2147483647,797,ranker_group,806,android,857,USB,858,1,946,ranker_group,947,1,1500,293768447,1688,1]
06-23 02:18:47.663 1694 1694 I notification_canceled: [-1|android|2147483647|ranker_group|1000|ranker_group,16,293768447,293768447,0,-1,-1,NULL]
06-23 02:18:47.665 2153 2301 W CarrierConfigManager: Error getting config for subId -1 ICarrierConfigLoader is null
06-23 02:18:47.668 1694 1759 I commit_sys_config_file: [notification-policy,31783]
06-23 02:18:47.668 7320 7448 D ConnectionMgrIplink: handleReservedSerialChanged: 18245 / en_US
06-23 02:18:47.668 7320 7448 D ConnectionMgrIplink: handleSerialChanged: 18245 / en_US
06-23 02:18:47.668 7320 7448 D AllLibSignalListenerImp: handleStringSignalChange: signal=SYSTEM_LANGUAGE;value=en_US
06-23 02:18:47.668 7320 7448 D AllLibSignalListenerImp: sendDataToConsole: signal:SYSTEM_LANGUAGE
06-23 02:18:47.668 7320 7448 V AllLibSignalListenerImp: sendDataToConsole: signal:SYSTEM_LANGUAGE; value:en_US; hasChange:true
06-23 02:18:47.668 7320 7448 D NucSignalAdapterListen: handleStringSignalChange: signal=SYSTEM_LANGUAGE;value=en_US
06-23 02:18:47.668 7320 7448 D NucSignalAdapterListen: handleStringSignalChange(); Received language code; Value: en_US
06-23 02:18:47.669 7320 7448 D CsLibPlatformGsAppData: handleStringSignalChange(); Signal: SYSTEM_LANGUAGE; Value: en_US
06-23 02:18:47.669 7320 7448 D CsLibPlatformGsAppData: handleStringSignalChange(); Received language code; Value: en_US
06-23 02:18:47.669 1694 1728 D CompatibilityChangeReporter: Compat change id reported: 168419799; UID 10022; state: DISABLED
06-23 02:18:47.669 1694 1728 D CompatibilityChangeReporter: Compat change id reported: 273564678; UID 10022; state: DISABLED
06-23 02:18:47.669 1694 1728 D CompatibilityInfo: mCompatibilityFlags - 4
06-23 02:18:47.669 1694 1728 D CompatibilityInfo: applicationDensity - 160
06-23 02:18:47.669 1694 1728 D CompatibilityInfo: applicationScale - 1.0
06-23 02:18:47.674 1694 1728 D CompatibilityInfo: mCompatibilityFlags - 4
06-23 02:18:47.674 1694 1728 D CompatibilityInfo: applicationDensity - 160
06-23 02:18:47.674 1694 1728 D CompatibilityInfo: applicationScale - 1.0
06-23 02:18:47.674 1694 1767 I am_pss : [5558,10065,com.qualcomm.qti.qms.service.trustzoneaccess,5590016,3874816,0,93687808,0,19,7]
06-23 02:18:47.676 1694 1728 D CompatibilityInfo: mCompatibilityFlags - 4
06-23 02:18:47.676 1694 1728 D CompatibilityInfo: applicationDensity - 160
06-23 02:18:47.676 1694 1728 D CompatibilityInfo: applicationScale - 1.0
06-23 02:18:47.679 3180 3706 I MediaProvider: Begin Intent { act=android.intent.action.LOCALE_CHANGED flg=0x1200810 cmp=com.android.providers.media.module/com.android.providers.media.MediaService }
06-23 02:18:47.681 2508 2583 D LoaderTask: loadWorkspace
06-23 02:18:47.682 3180 3706 I MediaProvider: End Intent { act=android.intent.action.LOCALE_CHANGED flg=0x1200810 cmp=com.android.providers.media.module/com.android.providers.media.MediaService }
06-23 02:18:47.683 2508 2583 D LoaderTask: sanitizeData
06-23 02:18:47.683 2508 2583 D LoaderTask: bindWorkspace
06-23 02:18:47.684 2508 2583 D LoaderTask: sendFirstScreenActiveInstallsBroadcast
06-23 02:18:47.693 2508 2583 D LoaderTask: step 1 complete
06-23 02:18:47.698 3101 3101 D keyboardSvc: Received command to change keyboard language to 'en_US'.
06-23 02:18:47.698 3101 3101 D keyboardSvc: setBestFitIms() - false
06-23 02:18:47.701 3101 3101 D keyboardSvc: newSubtype.getLocale() : en_US
06-23 02:18:47.701 3101 3101 D keyboardSvc: currentSubtype.getLocale() : en_US
06-23 02:18:47.704 7320 7448 D ConnectionMgrIplink: handleReservedSerialChanged: 18240 / en_US
06-23 02:18:47.704 7320 7448 D ConnectionMgrIplink: handleSerialChanged: 18240 / en_US
06-23 02:18:47.704 7320 7448 D AllLibSignalListenerImp: handleStringSignalChange: signal=DISPLAY_KEYBOARD_LANGUAGE;value=en_US
06-23 02:18:47.704 7320 7448 D ConnectionMgrIplink: handleReservedSerialChanged: 18244 / en-US
06-23 02:18:47.704 7320 7448 D ConnectionMgrIplink: handleSerialChanged: 18244 / en-US
06-23 02:18:47.705 7320 7445 D AllLibSignalListenerImp: handleCresstoreSignalChange: signal=DEVICE_ROOT
06-23 02:18:47.705 7320 7445 V AllLibSignalListenerImp: handleCresstoreSignalChange: signal=DEVICE_ROOT;value={"Localization":{"Language":"en-US","LanguageOptionsName":"en-US","LanguageOptionsVersion":"en-US"}}
06-23 02:18:47.705 7320 7445 V com.crestron.cresstore.CresStoreManager: Element is a primative value: "en-US"
06-23 02:18:47.705 7320 7445 V com.crestron.cresstore.CresStoreManager: Element is a primative value: "en-US"
