01-01 00:09:40.474 199 199 E rdbg_probe: register_smp2p_out failed for rdbg_cdsp
01-01 00:09:40.474 294 294 I pcie_phy_init: PCIe RC2 PHY is ready!
01-01 00:09:40.476 8 8 E rdbg : failed get smem state
01-01 00:09:40.476 8 8 E rdbg_probe: register_smp2p_out failed for rdbg_cdsp
01-01 00:09:40.477 310 310 I gpi_dma 800000.qcom,gpi-dma: Adding to iommu group 6
01-01 00:09:40.477 309 309 I bam-dma-engine 3a84000.bamdma: Adding to iommu group 7
01-01 00:09:40.478 8 8 E OF : /soc/clock-controller@abf0000: #clock-cells = 1 found 0
01-01 00:09:40.478 8 8 E OF : /soc/clock-controller@ad00000: #clock-cells = 1 found 0
01-01 00:09:40.478 8 8 E OF : /soc/clock-controller@abf0000: #clock-cells = 1 found 0
01-01 00:09:40.478 8 8 E OF : /soc/clock-controller@ad00000: #clock-cells = 1 found 0
01-01 00:09:40.479 8 8 E OF : /soc/clock-controller@abf0000: #clock-cells = 1 found 0
01-01 00:09:40.479 8 8 E OF : /soc/clock-controller@ad00000: #clock-cells = 1 found 0
01-01 00:09:40.479 8 8 E OF : /soc/clock-controller@abf0000: #clock-cells = 1 found 0
01-01 00:09:40.479 8 8 E OF : /soc/clock-controller@ad00000: #clock-cells = 1 found 0
01-01 00:09:40.480 8 8 E OF : /soc/clock-controller@abf0000: #clock-cells = 1 found 0
01-01 00:09:40.480 8 8 E OF : /soc/clock-controller@ad00000: #clock-cells = 1 found 0
01-01 00:09:40.480 345 345 I msm_geni_serial 998000.qcom,qup_uart: gsi_mode:0
01-01 00:09:40.480 345 345 I 998000.qcom,qup_uart: ttyHS0 at MMIO 0x998000 (irq = 395, base_baud = 0) is a MSM
01-01 00:09:40.480 8 8 E OF : /soc/clock-controller@abf0000: #clock-cells = 1 found 0
01-01 00:09:40.481 8 8 E OF : /soc/clock-controller@ad00000: #clock-cells = 1 found 0
01-01 00:09:40.481 8 8 E OF : /soc/clock-controller@abf0000: #clock-cells = 1 found 0
01-01 00:09:40.481 8 8 E OF : /soc/clock-controller@ad00000: #clock-cells = 1 found 0
01-01 00:09:40.481 8 8 E OF : /soc/clock-controller@abf0000: #clock-cells = 1 found 0
01-01 00:09:40.481 8 8 E OF : /soc/clock-controller@ad00000: #clock-cells = 1 found 0
01-01 00:09:40.481 341 341 E sensors-ssc soc: qcom,msm-ssc-sensors: fail to get rproc
01-01 00:09:40.482 8 8 E OF : /soc/clock-controller@abf0000: #clock-cells = 1 found 0
01-01 00:09:40.482 8 8 E OF : /soc/clock-controller@ad00000: #clock-cells = 1 found 0
01-01 00:09:40.482 8 8 E OF : /soc/clock-controller@abf0000: #clock-cells = 1 found 0
01-01 00:09:40.482 8 8 E OF : /soc/clock-controller@ad00000: #clock-cells = 1 found 0
01-01 00:09:40.482 8 8 E OF : /soc/clock-controller@abf0000: #clock-cells = 1 found 0
01-01 00:09:40.482 8 8 E OF : /soc/clock-controller@ad00000: #clock-cells = 1 found 0
01-01 00:09:40.483 8 8 E OF : /soc/clock-controller@abf0000: #clock-cells = 1 found 0
01-01 00:09:40.483 8 8 E OF : /soc/clock-controller@ad00000: #clock-cells = 1 found 0
01-01 00:09:40.483 337 337 I spss_utils [spss_parse_dt]: iar_buf_addr [0x8be00000].
01-01 00:09:40.483 8 8 E OF : /soc/clock-controller@abf0000: #clock-cells = 1 found 0
01-01 00:09:40.483 8 8 E OF : /soc/clock-controller@ad00000: #clock-cells = 1 found 0
01-01 00:09:40.484 8 8 E OF : /soc/clock-controller@abf0000: #clock-cells = 1 found 0
01-01 00:09:40.484 8 8 E OF : /soc/clock-controller@ad00000: #clock-cells = 1 found 0
01-01 00:09:40.484 8 8 E OF : /soc/clock-controller@abf0000: #clock-cells = 1 found 0
01-01 00:09:40.484 8 8 E OF : /soc/clock-controller@ad00000: #clock-cells = 1 found 0
01-01 00:09:40.484 294 294 I msm_pcie_enable: PCIe: Release the reset of endpoint of RC2.
01-01 00:09:40.484 323 323 E cdsp-loader soc: qcom,msm-cdsp-loader: cdsp_loader_probe: rproc not found
01-01 00:09:40.485 8 8 E OF : /soc/clock-controller@abf0000: #clock-cells = 1 found 0
01-01 00:09:40.485 8 8 E OF : /soc/clock-controller@ad00000: #clock-cells = 1 found 0
01-01 00:09:40.486 8 8 E OF : /soc/clock-controller@abf0000: #clock-cells = 1 found 0
01-01 00:09:40.486 8 8 E OF : /soc/clock-controller@ad00000: #clock-cells = 1 found 0
01-01 00:09:40.493 343 343 E AMOLED : qpnp_amoled_parse_dt: Unknown peripheral type 0x0
01-01 00:09:40.493 343 343 E qpnp-amoled-regulator c440000.qcom,spmi: qcom,pm8150l@5:qcom,amoled: Failed to parse DT params rc=-22
01-01 00:09:40.493 343 343 W qpnp-amoled-regulator: probe of c440000.qcom,spmi:qcom,pm8150l@5:qcom,amoled failed with error -22
01-01 00:09:40.496 325 325 I mpm_hr_counter: can't find DT node
01-01 00:09:40.496 325 325 I KPI : Bootloader start count = 327230
01-01 00:09:40.496 325 325 I KPI : Bootloader end count = 354431
01-01 00:09:40.496 325 325 I KPI : Bootloader load kernel count = 3337
01-01 00:09:40.496 325 325 I KPI : Kernel MPM timestamp = 421013
01-01 00:09:40.496 325 325 I KPI : Kernel MPM Clock frequency = 32768
01-01 00:09:40.497 8 8 E OF : /soc/clock-controller@abf0000: #clock-cells = 1 found 0
01-01 00:09:40.497 8 8 E OF : /soc/clock-controller@ad00000: #clock-cells = 1 found 0
01-01 00:09:40.498 8 8 E OF : /soc/clock-controller@abf0000: #clock-cells = 1 found 0
01-01 00:09:40.498 8 8 E OF : /soc/clock-controller@ad00000: #clock-cells = 1 found 0
01-01 00:09:40.498 370 370 I : r8168_init_module wait 2s
01-01 00:09:40.500 335 335 I : Built 1 zonelists, mobility grouping on. Total pages: 1662059
01-01 00:09:40.504 359 359 W : SPI driver spidev has no spi_device_id for qcom,spi-msm-codec-slave
01-01 00:09:40.504 359 359 W : SPI driver spidev has no spi_device_id for qcom,si5518-clk
01-01 00:09:40.507 338 338 I spcom : spcom_probe: Driver Initialization completed ok
01-01 00:09:40.507 302 302 D gpiochip_find_base: found new base at 321
01-01 00:09:40.509 354 354 E : [motor_control] ***************************************************************************
01-01 00:09:40.509 354 354 E : [motor_control] motor_control_init!!!!!!
01-01 00:09:40.509 354 354 E : [motor_control] ***************************************************************************
01-01 00:09:40.509 354 354 F : Driver init
01-01 00:09:40.509 302 302 D gpiochip1: (c440000.qcom,spmi:qcom,pm8150@0:pinctrl@c000): added GPIO chardev (254:1)
01-01 00:09:40.509 302 302 D gpiochip1: registered GPIOs 321 to 330 on c440000.qcom,spmi:qcom,pm8150@0:pinctrl@c000
01-01 00:09:40.509 302 302 D gpiochip1: (c440000.qcom,spmi:qcom,pm8150@0:pinctrl@c000): created GPIO range 0->9 ==> c440000.qcom,spmi:qcom,pm8150@0:pinctrl@c000 PIN 0->9
01-01 00:09:40.510 8 8 E OF : /soc/clock-controller@abf0000: #clock-cells = 1 found 0
01-01 00:09:40.510 8 8 E OF : /soc/clock-controller@ad00000: #clock-cells = 1 found 0
01-01 00:09:40.510 8 8 I sm8250-debugcc soc: clock-controller@0: Registered debug measure clocks
01-01 00:09:40.511 302 302 D gpiochip_find_base: found new base at 309
01-01 00:09:40.511 302 302 D gpiochip2: (c440000.qcom,spmi:qcom,pm8150b@2:pinctrl@c000): added GPIO chardev (254:2)
01-01 00:09:40.511 302 302 D gpiochip2: registered GPIOs 309 to 320 on c440000.qcom,spmi:qcom,pm8150b@2:pinctrl@c000
01-01 00:09:40.511 302 302 D gpiochip2: (c440000.qcom,spmi:qcom,pm8150b@2:pinctrl@c000): created GPIO range 0->11 ==> c440000.qcom,spmi:qcom,pm8150b@2:pinctrl@c000 PIN 0->11
01-01 00:09:40.511 354 354 E : [motor_control] motor_control_probe entry ====================>
01-01 00:09:40.511 354 354 E : [motor_control] step_motor_control_of_parse entry ====================>
01-01 00:09:40.511 354 354 E control-motor soc: step_motor_control: motor_control_populate_vreg: Start populate_verg
01-01 00:09:40.511 354 354 E control-motor soc: step_motor_control: motor_control_populate_vreg: name vdd, prop_name vdd-supply
01-01 00:09:40.511 354 354 E control-motor soc: step_motor_control: motor_control_populate_vreg: motor_control_populate_vreg ret 0
01-01 00:09:40.511 354 354 E : [motor_control] motor_control_probe exit ====================>
01-01 00:09:40.512 354 354 F : Registe success, major number is 495
01-01 00:09:40.512 294 294 I msm_pcie_link_train: PCIe RC2 link initialized
01-01 00:09:40.512 354 354 F : motor_control device init success!!
01-01 00:09:40.512 294 294 I pci-msm 1c10000.qcom,pcie: host bridge /soc/qcom,pcie@1c10000 ranges:
01-01 00:09:40.512 294 294 I pci-msm 1c10000.qcom,pcie: No bus range found for /soc/qcom,pcie@1c10000, using [bus 00-ff]
01-01 00:09:40.512 294 294 I pci-msm 1c10000.qcom,pcie: MEM 0x0064200000..0x0067ffffff -> 0x0064200000
01-01 00:09:40.512 294 294 I pci-msm 1c10000.qcom,pcie: MSI: qgic controller is present
01-01 00:09:40.513 294 294 I pci-msm 1c10000.qcom,pcie: PCI host bridge to bus 0002:00
01-01 00:09:40.513 294 294 I pci_bus 0002: 00: root bus resource [bus 00-ff]
01-01 00:09:40.513 294 294 I pci_bus 0002: 00: root bus resource [mem 0x64200000-0x67ffffff]
01-01 00:09:40.513 294 294 I pci 0002: 00:00.0: [17cb:010b] type 01 class 0x060400
01-01 00:09:40.513 294 294 I pci 0002: 00:00.0: reg 0x10: [mem 0x00000000-0x00000fff 64bit]
01-01 00:09:40.513 294 294 I pci 0002: 00:00.0: PME# supported from D0 D3hot D3cold
01-01 00:09:40.519 8 8 D reg-fixed-voltage soc: regulator-haptics-boost: GPIO lookup for consumer (null)
01-01 00:09:40.519 8 8 D reg-fixed-voltage soc: regulator-haptics-boost: using device tree for GPIO lookup
01-01 00:09:40.519 8 8 D of_get_named_gpiod_flags: can't parse 'gpios' property of node '/soc/regulator-haptics-boost[0]'
01-01 00:09:40.521 8 8 D of_get_named_gpiod_flags: parsed 'gpio' property of node '/soc/regulator-haptics-boost[0]' - status (0)
01-01 00:09:40.521 8 8 D gpiochip2: Persistence not supported for GPIO 4
01-01 00:09:40.527 360 360 E spi_geni 88c000.spi: Property qcom,vote-index not found or invalid
01-01 00:09:40.527 378 378 W msm-usb-ssphy-qmp 88e8000.ssphy: supply usb3_dp_phy_gdsc not found, using dummy regulator
01-01 00:09:40.533 378 378 W msm-usb-ssphy-qmp 88eb000.ssphy: supply usb3_dp_phy_gdsc not found, using dummy regulator
01-01 00:09:40.534 358 358 I ufs_device_wlun 0: 0:0:49488: Attached scsi generic sg0 type 30
01-01 00:09:40.534 358 358 I scsi 0 : 0:0:49476: Attached scsi generic sg1 type 30
01-01 00:09:40.535 358 358 I scsi 0 : 0:0:49456: Attached scsi generic sg2 type 30
01-01 00:09:40.535 358 358 I sd 0 : 0:0:0: Attached scsi generic sg3 type 0
01-01 00:09:40.535 358 358 I sd 0 : 0:0:1: Attached scsi generic sg4 type 0
01-01 00:09:40.535 358 358 I sd 0 : 0:0:2: Attached scsi generic sg5 type 0
01-01 00:09:40.535 358 358 I sd 0 : 0:0:3: Attached scsi generic sg6 type 0
01-01 00:09:40.535 393 393 I synx : synx device initialization start
01-01 00:09:40.535 358 358 I sd 0 : 0:0:4: Attached scsi generic sg7 type 0
01-01 00:09:40.535 393 393 I : client callback registered with ipc_lite
01-01 00:09:40.535 393 393 I synx : synx device initialization success
01-01 00:09:40.535 358 358 I sd 0 : 0:0:5: Attached scsi generic sg8 type 0
01-01 00:09:40.541 302 302 D gpiochip_find_base: found new base at 297
01-01 00:09:40.541 302 302 D gpiochip3: (c440000.qcom,spmi:qcom,pm8150l@4:pinctrl@c000): added GPIO chardev (254:3)
01-01 00:09:40.541 302 302 D gpiochip3: registered GPIOs 297 to 308 on c440000.qcom,spmi:qcom,pm8150l@4:pinctrl@c000
01-01 00:09:40.541 302 302 D gpiochip3: (c440000.qcom,spmi:qcom,pm8150l@4:pinctrl@c000): created GPIO range 0->11 ==> c440000.qcom,spmi:qcom,pm8150l@4:pinctrl@c000 PIN 0->11
01-01 00:09:40.542 302 302 D gpiochip_find_base: found new base at 293
01-01 00:09:40.542 302 302 D gpiochip4: (c440000.qcom,spmi:qcom,pm8009@a:pinctrl@c000): added GPIO chardev (254:4)
01-01 00:09:40.542 302 302 D gpiochip4: registered GPIOs 293 to 296 on c440000.qcom,spmi:qcom,pm8009@a:pinctrl@c000
01-01 00:09:40.542 302 302 D gpiochip4: (c440000.qcom,spmi:qcom,pm8009@a:pinctrl@c000): created GPIO range 0->3 ==> c440000.qcom,spmi:qcom,pm8009@a:pinctrl@c000 PIN 0->3
01-01 00:09:40.542 8 8 E sensors-ssc soc: qcom,msm-ssc-sensors: fail to get rproc
01-01 00:09:40.543 8 8 I spss_utils [spss_parse_dt]: iar_buf_addr [0x8be00000].
01-01 00:09:40.543 8 8 E cdsp-loader soc: qcom,msm-cdsp-loader: cdsp_loader_probe: rproc not found
01-01 00:09:40.545 8 8 E kona-pinctrl f000000.pinctrl: invalid group "gpio57, gpio116" for function "gpio"
01-01 00:09:40.545 8 8 E kona-pinctrl f000000.pinctrl: does not have pin group gpio57, gpio116
01-01 00:09:40.545 8 8 E kona-pinctrl f000000.pinctrl: could not map group config for "gpio57, gpio116"
01-01 00:09:40.545 8 8 D of_get_named_gpiod_flags: parsed 'sel-gpio' property of node '/soc/ts,step_motor[0]' - status (0)
01-01 00:09:40.545 8 8 I step-motor soc: ts,step_motor: motor->pwm_sel_gpio = 457
01-01 00:09:40.545 8 8 D of_get_named_gpiod_flags: parsed 'irq-gpios' property of node '/soc/ts,step_motor[0]' - status (0)
01-01 00:09:40.545 8 8 I step-motor soc: ts,step_motor: step_pwms[0]->irq_gpio = 388
01-01 00:09:40.545 8 8 D gpiochip0: (f000000.pinctrl): allocate IRQ 414, hwirq 57
01-01 00:09:40.545 8 8 D gpiochip0: (f000000.pinctrl): found parent hwirq 4294967295
01-01 00:09:40.545 8 8 D gpiochip0: (f000000.pinctrl): alloc_irqs_parent for 414 parent hwirq -1
01-01 00:09:40.545 8 8 I irq : IRQ414: trimming hierarchy from :soc:interrupt-controller@b220000-9
01-01 00:09:40.545 8 8 I step-motor soc: ts,step_motor: step_pwms[0]->irq = 414
01-01 00:09:40.546 346 346 E : Bad part number
01-01 00:09:40.546 346 346 I : Info: adsprpc (2975): modprobe: fastrpc_get_cdsp_status: cdsp available with status: 1
01-01 00:09:40.546 346 346 I : Info: adsprpc (2996): modprobe: fastrpc_lowest_capacity_corecount: lowest capacity core count: 4
01-01 00:09:40.546 346 346 I fastrpc soc: qcom,msm-adsprpc-mem: assigned reserved memory node adsp_region
01-01 00:09:40.547 346 346 I : Info: adsprpc (8071): modprobe: init_secure_vmid_list: secure VMID = 22
01-01 00:09:40.547 346 346 I : Info: adsprpc (8071): modprobe: init_secure_vmid_list: secure VMID = 37
01-01 00:09:40.547 354 354 D of_get_named_gpiod_flags: parsed 'pi-gpio' property of node '/soc/ts,gpio_pi[0]' - status (0)
01-01 00:09:40.547 354 354 E : [gpio-pi] pi->pi_gpio = 453
01-01 00:09:40.557 318 318 I cdsprm : Init successful
01-01 00:09:40.559 453 453 I uaudio-qmi soc: usb_audio_qmi_dev: Adding to iommu group 8
01-01 00:09:40.559 391 391 I msm_npu 9900000.qcom,msm_npu: Adding to iommu group 9
01-01 00:09:40.560 346 346 I adsprpc : fastrpc_setup_service_locator: pdr_add_lookup enabled for avs/audio (audio_pdr_adsprpc, msm/adsp/audio_pd), DTSI (qcom,fastrpc-adsp-audio-pdr)
01-01 00:09:40.567 332 332 W qcom-bwmon: Zone thres larger than hw limit: hi:293 med:400 lo:0
01-01 00:09:40.572 360 360 I spi_geni 88c000.spi: spi_geni_probe: completed 0
01-01 00:09:40.572 467 467 E adsp-notify soc: qcom,msm-adsp-notify: remoteproc handle NULL
01-01 00:09:40.578 294 294 I pci 0002: 00:00.0: bridge configuration invalid ([bus 00-00]), reconfiguring
01-01 00:09:40.579 294 294 I pci 0002: 01:00.0: [10ec:8168] type 00 class 0x020000
01-01 00:09:40.579 294 294 I pci 0002: 01:00.0: reg 0x10: [io 0x0000-0x00ff]
01-01 00:09:40.579 294 294 I pci 0002: 01:00.0: reg 0x18: [mem 0x00000000-0x00000fff 64bit]
01-01 00:09:40.579 294 294 I pci 0002: 01:00.0: reg 0x20: [mem 0x00000000-0x00003fff 64bit]
01-01 00:09:40.580 294 294 I pci 0002: 01:00.0: supports D1 D2
01-01 00:09:40.580 294 294 I pci 0002: 01:00.0: PME# supported from D0 D1 D2 D3hot D3cold
01-01 00:09:40.580 8 8 D of_get_named_gpiod_flags: parsed 'irq-gpios' property of node '/soc/ts,step_motor[1]' - status (0)
01-01 00:09:40.580 8 8 I step-motor soc: ts,step_motor: step_pwms[1]->irq_gpio = 447
01-01 00:09:40.580 8 8 D gpiochip0: (f000000.pinctrl): allocate IRQ 415, hwirq 116
01-01 00:09:40.580 8 8 D gpiochip0: (f000000.pinctrl): found parent hwirq 4294967295
01-01 00:09:40.580 8 8 D gpiochip0: (f000000.pinctrl): alloc_irqs_parent for 415 parent hwirq -1
01-01 00:09:40.580 8 8 I irq : IRQ415: trimming hierarchy from :soc:interrupt-controller@b220000-9
01-01 00:09:40.580 8 8 I step-motor soc: ts,step_motor: step_pwms[1]->irq = 415
01-01 00:09:40.593 346 346 I adsprpc : fastrpc_setup_service_locator: pdr_add_lookup enabled for tms/servreg (sensors_pdr_sdsprpc, msm/slpi/sensor_pd), DTSI (qcom,fastrpc-slpi-sensors-pdr)
01-01 00:09:40.595 391 391 I NPU_INFO: npu_probe: 2481 unable to get qfprom_physical resource
01-01 00:09:40.600 346 346 I fastrpc soc: qcom,msm_fastrpc:qcom,msm_fastrpc_compute_cb1: Adding to iommu group 10
01-01 00:09:40.601 294 294 I pci_bus 0002: 01: busn_res: [bus 01-ff] end is updated to 01
01-01 00:09:40.601 294 294 I pci 0002: 00:00.0: BAR 14: assigned [mem 0x64200000-0x643fffff]
01-01 00:09:40.601 294 294 I pci 0002: 00:00.0: BAR 15: assigned [mem 0x64400000-0x645fffff 64bit pref]
01-01 00:09:40.601 294 294 I pci 0002: 00:00.0: BAR 0: assigned [mem 0x64600000-0x64600fff 64bit]
01-01 00:09:40.601 294 294 I pci 0002: 00:00.0: BAR 13: no space for [io size 0x1000]
01-01 00:09:40.601 294 294 I pci 0002: 00:00.0: BAR 13: failed to assign [io size 0x1000]
01-01 00:09:40.601 294 294 I pci 0002: 01:00.0: BAR 4: assigned [mem 0x64200000-0x64203fff 64bit]
01-01 00:09:40.601 294 294 I pci 0002: 01:00.0: BAR 2: assigned [mem 0x64204000-0x64204fff 64bit]
01-01 00:09:40.601 294 294 I pci 0002: 01:00.0: BAR 0: no space for [io size 0x0100]
01-01 00:09:40.601 294 294 I pci 0002: 01:00.0: BAR 0: failed to assign [io size 0x0100]
01-01 00:09:40.601 294 294 I pci 0002: 00:00.0: PCI bridge to [bus 01]
01-01 00:09:40.601 294 294 I pci 0002: 00:00.0: bridge window [mem 0x64200000-0x643fffff]
01-01 00:09:40.601 294 294 I pci 0002: 00:00.0: bridge window [mem 0x64400000-0x645fffff 64bit pref]
01-01 00:09:40.602 294 294 I pci-msm-rc 0002: 00:00.0: Adding to iommu group 11
01-01 00:09:40.603 385 385 D usb_phy_generic soc: usb_nop_phy: GPIO lookup for consumer reset
01-01 00:09:40.603 385 385 D usb_phy_generic soc: usb_nop_phy: using device tree for GPIO lookup
01-01 00:09:40.603 385 385 D of_get_named_gpiod_flags: can't parse 'reset-gpios' property of node '/soc/usb_nop_phy[0]'
01-01 00:09:40.603 385 385 D of_get_named_gpiod_flags: can't parse 'reset-gpio' property of node '/soc/usb_nop_phy[0]'
01-01 00:09:40.603 385 385 D usb_phy_generic soc: usb_nop_phy: using lookup tables for GPIO lookup
01-01 00:09:40.603 385 385 D usb_phy_generic soc: usb_nop_phy: No GPIO consumer reset found
01-01 00:09:40.603 385 385 D usb_phy_generic soc: usb_nop_phy: GPIO lookup for consumer vbus-detect
01-01 00:09:40.603 385 385 D usb_phy_generic soc: usb_nop_phy: using device tree for GPIO lookup
01-01 00:09:40.603 385 385 D of_get_named_gpiod_flags: can't parse 'vbus-detect-gpios' property of node '/soc/usb_nop_phy[0]'
01-01 00:09:40.603 385 385 D of_get_named_gpiod_flags: can't parse 'vbus-detect-gpio' property of node '/soc/usb_nop_phy[0]'
01-01 00:09:40.603 385 385 D usb_phy_generic soc: usb_nop_phy: using lookup tables for GPIO lookup
01-01 00:09:40.603 385 385 D usb_phy_generic soc: usb_nop_phy: No GPIO consumer vbus-detect found
01-01 00:09:40.603 385 385 W usb_phy_generic soc: usb_nop_phy: supply vcc not found, using dummy regulator
01-01 00:09:40.603 385 385 W usb_phy_generic soc: usb_nop_phy: dummy supplies not allowed for exclusive requests
01-01 00:09:40.605 390 390 I i2c_geni 980000.i2c: Bus frequency is set to 100000Hz.
01-01 00:09:40.607 391 391 I NPU_INFO: npu_pwrctrl_init: 2024 npubw-dev-names are not defined
01-01 00:09:40.613 390 390 I : [BLED] probe enter
01-01 00:09:40.613 390 390 E is31f3746a_bl 4-0060: [BLED]is31f3746a_bl_probe entry client->addr = 0x60
01-01 00:09:40.613 390 390 D of_get_named_gpiod_flags: parsed 'bl,sdb-gpio' property of node '/soc/qcom,qupv3_0_geni_se@9c0000/i2c@980000/is31f3746a_bl@60[0]' - status (0)
01-01 00:09:40.613 390 390 E is31f3746a_bl 4-0060: [BLED]is31f3746a_bl_probe: bl->sdb_gpio = 420
01-01 00:09:40.613 390 390 E is31f3746a_bl 4-0060: [BLED] bl_ctl_init entry
01-01 00:09:40.614 332 332 W qcom-bwmon: Zone thres larger than hw limit: hi:97 med:400 lo:0
01-01 00:09:40.618 376 376 I batched_hyp_assign: Failed to assign memory protection, ret = -22
01-01 00:09:40.618 376 376 E msm_sharedmem: setup_shared_ram_perms: hyp_assign_phys failed IPA=0x0160x00000000ee000000 size=2621440 err=-99
01-01 00:09:40.618 376 376 I msm_sharedmem: msm_sharedmem_probe: Device created for client 'rmtfs'
01-01 00:09:40.628 390 390 E is31f3746a_bl 4-0060: [BLED] bl_open_short_detect -Hw open detect: 00 00 00 00 00 00 00 00 00 00 00 00
01-01 00:09:40.632 8 8 D reg-fixed-voltage soc: regulator-dbb1: GPIO lookup for consumer (null)
01-01 00:09:40.632 8 8 D reg-fixed-voltage soc: regulator-dbb1: using device tree for GPIO lookup
01-01 00:09:40.632 8 8 D of_get_named_gpiod_flags: can't parse 'gpios' property of node '/soc/regulator-dbb1[0]'
01-01 00:09:40.632 8 8 D of_get_named_gpiod_flags: parsed 'gpio' property of node '/soc/regulator-dbb1[0]' - status (0)
01-01 00:09:40.632 8 8 D gpiochip4: Persistence not supported for GPIO 0
01-01 00:09:40.634 390 390 E is31f3746a_bl 4-0060: [BLED] bl_open_short_detect -Hw open detect: 00 00 00 00 00 00 00 00 00 00 00 00
01-01 00:09:40.647 85 85 I cnss_plat: CNSS Platform IPC QMI Service is started
01-01 00:09:40.663 437 437 I cs_system_cfg: CoreSight Configuration manager initialised
01-01 00:09:40.675 390 390 I i2c_geni 980000.i2c: I2C probed
01-01 00:09:40.676 390 390 I i2c_geni 984000.i2c: Bus frequency is set to 400000Hz.
01-01 00:09:40.677 390 390 D tlv320adc3140 1-004f: GPIO lookup for consumer reset
01-01 00:09:40.677 390 390 D tlv320adc3140 1-004f: using device tree for GPIO lookup
01-01 00:09:40.677 390 390 D of_get_named_gpiod_flags: parsed 'reset-gpios' property of node '/soc/qcom,qupv3_0_geni_se@9c0000/i2c@984000/tlv320@4f[0]' - status (0)
01-01 00:09:40.677 390 390 D gpiochip0: Persistence not supported for GPIO 77
01-01 00:09:40.677 390 390 I tlv320adc3140 1-004f: adc id = 0, ptr = 000000001478db2c
01-01 00:09:40.677 390 390 I tlv320adc3140 1-004f: adcx140_enable
01-01 00:09:40.678 8 8 I input : qti-haptics as /devices/platform/soc/c440000.qcom,spmi/spmi-0/0-03/c440000.qcom,spmi:qcom,pm8150b@3:qcom,haptics@c000/input/input1
01-01 00:09:40.678 8 8 E sensors-ssc soc: qcom,msm-ssc-sensors: fail to get rproc
01-01 00:09:40.678 8 8 I spss_utils [spss_parse_dt]: iar_buf_addr [0x8be00000].
01-01 00:09:40.678 8 8 E cdsp-loader soc: qcom,msm-cdsp-loader: cdsp_loader_probe: rproc not found
01-01 00:09:40.679 8 8 E adsp-notify soc: qcom,msm-adsp-notify: remoteproc handle NULL
01-01 00:09:40.680 8 8 E sensors-ssc soc: qcom,msm-ssc-sensors: fail to get rproc
01-01 00:09:40.680 8 8 I spss_utils [spss_parse_dt]: iar_buf_addr [0x8be00000].
01-01 00:09:40.680 8 8 E cdsp-loader soc: qcom,msm-cdsp-loader: cdsp_loader_probe: rproc not found
01-01 00:09:40.680 8 8 E adsp-notify soc: qcom,msm-adsp-notify: remoteproc handle NULL
01-01 00:09:40.684 8 8 E sensors-ssc soc: qcom,msm-ssc-sensors: fail to get rproc
01-01 00:09:40.685 8 8 I spss_utils [spss_parse_dt]: iar_buf_addr [0x8be00000].
01-01 00:09:40.685 346 346 I fastrpc soc: qcom,msm_fastrpc:qcom,msm_fastrpc_compute_cb2: Adding to iommu group 12
01-01 00:09:40.685 8 8 E cdsp-loader soc: qcom,msm-cdsp-loader: cdsp_loader_probe: rproc not found
01-01 00:09:40.685 8 8 E adsp-notify soc: qcom,msm-adsp-notify: remoteproc handle NULL
01-01 00:09:40.688 346 346 I fastrpc soc: qcom,msm_fastrpc:qcom,msm_fastrpc_compute_cb3: Adding to iommu group 13
01-01 00:09:40.688 8 8 E sensors-ssc soc: qcom,msm-ssc-sensors: fail to get rproc
01-01 00:09:40.688 8 8 I spss_utils [spss_parse_dt]: iar_buf_addr [0x8be00000].
01-01 00:09:40.688 8 8 E cdsp-loader soc: qcom,msm-cdsp-loader: cdsp_loader_probe: rproc not found
01-01 00:09:40.688 8 8 E adsp-notify soc: qcom,msm-adsp-notify: remoteproc handle NULL
01-01 00:09:40.690 503 503 W btpower : no symbol version for cnss_utils_update_device_type
01-01 00:09:40.691 503 503 I bt_dt_parse_vreg_info: qcom,bt-vdd-io is not provided in device tree
01-01 00:09:40.691 503 503 I bt_dt_parse_vreg_info: qcom,bt-vdd-rfacmn is not provided in device tree
01-01 00:09:40.691 503 503 I bt_dt_parse_vreg_info: qcom,bt-vdd-rfa-0p8 is not provided in device tree
01-01 00:09:40.692 503 503 I bt_dt_parse_vreg_info: qcom,bt-vdd-ipa-2p2 is not provided in device tree
01-01 00:09:40.692 503 503 D of_get_named_gpiod_flags: parsed 'qcom,bt-reset-gpio' property of node '/soc/bt_qca6390[0]' - status (0)
01-01 00:09:40.692 503 503 D of_get_named_gpiod_flags: can't parse 'qcom,wl-reset-gpio' property of node '/soc/bt_qca6390[0]'
01-01 00:09:40.692 503 503 E bt_power_populate_dt_pinfo: wl-reset-gpio not provided in device tree
01-01 00:09:40.692 503 503 D of_get_named_gpiod_flags: parsed 'qcom,bt-sw-ctrl-gpio' property of node '/soc/bt_qca6390[0]' - status (0)
01-01 00:09:40.692 503 503 D of_get_named_gpiod_flags: can't parse 'qcom,bt-debug-gpio' property of node '/soc/bt_qca6390[0]'
01-01 00:09:40.692 503 503 W : bt-debug-gpio not provided in devicetree
01-01 00:09:40.692 503 503 D of_get_named_gpiod_flags: can't parse 'qcom,xo-clk-gpio' property of node '/soc/bt_qca6390[0]'
01-01 00:09:40.692 503 503 W : xo-clk-gpio not provided in devicetree
01-01 00:09:40.692 503 503 E bt_dt_parse_clk_info: clocks is not provided in device tree
01-01 00:09:40.692 503 503 W bt_power_populate_dt_pinfo: clock not provided in device tree
01-01 00:09:40.692 503 503 W bt_power_populate_dt_pinfo: temperature sensor is not provided in dts
01-01 00:09:40.692 503 503 I btpower_aop_mbox_init: vreg for iPA not configured
01-01 00:09:40.692 8 8 E sensors-ssc soc: qcom,msm-ssc-sensors: fail to get rproc
01-01 00:09:40.692 8 8 I spss_utils [spss_parse_dt]: iar_buf_addr [0x8be00000].
01-01 00:09:40.692 8 8 E cdsp-loader soc: qcom,msm-cdsp-loader: cdsp_loader_probe: rproc not found
01-01 00:09:40.692 8 8 E adsp-notify soc: qcom,msm-adsp-notify: remoteproc handle NULL
01-01 00:09:40.693 8 8 E sensors-ssc soc: qcom,msm-ssc-sensors: fail to get rproc
01-01 00:09:40.693 8 8 I spss_utils [spss_parse_dt]: iar_buf_addr [0x8be00000].
01-01 00:09:40.693 8 8 E cdsp-loader soc: qcom,msm-cdsp-loader: cdsp_loader_probe: rproc not found
01-01 00:09:40.694 8 8 E adsp-notify soc: qcom,msm-adsp-notify: remoteproc handle NULL
01-01 00:09:40.694 191 191 W NPU_WARN: npu_bridge_mbox_work: 1203 NPU fw is not loaded
01-01 00:09:40.698 199 199 W : tz diag version is 2401000
01-01 00:09:40.698 199 199 E tz_log 146bf720.tz-log: RM log address is not defined
01-01 00:09:40.698 199 199 I SCM_CALL: SYS CALL NOT SUPPORTED IN TZ
01-01 00:09:40.700 489 489 I CLD80211: Initializing
01-01 00:09:40.703 456 456 I : ew30hn_tx_i2c_probe i2c register successful
01-01 00:09:40.712 8 8 E sensors-ssc soc: qcom,msm-ssc-sensors: fail to get rproc
01-01 00:09:40.712 8 8 I spss_utils [spss_parse_dt]: iar_buf_addr [0x8be00000].
01-01 00:09:40.712 8 8 E cdsp-loader soc: qcom,msm-cdsp-loader: cdsp_loader_probe: rproc not found
01-01 00:09:40.712 8 8 E adsp-notify soc: qcom,msm-adsp-notify: remoteproc handle NULL
01-01 00:09:40.718 453 453 E uaudio-qmi soc: usb_audio_qmi_dev: failed to register disconnect callback ret = 0
01-01 00:09:40.730 457 457 I : A2B_netlink_init
01-01 00:09:40.730 8 8 I sdhci_msm 8804000.sdhci: Adding to iommu group 14
01-01 00:09:40.731 419 419 I PMIC@SID2: PM8150B v2.0 options: 0, 0, 0, 0
01-01 00:09:40.731 419 419 I PMIC@SID4: PM8150L v3.0 options: 0, 0, 0, 0
01-01 00:09:40.731 419 419 I PMIC@SID10: (null) v3.0 options: 0, 0, 0, 0
01-01 00:09:40.731 102 102 E sensors-ssc soc: qcom,msm-ssc-sensors: fail to get rproc
01-01 00:09:40.731 102 102 I spss_utils [spss_parse_dt]: iar_buf_addr [0x8be00000].
01-01 00:09:40.732 102 102 E cdsp-loader soc: qcom,msm-cdsp-loader: cdsp_loader_probe: rproc not found
01-01 00:09:40.732 102 102 E adsp-notify soc: qcom,msm-adsp-notify: remoteproc handle NULL
01-01 00:09:40.733 446 446 I coresight-dummy soc: dummy_sink: Dummy device initialized
01-01 00:09:40.733 481 481 D of_get_named_gpiod_flags: can't parse 'qcom,cdc-rst-n-gpio' property of node '/soc/wsa_spkr_en2_pinctrl[0]'
01-01 00:09:40.733 362 362 I igb : Intel(R) Gigabit Ethernet Network Driver
01-01 00:09:40.733 362 362 I igb : Copyright (c) 2007-2014 Intel Corporation.
01-01 00:09:40.733 481 481 E kona-pinctrl f000000.pinctrl: invalid function func2 in map table
01-01 00:09:40.733 481 481 E kona-pinctrl f000000.pinctrl: invalid function func2 in map table
01-01 00:09:40.734 481 481 E kona-pinctrl f000000.pinctrl: invalid function func2 in map table
01-01 00:09:40.734 481 481 E kona-pinctrl f000000.pinctrl: invalid function func2 in map table
01-01 00:09:40.734 481 481 D of_get_named_gpiod_flags: can't parse 'qcom,cdc-rst-n-gpio' property of node '/soc/msm_cdc_pinctrl@32[0]'
01-01 00:09:40.734 346 346 I fastrpc soc: qcom,msm_fastrpc:qcom,msm_fastrpc_compute_cb4: Adding to iommu group 15
01-01 00:09:40.735 514 514 I qce 1de0000.qcedev: Adding to iommu group 16
01-01 00:09:40.735 442 442 I coresight-cti-apss_cti0: CTI initialized
01-01 00:09:40.736 442 442 I coresight-cti-apss_cti1: CTI initialized
01-01 00:09:40.736 433 433 D qcom,qfprom 784000.qfprom: GPIO lookup for consumer wp
01-01 00:09:40.736 433 433 D qcom,qfprom 784000.qfprom: using device tree for GPIO lookup
01-01 00:09:40.736 433 433 D of_get_named_gpiod_flags: can't parse 'wp-gpios' property of node '/soc/qfprom@780000[0]'
01-01 00:09:40.736 433 433 D of_get_named_gpiod_flags: can't parse 'wp-gpio' property of node '/soc/qfprom@780000[0]'
01-01 00:09:40.736 294 294 E msm_pcie_enumerate: PCIe: RC2: Did not find PCIe switch.
01-01 00:09:40.736 294 294 E msm_pcie_probe: RC2 is enabled in bootup
01-01 00:09:40.736 433 433 D qcom,qfprom 784000.qfprom: using lookup tables for GPIO lookup
01-01 00:09:40.736 433 433 D qcom,qfprom 784000.qfprom: No GPIO consumer wp found
01-01 00:09:40.737 442 442 I coresight-cti-apss_cti2: CTI initialized
01-01 00:09:40.738 294 294 I pci-msm 1c08000.qcom,pcie: PCIe: msm_pcie_probe
01-01 00:09:40.738 442 442 I coresight-cti-ddr_dl_0_cti_0: CTI initialized
01-01 00:09:40.738 438 438 I coresight-csr 6001000.csr: CSR initialized: coresight-csr
01-01 00:09:40.738 294 294 E msm_pcie_get_reg: PCIe: RC1: no mhi resource found.
01-01 00:09:40.738 294 294 E msm_pcie_get_reg: PCIe: RC1: no tcsr resource found.
01-01 00:09:40.738 294 294 E msm_pcie_get_reg: PCIe: RC1: no rumi resource found.
01-01 00:09:40.739 102 102 E qcom,qpnp-smb5 c440000.qcom,spmi: qcom,pm8150b@2:qcom,qpnp-smb5: cp_parallel_mode channel unavailable, -19
01-01 00:09:40.739 102 102 E qcom,qpnp-smb5 c440000.qcom,spmi: qcom,pm8150b@2:qcom,qpnp-smb5: Failed to get channels, -19
01-01 00:09:40.739 8 8 D sdhci_msm 8804000.sdhci: GPIO lookup for consumer cd
01-01 00:09:40.739 8 8 D sdhci_msm 8804000.sdhci: using device tree for GPIO lookup
01-01 00:09:40.739 8 8 D of_get_named_gpiod_flags: parsed 'cd-gpios' property of node '/soc/sdhci@8804000[0]' - status (0)
01-01 00:09:40.739 8 8 D gpio-408 (reset): gpiod_request: status -16
01-01 00:09:40.739 8 8 W sdhci_msm: probe of 8804000.sdhci failed with error -16
01-01 00:09:40.741 442 442 I coresight-cti-ddr_dl_0_cti_1: CTI initialized
01-01 00:09:40.742 294 294 E msm_pcie_get_vreg: PCIe: RC1 could not get vreg-1p2 in device tree
01-01 00:09:40.742 294 294 E msm_pcie_get_vreg: PCIe: RC1 could not get vreg-mx in device tree
01-01 00:09:40.742 294 294 E msm_pcie_get_vreg: PCIe: RC1 could not get vreg-qref in device tree
01-01 00:09:40.742 294 294 W pci-msm 1c08000.qcom,pcie: supply gdsc-phy-vdd not found, using dummy regulator
01-01 00:09:40.742 294 294 D of_get_named_gpiod_flags: parsed 'perst-gpio' property of node '/soc/qcom,pcie@1c08000[0]' - status (0)
01-01 00:09:40.742 294 294 D of_get_named_gpiod_flags: parsed 'wake-gpio' property of node '/soc/qcom,pcie@1c08000[0]' - status (0)
01-01 00:09:40.742 294 294 D of_get_named_gpiod_flags: can't parse 'qcom,ep-gpio' property of node '/soc/qcom,pcie@1c08000[0]'
01-01 00:09:40.742 294 294 D of_get_named_gpiod_flags: parsed 'isolate-gpio' property of node '/soc/qcom,pcie@1c08000[0]' - status (0)
01-01 00:09:40.742 294 294 D gpiochip0: (f000000.pinctrl): allocate IRQ 417, hwirq 125
01-01 00:09:40.742 294 294 D gpiochip0: (f000000.pinctrl): found parent hwirq 4294967295
01-01 00:09:40.742 294 294 D gpiochip0: (f000000.pinctrl): alloc_irqs_parent for 417 parent hwirq -1
01-01 00:09:40.742 294 294 I irq : IRQ417: trimming hierarchy from :soc:interrupt-controller@b220000-9
01-01 00:09:40.742 294 294 E msm_pcie_probe: PCIe: RC1 could not get pinctrl sleep state
01-01 00:09:40.742 438 438 I coresight-csr 6b0c000.csr: CSR initialized: coresight-swao-csr
01-01 00:09:40.745 446 446 I coresight-dummy soc: tpdm@6b26000: Dummy device initialized
01-01 00:09:40.746 414 414 I cpuidle : using governor qcom-cpu-lpm
01-01 00:09:40.747 442 442 I coresight-cti-ddr_dl_0_cti_2: CTI initialized
01-01 00:09:40.747 442 442 I coresight-cti-ddr_dl_1_cti_0: CTI initialized
01-01 00:09:40.747 442 442 I coresight-cti-ddr_dl_1_cti_1: CTI initialized
01-01 00:09:40.747 294 294 I msm_pcie_enable: PCIe: Assert the reset of endpoint of RC1.
01-01 00:09:40.752 294 294 I msm_pcie_enable: PCIe: RC1: PCIE20_PARF_INT_ALL_MASK: 0x7f80d202
01-01 00:09:40.752 442 442 I coresight-cti-ddr_dl_1_cti_2: CTI initialized
01-01 00:09:40.752 442 442 I coresight-cti-ddr_ch02_dl_cti_0: CTI initialized
01-01 00:09:40.753 442 442 I coresight-cti-ddr_ch13_dl_cti_0: CTI initialized
01-01 00:09:40.753 442 442 I coresight-cti-dlmm_cti0: CTI initialized
01-01 00:09:40.754 294 294 I pcie_phy_init: PCIe RC1 PHY is ready!
01-01 00:09:40.763 477 477 W : **********************************************************
01-01 00:09:40.763 477 477 W : ** NOTICE NOTICE NOTICE NOTICE NOTICE NOTICE NOTICE **
01-01 00:09:40.763 477 477 W : ** **
01-01 00:09:40.763 477 477 W : ** trace_printk() being used. Allocating extra memory. **
01-01 00:09:40.763 477 477 W : ** **
01-01 00:09:40.763 477 477 W : ** This means that this is a DEBUG kernel and it is **
01-01 00:09:40.763 477 477 W : ** unsafe for production use. **
01-01 00:09:40.763 477 477 W : ** **
01-01 00:09:40.763 477 477 W : ** If you see this message and you are not debugging **
01-01 00:09:40.763 477 477 W : ** the kernel, report this immediately to your vendor! **
01-01 00:09:40.763 477 477 W : ** **
01-01 00:09:40.763 477 477 W : ** NOTICE NOTICE NOTICE NOTICE NOTICE NOTICE NOTICE **
01-01 00:09:40.763 477 477 W : **********************************************************
01-01 00:09:40.764 294 294 I msm_pcie_enable: PCIe: Release the reset of endpoint of RC1.
01-01 00:09:40.766 400 400 W qcom-spmi-adc-tm5 c440000.qcom,spmi: qcom,pm8150@0:adc_tm@3500: thermal sensor on channel 1 is not used
01-01 00:09:40.766 400 400 W qcom-spmi-adc-tm5 c440000.qcom,spmi: qcom,pm8150@0:adc_tm@3500: thermal sensor on channel 2 is not used
01-01 00:09:40.769 442 442 I coresight-cti-dlmm_cti1: CTI initialized
01-01 00:09:40.776 442 442 I coresight-cti-dlct_cti0: CTI initialized
01-01 00:09:40.777 442 442 I coresight-cti-dlct_cti1: CTI initialized
01-01 00:09:40.777 346 346 I fastrpc soc: qcom,msm_fastrpc:qcom,msm_fastrpc_compute_cb5: Adding to iommu group 17
01-01 00:09:40.777 442 442 I coresight-cti-dlct_cti2: CTI initialized
01-01 00:09:40.777 442 442 I coresight-cti0: CTI initialized
01-01 00:09:40.777 442 442 I coresight-cti1: CTI initialized
01-01 00:09:40.777 442 442 I coresight-cti2: CTI initialized
01-01 00:09:40.777 514 514 W qcedev_probe_device: No icc avg BW set, using default
01-01 00:09:40.777 514 514 W qcedev_probe_device: No icc peak BW set, using default
01-01 00:09:40.777 442 442 I coresight-cti3: CTI initialized
01-01 00:09:40.777 442 442 I coresight-cti4: CTI initialized
01-01 00:09:40.777 442 442 I coresight-cti5: CTI initialized
01-01 00:09:40.777 442 442 I coresight-cti6: CTI initialized
01-01 00:09:40.777 514 514 I QCE50 : __qce_get_device_tree_data: CE operating frequency is not defined, setting to default 100MHZ
01-01 00:09:40.777 442 442 I coresight-cti7: CTI initialized
01-01 00:09:40.778 442 442 I coresight-cti8: CTI initialized
01-01 00:09:40.778 442 442 I coresight-cti9: CTI initialized
01-01 00:09:40.778 442 442 I coresight-cti10: CTI initialized
01-01 00:09:40.778 514 514 I qce 1de0000.qcedev: QTI Crypto 5.5.0 device found @0x1de0000
01-01 00:09:40.778 442 442 I coresight-cti11: CTI initialized
01-01 00:09:40.778 442 442 I coresight-cti12: CTI initialized
01-01 00:09:40.778 442 442 I coresight-cti13: CTI initialized
01-01 00:09:40.778 442 442 I coresight-cti14: CTI initialized
01-01 00:09:40.778 442 442 I coresight-cti15: CTI initialized
01-01 00:09:40.778 442 442 I coresight-cti-cpu0: CTI initialized
01-01 00:09:40.778 442 442 I coresight-cti-cpu1: CTI initialized
01-01 00:09:40.778 442 442 I coresight-cti-cpu2: CTI initialized
01-01 00:09:40.778 514 514 I sps_register_bam_device: sps:BAM 0x0000000001dc4000 is registered
01-01 00:09:40.778 442 442 I coresight-cti-cpu3: CTI initialized
01-01 00:09:40.778 442 442 I coresight-cti-cpu4: CTI initialized
01-01 00:09:40.778 442 442 I coresight-cti-cpu5: CTI initialized
01-01 00:09:40.778 514 514 I sps_bam_enable: sps:BAM 0x0000000001dc4000 (va:0x000000002beb72a6) enabled: ver:0x27, number of pipes:16
01-01 00:09:40.778 442 442 I coresight-cti-cpu6: CTI initialized
01-01 00:09:40.778 442 442 I coresight-cti-cpu7: CTI initialized
01-01 00:09:40.779 442 442 I coresight-cti-iris_dl_cti: CTI initialized
01-01 00:09:40.779 514 514 I QCE50 : qce_sps_init: QTI MSM CE-BAM at 0x0000000001dc4000 irq 17
01-01 00:09:40.779 442 442 I coresight-cti-lpass_dl_cti: CTI initialized
01-01 00:09:40.779 442 442 I coresight-cti-mdss_dl_cti: CTI initialized
01-01 00:09:40.779 442 442 I coresight-cti-npu_dl_cti_0: CTI initialized
01-01 00:09:40.779 442 442 I coresight-cti-npu_dl_cti_1: CTI initialized
01-01 00:09:40.779 442 442 I coresight-cti-npu_q6_cti: CTI initialized
01-01 00:09:40.779 442 442 I coresight-cti-swao_cti0: CTI initialized
01-01 00:09:40.780 442 442 I coresight-cti-swao_cti1: CTI initialized
01-01 00:09:40.782 514 514 I qce 1de0000.qcedev: qcom_cedev_ns_cb: Adding to iommu group 18
01-01 00:09:40.783 455 455 D of_get_named_gpiod_flags: parsed 'reset-gpios' property of node '/soc/qcom,qupv3_0_geni_se@9c0000/i2c@984000/tas5805m@2e[0]' - status (0)
01-01 00:09:40.783 455 455 I TAS5805m_probe: priv->pdn_gpio = 462
01-01 00:09:40.783 455 455 D of_get_named_gpiod_flags: can't parse 'gpio,hpd' property of node '/soc/qcom,qupv3_0_geni_se@9c0000/i2c@984000/tas5805m@2e[0]'
01-01 00:09:40.783 455 455 I TAS5805m 1-002e: Failed to find hpd gpio!
01-01 00:09:40.783 455 455 I TAS5805m 1-002e: -TAS5805m_probe
01-01 00:09:40.784 436 436 I qcom,slim-ngd-ctrl 3ac0000.slim: Adding to iommu group 7
01-01 00:09:40.784 436 436 E qcom,slim-ngd-ctrl 3ac0000.slim: no Remote mem
01-01 00:09:40.784 346 346 I fastrpc soc: qcom,msm_fastrpc:qcom,msm_fastrpc_compute_cb6: Adding to iommu group 19
01-01 00:09:40.785 477 477 I q6lsm_init: panic_on_timeout debugfs flag is created
01-01 00:09:40.785 400 400 W qcom-spmi-adc-tm5 c440000.qcom,spmi: qcom,pm8150b@2:adc_tm@3500: thermal sensor on channel 0 is not used
01-01 00:09:40.789 458 458 I ad2435w_i2c 1-006a: ad2435w_i2c_probe in, node_id = 2
01-01 00:09:40.790 458 458 I ad2435w_i2c 1-0069: ad2435w_i2c_probe in, node_id = 1
01-01 00:09:40.793 294 294 I msm_pcie_link_train: PCIe RC1 link initialized
01-01 00:09:40.793 294 294 I pci-msm 1c08000.qcom,pcie: host bridge /soc/qcom,pcie@1c08000 ranges:
01-01 00:09:40.793 294 294 I pci-msm 1c08000.qcom,pcie: No bus range found for /soc/qcom,pcie@1c08000, using [bus 00-ff]
01-01 00:09:40.793 294 294 I pci-msm 1c08000.qcom,pcie: MEM 0x0040200000..0x005fffffff -> 0x0040200000
01-01 00:09:40.793 519 519 E videodev: __video_register_device:[debug_v4l2] nr = 32, =name is
01-01 00:09:40.793 519 519 E videodev: __video_register_device:[debug_v4l2] nr = 33, =name is
01-01 00:09:40.793 519 519 I msm_vidc: err : ffffffff: .....: no device Registered
01-01 00:09:40.793 294 294 I pci-msm 1c08000.qcom,pcie: MSI: qgic controller is present
01-01 00:09:40.794 294 294 I pci-msm 1c08000.qcom,pcie: PCI host bridge to bus 0001:00
01-01 00:09:40.794 294 294 I pci_bus 0001: 00: root bus resource [bus 00-ff]
01-01 00:09:40.794 294 294 I pci_bus 0001: 00: root bus resource [mem 0x40200000-0x5fffffff]
01-01 00:09:40.794 294 294 I pci 0001: 00:00.0: [17cb:010b] type 01 class 0x060400
01-01 00:09:40.794 294 294 I pci 0001: 00:00.0: reg 0x10: [mem 0x00000000-0x00000fff 64bit]
01-01 00:09:40.794 294 294 I pci 0001: 00:00.0: PME# supported from D0 D3hot D3cold
01-01 00:09:40.799 436 436 I btfm_slim_probe: name = 217:220:1:0
01-01 00:09:40.799 436 436 I btfm_slim_probe: name = btfmslim_slave
01-01 00:09:40.799 436 436 E btfm_slim_probe: is_laddr_valid is true
01-01 00:09:40.799 436 436 E btfmslim-driver btfmslim_slave:
01-01 00:09:40.799 458 458 I ad2435w_i2c 1-0068: ad2435w_i2c_probe in, node_id = 0
01-01 00:09:40.799 346 346 I fastrpc soc: qcom,msm_fastrpc:qcom,msm_fastrpc_compute_cb7: Adding to iommu group 20
01-01 00:09:40.799 458 458 D of_get_named_gpiod_flags: parsed 'state-gpio0' property of node '/soc/qcom,qupv3_0_geni_se@9c0000/i2c@984000/ad2435w@68[0]' - status (0)
01-01 00:09:40.799 458 458 D of_get_named_gpiod_flags: parsed 'state-gpio1' property of node '/soc/qcom,qupv3_0_geni_se@9c0000/i2c@984000/ad2435w@68[0]' - status (0)
01-01 00:09:40.799 458 458 D of_get_named_gpiod_flags: parsed 'irq-gpio' property of node '/soc/qcom,qupv3_0_geni_se@9c0000/i2c@984000/ad2435w@68[0]' - status (0)
01-01 00:09:40.799 458 458 D gpiochip0: (f000000.pinctrl): allocate IRQ 418, hwirq 84
01-01 00:09:40.799 458 458 D gpiochip0: (f000000.pinctrl): found parent hwirq 4294967295
01-01 00:09:40.799 458 458 D gpiochip0: (f000000.pinctrl): alloc_irqs_parent for 418 parent hwirq -1
01-01 00:09:40.799 458 458 I irq : IRQ418: trimming hierarchy from :soc:interrupt-controller@b220000-9
01-01 00:09:40.799 458 458 D gpiochip0: (f000000.pinctrl): allocate IRQ 419, hwirq 24
01-01 00:09:40.799 458 458 D gpiochip0: (f000000.pinctrl): found parent hwirq 4294967295
01-01 00:09:40.799 458 458 D gpiochip0: (f000000.pinctrl): alloc_irqs_parent for 419 parent hwirq -1
01-01 00:09:40.799 458 458 I irq : IRQ419: trimming hierarchy from :soc:interrupt-controller@b220000-9
01-01 00:09:40.799 442 442 I coresight-cti-swao_cti2: CTI initialized
01-01 00:09:40.799 400 400 W qcom-spmi-adc-tm5 c440000.qcom,spmi: qcom,pm8150l@4:adc_tm@3500: thermal sensor on channel 0 is not used
01-01 00:09:40.800 442 442 I coresight-cti-swao_cti3: CTI initialized
01-01 00:09:40.800 442 442 I coresight-cti-turing_dl_cti: CTI initialized
01-01 00:09:40.801 442 442 I coresight-cti-turing_q6_cti: CTI initialized
01-01 00:09:40.801 442 442 I coresight-cti-compute_dl_cti: CTI initialized
01-01 00:09:40.804 412 412 I EDAC DEVICE0: Giving out device to module soc:kryo-erp controller cache: DEV soc:kryo-erp (INTERRUPT)
01-01 00:09:40.805 519 519 I msm_vidc_v4l2 aa00000.qcom,vidc: non_secure_cb: Adding to iommu group 21
01-01 00:09:40.806 385 385 E msm-dwc3 a800000.ssusb: IRQ hs_phy_irq not found
01-01 00:09:40.808 458 458 E ad2435w_i2c 1-0068: parse_dt_config set reset low
01-01 00:09:40.808 544 544 E ad2435w_i2c 1-0068: ad2435w_check_work set power on!!
01-01 00:09:40.809 519 519 I msm_vidc_v4l2 aa00000.qcom,vidc: secure_non_pixel_cb: Adding to iommu group 22
01-01 00:09:40.810 385 385 E msm-dwc3 a800000.ssusb: Nominal values not found.
01-01 00:09:40.810 385 385 E msm-dwc3 a800000.ssusb: Using default bus votes
01-01 00:09:40.810 385 385 E msm-dwc3 a800000.ssusb: Unable to get vbus regulator err: -19
01-01 00:09:40.810 519 519 I msm_vidc_v4l2 aa00000.qcom,vidc: secure_bitstream_cb: Adding to iommu group 23
01-01 00:09:40.811 519 519 I msm_vidc_v4l2 aa00000.qcom,vidc: secure_pixel_cb: Adding to iommu group 24
01-01 00:09:40.812 8 8 I msm-dwc3 a800000.ssusb: DWC3 exited from low power mode
01-01 00:09:40.814 423 423 I remoteproc0: 17300000.remoteproc-adsp is available
01-01 00:09:40.814 87 87 W remoteproc0: Direct firmware load for adsp.mdt failed with error -2
01-01 00:09:40.814 87 87 W remoteproc0: Falling back to sysfs fallback for: adsp.mdt
01-01 00:09:40.814 423 423 W qcom_q6v5_pas 8300000.remoteproc-cdsp: Crypto scaling not setup
01-01 00:09:40.815 579 579 E smcinvoke: smcinvoke_start_adci_thread: ADCI feature is not supported on this chipsets, ret = 2
01-01 00:09:40.815 579 579 I tzobject_delete: me->fd = 0, me->refs = 0, files = 000000005fa8b7af
01-01 00:09:40.815 579 579 W smcinvoke: smcinvoke_postprocess_kthread_func: kthread(worker_thread) processed, worker_thread type is 2
01-01 00:09:40.815 8 8 I dwc3 a800000.dwc3: Adding to iommu group 25
01-01 00:09:40.819 441 441 I coresight-stm: STM32 initialized
01-01 00:09:40.821 423 423 I remoteproc1: 8300000.remoteproc-cdsp is available
01-01 00:09:40.821 586 586 W remoteproc1: Direct firmware load for cdsp.mdt failed with error -2
01-01 00:09:40.821 586 586 W remoteproc1: Falling back to sysfs fallback for: cdsp.mdt
01-01 00:09:40.822 459 459 W : SPI driver ad2435w_spi_driver has no spi_device_id for analog,ad2435w_spi
01-01 00:09:40.823 346 346 I fastrpc soc: qcom,msm_fastrpc:qcom,msm_fastrpc_compute_cb8: Adding to iommu group 26
01-01 00:09:40.832 514 514 I qce 1de0000.qcedev: qcom_cedev_s_cb: Adding to iommu group 27
01-01 00:09:40.833 294 294 I pci 0001: 00:00.0: bridge configuration invalid ([bus 00-00]), reconfiguring
01-01 00:09:40.833 294 294 I pci 0001: 01:00.0: [10ec:8168] type 00 class 0x020000
01-01 00:09:40.833 294 294 I pci 0001: 01:00.0: reg 0x10: [io 0x0000-0x00ff]
01-01 00:09:40.834 294 294 I pci 0001: 01:00.0: reg 0x18: [mem 0x00000000-0x00000fff 64bit]
01-01 00:09:40.834 294 294 I pci 0001: 01:00.0: reg 0x20: [mem 0x00000000-0x00003fff 64bit]
01-01 00:09:40.834 294 294 I pci 0001: 01:00.0: supports D1 D2
01-01 00:09:40.834 294 294 I pci 0001: 01:00.0: PME# supported from D0 D1 D2 D3hot D3cold
01-01 00:09:40.838 346 346 I fastrpc soc: qcom,msm_fastrpc:qcom,msm_fastrpc_compute_cb9: Adding to iommu group 28
01-01 00:09:40.853 294 294 I pci_bus 0001: 01: busn_res: [bus 01-ff] end is updated to 01
01-01 00:09:40.853 294 294 I pci 0001: 00:00.0: BAR 14: assigned [mem 0x40200000-0x403fffff]
01-01 00:09:40.853 294 294 I pci 0001: 00:00.0: BAR 15: assigned [mem 0x40400000-0x405fffff 64bit pref]
01-01 00:09:40.853 294 294 I pci 0001: 00:00.0: BAR 0: assigned [mem 0x40600000-0x40600fff 64bit]
01-01 00:09:40.853 294 294 I pci 0001: 00:00.0: BAR 13: no space for [io size 0x1000]
01-01 00:09:40.853 294 294 I pci 0001: 00:00.0: BAR 13: failed to assign [io size 0x1000]
01-01 00:09:40.853 294 294 I pci 0001: 01:00.0: BAR 4: assigned [mem 0x40200000-0x40203fff 64bit]
01-01 00:09:40.853 294 294 I pci 0001: 01:00.0: BAR 2: assigned [mem 0x40204000-0x40204fff 64bit]
01-01 00:09:40.853 294 294 I pci 0001: 01:00.0: BAR 0: no space for [io size 0x0100]
01-01 00:09:40.853 294 294 I pci 0001: 01:00.0: BAR 0: failed to assign [io size 0x0100]
01-01 00:09:40.853 294 294 I pci 0001: 00:00.0: PCI bridge to [bus 01]
01-01 00:09:40.853 294 294 I pci 0001: 00:00.0: bridge window [mem 0x40200000-0x403fffff]
01-01 00:09:40.853 294 294 I pci 0001: 00:00.0: bridge window [mem 0x40400000-0x405fffff 64bit pref]
01-01 00:09:40.855 423 423 I remoteproc2: 5c00000.remoteproc-slpi is available
01-01 00:09:40.855 460 460 I cfg80211: Loading compiled-in X.509 certificates for regulatory database
01-01 00:09:40.855 447 447 I coresight-remote-etm soc: turing_etm0: Remote ETM initialized
01-01 00:09:40.855 460 460 I cfg80211: Loaded X.509 cert 'sforshee: 00b28ddf47aef9cea7'
01-01 00:09:40.855 460 460 I cfg80211: Loaded X.509 cert 'wens: 61c038651aabdcf94bd0ac7ff06c7248db18c600'
01-01 00:09:40.855 187 187 W platform regulatory.0: Direct firmware load for regulatory.db failed with error -2
01-01 00:09:40.855 187 187 W platform regulatory.0: Falling back to sysfs fallback for: regulatory.db
01-01 00:09:40.856 506 506 E videodev: __video_register_device:[debug_v4l2] nr = 8, =name is cam-req-mgr
01-01 00:09:40.856 506 506 E videodev: __video_register_device:[debug_v4l2] nr = 9, =name is cam_sync
01-01 00:09:40.856 506 506 I CAM_INFO: CAM-SYNC: cam_sync_probe: 1222 Registering with synx driver
01-01 00:09:40.856 506 506 I synx : registered bind ops type 0 for cam_sync
01-01 00:09:40.857 506 506 I msm_cam_smmu soc: qcom,cam_smmu:msm_cam_smmu_ife: Adding to iommu group 29
01-01 00:09:40.857 346 346 I fastrpc soc: qcom,msm_fastrpc:qcom,msm_fastrpc_compute_cb10: Adding to iommu group 30
01-01 00:09:40.857 294 294 I pci-msm-rc 0001: 00:00.0: Adding to iommu group 31
01-01 00:09:40.858 346 346 I fastrpc soc: qcom,msm_fastrpc:qcom,msm_fastrpc_compute_cb11: Adding to iommu group 32
01-01 00:09:40.858 294 294 E msm_pcie_enumerate: PCIe: RC1: Did not find PCIe switch.
01-01 00:09:40.858 294 294 E msm_pcie_probe: RC1 is enabled in bootup
01-01 00:09:40.859 447 447 I coresight-remote-etm soc: audio_etm0: Remote ETM initialized
01-01 00:09:40.864 507 507 I msm_cvp : warn: No gcc reg configured: -22
01-01 00:09:40.864 493 493 E OF : /soc/clock-controller@abf0000: #clock-cells = 1 found 0
01-01 00:09:40.865 493 493 E OF : /soc/clock-controller@ad00000: #clock-cells = 1 found 0
01-01 00:09:40.865 493 493 E OF : /soc/clock-controller@abf0000: #clock-cells = 1 found 0
01-01 00:09:40.865 493 493 E OF : /soc/clock-controller@ad00000: #clock-cells = 1 found 0
01-01 00:09:40.866 438 438 I coresight-tmc 6048000.tmc: Adding to iommu group 33
01-01 00:09:40.872 438 438 I coresight-tmc 6048000.tmc: setting tmc etr sw usb buf size 0x4000000
01-01 00:09:40.872 423 423 E qcom_q6v5_pas 9800000.remoteproc-npu: No regulators added!
01-01 00:09:40.872 423 423 E qcom_q6v5_pas 9800000.remoteproc-npu: IRQ wdog not found
01-01 00:09:40.872 423 423 W qcom_q6v5_pas 9800000.remoteproc-npu: wdog_irq not found in dt
01-01 00:09:40.872 423 423 E qcom_q6v5_pas 9800000.remoteproc-npu: IRQ fatal not found
01-01 00:09:40.872 423 423 W qcom_q6v5_pas 9800000.remoteproc-npu: fatal_irq not found int dt
01-01 00:09:40.872 423 423 E qcom_q6v5_pas 9800000.remoteproc-npu: IRQ ready not found
01-01 00:09:40.872 423 423 W qcom_q6v5_pas 9800000.remoteproc-npu: ready_irq not found int dt
01-01 00:09:40.872 423 423 E qcom_q6v5_pas 9800000.remoteproc-npu: IRQ handover not found
01-01 00:09:40.872 423 423 W qcom_q6v5_pas 9800000.remoteproc-npu: handover_irq not found int dt
