06-19 16:42:39.836 1694 2087 I notification_visibility: [-1|android|26|null|1000,1,833,833,0,0]
06-19 16:42:39.846 1694 3093 D CompatibilityChangeReporter: Compat change id reported: 161145287; UID 10138; state: DISABLED
06-19 16:42:39.855 1694 1729 D CountryDetector: The first listener is added
06-19 16:42:39.865 1694 1729 D CompatibilityChangeReporter: Compat change id reported: 168419799; UID 10027; state: DISABLED
06-19 16:42:39.865 1694 1729 D CompatibilityChangeReporter: Compat change id reported: 273564678; UID 10027; state: DISABLED
06-19 16:42:39.873 1694 1767 D AppWidgetServiceImpl: Provider info from ComponentInfo{com.android.systemui/com.android.systemui.people.widget.PeopleSpaceWidgetProvider} won't be persisted.
06-19 16:42:39.874 1694 3035 I StorageUserConnection: Service: [ComponentInfo{com.android.providers.media.module/com.android.providers.media.fuse.ExternalStorageServiceImpl}] connected. User [0]
06-19 16:42:39.915 3400 3400 E q6asm_find_cal_by_buf_number: Can't find ASM Cal for cal_index 0 app_type 0 buffer_number 9
06-19 16:42:39.919 3400 3400 E q6asm_find_cal_by_buf_number: Can't find ASM Cal for cal_index 2 app_type 69946 buffer_number 18
06-19 16:42:39.880 1694 1767 D CompatibilityChangeReporter: Compat change id reported: 171306433; UID 1000; state: ENABLED
06-19 16:42:39.880 1694 1767 D CompatibilityChangeReporter: Compat change id reported: 218533173; UID 1000; state: ENABLED
06-19 16:42:39.905 1694 1729 I am_uid_running: 10114
06-19 16:42:39.905 1694 1729 D CompatibilityChangeReporter: Compat change id reported: 135634846; UID 10114; state: DISABLED
06-19 16:42:39.905 1694 1729 D CompatibilityChangeReporter: Compat change id reported: 177438394; UID 10114; state: DISABLED
06-19 16:42:39.905 1694 1729 D CompatibilityChangeReporter: Compat change id reported: 135772972; UID 10114; state: DISABLED
06-19 16:42:39.906 1694 1729 D CompatibilityChangeReporter: Compat change id reported: 135754954; UID 10114; state: ENABLED
06-19 16:42:39.906 1694 1770 D CompatibilityChangeReporter: Compat change id reported: 143937733; UID 10114; state: ENABLED
06-19 16:42:39.913 1694 1770 I am_proc_start: [0,3423,10114,com.qualcomm.qtil.btdsda,broadcast,{com.qualcomm.qtil.btdsda/com.qualcomm.qtil.btdsda.BtStateReceiver}]
06-19 16:42:39.913 1694 1770 I ActivityManager: Start proc 3423:com.qualcomm.qtil.btdsda/u0a114 for broadcast {com.qualcomm.qtil.btdsda/com.qualcomm.qtil.btdsda.BtStateReceiver}
06-19 16:42:39.966 831 831 W cec-lt9611_cec: transmit timed out
06-19 16:42:39.948 1694 1729 I am_proc_bound: [0,3423,com.qualcomm.qtil.btdsda]
06-19 16:42:39.948 1694 1729 D CompatibilityChangeReporter: Compat change id reported: 168419799; UID 10114; state: DISABLED
06-19 16:42:39.948 1694 1729 D CompatibilityChangeReporter: Compat change id reported: 273564678; UID 10114; state: DISABLED
06-19 16:42:39.949 1694 1729 I am_uid_active: 10114
06-19 16:42:39.991 2254 2254 W ContextImpl: Calling a method in the system process without a qualified user: android.app.ContextImpl.startService:1863 android.content.ContextWrapper.startService:817 android.content.ContextWrapper.startService:817 vendor.qti.qesdk.sysservice.QesdkSysReceiver.onReceive:58 android.app.ActivityThread.handleReceiver:4307
06-19 16:42:39.992 1694 1729 I BroadcastQueue: BOOT_COMPLETED_BROADCAST_COMPLETION_LATENCY_REPORTED action:android.intent.action.LOCKED_BOOT_COMPLETED dispatchLatency:14 completeLatency:979 dispatchRealLatency:14 completeRealLatency:979 receiversSize:13 userId:0 userType:android.os.usertype.full.SYSTEM
06-19 16:42:39.993 1694 1729 I am_uid_running: 10052
06-19 16:42:39.993 1694 1729 D CompatibilityChangeReporter: Compat change id reported: 135634846; UID 10052; state: DISABLED
06-19 16:42:39.993 1694 1729 D CompatibilityChangeReporter: Compat change id reported: 177438394; UID 10052; state: DISABLED
06-19 16:42:39.993 1694 1729 D CompatibilityChangeReporter: Compat change id reported: 135772972; UID 10052; state: DISABLED
06-19 16:42:39.993 1694 1729 D CompatibilityChangeReporter: Compat change id reported: 135754954; UID 10052; state: ENABLED
06-19 16:42:39.993 1694 1770 D CompatibilityChangeReporter: Compat change id reported: 143937733; UID 10052; state: ENABLED
06-19 16:42:40.000 1694 1770 I am_proc_start: [0,3453,10052,com.android.traceur,broadcast,{com.android.traceur/com.android.traceur.Receiver}]
06-19 16:42:40.000 1694 1770 I ActivityManager: Start proc 3453:com.android.traceur/u0a52 for broadcast {com.android.traceur/com.android.traceur.Receiver}
06-19 16:42:40.009 1694 1729 I am_proc_bound: [0,3453,com.android.traceur]
06-19 16:42:40.010 1694 1729 D CompatibilityChangeReporter: Compat change id reported: 168419799; UID 10052; state: DISABLED
06-19 16:42:40.010 1694 1729 D CompatibilityChangeReporter: Compat change id reported: 273564678; UID 10052; state: DISABLED
06-19 16:42:40.010 1694 1729 I am_uid_active: 10052
06-19 16:42:40.124 1694 1729 D CompatibilityChangeReporter: Compat change id reported: 135634846; UID 1000; state: DISABLED
06-19 16:42:40.124 1694 1729 D CompatibilityChangeReporter: Compat change id reported: 177438394; UID 1000; state: DISABLED
06-19 16:42:40.125 1694 1729 D CompatibilityChangeReporter: Compat change id reported: 135772972; UID 1000; state: DISABLED
06-19 16:42:40.125 1694 1729 D CompatibilityChangeReporter: Compat change id reported: 135754954; UID 1000; state: DISABLED
06-19 16:42:40.131 1694 1770 I am_proc_start: [0,3496,1000,com.qualcomm.qti.qmmi,broadcast,{com.qualcomm.qti.qmmi/com.qualcomm.qti.qmmi.framework.QmmiReceiver}]
06-19 16:42:40.131 1694 1770 I ActivityManager: Start proc 3496:com.qualcomm.qti.qmmi/1000 for broadcast {com.qualcomm.qti.qmmi/com.qualcomm.qti.qmmi.framework.QmmiReceiver}
06-19 16:42:40.144 1694 1729 I am_proc_bound: [0,3496,com.qualcomm.qti.qmmi]
06-19 16:42:40.188 2684 2684 W bt_ioctl: BT_CMD_PWR_CTRL pwr_cntrl: 2
06-19 16:42:40.191 1694 1767 I am_meminfo: [1152892928,8839475200,0,451543040,579765248]
06-19 16:42:40.192 1694 1769 I am_wtf : [0,1694,system_server,-1,Binder,Outgoing transactions from this process must be FLAG_ONEWAY]
06-19 16:42:40.198 1694 1767 I am_pss : [2645,10139,android.ext.services,7878656,5042176,0,99115008,2,5,6]
06-19 16:42:40.203 1694 1729 D CompatibilityChangeReporter: Compat change id reported: 168419799; UID 10112; state: DISABLED
06-19 16:42:40.203 1694 1729 D CompatibilityChangeReporter: Compat change id reported: 273564678; UID 10112; state: DISABLED
06-19 16:42:40.208 1694 1694 D CompatibilityChangeReporter: Compat change id reported: 168419799; UID 1000; state: DISABLED
06-19 16:42:40.208 1694 1694 D CompatibilityChangeReporter: Compat change id reported: 273564678; UID 1000; state: DISABLED
06-19 16:42:40.209 1694 1694 E BootReceiver: Could not open /sys/kernel/tracing/instances/bootreceiver/trace_pipe
06-19 16:42:40.209 1694 1694 E BootReceiver: android.system.ErrnoException: open failed: ENOENT (No such file or directory)
06-19 16:42:40.209 1694 1694 E BootReceiver: at libcore.io.Linux.open(Native Method)
06-19 16:42:40.209 1694 1694 E BootReceiver: at libcore.io.ForwardingOs.open(ForwardingOs.java:563)
06-19 16:42:40.209 1694 1694 E BootReceiver: at libcore.io.BlockGuardOs.open(BlockGuardOs.java:274)
06-19 16:42:40.209 1694 1694 E BootReceiver: at android.system.Os.open(Os.java:494)
06-19 16:42:40.209 1694 1694 E BootReceiver: at com.android.server.BootReceiver.onReceive(BootReceiver.java:162)
06-19 16:42:40.209 1694 1694 E BootReceiver: at android.app.ActivityThread.handleReceiver(ActivityThread.java:4307)
06-19 16:42:40.209 1694 1694 E BootReceiver: at android.app.ActivityThread.-$$Nest$mhandleReceiver(Unknown Source:0)
06-19 16:42:40.209 1694 1694 E BootReceiver: at android.app.ActivityThread$H.handleMessage(ActivityThread.java:2153)
06-19 16:42:40.209 1694 1694 E BootReceiver: at android.os.Handler.dispatchMessage(Handler.java:106)
06-19 16:42:40.209 1694 1694 E BootReceiver: at android.os.Looper.loopOnce(Looper.java:201)
06-19 16:42:40.209 1694 1694 E BootReceiver: at android.os.Looper.loop(Looper.java:288)
06-19 16:42:40.209 1694 1694 E BootReceiver: at com.android.server.SystemServer.run(SystemServer.java:976)
06-19 16:42:40.209 1694 1694 E BootReceiver: at com.android.server.SystemServer.main(SystemServer.java:661)
06-19 16:42:40.209 1694 1694 E BootReceiver: at java.lang.reflect.Method.invoke(Native Method)
06-19 16:42:40.209 1694 1694 E BootReceiver: at com.android.internal.os.RuntimeInit$MethodAndArgsCaller.run(RuntimeInit.java:548)
06-19 16:42:40.209 1694 1694 E BootReceiver: at com.android.internal.os.ZygoteInit.main(ZygoteInit.java:920)
06-19 16:42:40.210 1694 1769 I am_wtf : [0,1694,system_server,-1,BootReceiver,open failed: ENOENT (No such file or directory)]
06-19 16:42:40.211 1694 3545 I DropBoxManagerService: add tag=SYSTEM_BOOT isTagEnabled=true flags=0x2
06-19 16:42:40.212 1694 1767 I am_pss : [2156,1002,com.android.bluetooth,26906624,21790720,0,132493312,2,0,8]
06-19 16:42:40.213 1694 3545 I BootReceiver: Copying audit failures to DropBox
06-19 16:42:40.214 1694 3545 I BootReceiver: Checking for fsck errors
06-19 16:42:40.215 1694 3545 I BootReceiver: fs_stat, partition:persist stat:0x3
06-19 16:42:40.215 1694 3545 I BootReceiver: fs_stat, partition:secure stat:0x3
06-19 16:42:40.215 1694 3545 I BootReceiver: fs_stat, partition:eeprom stat:0x3
06-19 16:42:40.215 1694 3545 I BootReceiver: fs_stat, partition:buildroot stat:0x3
06-19 16:42:40.215 1694 3545 I BootReceiver: fs_stat, partition:dsp_a stat:0x3
06-19 16:42:40.218 1694 3545 I commit_sys_config_file: [log-files,2627]
06-19 16:42:40.219 1694 3545 I am_uid_active: 10027
06-19 16:42:40.222 1694 1767 I am_pss : [2508,10102,com.android.launcher3,38446080,29003776,0,157532160,2,5,8]
06-19 16:42:40.230 1694 1767 I am_pss : [2355,10124,com.qti.qcc,10241024,6963200,0,102445056,2,0,6]
06-19 16:42:40.230 1694 1729 W ActivityManager: Unable to start service Intent { cmp=com.android.bluetooth/.hfpclient.connserv.HfpClientConnectionService } U=0: not found
06-19 16:42:40.233 3171 3171 W ContextImpl: Calling a method in the system process without a qualified user: android.app.ContextImpl.startService:1863 android.content.ContextWrapper.startService:817 android.content.ContextWrapper.startService:817 com.qualcomm.qti.services.secureui.BootReceiver.onReceive:30 android.app.ActivityThread.handleReceiver:4307
06-19 16:42:40.234 1694 1729 D CompatibilityChangeReporter: Compat change id reported: 168419799; UID 10091; state: DISABLED
06-19 16:42:40.234 1694 1729 D CompatibilityChangeReporter: Compat change id reported: 273564678; UID 10091; state: DISABLED
06-19 16:42:40.236 1694 1767 I am_pss : [2299,10112,com.qti.phone,5856256,3543040,0,90755072,2,0,6]
06-19 16:42:40.237 1694 1729 D CompatibilityChangeReporter: Compat change id reported: 161145287; UID 1000; state: DISABLED
06-19 16:42:40.242 1694 1767 I am_pss : [2257,1068,com.android.se,6513664,3952640,0,94244864,2,0,6]
06-19 16:42:40.245 1694 2364 D CompatibilityChangeReporter: Compat change id reported: 168419799; UID 10062; state: DISABLED
06-19 16:42:40.245 1694 2364 D CompatibilityChangeReporter: Compat change id reported: 273564678; UID 10062; state: DISABLED
06-19 16:42:40.247 1694 1729 D CompatibilityChangeReporter: Compat change id reported: 161145287; UID 10091; state: DISABLED
06-19 16:42:40.249 1694 1767 I am_pss : [2251,10099,com.qualcomm.qtil.aptxals,9325568,6295552,0,101429248,2,0,6]
06-19 16:42:40.292 397 397 W qcom-bwmon: Zone thres larger than hw limit: hi:72090 med:19661 lo:0
06-19 16:42:40.252 1694 2350 I MediaSessionStack: addSession to bottom of stack | record: com.android.bluetooth/BluetoothMediaBrowserService (userId=0)
06-19 16:42:40.254 1694 1694 I notification_cancel_all: [1002,2156,com.android.bluetooth,0,0,64,9,NULL]
06-19 16:42:40.255 1694 1767 I am_pss : [2254,1000,vendor.qti.qesdk.sysservice,5995520,3571712,0,92565504,2,0,5]
06-19 16:42:40.262 1694 1767 I am_pss : [2245,10116,com.qualcomm.qtil.aptxacu,9627648,7221248,0,95977472,2,0,5]
06-19 16:42:40.263 1694 1729 D CompatibilityChangeReporter: Compat change id reported: 168419799; UID 10114; state: DISABLED
06-19 16:42:40.264 1694 1729 D CompatibilityChangeReporter: Compat change id reported: 273564678; UID 10114; state: DISABLED
06-19 16:42:40.269 1694 1767 I am_pss : [2220,1001,.dataservices,6645760,4313088,0,91222016,2,0,6]
06-19 16:42:40.272 1694 2350 D CompatibilityChangeReporter: Compat change id reported: 161145287; UID 10114; state: DISABLED
06-19 16:42:40.277 1694 1767 I am_pss : [2153,1073,com.android.networkstack.process,10958848,7962624,0,103247872,2,0,7]
06-19 16:42:40.289 1694 1767 I am_pss : [2096,10110,com.android.systemui,196699136,177184768,0,338579456,2,1,11]
06-19 16:42:40.310 1694 1767 I am_pss : [1694,1000,system,222508032,123080704,0,535318528,2,0,20]
06-19 16:42:40.360 1694 1694 I Telecom : BluetoothDeviceManager: Got BluetoothHearingAid: android.bluetooth.BluetoothHearingAid@1866656: BMSL.oSC@ABc
06-19 16:42:40.587 0 0 I [ C4] r8168: eth0: link up
06-19 16:42:40.588 649 649 I IPv6 : ADDRCONF(NETDEV_CHANGE): eth0: link becomes ready
06-19 16:42:40.564 1694 1729 D CompatibilityChangeReporter: Compat change id reported: 171306433; UID 1073; state: ENABLED
06-19 16:42:40.564 1694 1729 D CompatibilityChangeReporter: Compat change id reported: 218533173; UID 1073; state: ENABLED
06-19 16:42:40.791 1694 1729 D PackageManager: Instant App installer not found with android.intent.action.INSTALL_INSTANT_APP_PACKAGE
06-19 16:42:40.791 1694 1729 D PackageManager: Clear ephemeral installer activity
06-19 16:42:40.792 1694 1729 I AppsFilter: interaction: PackageSetting{377ced5 com.crestron.home/10062} -> PackageSetting{8c626ea us.zoom.zoompresence/10063} BLOCKED
06-19 16:42:40.792 1694 1729 I AppsFilter: interaction: PackageSetting{f360ddb com.crestron.byod.display/10054} -> PackageSetting{8c626ea us.zoom.zoompresence/10063} BLOCKED
06-19 16:42:40.795 1694 1757 I sysui_multi_action: [757,803,799,window_time_0,802,1]
06-19 16:42:40.796 1694 1694 I notification_cancel_all: [1000,1694,us.zoom.zoompresence,0,0,0,5,NULL]
06-19 16:42:40.796 1694 3046 E TaskPersister: File error accessing recents directory (directory doesn't exist?).
06-19 16:42:40.798 1694 1694 I Telecom : DefaultDialerCache: Refreshing default dialer for user 0: now null: DDC.oR@ABg
06-19 16:42:40.799 1694 1757 D CompatibilityChangeReporter: Compat change id reported: 168419799; UID 10136; state: DISABLED
06-19 16:42:40.799 1694 1757 D CompatibilityChangeReporter: Compat change id reported: 273564678; UID 10136; state: DISABLED
06-19 16:42:40.811 1694 1767 W VoiceInteractionManager: no available voice recognition services found for user 0
06-19 16:42:40.819 1694 2350 D CompatibilityChangeReporter: Compat change id reported: 161145287; UID 10136; state: DISABLED
06-19 16:42:40.822 1694 2225 D PackageManager: Instant App installer not found with android.intent.action.INSTALL_INSTANT_APP_PACKAGE
06-19 16:42:40.822 1694 2225 D PackageManager: Clear ephemeral installer activity
06-19 16:42:40.823 1694 2225 I AppsFilter: interaction: PackageSetting{377ced5 com.crestron.home/10062} -> PackageSetting{74cd5a1 com.crestron.zdm.client/10036} BLOCKED
06-19 16:42:40.823 1694 2225 I AppsFilter: interaction: PackageSetting{f360ddb com.crestron.byod.display/10054} -> PackageSetting{74cd5a1 com.crestron.zdm.client/10036} BLOCKED
06-19 16:42:40.824 1694 1694 I notification_cancel_all: [1000,1694,com.crestron.zdm.client,0,0,0,5,NULL]
06-19 16:42:40.825 1694 1694 I Telecom : DefaultDialerCache: Refreshing default dialer for user 0: now null: DDC.oR@ABk
06-19 16:42:40.831 1694 1767 W VoiceInteractionManager: no available voice recognition services found for user 0
06-19 16:42:40.839 1694 2350 D PackageManager: Instant App installer not found with android.intent.action.INSTALL_INSTANT_APP_PACKAGE
06-19 16:42:40.839 1694 2350 D PackageManager: Clear ephemeral installer activity
06-19 16:42:40.840 1694 2350 I AppsFilter: interaction: PackageSetting{377ced5 com.crestron.home/10062} -> PackageSetting{6f0f55a com.microsoft.skype.teams.ipphone/10042} BLOCKED
06-19 16:42:40.840 1694 2350 I AppsFilter: interaction: PackageSetting{f360ddb com.crestron.byod.display/10054} -> PackageSetting{6f0f55a com.microsoft.skype.teams.ipphone/10042} BLOCKED
06-19 16:42:40.846 1694 1694 I Telecom : DefaultDialerCache: Refreshing default dialer for user 0: now null: DDC.oR@ABo
06-19 16:42:40.865 1694 1767 W VoiceInteractionManager: no available voice recognition services found for user 0
06-19 16:42:40.866 1694 2225 D PackageManager: Instant App installer not found with android.intent.action.INSTALL_INSTANT_APP_PACKAGE
06-19 16:42:40.866 1694 2225 D PackageManager: Clear ephemeral installer activity
06-19 16:42:40.867 1694 2225 I AppsFilter: interaction: PackageSetting{377ced5 com.crestron.home/10062} -> PackageSetting{a218b61 com.azure.authenticator/10041} BLOCKED
06-19 16:42:40.867 1694 2225 I AppsFilter: interaction: PackageSetting{f360ddb com.crestron.byod.display/10054} -> PackageSetting{a218b61 com.azure.authenticator/10041} BLOCKED
06-19 16:42:40.874 1694 1694 I Telecom : DefaultDialerCache: Refreshing default dialer for user 0: now null: DDC.oR@ABs
06-19 16:42:40.877 760 760 I vold : Bind mounting //data/media/0/Android/data on /mnt/user/0/emulated/0/Android/data
06-19 16:42:40.878 760 760 I vold : Bind mounted //data/media/0/Android/data on /mnt/user/0/emulated/0/Android/data
06-19 16:42:40.878 760 760 I vold : Bind mounting //data/media/0/Android/obb on /mnt/user/0/emulated/0/Android/obb
06-19 16:42:40.879 760 760 I vold : Bind mounted //data/media/0/Android/obb on /mnt/user/0/emulated/0/Android/obb
06-19 16:42:40.879 760 760 I vold : Configuring read_ahead of /mnt/user/0/emulated fuse filesystem to 256kb
06-19 16:42:40.879 760 760 I vold : Writing 256 to /sys/class/bdi/0:107/read_ahead_kb
06-19 16:42:40.879 760 760 I vold : Configuring max_ratio of /mnt/user/0/emulated fuse filesystem to 40
06-19 16:42:40.879 760 760 I vold : Writing 40 to /sys/class/bdi/0:107/max_ratio
06-19 16:42:40.881 1694 1947 I StorageManagerService: Mounted volume VolumeInfo{emulated;0}:
06-19 16:42:40.881 1694 1947 I StorageManagerService: type=EMULATED diskId=null partGuid= mountFlags=PRIMARY|VISIBLE_FOR_WRITE
06-19 16:42:40.881 1694 1947 I StorageManagerService: mountUserId=0 state=MOUNTED
06-19 16:42:40.881 1694 1947 I StorageManagerService: fsType=null fsUuid=null fsLabel=null
06-19 16:42:40.881 1694 1947 I StorageManagerService: path=/storage/emulated internalPath=/data/media
06-19 16:42:40.881 1694 2364 D PackageManager: Instant App installer not found with android.intent.action.INSTALL_INSTANT_APP_PACKAGE
06-19 16:42:40.881 1694 2364 D PackageManager: Clear ephemeral installer activity
06-19 16:42:40.881 1694 1947 I StorageSessionController: Notifying volume state changed for session with id: emulated;0
06-19 16:42:40.882 1694 2364 I AppsFilter: interaction: PackageSetting{377ced5 com.crestron.home/10062} -> PackageSetting{a8d8cd3 com.microsoft.intune.aospagent/10028} BLOCKED
06-19 16:42:40.884 1694 2364 I AppsFilter: interaction: PackageSetting{f360ddb com.crestron.byod.display/10054} -> PackageSetting{a8d8cd3 com.microsoft.intune.aospagent/10028} BLOCKED
06-19 16:42:40.885 1694 1947 I StorageSessionController: Notifying volume state changed for session with id: emulated;0
06-19 16:42:40.892 1694 1947 I StorageSessionController: Notifying volume state changed for session with id: emulated;0
06-19 16:42:40.893 1694 1728 D CompatibilityChangeReporter: Compat change id reported: 194532703; UID 10138; state: ENABLED
06-19 16:42:40.893 1694 1694 I Telecom : DefaultDialerCache: Refreshing default dialer for user 0: now null: DDC.oR@ABw
06-19 16:42:40.895 1694 1728 D CompatibilityChangeReporter: Compat change id reported: 168419799; UID 10138; state: DISABLED
06-19 16:42:40.895 1694 1728 D CompatibilityChangeReporter: Compat change id reported: 273564678; UID 10138; state: DISABLED
06-19 16:42:40.897 1694 1728 D CompatibilityChangeReporter: Compat change id reported: 197654537; UID 10062; state: ENABLED
06-19 16:42:40.936 3699 3699 I EXT4-fs (dm-10): re-mounted. Opts: discard. Quota mode: none.
06-19 16:42:40.898 1694 1947 D StorageManagerService: Volume emulated;0 broadcasting checking to UserHandle{0}
06-19 16:42:40.898 1694 1947 D StorageManagerService: Volume emulated;0 broadcasting mounted to UserHandle{0}
06-19 16:42:40.900 1694 1769 I am_uid_running: 10039
06-19 16:42:40.900 1694 1769 D CompatibilityChangeReporter: Compat change id reported: 135634846; UID 10039; state: DISABLED
06-19 16:42:40.900 1694 1769 D CompatibilityChangeReporter: Compat change id reported: 177438394; UID 10039; state: DISABLED
06-19 16:42:40.900 1694 1769 D CompatibilityChangeReporter: Compat change id reported: 135772972; UID 10039; state: DISABLED
06-19 16:42:40.900 1694 1769 D CompatibilityChangeReporter: Compat change id reported: 135754954; UID 10039; state: ENABLED
06-19 16:42:40.901 1694 1770 D CompatibilityChangeReporter: Compat change id reported: 143937733; UID 10039; state: ENABLED
06-19 16:42:40.908 1694 1770 I am_proc_start: [0,3709,10039,com.android.externalstorage,broadcast,{com.android.externalstorage/com.android.externalstorage.MountReceiver}]
06-19 16:42:40.908 1694 1770 I ActivityManager: Start proc 3709:com.android.externalstorage/u0a39 for broadcast {com.android.externalstorage/com.android.externalstorage.MountReceiver}
06-19 16:42:40.910 1694 1729 D CompatibilityChangeReporter: Compat change id reported: 161252188; UID 10060; state: DISABLED
06-19 16:42:40.910 1694 1729 I ActivityTaskManager: START u0 {act=android.intent.action.MAIN cat=[android.intent.category.LAUNCHER] flg=0x10000000 pkg=com.crestron.splash cmp=com.crestron.splash/.Splash} from uid 10062
06-19 16:42:40.910 1694 1729 D CompatibilityChangeReporter: Compat change id reported: 265464455; UID 10060; state: DISABLED
06-19 16:42:40.910 1694 1729 D CompatibilityChangeReporter: Compat change id reported: 265452344; UID 10060; state: DISABLED
06-19 16:42:40.910 1694 1729 D CompatibilityChangeReporter: Compat change id reported: 266124927; UID 10060; state: DISABLED
06-19 16:42:40.910 1694 1729 D CompatibilityChangeReporter: Compat change id reported: 265451093; UID 10060; state: DISABLED
06-19 16:42:40.910 1694 1729 D CompatibilityChangeReporter: Compat change id reported: 265456536; UID 10060; state: DISABLED
06-19 16:42:40.910 1694 1729 D CompatibilityChangeReporter: Compat change id reported: 255940284; UID 10060; state: DISABLED
06-19 16:42:40.911 1694 1729 D CompatibilityChangeReporter: Compat change id reported: 236283604; UID 10060; state: DISABLED
06-19 16:42:40.911 1694 1729 D CompatibilityChangeReporter: Compat change id reported: 263959004; UID 10060; state: DISABLED
06-19 16:42:40.911 1694 1729 D CompatibilityChangeReporter: Compat change id reported: 264304459; UID 10060; state: DISABLED
06-19 16:42:40.911 1694 1729 D CompatibilityChangeReporter: Compat change id reported: 264301586; UID 10060; state: DISABLED
06-19 16:42:40.911 1694 1729 D CompatibilityChangeReporter: Compat change id reported: 254631730; UID 10060; state: DISABLED
06-19 16:42:40.911 1694 1729 D CompatibilityChangeReporter: Compat change id reported: 273509367; UID 10060; state: DISABLED
06-19 16:42:40.911 1694 1729 D CompatibilityChangeReporter: Compat change id reported: 263259275; UID 10060; state: DISABLED
06-19 16:42:40.912 1694 1729 D CompatibilityChangeReporter: Compat change id reported: 194480991; UID 10060; state: ENABLED
06-19 16:42:40.912 1694 1767 W VoiceInteractionManager: no available voice recognition services found for user 0
06-19 16:42:40.912 1694 1729 D CompatibilityChangeReporter: Compat change id reported: 174042980; UID 10060; state: DISABLED
06-19 16:42:40.913 1694 1729 I wm_task_created: [24,-1]
06-19 16:42:40.914 1694 1729 D CompatibilityChangeReporter: Compat change id reported: 184838306; UID 10060; state: DISABLED
06-19 16:42:40.915 1694 1729 D CompatibilityChangeReporter: Compat change id reported: 185004937; UID 10060; state: DISABLED
06-19 16:42:40.915 1694 1729 D CompatibilityChangeReporter: Compat change id reported: 181136395; UID 10060; state: DISABLED
06-19 16:42:40.915 1694 1729 D CompatibilityChangeReporter: Compat change id reported: 174042936; UID 10060; state: DISABLED
06-19 16:42:40.915 1694 1729 D CompatibilityChangeReporter: Compat change id reported: 197654537; UID 10060; state: DISABLED
06-19 16:42:40.916 1694 1729 I wm_task_moved: [24,1,2]
06-19 16:42:40.916 1694 1729 I wm_task_to_front: [0,24]
06-19 16:42:40.916 1694 1729 I wm_create_task: [0,24]
06-19 16:42:40.916 1694 1729 I wm_create_activity: [0,248402598,24,com.crestron.splash/.Splash,android.intent.action.MAIN,NULL,NULL,276824064]
06-19 16:42:40.916 1694 1729 I wm_task_moved: [24,1,2]
06-19 16:42:40.917 1694 1729 I wm_pause_activity: [0,50074075,com.crestron.home/.Home,userLeaving=true,pauseBackTasks]
06-19 16:42:40.918 1694 1729 D CompatibilityChangeReporter: Compat change id reported: 194833441; UID 10060; state: DISABLED
06-19 16:42:40.919 3269 3269 I wm_on_create_called: [50074075,com.crestron.home.Home,performCreate]
06-19 16:42:40.920 1694 1760 I am_uid_running: 10060
06-19 16:42:40.920 1694 1760 D CompatibilityChangeReporter: Compat change id reported: 135634846; UID 10060; state: DISABLED
06-19 16:42:40.920 1694 1760 D CompatibilityChangeReporter: Compat change id reported: 177438394; UID 10060; state: DISABLED
06-19 16:42:40.920 1694 1760 D CompatibilityChangeReporter: Compat change id reported: 135772972; UID 10060; state: DISABLED
06-19 16:42:40.920 1694 1760 D CompatibilityChangeReporter: Compat change id reported: 135754954; UID 10060; state: DISABLED
06-19 16:42:40.920 1694 1760 D WindowManager: framework set brightness value = NaN
06-19 16:42:40.921 3269 3269 I wm_on_start_called: [50074075,com.crestron.home.Home,handleStartActivity]
06-19 16:42:40.921 1694 1770 D CompatibilityChangeReporter: Compat change id reported: 143937733; UID 10060; state: DISABLED
06-19 16:42:40.922 1694 1767 W VoiceInteractionManager: no available voice recognition services found for user 0
06-19 16:42:40.923 3269 3269 I wm_on_resume_called: [50074075,com.crestron.home.Home,RESUME_ACTIVITY]
06-19 16:42:40.928 1694 1770 I am_proc_start: [0,3730,10060,.SplashWindow,next-top-activity,{com.crestron.splash/com.crestron.splash.Splash}]
06-19 16:42:40.928 1694 1729 D PackageManager: Instant App installer not found with android.intent.action.INSTALL_INSTANT_APP_PACKAGE
06-19 16:42:40.928 1694 1729 D PackageManager: Clear ephemeral installer activity
06-19 16:42:40.928 1694 1770 I ActivityManager: Start proc 3730:.SplashWindow/u0a60 for next-top-activity {com.crestron.splash/com.crestron.splash.Splash}
06-19 16:42:40.929 1694 3731 W ContextImpl: Calling a method in the system process without a qualified user: android.app.ContextImpl.sendBroadcast:1189 com.qualcomm.qti.Performance$SendGameLaunchBroadcast.run:248 java.lang.Thread.run:1012
06-19 16:42:40.932 1694 1729 I AppsFilter: interaction: PackageSetting{377ced5 com.crestron.home/10062} -> PackageSetting{cd141ea com.microsoft.teams.ipphone.admin.agent/10064} BLOCKED
06-19 16:42:40.933 1694 2087 I am_proc_bound: [0,3709,com.android.externalstorage]
06-19 16:42:40.933 1694 2087 D CompatibilityChangeReporter: Compat change id reported: 168419799; UID 10039; state: DISABLED
06-19 16:42:40.933 1694 2087 D CompatibilityChangeReporter: Compat change id reported: 273564678; UID 10039; state: DISABLED
06-19 16:42:40.934 1694 2087 I wm_add_to_stopping: [0,50074075,com.crestron.home/.Home,makeInvisible]
06-19 16:42:40.935 1694 1760 I wm_destroy_activity: [0,165858576,2,com.android.settings/.FallbackHome,finish-idle]
06-19 16:42:40.937 2368 2368 I wm_on_stop_called: [165858576,com.android.settings.FallbackHome,LIFECYCLER_STOP_ACTIVITY]
06-19 16:42:40.976 3735 3735 E EXT4-fs (dm-10): Unrecognized mount option "r0" or missing value
06-19 16:42:40.938 1694 1728 W WindowManager: Failed looking up window session=Session{f9df292 3269:u0a10062} callers=com.android.server.wm.WindowManagerService.windowForClientLocked:6072 com.android.server.wm.Session.updateRequestedVisibilities:701 android.view.IWindowSession$Stub.onTransact:1075
06-19 16:42:40.939 1694 1729 I AppsFilter: interaction: PackageSetting{f360ddb com.crestron.byod.display/10054} -> PackageSetting{cd141ea com.microsoft.teams.ipphone.admin.agent/10064} BLOCKED
06-19 16:42:40.939 1694 1728 D CompatibilityChangeReporter: Compat change id reported: 149924527; UID 10138; state: ENABLED
06-19 16:42:40.939 1694 1728 D CompatibilityChangeReporter: Compat change id reported: 132649864; UID 10138; state: DISABLED
06-19 16:42:40.940 1694 1729 D CoreBackPreview: Window{bb4428e u0 com.crestron.home/com.crestron.home.Home}: Setting back callback OnBackInvokedCallbackInfo{mCallback=android.window.IOnBackInvokedCallback$Stub$Proxy@dad7e45, mPriority=0}
06-19 16:42:40.941 3269 3269 I wm_on_top_resumed_gained_called: [50074075,com.crestron.home.Home,topStateChangedWhenResumed]
06-19 16:42:40.944 1694 1694 I Telecom : DefaultDialerCache: Refreshing default dialer for user 0: now null: DDC.oR@AB0
06-19 16:42:40.945 3269 3269 I wm_on_top_resumed_lost_called: [50074075,com.crestron.home.Home,topStateChangedWhenResumed]
06-19 16:42:40.945 1694 2225 D CompatibilityChangeReporter: Compat change id reported: 182734110; UID 10138; state: ENABLED
06-19 16:42:40.946 3269 3269 I wm_on_paused_called: [50074075,com.crestron.home.Home,performPause]
06-19 16:42:40.948 1694 1757 I sysui_multi_action: [757,803,799,window_time_0,802,0]
06-19 16:42:40.948 1694 1760 I wm_stop_activity: [0,50074075,com.crestron.home/.Home]
06-19 16:42:40.951 1694 2225 D CoreBackPreview: Window{34cc917 u0 com.android.settings/com.android.settings.FallbackHome}: Setting back callback null
06-19 16:42:40.952 2368 2368 I wm_on_destroy_called: [165858576,com.android.settings.FallbackHome,performDestroy]
06-19 16:42:40.955 1694 1760 D WindowManager: framework set brightness value = NaN
06-19 16:42:40.956 1694 1760 D WindowManager: framework set brightness value = NaN
06-19 16:42:40.959 1694 1728 D PackageManager: Instant App installer not found with android.intent.action.INSTALL_INSTANT_APP_PACKAGE
06-19 16:42:40.959 1694 1728 D PackageManager: Clear ephemeral installer activity
06-19 16:42:40.959 1694 1728 I AppsFilter: interaction: PackageSetting{377ced5 com.crestron.home/10062} -> PackageSetting{c72eba2 com.microsoft.teams.ipphone.partner.agent/10053} BLOCKED
06-19 16:42:40.959 1694 1728 I AppsFilter: interaction: PackageSetting{f360ddb com.crestron.byod.display/10054} -> PackageSetting{c72eba2 com.microsoft.teams.ipphone.partner.agent/10053} BLOCKED
06-19 16:42:40.964 1694 1694 I Telecom : DefaultDialerCache: Refreshing default dialer for user 0: now null: DDC.oR@AB4
06-19 16:42:40.975 1694 2225 D PackageManager: Instant App installer not found with android.intent.action.INSTALL_INSTANT_APP_PACKAGE
06-19 16:42:40.975 1694 2225 D PackageManager: Clear ephemeral installer activity
06-19 16:42:40.976 1694 1767 W VoiceInteractionManager: no available voice recognition services found for user 0
06-19 16:42:40.979 1694 1694 I Telecom : DefaultDialerCache: Refreshing default dialer for user 0: now null: DDC.oR@AB8
06-19 16:42:40.988 1694 1729 I am_proc_bound: [0,3730,.SplashWindow]
06-19 16:42:40.989 1694 1767 W VoiceInteractionManager: no available voice recognition services found for user 0
06-19 16:42:40.991 1694 1729 D CompatibilityChangeReporter: Compat change id reported: 168419799; UID 10060; state: DISABLED
06-19 16:42:40.991 1694 1729 D CompatibilityChangeReporter: Compat change id reported: 273564678; UID 10060; state: DISABLED
06-19 16:42:40.992 1694 1729 I wm_restart_activity: [0,248402598,24,com.crestron.splash/.Splash]
06-19 16:42:40.992 1694 1729 I wm_set_resumed_activity: [0,com.crestron.splash/.Splash,minimalResumeActivityLocked - onActivityStateChanged]
06-19 16:42:40.993 1694 1760 I am_uid_active: 10060
06-19 16:42:40.994 1694 1760 D WindowManager: framework set brightness value = NaN
06-19 16:42:40.995 1694 2225 D PackageManager: Instant App installer not found with android.intent.action.INSTALL_INSTANT_APP_PACKAGE
06-19 16:42:40.995 1694 2225 D PackageManager: Clear ephemeral installer activity
06-19 16:42:40.996 1694 1767 W VoiceInteractionManager: no available voice recognition services found for user 0
06-19 16:42:41.000 1694 1694 I Telecom : DefaultDialerCache: Refreshing default dialer for user 0: now null: DDC.oR@ACA
06-19 16:42:41.007 1694 1767 W VoiceInteractionManager: no available voice recognition services found for user 0
06-19 16:42:41.025 1694 2225 D CompatibilityChangeReporter: Compat change id reported: 194532703; UID 10027; state: ENABLED
06-19 16:42:41.027 3730 3730 I wm_on_create_called: [248402598,com.crestron.splash.Splash,performCreate]
06-19 16:42:41.027 3730 3730 I wm_on_start_called: [248402598,com.crestron.splash.Splash,handleStartActivity]
06-19 16:42:41.029 1694 2087 D CompatibilityChangeReporter: Compat change id reported: 135634846; UID 10060; state: DISABLED
06-19 16:42:41.029 1694 2087 D CompatibilityChangeReporter: Compat change id reported: 177438394; UID 10060; state: DISABLED
06-19 16:42:41.029 1694 2087 D CompatibilityChangeReporter: Compat change id reported: 135772972; UID 10060; state: DISABLED
06-19 16:42:41.029 1694 2087 D CompatibilityChangeReporter: Compat change id reported: 135754954; UID 10060; state: DISABLED
06-19 16:42:41.029 1694 1770 D CompatibilityChangeReporter: Compat change id reported: 143937733; UID 10060; state: DISABLED
06-19 16:42:41.030 1694 2087 I am_uid_running: 10095
06-19 16:42:41.030 1694 2087 D CompatibilityChangeReporter: Compat change id reported: 135634846; UID 10095; state: DISABLED
06-19 16:42:41.030 1694 2087 D CompatibilityChangeReporter: Compat change id reported: 177438394; UID 10095; state: DISABLED
06-19 16:42:41.030 1694 2087 D CompatibilityChangeReporter: Compat change id reported: 135772972; UID 10095; state: DISABLED
06-19 16:42:41.030 1694 2087 D CompatibilityChangeReporter: Compat change id reported: 135754954; UID 10095; state: ENABLED
06-19 16:42:41.030 1694 2225 D CompatibilityChangeReporter: Compat change id reported: 161145287; UID 10060; state: DISABLED
06-19 16:42:41.031 3730 3730 I wm_on_resume_called: [248402598,com.crestron.splash.Splash,RESUME_ACTIVITY]
06-19 16:42:41.039 1694 1770 I am_proc_start: [0,3801,10060,.SplashAppServer,service,{com.crestron.splash/com.crestron.splash.SplashService}]
06-19 16:42:41.039 1694 1770 I ActivityManager: Start proc 3801:.SplashAppServer/u0a60 for service {com.crestron.splash/com.crestron.splash.SplashService}
06-19 16:42:41.039 1694 1770 D CompatibilityChangeReporter: Compat change id reported: 143937733; UID 10095; state: ENABLED
06-19 16:42:41.040 1694 1760 D WindowManager: framework set brightness value = NaN
06-19 16:42:41.041 1694 2087 W WindowManager: Failed looking up window session=Session{fc2beff 3730:u0a10060} callers=com.android.server.wm.WindowManagerService.windowForClientLocked:6072 com.android.server.wm.Session.updateRequestedVisibilities:701 android.view.IWindowSession$Stub.onTransact:1075
06-19 16:42:41.042 1694 2087 D CoreBackPreview: Window{132caf6 u0 com.crestron.splash/com.crestron.splash.Splash}: Setting back callback OnBackInvokedCallbackInfo{mCallback=android.window.IOnBackInvokedCallback$Stub$Proxy@b755164, mPriority=0}
06-19 16:42:41.042 3730 3730 I wm_on_top_resumed_gained_called: [248402598,com.crestron.splash.Splash,topStateChangedWhenResumed]
06-19 16:42:41.090 2467 2467 I [schedu][0x1f11bd4c][16:42:41.050072] wlan: [2467:I:OSIF] vdev 0, scan id 40961 type COMPLETED(1) reason COMPLETED(1) scan found 96 bss
06-19 16:42:41.046 1694 1760 D WindowManager: framework set brightness value = NaN
06-19 16:42:41.047 1694 1761 I input_focus: [Focus request 132caf6 com.crestron.splash/com.crestron.splash.Splash,reason=UpdateInputWindows]
06-19 16:42:41.052 1694 2225 D CompatibilityChangeReporter: Compat change id reported: 161145287; UID 10062; state: DISABLED
06-19 16:42:41.080 1694 2087 I am_proc_bound: [0,3801,.SplashAppServer]
06-19 16:42:41.083 1694 1770 W ActivityManager: Slow operation: 54ms so far, now at startProcess: returned from zygote!
06-19 16:42:41.087 1694 1761 I wm_wallpaper_surface: [0,0,null]
06-19 16:42:41.088 1694 1757 I sysui_multi_action: [319,1681,322,1680,325,14,757,761,758,7,759,2,806,com.crestron.splash,871,com.crestron.splash.Splash,904,com.crestron.home,905,0,945,1587,1320,4,1321,2]
06-19 16:42:41.089 1694 1757 I wm_activity_launch_time: [0,248402598,com.crestron.splash/.Splash,1680]
06-19 16:42:41.091 1694 1760 D WindowManager: framework set brightness value = NaN
06-19 16:42:41.091 1694 1760 D WindowManager: framework set brightness value = NaN
06-19 16:42:41.095 1694 1770 W ActivityManager: Slow operation: 65ms so far, now at startProcess: done updating battery stats
06-19 16:42:41.095 1694 1770 I am_proc_start: [0,3827,10095,com.qti.ltebc,broadcast,{com.qti.ltebc/com.qualcomm.ltebc.LTEBroadcastReceiver}]
06-19 16:42:41.095 1694 1770 W ActivityManager: Slow operation: 65ms so far, now at startProcess: building log message
06-19 16:42:41.095 1694 1770 I ActivityManager: Start proc 3827:com.qti.ltebc/u0a95 for broadcast {com.qti.ltebc/com.qualcomm.ltebc.LTEBroadcastReceiver}
06-19 16:42:41.095 1694 1770 W ActivityManager: Slow operation: 65ms so far, now at startProcess: starting to update pids map
06-19 16:42:41.095 1694 1761 I wm_task_removed: [2,cleanUpResourcesForDestroy]
06-19 16:42:41.096 1694 1939 I input_focus: [Focus entering 132caf6 com.crestron.splash/com.crestron.splash.Splash (server),reason=Window became focusable. Previous reason: NOT_VISIBLE]
06-19 16:42:41.097 1694 1761 I wm_task_removed: [2,removeChild:removeChild last r=ActivityRecord{9e2cd10 u0 com.android.settings/.FallbackHome} t-1 f}} in t=Task{18bbbc2 #2 type=home A=1000:com.android.settings.FallbackHome}]
06-19 16:42:41.097 1694 1761 I wm_task_removed: [2,removeChild]
06-19 16:42:41.100 1694 1770 W ActivityManager: Slow operation: 70ms so far, now at startProcess: done updating pids map
06-19 16:42:41.105 3269 3269 I wm_on_stop_called: [50074075,com.crestron.home.Home,STOP_ACTIVITY_ITEM]
06-19 16:42:41.108 1694 2225 I am_uid_running: 10059
06-19 16:42:41.109 1694 1760 D WindowManager: framework set brightness value = NaN
06-19 16:42:41.109 1694 2225 D CompatibilityChangeReporter: Compat change id reported: 135634846; UID 10059; state: DISABLED
06-19 16:42:41.109 1694 2225 D CompatibilityChangeReporter: Compat change id reported: 177438394; UID 10059; state: DISABLED
06-19 16:42:41.110 1694 2225 D CompatibilityChangeReporter: Compat change id reported: 135772972; UID 10059; state: DISABLED
06-19 16:42:41.110 1694 2225 D CompatibilityChangeReporter: Compat change id reported: 135754954; UID 10059; state: DISABLED
06-19 16:42:41.110 1694 1760 D WindowManager: framework set brightness value = NaN
06-19 16:42:41.153 1125 1125 E [wifi@1][0x1f241fd8][16:42:41.112826] wlan: [1125:E:OSIF] wlan_hdd_set_station_stats_request_pending: peer is null
06-19 16:42:41.111 1694 1770 D CompatibilityChangeReporter: Compat change id reported: 143937733; UID 10059; state: DISABLED
06-19 16:42:41.114 1694 2350 I am_proc_bound: [0,3827,com.qti.ltebc]
06-19 16:42:41.115 1694 2350 D CompatibilityChangeReporter: Compat change id reported: 168419799; UID 10095; state: DISABLED
06-19 16:42:41.115 1694 2350 D CompatibilityChangeReporter: Compat change id reported: 273564678; UID 10095; state: DISABLED
06-19 16:42:41.119 1694 1728 D CompatibilityChangeReporter: Compat change id reported: 214016041; UID 10060; state: DISABLED
06-19 16:42:41.124 1694 1760 D WindowManager: framework set brightness value = NaN
06-19 16:42:41.128 1694 2350 I am_uid_active: 10059
06-19 16:42:41.131 1694 1694 I notification_enqueue: [1000,1694,android,17303299,com.android.wifi,0,Notification(channel=NETWORK_AVAILABLE shortcut=null contentView=null vibrate=null sound=null tick defaults=0x0 flags=0x900 color=0x00000000 actions=2 vis=PRIVATE),0]
06-19 16:42:41.131 1694 1770 I am_proc_start: [0,3856,10059,com.crestron.oemconnector,broadcast,{com.crestron.oemconnector/com.crestron.oemconnector.OemBootCompleteReceiver}]
06-19 16:42:41.131 1694 1770 I ActivityManager: Start proc 3856:com.crestron.oemconnector/u0a59 for broadcast {com.crestron.oemconnector/com.crestron.oemconnector.OemBootCompleteReceiver}
06-19 16:42:41.139 1694 2225 I am_proc_bound: [0,3856,com.crestron.oemconnector]
06-19 16:42:41.140 1694 2225 D CompatibilityChangeReporter: Compat change id reported: 168419799; UID 10059; state: DISABLED
06-19 16:42:41.140 1694 2225 D CompatibilityChangeReporter: Compat change id reported: 273564678; UID 10059; state: DISABLED
06-19 16:42:41.227 1694 1728 I ActivityManager: Process com.qti.ltebc (pid 3827) has died: fg RCVR
06-19 16:42:41.227 1694 1728 I am_proc_died: [0,3827,com.qti.ltebc,0,11]
06-19 16:42:41.227 1694 1728 I am_broadcast_discard_app: [0,107688000,android.intent.action.MEDIA_MOUNTED,2,ResolveInfo{671934d com.qti.ltebc/com.qualcomm.ltebc.LTEBroadcastReceiver m=0x208000}]
06-19 16:42:41.227 1694 1728 I am_uid_stopped: 10095
06-19 16:42:41.228 1694 1769 I am_uid_running: 10064
06-19 16:42:41.228 1694 1769 D CompatibilityChangeReporter: Compat change id reported: 135634846; UID 10064; state: DISABLED
06-19 16:42:41.228 1694 1769 D CompatibilityChangeReporter: Compat change id reported: 177438394; UID 10064; state: DISABLED
06-19 16:42:41.228 1694 1769 D CompatibilityChangeReporter: Compat change id reported: 135772972; UID 10064; state: DISABLED
06-19 16:42:41.228 1694 1769 D CompatibilityChangeReporter: Compat change id reported: 135754954; UID 10064; state: DISABLED
06-19 16:42:41.229 1694 1770 D CompatibilityChangeReporter: Compat change id reported: 143937733; UID 10064; state: DISABLED
06-19 16:42:41.241 1694 1770 I am_proc_start: [0,3969,10064,com.microsoft.teams.ipphone.admin.agent,broadcast,{com.microsoft.teams.ipphone.admin.agent/com.microsoft.teams.ipphone.admin.agent.Recievers.BroadcastWatcher}]
06-19 16:42:41.241 1694 1770 I ActivityManager: Start proc 3969:com.microsoft.teams.ipphone.admin.agent/u0a64 for broadcast {com.microsoft.teams.ipphone.admin.agent/com.microsoft.teams.ipphone.admin.agent.Recievers.BroadcastWatcher}
06-19 16:42:41.276 1694 2225 I am_proc_bound: [0,3969,com.microsoft.teams.ipphone.admin.agent]
06-19 16:42:41.277 1694 2225 D CompatibilityChangeReporter: Compat change id reported: 168419799; UID 10064; state: DISABLED
06-19 16:42:41.277 1694 2225 D CompatibilityChangeReporter: Compat change id reported: 273564678; UID 10064; state: DISABLED
06-19 16:42:41.295 1694 1728 D CompatibilityChangeReporter: Compat change id reported: 168419799; UID 10026; state: DISABLED
06-19 16:42:41.295 1694 1728 D CompatibilityChangeReporter: Compat change id reported: 273564678; UID 10026; state: DISABLED
06-19 16:42:41.297 1694 1728 I am_uid_running: 10055
06-19 16:42:41.297 1694 1728 D CompatibilityChangeReporter: Compat change id reported: 135634846; UID 10055; state: DISABLED
06-19 16:42:41.298 1694 1770 D CompatibilityChangeReporter: Compat change id reported: 143937733; UID 10055; state: ENABLED
06-19 16:42:41.298 1694 2585 D CompatibilityChangeReporter: Compat change id reported: 161145287; UID 10026; state: DISABLED
06-19 16:42:41.299 1694 2225 W ActivityManager: Unable to start service Intent { act=com.crestron.platform.IJoinService } U=0: not found
06-19 16:42:41.304 1694 2087 I BackupManagerService: Making backup inactive
06-19 16:42:41.305 1694 2058 I BackupManagerService: Stopping service for user: 0
06-19 16:42:41.305 1694 2087 I sysui_multi_action: [757,617,758,4,806,device-owner]
06-19 16:42:41.305 1694 1770 I am_proc_start: [0,4034,10055,com.crestron.vendor,broadcast,{com.crestron.vendor/com.crestron.vendor.VendorModuleBroadcastReceiver}]
06-19 16:42:41.305 1694 1770 I ActivityManager: Start proc 4034:com.crestron.vendor/u0a55 for broadcast {com.crestron.vendor/com.crestron.vendor.VendorModuleBroadcastReceiver}
06-19 16:42:41.306 1694 3034 V BackupManagerService: Stopping backup handler
06-19 16:42:41.308 1694 2087 W DevicePolicyManager: Cannot change existing ro.organization_owned to true
06-19 16:42:41.310 1694 1694 D AutofillManagerService: Restriction did not change for user 0
06-19 16:42:41.310 1694 1694 D AutofillManagerService: Restriction did not change for user 0
06-19 16:42:41.310 1694 2087 I DevicePolicyManager: Device owner set: ComponentInfo{com.microsoft.intune.aospagent/com.microsoft.intune.aospagent.deviceowner.broadcastcomponent.implementation.DeviceOwnerReceiver} on user 0
06-19 16:42:41.326 1694 2087 I am_proc_bound: [0,4034,com.crestron.vendor]
06-19 16:42:41.326 1694 2087 D CompatibilityChangeReporter: Compat change id reported: 168419799; UID 10055; state: DISABLED
06-19 16:42:41.327 1694 2087 D CompatibilityChangeReporter: Compat change id reported: 273564678; UID 10055; state: DISABLED
06-19 16:42:41.329 1694 2087 I am_uid_active: 10055
06-19 16:42:41.331 1694 1694 I sysui_multi_action: [757,1501,758,1,793,201,794,0,795,201,796,17303299,797,com.android.wifi,806,android,857,NETWORK_AVAILABLE,858,2,947,0,1500,0,1688,1]
06-19 16:42:41.331 1694 1694 I sysui_multi_action: [757,804,799,note_interruptive,801,0,802,1]
06-19 16:42:41.332 1694 1694 W NotificationHistory: Attempted to add notif for locked/gone/disabled user 0
06-19 16:42:41.373 1694 1759 I commit_sys_config_file: [jobs,1]
06-19 16:42:41.462 1 1 I init : Service 'app_config_early' (pid 2756) exited with status 0 oneshot service took 2.313000 seconds in background
06-19 16:42:41.463 1 1 I init : Sending signal 9 to service 'app_config_early' (pid 2756) process group...
06-19 16:42:41.463 1 1 I libprocessgroup: Successfully killed process cgroup uid 0 pid 2756 in 0ms
06-19 16:42:41.461 1694 2225 I am_uid_running: 10028
06-19 16:42:41.462 1694 2225 D CompatibilityChangeReporter: Compat change id reported: 135634846; UID 10028; state: DISABLED
06-19 16:42:41.462 1694 2225 D CompatibilityChangeReporter: Compat change id reported: 177438394; UID 10028; state: DISABLED
06-19 16:42:41.462 1694 2225 D CompatibilityChangeReporter: Compat change id reported: 135772972; UID 10028; state: DISABLED
06-19 16:42:41.462 1694 2225 D CompatibilityChangeReporter: Compat change id reported: 135754954; UID 10028; state: ENABLED
06-19 16:42:41.462 1694 2087 D PackageManager: Instant App installer not found with android.intent.action.INSTALL_INSTANT_APP_PACKAGE
06-19 16:42:41.462 1694 2087 D PackageManager: Clear ephemeral installer activity
06-19 16:42:41.462 1694 1770 D CompatibilityChangeReporter: Compat change id reported: 143937733; UID 10028; state: ENABLED
06-19 16:42:41.466 1694 2087 D CompatibilityChangeReporter: Compat change id reported: 161145287; UID 10064; state: DISABLED
06-19 16:42:41.469 1694 1770 I am_proc_start: [0,4163,10028,com.microsoft.intune.aospagent,broadcast,{com.microsoft.intune.aospagent/com.microsoft.intune.aospagent.deviceowner.broadcastcomponent.implementation.DeviceOwnerReceiver}]
06-19 16:42:41.469 1694 1770 I ActivityManager: Start proc 4163:com.microsoft.intune.aospagent/u0a28 for broadcast {com.microsoft.intune.aospagent/com.microsoft.intune.aospagent.deviceowner.broadcastcomponent.implementation.DeviceOwnerReceiver}
06-19 16:42:41.479 1694 2225 I ActivityManager: Background started FGS: Allowed [callingPackage: com.crestron.vendor; callingUid: 10055; uidState: RCVR; intent: Intent { cmp=com.crestron.vendor/.VendorModuleService }; code:SYSTEM_ALLOW_LISTED; tempAllowListReason:<,reasonCode:SYSTEM_ALLOW_LISTED,duration:9223372036854775807,callingUid:-1>; targetSdkVersion:33; callerTargetSdkVersion:33; startForegroundCount:0; bindFromPackage:null]
06-19 16:42:41.479 1694 1769 I am_wtf : [0,1694,system_server,-1,ActivityManager,Background started FGS: Allowed [callingPackage: com.crestron.vendor; callingUid: 10055; uidState: RCVR; intent: Intent { cmp=com.crestron.vendor/.VendorModuleService }; code:SYSTEM_ALLOW_LISTED; tempAllowListReason:<,reasonCode:SYSTEM_ALLOW_LISTED,duration:9223372036854775807,callingUid:-1>; targetSdkVersion:33; callerTargetSdkVersion:33; startForegroundCount:0; bindFromPackage:null]]
06-19 16:42:41.482 3149 3149 W ContextImpl: Calling a method in the system process without a qualified user: android.app.ContextImpl.startService:1863 android.content.ContextWrapper.startService:817 android.content.ContextWrapper.startService:817 com.qti.diagservices.Diag_OnBoot.onReceive:40 android.app.ActivityThread.handleReceiver:4307
06-19 16:42:41.484 1694 1694 D CompatibilityChangeReporter: Compat change id reported: 194532703; UID 1000; state: ENABLED
06-19 16:42:41.485 1694 1694 D CompatibilityChangeReporter: Compat change id reported: 194532703; UID 1000; state: DISABLED
06-19 16:42:41.485 1694 1694 I Telecom : DefaultDialerCache: Refreshing default dialer for user 0: now null: DDC.oR@ACM
06-19 16:42:41.486 1694 1694 I Telecom : MissedCallNotifierImpl: reloadAfterBootComplete: user=0: TSBCR.oR@ACQ
06-19 16:42:41.487 1694 1694 D CompatibilityChangeReporter: Compat change id reported: 135634846; UID 1000; state: DISABLED
06-19 16:42:41.487 1694 1694 D CompatibilityChangeReporter: Compat change id reported: 177438394; UID 1000; state: DISABLED
06-19 16:42:41.487 1694 1694 D CompatibilityChangeReporter: Compat change id reported: 135772972; UID 1000; state: DISABLED
06-19 16:42:41.487 1694 1694 D CompatibilityChangeReporter: Compat change id reported: 135754954; UID 1000; state: ENABLED
06-19 16:42:41.494 1694 1770 I am_proc_start: [0,4186,1000,com.android.dynsystem,broadcast,{com.android.dynsystem/com.android.dynsystem.BootCompletedReceiver}]
06-19 16:42:41.494 1694 1770 I ActivityManager: Start proc 4186:com.android.dynsystem/1000 for broadcast {com.android.dynsystem/com.android.dynsystem.BootCompletedReceiver}
06-19 16:42:41.495 1694 2225 I am_proc_bound: [0,4163,com.microsoft.intune.aospagent]
