06-23 02:18:48.288 7320 7700 D NucSignalProvider: webuiStatusDataSignal: start get network path
06-23 02:18:48.288 7320 7700 D NucSignalProvider: webuiStatusDataSignal: get path success =true
06-23 02:18:48.288 7320 7700 D SettingsRepositoryImpl: getNetworkDataFromEnet() called.
06-23 02:18:48.288 7320 7700 D NucSignalProvider: networkAdaptersDataSignal: signalInterface=com.crestron.signal_transport.SignalTransport@d33f493
06-23 02:18:48.288 7320 7700 D NucSignalProvider: networkAdaptersDataSignal: start get network path
06-23 02:18:48.289 7320 7700 D NucSignalProvider: networkAdaptersDataSignal: get path success ={"Adapters":{"Wifi":{"DomainName":"localdomain","IsAdapterReadOnly":false,"Name":"wlan0","MacAddress":"f0.74.e4.42.fc.dc","AddressSchema":"IPv4","IsAutoNegotiationEnabled":false,"AutoNegotiation":"On","IsAdapterEnabled":true,"IsActive":false,"LinkStatus":false,"IPv4":{"Addresses":[{"Address":"0.0.0.0","SubnetMask":"0.0.0.0"}],"StaticAddresses":[{"Address":"0.0.0.0","SubnetMask":"0.0.0.0"}],"StaticDefaultGateway":"0.0.0.0","DefaultGateway":"0.0.0.0","IsDhcpEnabled":true}},"EthernetLan":{"DomainName":"localdomain","IsAdapterReadOnly":false,"Name":"eth0","MacAddress":"de.ad.be.ef.12.34","AddressSchema":"IPv4","IsAutoNegotiationEnabled":false,"AutoNegotiation":"On","IsAdapterEnabled":true,"IsActive":true,"LinkStatus":true,"IPv4":{"Addresses":[{"Address":"192.168.124.4","SubnetMask":"255.255.255.0"}],"StaticAddresses":[{"Address":"0.0.0.0","SubnetMask":"0.0.0.0"}],"StaticDefaultGateway":"0.0.0.0","DefaultGateway":"192.168.124.1","IsDhcpEnabled":true}}},"DnsSettings":{"IPv4":{"DnsServers":["192.168.124.1(DHCP)",""],"StaticDns":["",""]},"StaticDns":{"InitializationEntry":{"Address":"::"}}},"IsIcmpPingEnabled":true,"HostName":"UC-SB2-CAM-A-DEADBEEF1234","IgmpVersion":"v0","AddressSchema":"IPv4","IPv6":{"IsSupported":false,"IsIcmpPingEnabled":false,"IsMulticastProxyEnabled":true},"Version":"3.0.3"}
06-23 02:18:48.289 7320 7700 D NucPlatformEthernetData: fillNetworks: com.crestron.ipphonesettingsprovider.grandstream.nuc.data.model.network.ApiNetworkAdapters@b5d1990
06-23 02:18:48.289 7320 7700 D NucSignalProvider: webuiStatusDataSignal: signalInterface=com.crestron.signal_transport.SignalTransport@d33f493
06-23 02:18:48.289 7320 7700 D NucSignalProvider: webuiStatusDataSignal: start get network path
06-23 02:18:48.289 7320 7700 D NucSignalProvider: webuiStatusDataSignal: get path success =true
06-23 02:18:48.289 7320 7700 D SettingsRepositoryImpl: getNetworkDataFromEnet() value of webServer: true
06-23 02:18:48.289 7320 7700 D SettingsRepositoryImpl: isIPv6Enabled? false
06-23 02:18:48.289 7320 7700 D SettingsRepositoryImpl: Primary Static Dns?
06-23 02:18:48.289 7320 7700 D SettingsRepositoryImpl: Secondary Static Dns?
06-23 02:18:48.289 7320 7700 D SettingsRepositoryImpl: Default Gateway
06-23 02:18:48.289 7320 7700 D NucPlatformEthernetData: size: 0
06-23 02:18:48.289 7320 7700 D SettingsRepositoryImpl: getNucBluetoothData: macAddress=de:ad:be:ef:12:34
06-23 02:18:48.289 7320 7700 V CsLibSettingsProvid: getBlueTooData
06-23 02:18:48.290 7320 7700 D CsLibPlatformBtData: getBluetoothMACAddress() called; address: 22:22:76:03:CA:DA; Result: 22:22:76:03:CA:DA
06-23 02:18:48.290 7320 7700 D SettingsRepositoryImpl: getNucBluetoothData: btEnable=false;beaconingEnable=false;beaconName=UC-SB2-CAM-A_ef1234;address=22:22:76:03:CA:DA
06-23 02:18:48.290 7320 7700 D CsLibPlatformSystemTime: getApiSystemClock: apiClock={"Ntp":{"IsEnabled":true,"Servers":{"Server1":{"Address":"pool.ntp.org","AuthKey":"","AuthKeyId":0,"AuthMethod":"NONE","Port":123}},"ServersCurrentKeyList":["Server1"]},"Sntp":{"IsEnabled":true,"SntpServer":"pool.ntp.org"},"SyncStatus":"NotInitiated","CurrentTime":"2025-06-23T02:18:38Z","CurrentTimeWithOffset":"2025-06-23T02:18:38+00:00","DaylightSavingsEnabled":false,"TimeZone":"036","TimeZoneOptionsName":"AndroidTimeZones","TimeZoneOptionsVersion":"1.0.1","Version":"2.2.1"}
06-23 02:18:48.291 7320 7700 D CsLibPlatformSystemTime: getApiTimeOptions:
06-23 02:18:48.291 7320 7700 D CsLibPlatformSystemTime: getApiSystemClock: apiTime={"DateFormat":"WMDY","DateFormatOptionsName":"SchedulingPanelDateFormat","DateFormatOptionsVersion":"1.0.0","TimeFormat":"12H","Version":"2.0.0"}
06-23 02:18:48.291 7320 7700 D NucSignalProvider: getTimezone: id=GMT
06-23 02:18:48.291 7320 7700 D CsLibPlatformSystemTime: getCslibTimeZones:
06-23 02:18:48.292 7320 7700 D SettingsRepositoryImpl: toSntpData: apiSystemClock=com.crestron.ipphonesettingsprovider.grandstream.nuc.data.model.sntp.ApiSystemClock@a23ebc
06-23 02:18:48.292 7320 7700 D SettingsRepositoryImpl: toSntpData: server=pool.ntp.org;sntpServer=pool.ntp.org
06-23 02:18:48.293 7320 7700 D NucSignalProvider: Received timeFormat : 12H
06-23 02:18:48.293 7320 7700 D CsLibPlatformSystemTime: getTimeFormat: 12H
06-23 02:18:48.293 7320 7700 D SettingsRepositoryImpl: isTimeFormat24Hour: false
06-23 02:18:48.293 7320 7700 D NucSignalProvider: Received DateFormat : WMDY
06-23 02:18:48.293 7320 7700 D NucSignalProvider: getPeripheralDevices:
06-23 02:18:48.294 7320 7700 V NucSignalProvider: Received Peripheral Devices: [{"Category":"UC-SB2-CAM-A","Name":"UC-SB2-CAM-A","SubComponents":[],"Version":"3.0.3744"},{"Category":"Build","Name":"Build","SubComponents":[],"Version":"Thu Jun 19 11:42:36 CDT 2025 (3.0.3744)"},{"Category":"Updater","Name":"Updater","SubComponents":[],"Version":"3.0.3744"},{"Category":"Bootloader","Name":"Bootloader","SubComponents":[],"Version":"N/A"},{"Category":"CCUI Version","Name":"CCUI Version","SubComponents":[],"Version":"16.1300.941206"},{"Category":"XIOSDK","Name":"XIOSDK","SubComponents":[],"Version":"3.8.2"},{"Category":"IoTSDK","Name":"IoTSDK","SubComponents":[],"Version":"1.14.0"},{"Category":"Product ID","Name":"Product ID","SubComponents":[],"Version":"0x8100"},{"Category":"Revision ID","Name":"Revision ID","SubComponents":[],"Version":"0x0000"},{"Category":"CPU ID","Name":"CPU ID","SubComponents":[],"Version":"0x0000"},{"Category":"PUF","Name":"PUF","SubComponents":[],"Version":"Unknown"},{"Category":"Android Version","Name":"Android Version","SubComponents":[],"Version":"13"},{"Category":"Huddly Device","Name":"Huddly Device","SubComponents":[],"Version":""},{"Category":"OEMconnector","Name":"OEMconnector","SubComponents":[],"Version":"1.00.023.255"},{"Category":"VendorModuleService","Name":"VendorModuleService","SubComponents":[],"Version":"2.01.047.475"},{"Category":"Zoom Room Version","Name":"Zoom Room Version","SubComponents":[],"Version":"6.4.5.6970"},{"Category":"Android Webview","Name":"Android Webview","SubComponents":[],"Version":"133.0.6943.122"},{"Category":"Forced Auth Mode","Name":"Forced Auth Mode","SubComponents":[],"Version":"True"},{"Category":"Extension Mic Pods","Name":"2520OMA00264","SubComponents":[{"Category":"Extension Mic Pods","Name":"2520OMA00264 ( v1.9.7 )","SubComponents":[],"Version":" v1.9.7"},{"Category":"Extension Mic Pods","Name":"2520OMA00264","SubComponents":[],"Version":" v1.9.7"}],"Version":" v1.9.7"}]
06-23 02:18:48.295 7320 7700 D SettingsRepositoryImpl: peripheralDevices: [{"Category":"Huddly Device","Name":"Huddly Device","Version":""}]
06-23 02:18:48.295 7320 7700 E CresStore: cresstore get: FAIL
06-23 02:18:48.295 7320 7700 D PlatformState: getCurrentPlatformState: currentState=3
06-23 02:18:48.295 7320 7700 E NucSignalProvider: NucSignalProvider.getAutoFramingEnable():910 caught CresStoreException 'Failed to get results' from 'get()' at CresStoreWrapper.java:81 and platform state is 3
06-23 02:18:48.295 7320 7700 E CresStore: cresstore get: FAIL
06-23 02:18:48.296 7320 7700 D PlatformState: getCurrentPlatformState: currentState=3
06-23 02:18:48.296 7320 7700 E NucSignalProvider: NucSignalProvider.getCountEnable():924 caught CresStoreException 'Failed to get results' from 'get()' at CresStoreWrapper.java:81 and platform state is 3
06-23 02:18:48.296 7320 7700 E CresStore: cresstore get: FAIL
06-23 02:18:48.296 7320 7700 D PlatformState: getCurrentPlatformState: currentState=3
06-23 02:18:48.296 7320 7700 E NucSignalProvider: NucSignalProvider.getCountEnable():924 caught CresStoreException 'Failed to get results' from 'get()' at CresStoreWrapper.java:81 and platform state is 3
06-23 02:18:48.296 7320 7700 D NucSignalProvider: getPeopleCount:
06-23 02:18:48.296 7320 7700 E CresStore: cresstore get: FAIL
06-23 02:18:48.297 7320 7700 D PlatformState: getCurrentPlatformState: currentState=3
06-23 02:18:48.297 7320 7700 E NucSignalProvider: NucSignalProvider.getPeopleCount():861 caught CresStoreException 'Failed to get results' from 'get()' at CresStoreWrapper.java:81 and platform state is 3
06-23 02:18:48.297 7320 7700 D SettingsRepositoryImpl: getHuddlyCameraData: autoFrame=false;inMeeting=false;continuous=false
06-23 02:18:48.297 7320 7700 D NucSignalProvider: logLevelDataSignal: signalInterface=com.crestron.signal_transport.SignalTransport@d33f493
06-23 02:18:48.297 7320 7700 D NucSignalProvider: logLevelDataSignal: start get network path
06-23 02:18:48.297 7320 7700 D NucSignalProvider: logLevelDataSignal: get path success = INFO
06-23 02:18:48.297 7320 7700 D CsLibPlatformDebugData: Loglevel from crestore: INFO
06-23 02:18:48.298 7320 7700 D SettingsRepositoryImpl: logMode: INFO
06-23 02:18:48.298 7320 7700 D SettingsRepositoryImpl: loglevelSP from shared pref: 0
06-23 02:18:48.298 7320 7700 D SettingsRepositoryImpl: INFO Enabled
06-23 02:18:48.298 7320 7700 D NucDataProcessPresenter: buildGlobalSettings: build About
06-23 02:18:48.298 7320 7700 D NucDataProcessPresenter: buildGlobalSettings: build networkConfiguration
06-23 02:18:48.298 7320 7700 D NucDataProcessPresenter: buildGlobalSettings: build Wifi
06-23 02:18:48.298 7320 7700 D NucDataProcessPresenter: buildGlobalSettingsModel: build PeripheralDevices
06-23 02:18:48.303 7350 7350 I IPPhoneBroadcast: ProcessId: 7350, Thread: main, BroadcastUserState: current user is null
06-23 02:18:48.303 7350 7350 I AuthorizationUtilities: ProcessId: 7350, Thread: main, isReAuthScenario : false
06-23 02:18:48.304 7350 7350 I IPPhoneBroadcast: ProcessId: 7350, Thread: main, Action: com.microsoft.skype.teams.ipphone.APP_USER_STATE intentDatas: [Pair{SIGNED_IN 0}, Pair{IS_CAP 0}, Pair{HOT_DESKING_STATE 0}, Pair{IS_HOT_DESKING_USER 0}, Pair{is_personal_account 1}, Pair{PSTN_ENABLED 0}, Pair{EXPERIENCE -1}]
06-23 02:18:48.304 7350 7350 I IPPhoneBroadcast: ProcessId: 7350, Thread: main, BroadcastUserState: current userObjectId [null], tenantId [null], isReAuth [false], signInState [SIGNED_OUT], isCapMode [false], isHotDeskingEnabled [false], isCurrentUserHotDesking [false], isPersonalAccount [true], isPstnAllowed [false], experience [-1]
06-23 02:18:48.304 1694 1769 W BroadcastQueue: Background execution not allowed: receiving Intent { act=com.microsoft.skype.teams.ipphone.APP_USER_STATE flg=0x10 (has extras) } to com.crestron.settings/.application.receiver.BootCompleteReceiver
06-23 02:18:48.304 7350 7350 I IPPhoneBroadcast: ProcessId: 7350, Thread: main, BroadcastUserState: current user is null
06-23 02:18:48.304 3269 3269 I CrestronPlatformService: received microsoft teams app user state
06-23 02:18:48.304 7320 7320 D CsLibPlatformBroadcastReceiver: Received intent :com.microsoft.skype.teams.ipphone.APP_USER_STATE
06-23 02:18:48.304 3269 3269 I CrestronPlatformService: received signed_in state as 0
06-23 02:18:48.305 3269 3269 I CrestronPlatformService: send unmute to platform
06-23 02:18:48.305 3269 4813 D JNI_Wrapper: set digital join 17333 = 1 with status success
06-23 02:18:48.306 7320 7448 D ConnectionMgrIplink: handleReservedDigitalChanged: 17334 / false
06-23 02:18:48.306 7320 7448 D ConnectionMgrIplink: handleDigitalChanged: 17334 / false
06-23 02:18:48.306 7320 7448 D ConnectionMgrIplink: handleReservedDigitalChanged: 17333 / true
06-23 02:18:48.306 7320 7448 D ConnectionMgrIplink: handleDigitalChanged: 17333 / true
06-23 02:18:48.307 7350 7350 I IPPhoneBroadcast: ProcessId: 7350, Thread: main, BroadcastUserState: Sent broadcast intent to admin agent. action: com.microsoft.teams.ipphone.admin.agent.USER_LOGGED_OFF.
06-23 02:18:48.307 7350 7350 I IPPhoneBroadcast: ProcessId: 7350, Thread: main, BroadcastUserState: current user is null
06-23 02:18:48.308 1694 1769 D CompatibilityInfo: mCompatibilityFlags - 4
06-23 02:18:48.308 1694 1769 D CompatibilityInfo: applicationDensity - 160
06-23 02:18:48.308 1694 1769 D CompatibilityInfo: applicationScale - 1.0
06-23 02:18:48.308 7350 7350 I IPPhoneBroadcast: ProcessId: 7350, Thread: main, BroadcastUserState: Sent broadcast intent to mmr agent. action: com.microsoft.teams.ipphone.admin.agent.USER_LOGGED_OFF.
06-23 02:18:48.308 3969 3969 I LogonUserWatcher: onReceive: com.microsoft.teams.ipphone.admin.agent.USER_LOGGED_OFF
06-23 02:18:48.309 3969 5441 D TelemetryEventCache: Initialized telemetryEvent in cache: sign_in_info_default
06-23 02:18:48.309 3969 5441 I LogonUserWatcher: received intent action: com.microsoft.teams.ipphone.admin.agent.USER_LOGGED_OFF
06-23 02:18:48.309 7350 7604 V UserBITelemetryEvent: {"EVENT_NAME":"userbi","LOG_TAG":"UserBITelemetryEvent","appMode":"phone","contextProps":{},"contextPropsLock":{},"dataBagPropsLock":{},"databagProp":"{\"previousDeviceId\":\"ZT331S100019\",\"deviceHardwareIds\":\"{\\\"s\\\":\\\"ZT331S100019\\\",\\\"f\\\":\\\"8455e67f-11df-4b79-9afe-ad82c82b6d10\\\"}\"}","eventName":"panelaction","eventSchemaVersion":1,"eventVersion":0,"gesture":"automatic","id":1750645128308,"isBlocked":false,"isContact":false,"launchMethod":"systemInitiated","licenseType":"","moduleName":"deviceIdUpdate","moduleType":"none","panelRegion":"main","panelType":"app","propMap":{},"realDisplayHeightDp":0.0,"realDisplayWidthDp":0.0,"scenario":"deviceIdUpdate","scenarioType":"deviceIdUpdate","userRole":"","mLogAnonymously":false,"mStartTimeMillis":43538}
06-23 02:18:48.309 3969 5441 I LogonUserWatcher: loginStateIntentEnabled : false
06-23 02:18:48.309 3969 5441 I LogonUserWatcher: userInfo : {"authenticatedUsers":[],"deviceInfo":{"canCurrentUserHotdesk":false,"deviceCategory":"norden"}}
06-23 02:18:48.309 3969 5441 I LogonUserWatcher: teamsIdentifier : {"deviceId":"ZT331S100019"}
06-23 02:18:48.317 3969 5441 I LogonUserWatcher: currentUserInfo: set userInfo: UserInfo{usageMode='unknown', userId='null', signInState='null', errorMessage='null'}
06-23 02:18:48.318 3969 5441 E LogonUserWatcher: hostUserId is null
06-23 02:18:48.318 3969 5441 I DeviceAgentConfigInfo: returning default config
06-23 02:18:48.319 3969 5441 I sign_in_info:default: {"correlationId":"SIGNED_OUT_null_-","dynamicProperties":{"HostUserCloud":"Public"},"executionState":"Success","scenario":"sign_in_info","startTime":43539,"staticProperties":{"ErrorInfo_ErrorCode":"-","UserId":"","SignInAction":"LogoffUser","LoginStateIntentEnabled":"false","SignInInfo_SignInState":"SIGNED_OUT"},"subscenario":"default"} Scenario finished
06-23 02:18:48.319 3969 5441 D TelemetryEventCache: Removed telemetryEvent from cache: sign_in_info_default
06-23 02:18:48.319 3969 5441 D OperationsDispatcher: ReceivedEvent:ReceivedTeamsUser
06-23 02:18:48.319 3969 5441 D OperationsDispatcher: Received event:ReceivedTeamsUser; triggering check and run
06-23 02:18:48.319 3969 4254 D OperationsDispatcher: Operation DeviceStateResolver is ready; scheduling the run
06-23 02:18:48.319 3969 4254 D OperationsDispatcher: Operation LogFileCleanUpOperation is ready; scheduling the run
06-23 02:18:48.320 3969 4254 D OperationsDispatcher: Operation AgentHealthStateRefresh is ready; scheduling the run
06-23 02:18:48.320 3969 4254 I GetRecoveryCommands: canRunWithState: false, manageabilityLevel: Healthy
06-23 02:18:48.320 3969 4254 D OperationsDispatcher: Operation FetchCloudDetails is ready; scheduling the run
06-23 02:18:48.320 3969 4254 D OperationsDispatcher: Operation ManageabilityLevelComputer is ready; scheduling the run
06-23 02:18:48.320 3969 4254 D OperationsDispatcher: Operation EnrollOperation is ready; scheduling the run
06-23 02:18:48.320 3969 4254 D PostDeviceMetricsOperation: Is operation eligible to run: false
06-23 02:18:48.320 3969 4289 D TokenBasedRateLimiter: EnrollOperation RateLimiting Token Available: true TokenCount: 2
06-23 02:18:48.320 3969 4289 I EnrollOperation: Enroll operation started
06-23 02:18:48.320 3969 4289 D TelemetryEventCache: Initialized telemetryEvent in cache: enroll_teamsSignIn
06-23 02:18:48.320 3969 4289 I ReEnrollmentInfoService: ReEnroll cloud is absent
06-23 02:18:48.320 3969 4289 I ReEnrollmentInfoService: Cloud from teams is not available
06-23 02:18:48.320 3969 4289 I ReEnrollmentInfoService: ReEnroll deviceId is absent
06-23 02:18:48.320 3969 4289 I EnrollOperation: Unable to use ReEnroll flow
06-23 02:18:48.320 3969 4289 I EnrollOperation: Skipping access token fetch, currentUserId not present
06-23 02:18:48.320 3969 4289 I DeviceAgentConfigInfo: returning default config
06-23 02:18:48.321 3969 4289 W enroll:teamsSignIn: {"dynamicProperties":{"Step":"LOGGED_IN_USER_FETCH","FailureDetails":"No logged in user"},"executionState":"TEAMS_NO_LOGGED_IN_USER","scenario":"enroll","startTime":43550,"staticProperties":{"userId":""},"subscenario":"teamsSignIn"} Scenario finished
06-23 02:18:48.321 3969 4289 D TelemetryEventCache: Removed telemetryEvent from cache: enroll_teamsSignIn
06-23 02:18:48.332 7350 7350 W calling:CallActions: ProcessId: 7350, Thread: main, User object id was null getBestUserForObjectId
06-23 02:18:48.333 7350 7350 E Calling: SkyLibManager: ProcessId: 7350, Thread: main, getCallHandler is called with null teamsUser or user object is null
06-23 02:18:48.333 7350 7350 I wm_on_create_called: [186526686,com.microsoft.skype.teams.devices.activities.login.DevicesLoginActivity,performCreate]
06-23 02:18:48.334 7350 7350 W NordenUserConfiguration: ProcessId: 7350, Thread: main, getAuthenticatedUser is null
06-23 02:18:48.335 7350 7350 I IpPhoneStateManager: ProcessId: 7350, Thread: main, Dialpad: added listenercom.microsoft.skype.teams.devices.activities.login.DevicesLoginActivity@faa76ad
06-23 02:18:48.335 7350 7350 I BaseActivity: ProcessId: 7350, Thread: main, setUiPolicyIdentity
06-23 02:18:48.335 7350 7350 I APPLICATION_ACTIVITY_LIFECYCLE: ProcessId: 7350, Thread: main, Activity started: com.microsoft.skype.teams.devices.activities.login.DevicesLoginActivity 262829741
06-23 02:18:48.337 7350 7586 I com.microsoft.tokenshare.RemoteTokenShareConfiguration: refreshConfiguration ends
06-23 02:18:48.360 7350 7350 I DevicesLoginViewModel: ProcessId: 7350, Thread: main, DCF will expire in 30sec:
06-23 02:18:48.360 7350 7350 I DevicesLoginViewModel: ProcessId: 7350, Thread: main, DCF info is null so reset UI to default. verificationUri: https://microsoft.com/devicelogin
06-23 02:18:48.360 7350 7350 I AuthorizationUtilities: ProcessId: 7350, Thread: main, isReAuthScenario : false
06-23 02:18:48.389 7350 7350 I AuthorizationUtilities: ProcessId: 7350, Thread: main, isReAuthScenario : false
06-23 02:18:48.389 7350 7350 I AuthorizationUtilities: ProcessId: 7350, Thread: main, isReAuthScenario : false
06-23 02:18:48.389 2096 2096 D MediaRouter: onRestoreRoute() : route=RouteInfo{ name=Phone, description=null, status=null, category=RouteCategory{ name=System types=ROUTE_TYPE_LIVE_AUDIO ROUTE_TYPE_LIVE_VIDEO groupable=false }, supportedTypes=ROUTE_TYPE_LIVE_AUDIO ROUTE_TYPE_LIVE_VIDEO , presentationDisplay=null }
06-23 02:18:48.389 1379 7563 I GenericSource: start
06-23 02:18:48.389 2096 2096 V MediaRouter: Selecting route: RouteInfo{ name=Phone, description=null, status=null, category=RouteCategory{ name=System types=ROUTE_TYPE_LIVE_AUDIO ROUTE_TYPE_LIVE_VIDEO groupable=false }, supportedTypes=ROUTE_TYPE_LIVE_AUDIO ROUTE_TYPE_LIVE_VIDEO , presentationDisplay=null }
06-23 02:18:48.391 7350 7350 D NetworkConnectivity: updateNetworkState, isNetworkAvailable : true
06-23 02:18:48.391 7350 7350 I DevicesLoginViewModel: ProcessId: 7350, Thread: main, subscribe
06-23 02:18:48.391 7350 7350 I wm_on_start_called: [186526686,com.microsoft.skype.teams.devices.activities.login.DevicesLoginActivity,handleStartActivity]
06-23 02:18:48.392 7350 7350 I TeamsNavigationService: ProcessId: 7350, Thread: main, processing deeplink
06-23 02:18:48.392 7350 7350 I BaseActivity: ProcessId: 7350, Thread: main, setUiPolicyIdentity
06-23 02:18:48.392 7350 7350 I APPLICATION_ACTIVITY_LIFECYCLE: ProcessId: 7350, Thread: main, Activity resumed: com.microsoft.skype.teams.devices.activities.login.DevicesLoginActivity 262829741
06-23 02:18:48.393 7350 7350 D NetworkConnectivity: updateNetworkState, isNetworkAvailable : true
06-23 02:18:48.393 1051 1111 D audio_hw_primary: adev_get_parameters:is_hw_dec_session_available
06-23 02:18:48.393 7350 7350 W calling:CallActions: ProcessId: 7350, Thread: main, User object id was null getBestUserForObjectId
06-23 02:18:48.393 1051 1111 D audio_hw_extn: audio_extn_get_parameters: returns
06-23 02:18:48.393 7350 7350 E Calling: SkyLibManager: ProcessId: 7350, Thread: main, getCallHandler is called with null teamsUser or user object is null
06-23 02:18:48.394 7350 7350 V AppStartupScenario: coldAndWarmStartEnd()
06-23 02:18:48.394 7350 7350 I wm_on_resume_called: [186526686,com.microsoft.skype.teams.devices.activities.login.DevicesLoginActivity,RESUME_ACTIVITY]
06-23 02:18:48.394 7350 7350 I AuthorizationUtilities: ProcessId: 7350, Thread: main, isReAuthScenario : false
06-23 02:18:48.394 7350 7350 I DevicesLoginViewModel: ProcessId: 7350, Thread: main, getDcfCode:onResume:null
06-23 02:18:48.395 7350 7350 I DevicesLoginViewModel: ProcessId: 7350, Thread: main, timer cancelled.
06-23 02:18:48.395 7350 7350 I DevicesLoginViewModel: ProcessId: 7350, Thread: main, DCF will expire in 30sec:
06-23 02:18:48.395 7350 7350 I DevicesLoginViewModel: ProcessId: 7350, Thread: main, DCF info is null so reset UI to default. verificationUri: https://microsoft.com/devicelogin
06-23 02:18:48.396 1379 7708 D CCodec : allocate(c2.android.vorbis.decoder)
06-23 02:18:48.397 1075 1075 I QTI PowerHAL: Power createHintSession
06-23 02:18:48.397 1379 7708 I CCodec : setting up 'default' as default (vendor) store
06-23 02:18:48.398 1414 2149 V C2Store : in init
06-23 02:18:48.398 1414 2149 V C2Store : loading dll
06-23 02:18:48.400 1379 7708 I CCodec : Created component [c2.android.vorbis.decoder]
06-23 02:18:48.400 1694 2585 D CoreBackPreview: Window{6206f54 u0 com.microsoft.skype.teams.ipphone/com.microsoft.skype.teams.devices.activities.login.DevicesLoginActivity}: Setting back callback OnBackInvokedCallbackInfo{mCallback=android.window.IOnBackInvokedCallback$Stub$Proxy@54a47f2, mPriority=0}
06-23 02:18:48.401 1379 7708 D CCodecConfig: read media type: audio/vorbis
06-23 02:18:48.403 1379 7708 D ReflectedParamUpdater: extent() != 1 for single value type: algo.buffers.max-count.values
06-23 02:18:48.403 1379 7708 D ReflectedParamUpdater: extent() != 1 for single value type: output.subscribed-indices.values
06-23 02:18:48.403 7350 7350 I StateLayoutAdapter: ProcessId: 7350, Thread: main, handleUiRequiredError feature not enabled; no-op.
06-23 02:18:48.403 1379 7708 D ReflectedParamUpdater: extent() != 1 for single value type: input.buffers.allocator-ids.values
06-23 02:18:48.404 1379 7708 D ReflectedParamUpdater: extent() != 1 for single value type: output.buffers.allocator-ids.values
06-23 02:18:48.404 1379 7708 D ReflectedParamUpdater: extent() != 1 for single value type: algo.buffers.allocator-ids.values
06-23 02:18:48.404 1379 7708 D ReflectedParamUpdater: extent() != 1 for single value type: output.buffers.pool-ids.values
06-23 02:18:48.404 1379 7708 D ReflectedParamUpdater: extent() != 1 for single value type: algo.buffers.pool-ids.values
06-23 02:18:48.405 1694 1759 I commit_sys_config_file: [notification-policy,32521]
06-23 02:18:48.406 1379 7708 I CCodecConfig: query failed after returning 7 values (BAD_INDEX)
06-23 02:18:48.406 1379 7708 D MediaCodec: flushMediametrics
06-23 02:18:48.406 1379 7708 D CCodec : [c2.android.vorbis.decoder] buffers are bound to CCodec for this session
06-23 02:18:48.406 1379 7708 D CCodecConfig: no c2 equivalents for durationUs
06-23 02:18:48.406 1379 7708 D CCodecConfig: no c2 equivalents for csd-1
06-23 02:18:48.406 1379 7708 D CCodecConfig: no c2 equivalents for flags
06-23 02:18:48.407 1379 7708 W Codec2Client: query -- param skipped: index = 1107298332.
06-23 02:18:48.407 1379 7708 D CCodec : encoding statistics level = 0
06-23 02:18:48.407 1379 7708 D CCodec : setup formats input: AMessage(what = 0x00000000) = {
06-23 02:18:48.407 1379 7708 D CCodec : int32_t bitrate = 239920
06-23 02:18:48.407 1379 7708 D CCodec : int32_t channel-count = 1
06-23 02:18:48.407 1379 7708 D CCodec : int32_t max-input-size = 32768
06-23 02:18:48.407 1379 7708 D CCodec : string mime = "audio/vorbis"
06-23 02:18:48.407 1379 7708 D CCodec : int32_t sample-rate = 44100
06-23 02:18:48.407 1379 7708 D CCodec : }
06-23 02:18:48.407 1379 7708 D CCodec : setup formats output: AMessage(what = 0x00000000) = {
06-23 02:18:48.407 1379 7708 D CCodec : int32_t channel-count = 1
06-23 02:18:48.407 1379 7708 D CCodec : string mime = "audio/raw"
06-23 02:18:48.407 1379 7708 D CCodec : int32_t sample-rate = 44100
06-23 02:18:48.407 1379 7708 D CCodec : int32_t channel-mask = 1
06-23 02:18:48.407 1379 7708 D CCodec : int32_t android._config-pcm-encoding = 2
06-23 02:18:48.407 1379 7708 D CCodec : }
06-23 02:18:48.408 1379 7708 I CCodecConfig: query failed after returning 7 values (BAD_INDEX)
06-23 02:18:48.408 1379 7708 I MediaCodec: MediaCodec will operate in async mode
06-23 02:18:48.408 1379 7707 D MediaCodec: keep callback message for reclaim
06-23 02:18:48.408 1379 7708 W Codec2Client: query -- param skipped: index = 1342179345.
06-23 02:18:48.408 1379 7708 W Codec2Client: query -- param skipped: index = 2415921170.
06-23 02:18:48.410 1379 7708 D CCodecBufferChannel: [c2.android.vorbis.decoder#173] Created input block pool with allocatorID 16 => poolID 18 - OK (0)
06-23 02:18:48.410 1414 2146 D BufferPoolAccessor2.0: bufferpool2 0xb4000070033de848 : 0(0 size) total buffers - 0(0 size) used buffers - 81/85 (recycle/alloc) - 5/84 (fetch/transfer)
06-23 02:18:48.410 1414 2146 D BufferPoolAccessor2.0: Destruction - bufferpool2 0xb4000070033de848 cached: 0/0M, 0/0% in use; allocs: 85, 95% recycled; transfers: 84, 94% unfetched
06-23 02:18:48.411 1379 3376 D BufferPoolAccessor2.0: bufferpool2 0xe4ac04a8 : 0(0 size) total buffers - 0(0 size) used buffers - 82/90 (recycle/alloc) - 8/174 (fetch/transfer)
06-23 02:18:48.411 1379 3376 D BufferPoolAccessor2.0: Destruction - bufferpool2 0xe4ac04a8 cached: 0/0M, 0/0% in use; allocs: 90, 91% recycled; transfers: 174, 95% unfetched
06-23 02:18:48.411 1694 2255 D BufferPoolAccessor2.0: bufferpool2 0xb400007cb2975d38 : 0(0 size) total buffers - 0(0 size) used buffers - 2/7 (recycle/alloc) - 7/24 (fetch/transfer)
06-23 02:18:48.411 1694 2255 D BufferPoolAccessor2.0: Destruction - bufferpool2 0xb400007cb2975d38 cached: 0/0M, 0/0% in use; allocs: 7, 29% recycled; transfers: 24, 71% unfetched
06-23 02:18:48.411 2096 2499 D BufferPoolAccessor2.0: bufferpool2 0xb400007cb2935828 : 0(0 size) total buffers - 0(0 size) used buffers - 2/7 (recycle/alloc) - 5/38 (fetch/transfer)
06-23 02:18:48.411 1694 2246 D BufferPoolAccessor2.0: bufferpool2 0xb400007cb2983d88 : 0(0 size) total buffers - 0(0 size) used buffers - 2/7 (recycle/alloc) - 8/26 (fetch/transfer)
06-23 02:18:48.411 1694 2256 D BufferPoolAccessor2.0: bufferpool2 0xb400007cb296bff8 : 0(0 size) total buffers - 0(0 size) used buffers - 1/7 (recycle/alloc) - 6/18 (fetch/transfer)
06-23 02:18:48.411 2096 2499 D BufferPoolAccessor2.0: Destruction - bufferpool2 0xb400007cb2935828 cached: 0/0M, 0/0% in use; allocs: 7, 29% recycled; transfers: 38, 87% unfetched
06-23 02:18:48.411 1694 2246 D BufferPoolAccessor2.0: Destruction - bufferpool2 0xb400007cb2983d88 cached: 0/0M, 0/0% in use; allocs: 7, 29% recycled; transfers: 26, 69% unfetched
06-23 02:18:48.411 1694 2256 D BufferPoolAccessor2.0: Destruction - bufferpool2 0xb400007cb296bff8 cached: 0/0M, 0/0% in use; allocs: 7, 14% recycled; transfers: 18, 67% unfetched
06-23 02:18:48.411 1694 2054 D BufferPoolAccessor2.0: bufferpool2 0xb400007cb294b7a8 : 0(0 size) total buffers - 0(0 size) used buffers - 1/7 (recycle/alloc) - 6/34 (fetch/transfer)
06-23 02:18:48.411 1694 2054 D BufferPoolAccessor2.0: Destruction - bufferpool2 0xb400007cb294b7a8 cached: 0/0M, 0/0% in use; allocs: 7, 14% recycled; transfers: 34, 82% unfetched
06-23 02:18:48.411 1379 7708 I CCodecBufferChannel: [c2.android.vorbis.decoder#173] Created output block pool with allocatorID 16 => poolID 27 - OK
06-23 02:18:48.411 2096 2499 D BufferPoolAccessor2.0: bufferpool2 0xb400007cb2936cf8 : 0(0 size) total buffers - 0(0 size) used buffers - 2/7 (recycle/alloc) - 5/36 (fetch/transfer)
06-23 02:18:48.411 2096 2499 D BufferPoolAccessor2.0: Destruction - bufferpool2 0xb400007cb2936cf8 cached: 0/0M, 0/0% in use; allocs: 7, 29% recycled; transfers: 36, 86% unfetched
06-23 02:18:48.411 1694 2246 D BufferPoolAccessor2.0: bufferpool2 0xb400007cb2980608 : 0(0 size) total buffers - 0(0 size) used buffers - 1/7 (recycle/alloc) - 6/34 (fetch/transfer)
06-23 02:18:48.411 1694 2246 D BufferPoolAccessor2.0: Destruction - bufferpool2 0xb400007cb2980608 cached: 0/0M, 0/0% in use; allocs: 7, 14% recycled; transfers: 34, 82% unfetched
06-23 02:18:48.411 1379 7708 D CCodecBufferChannel: [c2.android.vorbis.decoder#173] Configured output block pool ids 27 => OK
06-23 02:18:48.411 2096 2499 D BufferPoolAccessor2.0: bufferpool2 0xb400007cb293bb98 : 0(0 size) total buffers - 0(0 size) used buffers - 2/7 (recycle/alloc) - 5/18 (fetch/transfer)
06-23 02:18:48.411 2096 2499 D BufferPoolAccessor2.0: Destruction - bufferpool2 0xb400007cb293bb98 cached: 0/0M, 0/0% in use; allocs: 7, 29% recycled; transfers: 18, 72% unfetched
06-23 02:18:48.411 1694 1777 D BufferPoolAccessor2.0: bufferpool2 0xb400007cb2950898 : 0(0 size) total buffers - 0(0 size) used buffers - 1/7 (recycle/alloc) - 7/24 (fetch/transfer)
06-23 02:18:48.411 1694 1777 D BufferPoolAccessor2.0: Destruction - bufferpool2 0xb400007cb2950898 cached: 0/0M, 0/0% in use; allocs: 7, 14% recycled; transfers: 24, 71% unfetched
06-23 02:18:48.411 1379 7708 D CCodecBufferChannel: [c2.android.vorbis.decoder#173] start: updating output delay 0
06-23 02:18:48.412 1414 7709 D SimpleC2Component: Using output block pool with poolID 27 => got 27 - 0
06-23 02:18:48.417 1379 7707 I ExtendedNuUtils: Both src and dst missing for bit-width
06-23 02:18:48.417 1379 7707 I ExtendedNuUtils: Overriding durationUs: with 64 bit src value 1920000
06-23 02:18:48.418 1379 7706 I AudioTrack: set(): streamType 5, sampleRate 44100, format 0x1, channelMask 0x1, frameCount 22050, flags #2, notificationFrames 0, sessionId 65, transferType 0, uid 10110, pid 2096
06-23 02:18:48.418 1379 7706 D AudioTrack: set(): Building AudioTrack with attributes: usage=5 content=4 flags=0x800 tags=[]
06-23 02:18:48.419 1055 2682 D vendor.qti.bluetooth@1.0-wake_lock: Release wakelock is released
06-23 02:18:48.420 1051 1111 D audio_hw_primary: adev_get_parameters:vr_audio_mode_on
06-23 02:18:48.421 1201 2049 W AudioFlinger: createTrack_l(): mismatch between requested flags (00000002) and output flags (00008000)
06-23 02:18:48.421 1201 2049 D AudioFlinger: Client defaulted notificationFrames to 11025 for frameCount 22050
06-23 02:18:48.422 1201 2049 D AF::TrackHandle: OpPlayAudio: track:56 usage:2 not muted
06-23 02:18:48.423 1051 1111 I audio_hw_primary: out_get_parameters: audio-playback-voip enter: keys - is_direct_pcm_track
06-23 02:18:48.424 1379 7706 D AudioTrack: start(25): prior state:STATE_STOPPED
06-23 02:18:48.426 1694 3075 I sysui_multi_action: [757,128,758,1,793,765,794,0,795,765,796,26,798,0,806,android,857,DEVELOPER_IMPORTANT,858,4,946,ranker_group,947,0,1395,2,1500,562,1688,1]
06-23 02:18:48.426 1694 3075 I sysui_multi_action: [757,1501,758,1,793,765,794,0,795,765,796,26,806,android,857,DEVELOPER_IMPORTANT,858,4,946,ranker_group,947,0,1500,0,1688,1]
06-23 02:18:48.426 1694 3075 I sysui_multi_action: [757,804,799,note_interruptive,801,0,802,1]
06-23 02:18:48.426 1694 3075 I sysui_multi_action: [757,804,799,note_freshness,801,765,802,1]
06-23 02:18:48.426 1694 3075 I notification_visibility: [-1|android|26|null|1000,1,765,765,0,0]
06-23 02:18:48.426 1694 1760 D WindowManager: framework set brightness value = NaN
06-23 02:18:48.427 1201 1432 W AudioFlinger: The package name(android) provided does not correspond to the uid 1041
06-23 02:18:48.427 1694 1761 I input_focus: [Focus request 6206f54 com.microsoft.skype.teams.ipphone/com.microsoft.skype.teams.devices.activities.login.DevicesLoginActivity,reason=UpdateInputWindows]
06-23 02:18:48.428 7350 7622 E OpenGLRenderer: Unable to match the desired swap behavior.
06-23 02:18:48.432 1051 1111 I EffectsFactory: EffectCreate() create_effect
06-23 02:18:48.432 1051 1111 E volume_listener: check_and_set_gain_dep_cal: not able to send calibration, NULL function pointer
06-23 02:18:48.434 1051 3400 I audio_hw_primary: start_output_stream: enter: stream(0xb4000078c5cd38c0)usecase(43: audio-playback-voip) devices(0x2) is_haptic_usecase(0)
06-23 02:18:48.434 1051 3400 D audio_hw_primary: select_devices for use case (audio-playback-voip)
06-23 02:18:48.434 1051 3400 D msm8974_platform: platform_get_backend_index:napb: backend port - 0 device - 14
06-23 02:18:48.434 1051 3400 I msm8974_platform: platform_check_and_set_codec_backend_cfg:becf: afe: bitwidth 16, samplerate 48000 channels 2, backend_idx 0 usecase = 43 device (speaker-and-headphones)
06-23 02:18:48.434 1051 3400 E msm8974_platform: platform_get_snd_device_backend_index: no interface matching name PRI_TDM_RX_0-and-QUAT_MI2S_RX
06-23 02:18:48.434 1051 3400 D msm8974_platform: platform_get_backend_index:napb: backend port - 0 device - 2
06-23 02:18:48.434 1051 3400 I msm8974_platform: platform_check_codec_backend_cfg:becf: afe: bitwidth 16, samplerate 48000 channels 2, backend_idx 0 usecase = 43 device (speaker)
06-23 02:18:48.434 1051 3400 D msm8974_platform: platform_check_codec_backend_cfg:becf: updated afe: bitwidth 16, samplerate 48000 channels 2,backend_idx 0 usecase = 43 device (speaker)
06-23 02:18:48.434 1051 3400 D msm8974_platform: platform_get_backend_index:napb: backend port - 3 device - 10
06-23 02:18:48.434 1051 3400 I msm8974_platform: platform_check_codec_backend_cfg:becf: afe: bitwidth 16, samplerate 48000 channels 2, backend_idx 3 usecase = 43 device (headphones)
06-23 02:18:48.434 2096 7558 I AudioManager: -updateAudioPortCache() ports number = 8
06-23 02:18:48.434 1051 3400 D msm8974_platform: platform_check_codec_backend_cfg:becf: updated afe: bitwidth 16, samplerate 48000 channels 2,backend_idx 3 usecase = 43 device (headphones)
06-23 02:18:48.434 1051 3400 I msm8974_platform: platform_check_codec_backend_cfg: apply HPH LP mode
06-23 02:18:48.435 1051 3400 D audio_route: Apply path: hph-lowpower-mode
06-23 02:18:48.435 1051 3400 D audio_hw_primary: check_usecases_codec_backend:becf: force routing 0
06-23 02:18:48.435 1051 3400 D audio_hw_primary: check_usecases_codec_backend:becf: (99) check_usecases curr device: speaker-and-headphones, usecase device: backends match 0
06-23 02:18:48.435 1051 3400 D msm8974_platform: platform_get_backend_index:napb: backend port - 0 device - 14
06-23 02:18:48.435 1051 3400 D hardware_info: hw_info_append_hw_type : device_name = speaker-and-headphones
06-23 02:18:48.435 1051 3400 D hardware_info: hw_info_append_hw_type : device_name = speaker
06-23 02:18:48.435 1051 3400 D audio_hw_primary: enable_snd_device: snd_device(2: speaker)
06-23 02:18:48.435 1051 3400 D msm8974_platform: platform_get_island_cfg_on_device:island cfg status on snd_device = (speaker 0)
06-23 02:18:48.435 1051 3400 D audio_route: Apply path: speaker
06-23 02:18:48.435 1051 3400 D hardware_info: hw_info_append_hw_type : device_name = headphones
06-23 02:18:48.435 1051 3400 D audio_hw_primary: enable_snd_device: snd_device(10: headphones)
06-23 02:18:48.435 1051 3400 D msm8974_platform: platform_get_island_cfg_on_device:island cfg status on snd_device = (headphones 0)
06-23 02:18:48.435 1051 3400 D audio_route: Apply path: headphones
06-23 02:18:48.435 1051 3400 D audio_route: Apply path: spkr-gain-in-headphone-combo
06-23 02:18:48.435 1051 3400 D audio_hw_utils: audio_extn_utils_send_app_type_cfg: usecase->out_snd_device speaker-and-headphones
06-23 02:18:48.435 1051 3400 I audio_hw_utils: send_app_type_cfg_for_device PLAYBACK app_type 69946, acdb_dev_id 15, sample_rate 48000, snd_device_be_idx 54
06-23 02:18:48.435 1051 3400 I audio_hw_utils: send_app_type_cfg_for_device PLAYBACK app_type 69946, acdb_dev_id 10, sample_rate 48000, snd_device_be_idx 39
06-23 02:18:48.435 1051 3400 D msm8974_platform: platform_get_backend_index:napb: backend port - 0 device - 2
06-23 02:18:48.435 1051 3400 D ACDB-LOADER: ACDB -> send_audio_cal, acdb_id = 15, path = 0, app id = 0x1113a, sample rate = 48000, use_case = 0,buffer_idx_w_path =0, afe_sample_rate = 48000, cal_mode = 1, offset_index = 0
06-23 02:18:48.435 1051 3400 D ACDB-LOADER: ACDB -> AUDIO_SET_AUDPROC_CAL cal_type[11] acdb_id[15] app_type[69946]
06-23 02:18:48.435 1051 3400 D ACDB-LOADER: ACDB -> GET_AFE_TOPOLOGY_ID for adcd_id 15, Topology Id 112fc
06-23 02:18:48.436 1051 3400 D android.hardware.audio.service: Failed to fetch the lookup information of the device 0000000F
06-23 02:18:48.436 1051 3400 D ACDB-LOADER: Error: ACDB_CMD_GET_AFE_INSTANCE_COMMON_TABLE_SIZE Returned = -19
06-23 02:18:48.436 1051 3400 D android.hardware.audio.service: Failed to fetch the lookup information of the device 0000000F
06-23 02:18:48.436 1051 3400 D msm8974_platform: platform_get_backend_index:napb: backend port - 3 device - 10
06-23 02:18:48.436 1051 3400 D ACDB-LOADER: ACDB -> send_audio_cal, acdb_id = 10, path = 0, app id = 0x1113a, sample rate = 48000, use_case = 1,buffer_idx_w_path =2, afe_sample_rate = 48000, cal_mode = 1, offset_index = 0
06-23 02:18:48.436 1051 3400 D ACDB-LOADER: ACDB -> AUDIO_SET_AUDPROC_CAL cal_type[11] acdb_id[10] app_type[69946]
06-23 02:18:48.436 1051 3400 D ACDB-LOADER: ACDB -> GET_AFE_TOPOLOGY_ID for adcd_id 10, Topology Id 112fc
06-23 02:18:48.436 1051 3400 D android.hardware.audio.service: Failed to fetch the lookup information of the device 0000000A
06-23 02:18:48.436 1051 3400 D ACDB-LOADER: Error: ACDB_CMD_GET_AFE_INSTANCE_COMMON_TABLE_SIZE Returned = -19
06-23 02:18:48.436 1051 3400 D android.hardware.audio.service: Failed to fetch the lookup information of the device 0000000A
06-23 02:18:48.436 1051 3400 D msm8974_platform: platform_get_backend_index:napb: backend port - 0 device - 2
06-23 02:18:48.436 1051 3400 D msm8974_platform: platform_get_backend_index:napb: backend port - 0 device - 2
06-23 02:18:48.436 1051 3400 D msm8974_platform: platform_get_backend_index:napb: backend port - 3 device - 10
06-23 02:18:48.436 1051 3400 D msm8974_platform: platform_get_backend_index:napb: backend port - 3 device - 10
06-23 02:18:48.436 1051 3400 D audio_hw_primary: enable_audio_route: apply mixer and update path: audio-playback-voip speaker-and-headphones
06-23 02:18:48.436 1051 3400 D audio_route: Apply path: audio-playback-voip speaker-and-headphones
06-23 02:18:48.437 1051 3400 D msm8974_platform: platform_get_backend_index:napb: backend port - 0 device - 2
06-23 02:18:48.437 1051 3400 D msm8974_platform: platform_get_backend_index:napb: backend port - 0 device - 2
06-23 02:18:48.437 1051 3400 D msm8974_platform: platform_get_backend_index:napb: backend port - 3 device - 10
06-23 02:18:48.437 1051 3400 D msm8974_platform: platform_get_backend_index:napb: backend port - 3 device - 10
06-23 02:18:48.437 1051 3400 D audio_hw_primary: select_devices: done
06-23 02:18:48.437 1051 3400 D msm8974_platform: platform_set_channel_map mixer_ctl_name:Playback Channel Map12
06-23 02:18:48.438 1051 3400 D msm8974_platform: platform_set_channel_map: set mapping(1 2 0 0 0 0 0 0) for channel:2
06-19 16:43:09.047 3400 3400 E kona_tdm_snd_startup: Enabling mclk, clk_freq_in_hz = 12288000
06-19 16:43:09.051 3400 3400 I afe_get_cal_topology_id: port_id = 0x9000 acdb_id = 15 topology_id = 0x112fc cal_type_index=8 ret=0
06-19 16:43:09.051 3400 3400 E send_afe_cal_type: No cal sent for cal_index 0, port_id = 0x9000! ret -22
06-19 16:43:09.051 3400 3400 I afe_send_hw_delay: port_id 0x9000 rate 48000 delay_usec 474 status 0
06-19 16:43:09.057 3400 3400 I afe_get_cal_topology_id: port_id = 0x1006 acdb_id = 10 topology_id = 0x112fc cal_type_index=8 ret=0
06-19 16:43:09.058 3400 3400 E send_afe_cal_type: No cal sent for cal_index 0, port_id = 0x1006! ret -22
06-19 16:43:09.058 3400 3400 I afe_send_hw_delay: port_id 0x1006 rate 48000 delay_usec 474 status 0
06-19 16:43:09.063 3400 3400 E afe_get_cal_topology_id: cal_type 8 not initialized for this port 4120
06-19 16:43:09.063 3400 3400 E : send_afe_cal_type cal_block not found!!
06-19 16:43:09.063 3400 3400 I afe_send_hw_delay: port_id 0x1018 rate 48000 delay_usec 0 status 0
06-19 16:43:09.068 3400 3400 E q6asm_find_cal_by_buf_number: Can't find ASM Cal for cal_index 0 app_type 0 buffer_number 9
06-23 02:18:48.464 7350 7350 I wm_on_top_resumed_gained_called: [186526686,com.microsoft.skype.teams.devices.activities.login.DevicesLoginActivity,topStateChangedWhenResumed]
06-23 02:18:48.464 7350 7350 I ProximityJoinBeaconService: ProcessId: 7350, Thread: main, onReceive action: com.microsoft.skype.teams.ipphone.APP_USER_STATE
06-23 02:18:48.464 7350 7350 I ProximityJoinBeaconService: ProcessId: 7350, Thread: main, onReceive SIGNED_IN state: 0, current state: -1
06-23 02:18:48.464 7350 7350 I ProximityJoinBeaconService: ProcessId: 7350, Thread: main, onStateChanged: beacon allowed to start: false, isNetworkAvailable= true, isSignedIn= false, proximityJoinToggleEnable= false
06-23 02:18:48.465 7350 7350 I BeaconFactory: ProcessId: 7350, Thread: main, getBeacon: PROXIMITY
06-19 16:43:09.072 3400 3400 E q6asm_find_cal_by_buf_number: Can't find ASM Cal for cal_index 2 app_type 69946 buffer_number 18
06-23 02:18:48.466 1150 1180 E ANDR-PERF-RESOURCEQS: ANDR-PERF-RESOURCEQS: RemoveAndApply() 292: Failed to reset optimization here [3, 0]
06-23 02:18:48.469 7350 7350 I ProximityJoinBeaconService: ProcessId: 7350, Thread: main, stop beacon
06-23 02:18:48.469 7350 7350 I Proximity:BleBeacon: ProcessId: 7350, Thread: main, stopBeacon: Proximity
06-23 02:18:48.470 1694 1760 I ActivityNotifier: DynamicDDS service disabled
06-23 02:18:48.470 1694 1760 I wm_destroy_activity: [0,149470355,26,com.microsoft.skype.teams.ipphone/com.microsoft.skype.teams.Launcher,finish-imm:transit]
06-23 02:18:48.470 1694 1760 D WindowManager: framework set brightness value = NaN
06-23 02:18:48.470 1694 1760 D WindowManager: framework set brightness value = NaN
06-23 02:18:48.476 7350 7350 I APPLICATION_ACTIVITY_LIFECYCLE: ProcessId: 7350, Thread: main, Activity stopped: com.microsoft.skype.teams.Launcher 166399658
06-23 02:18:48.477 1694 1939 I input_focus: [Focus entering 6206f54 com.microsoft.skype.teams.ipphone/com.microsoft.skype.teams.devices.activities.login.DevicesLoginActivity (server),reason=Window became focusable. Previous reason: NOT_VISIBLE]
06-23 02:18:48.478 7350 7350 I wm_on_stop_called: [149470355,com.microsoft.skype.teams.Launcher,LIFECYCLER_STOP_ACTIVITY]
06-23 02:18:48.478 7350 7350 I APPLICATION_ACTIVITY_LIFECYCLE: ProcessId: 7350, Thread: main, Activity destroyed: com.microsoft.skype.teams.Launcher 166399658
06-23 02:18:48.478 7350 7350 I wm_on_destroy_called: [149470355,com.microsoft.skype.teams.Launcher,performDestroy]
06-23 02:18:48.479 1694 1760 D WindowManager: framework set brightness value = NaN
06-23 02:18:48.479 1694 3075 D CoreBackPreview: Window{a880eb u0 com.microsoft.skype.teams.ipphone/com.microsoft.skype.teams.Launcher}: Setting back callback null
06-23 02:18:48.480 1694 3075 W InputManager-JNI: Input channel object 'a880eb com.microsoft.skype.teams.ipphone/com.microsoft.skype.teams.Launcher (client)' was disposed without first being removed with the input manager!
06-23 02:18:48.481 1694 7714 I AdrenoGLES-0: QUALCOMM build : a63fb93269, I16b8254a37
06-23 02:18:48.481 1694 7714 I AdrenoGLES-0: Build Date : 08/27/24
06-23 02:18:48.481 1694 7714 I AdrenoGLES-0: OpenGL ES Shader Compiler Version: EV031.36.08.30
06-23 02:18:48.481 1694 7714 I AdrenoGLES-0: Local Branch :
06-23 02:18:48.481 1694 7714 I AdrenoGLES-0: Remote Branch : refs/tags/AU_LINUX_ANDROID_LA.VENDOR.1.0.11.00.00.770.073
06-23 02:18:48.481 1694 7714 I AdrenoGLES-0: Remote Branch : NONE
06-23 02:18:48.481 1694 7714 I AdrenoGLES-0: Reconstruct Branch : NOTHING
06-23 02:18:48.481 1694 7714 I AdrenoGLES-0: Build Config : S P 12.1.1 AArch64
06-23 02:18:48.481 1694 7714 I AdrenoGLES-0: Driver Path : /vendor/lib64/egl/libGLESv2_adreno.so
06-23 02:18:48.481 1694 7714 I AdrenoGLES-0: Driver Version : 0615.91
06-23 02:18:48.481 1694 1760 D WindowManager: framework set brightness value = NaN
06-23 02:18:48.482 1694 1760 D WindowManager: framework set brightness value = NaN
06-23 02:18:48.484 1694 7714 I AdrenoGLES-0: PFP: 0x016dd112, ME: 0x00000000
06-23 02:18:48.486 1051 3400 D audio_hw_primary: out_set_voip_volume : Pcm set volume value 6507 left 0.794329 pcmid 12
06-23 02:18:48.486 1051 3400 D audio_hw_primary: start_output_stream: exit
06-23 02:18:48.487 1051 1111 D audio_hw_primary: out_set_volume: called with left_vol=0.794329, right_vol=0.794329, usecase=43
06-23 02:18:48.488 1051 1111 D audio_hw_primary: out_set_voip_volume : Pcm set volume value 6507 left 0.794329 pcmid 12
06-23 02:18:48.488 1051 1111 E volume_listener: check_and_set_gain_dep_cal: not able to send calibration, NULL function pointer
06-23 02:18:48.489 1694 1760 D WindowManager: framework set brightness value = NaN
06-23 02:18:48.493 1215 1321 W TransactionTracing: Could not find layer handle 0xb400007b8cb04a30
06-23 02:18:48.499 7320 7702 D NucDataProcessPresenter: onGetDataSuccess:
06-23 02:18:48.499 7320 7702 D DataToConsoleHelper: sendGlobalToConsole:
06-23 02:18:48.507 7320 7702 D ConnectorManager: [TO CONNECTOR] OUT sendConfigToPeer: {"content":{"about":{"adminAgentVersion":"1.0.0.202412110504.product","authenticatorAppVersion":"6.2505.3166","companyPortalVersion":"Unknown","firmwareVersion":"3.0.3744","ipAddress":"192.168.124.4","macId":"de:ad:be:ef:12:34","model":"UC-SB2-CAM-A","ngmsAppVersion":"25.02.1","partnerAgentVersion":"2.08.000.145","serialNumber":"2100SPE00000","settingsAppVersion":"1.4.04","teamsVersion":"1449/1.0.96.2025031102"},"accessibility":{"colorLevel":0,"isHigh":false,"isLarge":false,"talkBackEnable":false},"bt":{"deviceName":"UC-SB2-CAM-A_ef1234","enable":false},"debugConfiguration":{"logSettingMode":0},"display":{"basedOnEnable":false,"displayTimeout":15,"screensaverEnabled":false,"screensaverTimeout":0},"language":{"languageId":"en_US"},"networkConfiguration":{"defaultGateway":"192.168.124.1","dnsServers":["192.168.124.1","",""],"domainName":"localdomain","hostName":"UC-SB2-CAM-A-DEADBEEF1234","ipAddress":"192.168.124.4","ipv6DefaultGateway":"","ipv6PrimaryDns":"","ipv6SecondaryDns":"","isDhcpEnabled":true,"isIpv6Enabled":false,"isLinkActive":true,"isWebuiEnabled":true,"isWifiData":false,"macAddress":"de:ad:be:ef:12:34","staticDefaultGateway":"0.0.0.0","staticDnsServers":["","",""],"staticIpAddress":"0.0.0.0","staticIpv6Addresses":{},"staticSubnetMask":"0.0.0.0","subnetMask":"255.255.255.0","vlan":0,"vlanTag":0},"peripheralDeviceOptions":[{"continuous":false,"geniusFraming":false,"inMeeting":false,"name":"Huddly Camera","peopleCount":0}],"peripheralDevices":[{"name":"Huddly Device","version":""}],"time":{"dateFormat":"MDY","isEnabled":true,"isUsing12HourTime":true,"sntpServer":"pool.ntp.org","timeMillis":1750645128293,"timeZone":"GMT"},"wifiInfo":{"dhcpEnable":false,"isConnected":false,"isEnabled":true,"isEthernetEnabled":true}},"type":"global"} ; oemConnector version :1.00.023.255
06-23 02:18:48.508 1201 2023 D AudioFlinger: mixer(0xb4000078db223990) throttle end: throttle time(8)
06-23 02:18:48.509 1694 1923 I commit_sys_config_file: [settings-1-0,3]
06-23 02:18:48.509 3856 3856 I oemconnector|SettingsActionHandler: BroadcastReceiver com.crestron.oemconnector.sync.setting.action.callback
06-23 02:18:48.509 3856 3856 I oemconnector|SettingsActionHandler: BroadcastReceiver actionType 2
06-23 02:18:48.510 1694 3075 W ActivityTaskManager: Request to remove task ignored for non-existent task 24
