01-01 00:09:46.881 1694 1694 I SystemServiceManager: Starting com.android.server.lights.LightsService
01-01 00:09:46.882 1694 1694 I SystemServiceManager: Starting com.android.server.display.DisplayManagerService
01-01 00:09:46.886 1694 1694 I SystemServiceManager: Starting phase 100
01-01 00:09:46.961 1051 1051 E msm_voice_source_tracking_get: Error getting Source Tracking Params, err=-22
01-01 00:09:46.961 1051 1051 E msm_voice_source_tracking_get: Error getting FNN ST Params, err=-22
01-01 00:09:46.961 1051 1051 E msm_voice_source_tracking_get: Error getting Source Tracking Params, err=-22
01-01 00:09:46.961 1051 1051 E msm_voice_source_tracking_get: Error getting FNN ST Params, err=-22
01-01 00:09:46.961 1051 1051 E msm_voice_source_tracking_get: Error getting Source Tracking Params, err=-22
01-01 00:09:46.961 1051 1051 E msm_voice_source_tracking_get: Error getting FNN ST Params, err=-22
01-01 00:09:46.961 1051 1051 E msm_voice_source_tracking_get: Error getting Source Tracking Params, err=-22
01-01 00:09:46.961 1051 1051 E msm_voice_source_tracking_get: Error getting FNN ST Params, err=-22
01-01 00:09:46.961 1051 1051 E msm_voice_source_tracking_get: Error getting Source Tracking Params, err=-22
01-01 00:09:46.961 1051 1051 E msm_voice_source_tracking_get: Error getting FNN ST Params, err=-22
01-01 00:09:46.961 1051 1051 E msm_voice_source_tracking_get: Error getting Source Tracking Params, err=-22
01-01 00:09:46.961 1051 1051 E msm_voice_source_tracking_get: Error getting FNN ST Params, err=-22
01-01 00:09:46.961 1051 1051 I core_get_license_status: cmdrsp_license_result.result = 0x15 for module 0x131ff
01-01 00:09:46.961 1051 1051 E : msm_pcm_soft_volume_ctl_get substream runtime or private_data not found
01-01 00:09:46.961 1051 1051 E : msm_pcm_soft_volume_ctl_get substream runtime or private_data not found
01-01 00:09:46.962 1051 1051 E : msm_pcm_soft_volume_ctl_get substream runtime or private_data not found
01-01 00:09:46.962 1051 1051 E : msm_pcm_soft_volume_ctl_get substream runtime or private_data not found
01-01 00:09:46.962 1051 1051 E : msm_pcm_volume_ctl_get substream not found
01-01 00:09:46.962 1051 1051 E : msm_pcm_soft_volume_ctl_get substream runtime or private_data not found
01-01 00:09:46.962 1051 1051 E : msm_pcm_soft_volume_ctl_get substream not found
01-01 00:09:46.962 1051 1051 E : msm_pcm_soft_volume_ctl_get substream runtime or private_data not found
01-01 00:09:46.962 1051 1051 E : msm_pcm_soft_volume_ctl_get substream runtime or private_data not found
01-01 00:09:46.962 1051 1051 E : get_substream_info substream runtime or private_data not found
01-01 00:09:46.962 1051 1051 E : get_substream_info substream runtime or private_data not found
01-01 00:09:46.962 1051 1051 E : msm_pcm_soft_volume_ctl_get substream runtime or private_data not found
01-01 00:09:46.962 1051 1051 E : msm_pcm_soft_volume_ctl_get substream runtime or private_data not found
01-01 00:09:46.962 1051 1051 E : get_substream_info substream runtime or private_data not found
01-01 00:09:46.962 1051 1051 E : get_substream_info substream runtime or private_data not found
01-01 00:09:46.962 1051 1051 E : get_substream_info substream runtime or private_data not found
01-01 00:09:46.962 1051 1051 E : get_substream_info substream runtime or private_data not found
01-01 00:09:46.962 1051 1051 E : get_substream_info substream runtime or private_data not found
01-01 00:09:46.962 1051 1051 E : get_substream_info substream runtime or private_data not found
01-01 00:09:46.962 1051 1051 E : get_substream_info substream runtime or private_data not found
01-01 00:09:46.962 1051 1051 E : get_substream_info substream runtime or private_data not found
01-01 00:09:46.962 1051 1051 E : get_substream_info substream runtime or private_data not found
01-01 00:09:46.962 1051 1051 E : get_substream_info substream runtime or private_data not found
01-01 00:09:46.962 1051 1051 E : get_substream_info substream runtime or private_data not found
01-01 00:09:46.962 1051 1051 E : get_substream_info substream runtime or private_data not found
01-01 00:09:46.962 1051 1051 E : get_substream_info substream runtime or private_data not found
01-01 00:09:46.962 1051 1051 E : get_substream_info substream runtime or private_data not found
01-01 00:09:46.963 1051 1051 E : msm_pcm_soft_volume_ctl_get substream runtime or private_data not found
01-01 00:09:46.963 1051 1051 E : msm_pcm_soft_volume_ctl_get substream runtime or private_data not found
01-01 00:09:46.963 1051 1051 E : msm_pcm_volume_ctl_get substream not found
01-01 00:09:46.963 1051 1051 E : msm_pcm_soft_volume_ctl_get substream runtime or private_data not found
01-01 00:09:46.963 1051 1051 E : msm_pcm_soft_volume_ctl_get substream not found
01-01 00:09:46.943 1694 1790 W ProcessCpuTracker: Failed to stat(/proc/1787): android.system.ErrnoException: stat failed: ENOENT (No such file or directory)
01-01 00:09:46.943 1694 1790 W ProcessCpuTracker: Skipping unknown process pid 1787
01-01 00:09:47.423 102 102 I : [lt9611] hpd status 2
01-01 00:09:47.477 102 102 I : [lt9611] lt9611_irq_dev_wakeup
01-01 00:09:47.577 921 921 I [drm:dsi_display_set_mode [msm_drm]] [msm-dsi-info]: mdp_transfer_time=0, hactive=1920, vactive=1080, fps=60, clk_rate=148352000
01-01 00:09:47.578 921 921 I [drm:dsi_ctrl_isr_configure [msm_drm]] [msm-dsi-info]: dsi-ctrl-0: IRQ 541 registered
01-01 00:09:47.542 1694 1760 E LocalDisplayAdapter: Can't find display mode with id -1
01-01 00:09:47.542 1694 1760 W LocalDisplayAdapter: DisplayModeSpecs base mode no longer available, using currently active mode.
01-01 00:09:47.584 1193 1193 I : [lt9611] hpd status 2
01-01 00:09:47.543 1694 1694 I dvm_lock_sample: [system_server,0,main,657,DisplayManagerService.java,565,void com.android.server.display.DisplayManagerService.onBootPhase(int),-,1499,void com.android.server.display.DisplayManagerService.registerDefaultDisplayAdapters(),100]
01-01 00:09:47.548 1694 1760 I DisplayDeviceRepository: Display device added: DisplayDeviceInfo{"Built-in Screen": uniqueId="local:4630946674560563714", 1920 x 1080, modeId 1, defaultModeId 1, supportedModes [{id=1, width=1920, height=1080, fps=60.000004, alternativeRefreshRates=[]}, {id=2, width=1280, height=720, fps=60.000004, alternativeRefreshRates=[]}], colorMode 0, supportedColorModes [0], hdrCapabilities HdrCapabilities{mSupportedHdrTypes=[], mMaxLuminance=500.0, mMaxAverageLuminance=500.0, mMinLuminance=0.0}, allmSupported false, gameContentTypeSupported false, density 160, 92.015 x 91.44 dpi, appVsyncOff 1000000, presDeadline 16666666, touch INTERNAL, rotation 0, type INTERNAL, address {port=2, model=0x40446d76f6f57a}, deviceProductInfo DeviceProductInfo{name=, manufacturerPnpId=QCM, productId=1, modelYear=null, manufactureDate=ManufactureDate{week=27, year=2006}, connectionToSinkType=0}, state UNKNOWN, committedState UNKNOWN, frameRateOverride , brightnessMinimum 0.0, brightnessMaximum 1.0, brightnessDefault 0.39763778, FLAG_ALLOWED_TO_BE_DEFAULT_DISPLAY, FLAG_ROTATES_WITH_CONTENT, FLAG_SECURE, FLAG_SUPPORTS_PROTECTED_BUFFERS, installOrientation 0}
01-01 00:09:47.550 1694 1760 I LogicalDisplayMapper: Applying layout: [{addr: {port=2, model=0x40446d76f6f57a}, dispId: 0(ON)}], Previous layout: null
01-01 00:09:47.552 1694 1760 I LogicalDisplayMapper: Adding new display: 0: DisplayInfo{"Built-in Screen", displayId 0", displayGroupId -1, FLAG_SECURE, FLAG_SUPPORTS_PROTECTED_BUFFERS, FLAG_TRUSTED, real 1920 x 1080, largest app 1920 x 1080, smallest app 1920 x 1080, appVsyncOff 1000000, presDeadline 16666666, mode 1, defaultMode 1, modes [{id=1, width=1920, height=1080, fps=60.000004, alternativeRefreshRates=[]}, {id=2, width=1280, height=720, fps=60.000004, alternativeRefreshRates=[]}], hdrCapabilities HdrCapabilities{mSupportedHdrTypes=[], mMaxLuminance=500.0, mMaxAverageLuminance=500.0, mMinLuminance=0.0}, userDisabledHdrTypes [], minimalPostProcessingSupported false, rotation 0, state UNKNOWN, committedState UNKNOWN, type INTERNAL, uniqueId "local:4630946674560563714", app 1920 x 1080, density 160 (92.015 x 91.44) dpi, layerStack 0, colorMode 0, supportedColorModes [0], address {port=2, model=0x40446d76f6f57a}, deviceProductInfo DeviceProductInfo{name=, manufacturerPnpId=QCM, productId=1, modelYear=null, manufactureDate=ManufactureDate{week=27, year=2006}, connectionToSinkType=0}, removeMode 0, refreshRateOverride 0.0, brightnessMinimum 0.0, brightnessMaximum 1.0, brightnessDefault 0.39763778, installOrientation ROTATION_0}
01-01 00:09:47.552 1694 1760 I LogicalDisplayMapper: Setting new display group 0 for display 0, from previous group: null
01-01 00:09:47.553 1694 1760 W android.permission.PermissionManager: Missing ActivityManager; assuming 1000 holds android.permission.READ_DEVICE_CONFIG
01-01 00:09:47.556 1694 1760 E DisplayDeviceConfig: requesting nits when no mapping exists.
01-01 00:09:47.556 1694 1760 I am_wtf : [0,1694,system_server,-1,DisplayDeviceConfig,requesting nits when no mapping exists.]
01-01 00:09:47.556 1694 1760 E DisplayDeviceConfig: requesting nits when no mapping exists.
01-01 00:09:47.557 1694 1760 I am_wtf : [0,1694,system_server,-1,DisplayDeviceConfig,requesting nits when no mapping exists.]
01-01 00:09:47.557 1694 1694 W SystemServiceManager: Service com.android.server.display.DisplayManagerService took 671 ms in onBootPhase
01-01 00:09:47.558 1694 1694 I Watchdog: Pausing HandlerChecker: main thread for reason: packagemanagermain. Pause count: 1
01-01 00:09:47.559 1694 1760 I DisplayDeviceRepository: Display device changed state: "Built-in Screen", ON
01-01 00:09:47.559 1694 1760 I DisplayDeviceRepository: Display device changed state: "Built-in Screen", ON
01-01 00:09:47.598 921 921 I : lt9611 reg write start
01-01 00:09:47.603 921 921 I : lt9611 reg write over
01-01 00:09:47.561 1694 1694 I boot_progress_pms_start: 9492
01-01 00:09:47.576 1694 1694 W BackgroundDexOptService: SysProp pm.dexopt.downgrade_after_inactive_days not set
01-01 00:09:47.576 1694 1694 D PackageManager: Disabling packages for wifi-only device, source: /vendor/etc/telephony_packages.xml
01-01 00:09:47.578 1694 1694 D SELinuxMMAC: Using policy file /system/etc/selinux/plat_mac_permissions.xml
01-01 00:09:47.581 1694 1694 D SELinuxMMAC: Using policy file /system_ext/etc/selinux/system_ext_mac_permissions.xml
01-01 00:09:47.581 1694 1694 D SELinuxMMAC: Using policy file /product/etc/selinux/product_mac_permissions.xml
01-01 00:09:47.582 1694 1694 D SELinuxMMAC: Using policy file /vendor/etc/selinux/vendor_mac_permissions.xml
01-01 00:09:47.592 1798 1816 D BootAnimation: BootAnimationShownTiming start time: 9523ms
01-01 00:09:47.642 1694 1694 E PackageManager: Package com.android.providers.telephony was user id 0 but is now user SharedUserSetting{9143f3b android.uid.phone/1001} with id 1001; I am not changing its files so it will probably fail!
01-01 00:09:47.642 1694 1694 I pm_critical_info: Package com.android.providers.telephony was user id 0 but is now user SharedUserSetting{9143f3b android.uid.phone/1001} with id 1001; I am not changing its files so it will probably fail!
01-01 00:09:47.643 1694 1694 E PackageManager: Package com.android.dynsystem was user id 0 but is now user SharedUserSetting{933096 android.uid.system/1000} with id 1000; I am not changing its files so it will probably fail!
01-01 00:09:47.643 1694 1694 I pm_critical_info: Package com.android.dynsystem was user id 0 but is now user SharedUserSetting{933096 android.uid.system/1000} with id 1000; I am not changing its files so it will probably fail!
01-01 00:09:47.643 1694 1694 E PackageManager: Package com.android.providers.calendar was user id 0 but is now user SharedUserSetting{1a9ed android.uid.calendar/10032} with id 10032; I am not changing its files so it will probably fail!
01-01 00:09:47.643 1694 1694 I pm_critical_info: Package com.android.providers.calendar was user id 0 but is now user SharedUserSetting{1a9ed android.uid.calendar/10032} with id 10032; I am not changing its files so it will probably fail!
01-01 00:09:47.643 1694 1694 E PackageManager: Package com.android.providers.media was user id 0 but is now user SharedUserSetting{9b45870 android.media/10027} with id 10027; I am not changing its files so it will probably fail!
01-01 00:09:47.643 1694 1694 I pm_critical_info: Package com.android.providers.media was user id 0 but is now user SharedUserSetting{9b45870 android.media/10027} with id 10027; I am not changing its files so it will probably fail!
01-01 00:09:47.643 1694 1694 E PackageManager: Package com.qualcomm.qti.PresenceApp was user id 0 but is now user SharedUserSetting{9143f3b android.uid.phone/1001} with id 1001; I am not changing its files so it will probably fail!
01-01 00:09:47.643 1694 1694 I pm_critical_info: Package com.qualcomm.qti.PresenceApp was user id 0 but is now user SharedUserSetting{9143f3b android.uid.phone/1001} with id 1001; I am not changing its files so it will probably fail!
01-01 00:09:47.643 1694 1694 E PackageManager: Package com.qualcomm.qti.uceShimService was user id 0 but is now user SharedUserSetting{9143f3b android.uid.phone/1001} with id 1001; I am not changing its files so it will probably fail!
01-01 00:09:47.643 1694 1694 I pm_critical_info: Package com.qualcomm.qti.uceShimService was user id 0 but is now user SharedUserSetting{9143f3b android.uid.phone/1001} with id 1001; I am not changing its files so it will probably fail!
01-01 00:09:47.643 1694 1694 E PackageManager: Package com.android.providers.downloads was user id 0 but is now user SharedUserSetting{9b45870 android.media/10027} with id 10027; I am not changing its files so it will probably fail!
01-01 00:09:47.643 1694 1694 I pm_critical_info: Package com.android.providers.downloads was user id 0 but is now user SharedUserSetting{9b45870 android.media/10027} with id 10027; I am not changing its files so it will probably fail!
01-01 00:09:47.644 1694 1694 E PackageManager: Package com.qualcomm.qti.dctestapp was user id 0 but is now user SharedUserSetting{9143f3b android.uid.phone/1001} with id 1001; I am not changing its files so it will probably fail!
01-01 00:09:47.644 1694 1694 I pm_critical_info: Package com.qualcomm.qti.dctestapp was user id 0 but is now user SharedUserSetting{9143f3b android.uid.phone/1001} with id 1001; I am not changing its files so it will probably fail!
01-01 00:09:47.644 1694 1694 E PackageManager: Package com.android.networkstack was user id 0 but is now user SharedUserSetting{e95b107 android.uid.networkstack/1073} with id 1073; I am not changing its files so it will probably fail!
01-01 00:09:47.644 1694 1694 I pm_critical_info: Package com.android.networkstack was user id 0 but is now user SharedUserSetting{e95b107 android.uid.networkstack/1073} with id 1073; I am not changing its files so it will probably fail!
01-01 00:09:47.644 1694 1694 E PackageManager: Package android was user id 0 but is now user SharedUserSetting{933096 android.uid.system/1000} with id 1000; I am not changing its files so it will probably fail!
01-01 00:09:47.644 1694 1694 I pm_critical_info: Package android was user id 0 but is now user SharedUserSetting{933096 android.uid.system/1000} with id 1000; I am not changing its files so it will probably fail!
01-01 00:09:47.644 1694 1694 E PackageManager: Package com.android.mtp was user id 0 but is now user SharedUserSetting{9b45870 android.media/10027} with id 10027; I am not changing its files so it will probably fail!
01-01 00:09:47.644 1694 1694 I pm_critical_info: Package com.android.mtp was user id 0 but is now user SharedUserSetting{9b45870 android.media/10027} with id 10027; I am not changing its files so it will probably fail!
01-01 00:09:47.644 1694 1694 E PackageManager: Package vendor.qti.qesdk.sysservice was user id 0 but is now user SharedUserSetting{933096 android.uid.system/1000} with id 1000; I am not changing its files so it will probably fail!
01-01 00:09:47.644 1694 1694 I pm_critical_info: Package vendor.qti.qesdk.sysservice was user id 0 but is now user SharedUserSetting{933096 android.uid.system/1000} with id 1000; I am not changing its files so it will probably fail!
01-01 00:09:47.645 1694 1694 E PackageManager: Package com.qualcomm.qti.dynamicddsservice was user id 0 but is now user SharedUserSetting{9143f3b android.uid.phone/1001} with id 1001; I am not changing its files so it will probably fail!
01-01 00:09:47.645 1694 1694 I pm_critical_info: Package com.qualcomm.qti.dynamicddsservice was user id 0 but is now user SharedUserSetting{9143f3b android.uid.phone/1001} with id 1001; I am not changing its files so it will probably fail!
01-01 00:09:47.645 1694 1694 E PackageManager: Package com.qualcomm.qti.xrvd.service was user id 0 but is now user SharedUserSetting{933096 android.uid.system/1000} with id 1000; I am not changing its files so it will probably fail!
01-01 00:09:47.645 1694 1694 I pm_critical_info: Package com.qualcomm.qti.xrvd.service was user id 0 but is now user SharedUserSetting{933096 android.uid.system/1000} with id 1000; I am not changing its files so it will probably fail!
01-01 00:09:47.645 1694 1694 E PackageManager: Package com.android.providers.settings was user id 0 but is now user SharedUserSetting{933096 android.uid.system/1000} with id 1000; I am not changing its files so it will probably fail!
01-01 00:09:47.645 1694 1694 I pm_critical_info: Package com.android.providers.settings was user id 0 but is now user SharedUserSetting{933096 android.uid.system/1000} with id 1000; I am not changing its files so it will probably fail!
01-01 00:09:47.645 1694 1694 E PackageManager: Package com.android.se was user id 0 but is now user SharedUserSetting{b16b1f6 android.uid.se/1068} with id 1068; I am not changing its files so it will probably fail!
01-01 00:09:47.645 1694 1694 I pm_critical_info: Package com.android.se was user id 0 but is now user SharedUserSetting{b16b1f6 android.uid.se/1068} with id 1068; I am not changing its files so it will probably fail!
01-01 00:09:47.645 1694 1694 E PackageManager: Package com.android.inputdevices was user id 0 but is now user SharedUserSetting{933096 android.uid.system/1000} with id 1000; I am not changing its files so it will probably fail!
01-01 00:09:47.645 1694 1694 I pm_critical_info: Package com.android.inputdevices was user id 0 but is now user SharedUserSetting{933096 android.uid.system/1000} with id 1000; I am not changing its files so it will probably fail!
01-01 00:09:47.645 1694 1694 E PackageManager: Package com.qti.dpmserviceapp was user id 0 but is now user SharedUserSetting{9143f3b android.uid.phone/1001} with id 1001; I am not changing its files so it will probably fail!
01-01 00:09:47.645 1694 1694 I pm_critical_info: Package com.qti.dpmserviceapp was user id 0 but is now user SharedUserSetting{9143f3b android.uid.phone/1001} with id 1001; I am not changing its files so it will probably fail!
01-01 00:09:47.646 1694 1694 E PackageManager: Package com.android.server.telecom was user id 0 but is now user SharedUserSetting{933096 android.uid.system/1000} with id 1000; I am not changing its files so it will probably fail!
01-01 00:09:47.646 1694 1694 I pm_critical_info: Package com.android.server.telecom was user id 0 but is now user SharedUserSetting{933096 android.uid.system/1000} with id 1000; I am not changing its files so it will probably fail!
01-01 00:09:47.646 1694 1694 E PackageManager: Package com.android.keychain was user id 0 but is now user SharedUserSetting{933096 android.uid.system/1000} with id 1000; I am not changing its files so it will probably fail!
01-01 00:09:47.646 1694 1694 I pm_critical_info: Package com.android.keychain was user id 0 but is now user SharedUserSetting{933096 android.uid.system/1000} with id 1000; I am not changing its files so it will probably fail!
01-01 00:09:47.646 1694 1694 E PackageManager: Package com.qti.snapdragon.qdcm_ff was user id 0 but is now user SharedUserSetting{933096 android.uid.system/1000} with id 1000; I am not changing its files so it will probably fail!
01-01 00:09:47.646 1694 1694 I pm_critical_info: Package com.qti.snapdragon.qdcm_ff was user id 0 but is now user SharedUserSetting{933096 android.uid.system/1000} with id 1000; I am not changing its files so it will probably fail!
01-01 00:09:47.646 1694 1694 E PackageManager: Package com.android.localtransport was user id 0 but is now user SharedUserSetting{933096 android.uid.system/1000} with id 1000; I am not changing its files so it will probably fail!
01-01 00:09:47.646 1694 1694 I pm_critical_info: Package com.android.localtransport was user id 0 but is now user SharedUserSetting{933096 android.uid.system/1000} with id 1000; I am not changing its files so it will probably fail!
01-01 00:09:47.646 1694 1694 E PackageManager: Package com.qualcomm.qti.devicestatisticsservice was user id 0 but is now user SharedUserSetting{6a75e01 android.uid.qtiphone/10112} with id 10112; I am not changing its files so it will probably fail!
01-01 00:09:47.646 1694 1694 I pm_critical_info: Package com.qualcomm.qti.devicestatisticsservice was user id 0 but is now user SharedUserSetting{6a75e01 android.uid.qtiphone/10112} with id 10112; I am not changing its files so it will probably fail!
01-01 00:09:47.646 1694 1694 E PackageManager: Package com.android.networkstack.tethering was user id 0 but is now user SharedUserSetting{e95b107 android.uid.networkstack/1073} with id 1073; I am not changing its files so it will probably fail!
01-01 00:09:47.646 1694 1694 I pm_critical_info: Package com.android.networkstack.tethering was user id 0 but is now user SharedUserSetting{e95b107 android.uid.networkstack/1073} with id 1073; I am not changing its files so it will probably fail!
01-01 00:09:47.647 1694 1694 E PackageManager: Package com.android.soundpicker was user id 0 but is now user SharedUserSetting{9b45870 android.media/10027} with id 10027; I am not changing its files so it will probably fail!
01-01 00:09:47.647 1694 1694 I pm_critical_info: Package com.android.soundpicker was user id 0 but is now user SharedUserSetting{9b45870 android.media/10027} with id 10027; I am not changing its files so it will probably fail!
01-01 00:09:47.647 1694 1694 E PackageManager: Package com.android.settings was user id 0 but is now user SharedUserSetting{933096 android.uid.system/1000} with id 1000; I am not changing its files so it will probably fail!
01-01 00:09:47.647 1694 1694 I pm_critical_info: Package com.android.settings was user id 0 but is now user SharedUserSetting{933096 android.uid.system/1000} with id 1000; I am not changing its files so it will probably fail!
01-01 00:09:47.647 1694 1694 E PackageManager: Package com.android.cts.ctsshim was user id 0 but is now user SharedUserSetting{56827e com.android.cts.ctsshim/10045} with id 10045; I am not changing its files so it will probably fail!
01-01 00:09:47.647 1694 1694 I pm_critical_info: Package com.android.cts.ctsshim was user id 0 but is now user SharedUserSetting{56827e com.android.cts.ctsshim/10045} with id 10045; I am not changing its files so it will probably fail!
01-01 00:09:47.647 1694 1694 E PackageManager: Package com.qualcomm.qti.connmgr was user id 0 but is now user SharedUserSetting{9143f3b android.uid.phone/1001} with id 1001; I am not changing its files so it will probably fail!
01-01 00:09:47.647 1694 1694 I pm_critical_info: Package com.qualcomm.qti.connmgr was user id 0 but is now user SharedUserSetting{9143f3b android.uid.phone/1001} with id 1001; I am not changing its files so it will probably fail!
01-01 00:09:47.647 1694 1694 E PackageManager: Package com.qti.diagservices was user id 0 but is now user SharedUserSetting{933096 android.uid.system/1000} with id 1000; I am not changing its files so it will probably fail!
01-01 00:09:47.647 1694 1694 I pm_critical_info: Package com.qti.diagservices was user id 0 but is now user SharedUserSetting{933096 android.uid.system/1000} with id 1000; I am not changing its files so it will probably fail!
01-01 00:09:47.647 1694 1694 E PackageManager: Package com.qualcomm.qti.services.secureui was user id 0 but is now user SharedUserSetting{933096 android.uid.system/1000} with id 1000; I am not changing its files so it will probably fail!
01-01 00:09:47.647 1694 1694 I pm_critical_info: Package com.qualcomm.qti.services.secureui was user id 0 but is now user SharedUserSetting{933096 android.uid.system/1000} with id 1000; I am not changing its files so it will probably fail!
01-01 00:09:47.648 1694 1694 E PackageManager: Package com.qualcomm.location.XT was user id 0 but is now user SharedUserSetting{670afd7 com.qualcomm.location.optin/10092} with id 10092; I am not changing its files so it will probably fail!
01-01 00:09:47.648 1694 1694 I pm_critical_info: Package com.qualcomm.location.XT was user id 0 but is now user SharedUserSetting{670afd7 com.qualcomm.location.optin/10092} with id 10092; I am not changing its files so it will probably fail!
01-01 00:09:47.648 1694 1694 E PackageManager: Package com.android.shell was user id 0 but is now user SharedUserSetting{1cd5ee2 android.uid.shell/2000} with id 2000; I am not changing its files so it will probably fail!
01-01 00:09:47.648 1694 1694 I pm_critical_info: Package com.android.shell was user id 0 but is now user SharedUserSetting{1cd5ee2 android.uid.shell/2000} with id 2000; I am not changing its files so it will probably fail!
01-01 00:09:47.648 1694 1694 E PackageManager: Package com.android.providers.userdictionary was user id 0 but is now user SharedUserSetting{34035a9 android.uid.shared/10022} with id 10022; I am not changing its files so it will probably fail!
01-01 00:09:47.648 1694 1694 I pm_critical_info: Package com.android.providers.userdictionary was user id 0 but is now user SharedUserSetting{34035a9 android.uid.shared/10022} with id 10022; I am not changing its files so it will probably fail!
01-01 00:09:47.648 1694 1694 E PackageManager: Package com.android.emergency was user id 0 but is now user SharedUserSetting{e57345c com.android.emergency.uid/10107} with id 10107; I am not changing its files so it will probably fail!
01-01 00:09:47.648 1694 1694 I pm_critical_info: Package com.android.emergency was user id 0 but is now user SharedUserSetting{e57345c com.android.emergency.uid/10107} with id 10107; I am not changing its files so it will probably fail!
01-01 00:09:47.648 1694 1694 E PackageManager: Package com.qualcomm.qti.qmmi was user id 0 but is now user SharedUserSetting{933096 android.uid.system/1000} with id 1000; I am not changing its files so it will probably fail!
01-01 00:09:47.648 1694 1694 I pm_critical_info: Package com.qualcomm.qti.qmmi was user id 0 but is now user SharedUserSetting{933096 android.uid.system/1000} with id 1000; I am not changing its files so it will probably fail!
01-01 00:09:47.648 1694 1694 E PackageManager: Package com.android.location.fused was user id 0 but is now user SharedUserSetting{933096 android.uid.system/1000} with id 1000; I am not changing its files so it will probably fail!
01-01 00:09:47.648 1694 1694 I pm_critical_info: Package com.android.location.fused was user id 0 but is now user SharedUserSetting{933096 android.uid.system/1000} with id 1000; I am not changing its files so it will probably fail!
01-01 00:09:47.649 1694 1694 E PackageManager: Package com.android.systemui was user id 0 but is now user SharedUserSetting{7673cc7 android.uid.systemui/10110} with id 10110; I am not changing its files so it will probably fail!
01-01 00:09:47.649 1694 1694 I pm_critical_info: Package com.android.systemui was user id 0 but is now user SharedUserSetting{7673cc7 android.uid.systemui/10110} with id 10110; I am not changing its files so it will probably fail!
01-01 00:09:47.649 1694 1694 E PackageManager: Package vendor.qti.imsdatachannel was user id 0 but is now user SharedUserSetting{9143f3b android.uid.phone/1001} with id 1001; I am not changing its files so it will probably fail!
01-01 00:09:47.649 1694 1694 I pm_critical_info: Package vendor.qti.imsdatachannel was user id 0 but is now user SharedUserSetting{9143f3b android.uid.phone/1001} with id 1001; I am not changing its files so it will probably fail!
01-01 00:09:47.649 1694 1694 E PackageManager: Package com.android.bluetooth was user id 0 but is now user SharedUserSetting{830a60 android.uid.bluetooth/1002} with id 1002; I am not changing its files so it will probably fail!
01-01 00:09:47.649 1694 1694 I pm_critical_info: Package com.android.bluetooth was user id 0 but is now user SharedUserSetting{830a60 android.uid.bluetooth/1002} with id 1002; I am not changing its files so it will probably fail!
01-01 00:09:47.649 1694 1694 E PackageManager: Package com.android.providers.contacts was user id 0 but is now user SharedUserSetting{34035a9 android.uid.shared/10022} with id 10022; I am not changing its files so it will probably fail!
01-01 00:09:47.649 1694 1694 I pm_critical_info: Package com.android.providers.contacts was user id 0 but is now user SharedUserSetting{34035a9 android.uid.shared/10022} with id 10022; I am not changing its files so it will probably fail!
01-01 00:09:47.649 1694 1694 E PackageManager: Package vendor.qti.imsrcs was user id 0 but is now user SharedUserSetting{9143f3b android.uid.phone/1001} with id 1001; I am not changing its files so it will probably fail!
01-01 00:09:47.649 1694 1694 I pm_critical_info: Package vendor.qti.imsrcs was user id 0 but is now user SharedUserSetting{9143f3b android.uid.phone/1001} with id 1001; I am not changing its files so it will probably fail!
01-01 00:09:47.675 1694 1694 W PackageSettings: Missing permission state for package com.android.uwb.resources on user 0
01-01 00:09:47.675 1694 1694 W PackageSettings: Missing permission state for package com.android.internal.display.cutout.emulation.corner on user 0
01-01 00:09:47.675 1694 1694 W PackageSettings: Missing permission state for package com.android.internal.display.cutout.emulation.double on user 0
01-01 00:09:47.675 1694 1694 W PackageSettings: Missing permission state for package com.qti.service.colorservice on user 0
01-01 00:09:47.675 1694 1694 W PackageSettings: Missing permission state for package com.android.internal.systemui.navbar.gestural_wide_back on user 0
01-01 00:09:47.675 1694 1694 W PackageSettings: Missing permission state for package android.qvaoverlay.common on user 0
01-01 00:09:47.675 1694 1694 W PackageSettings: Missing permission state for package android.overlay.common on user 0
01-01 00:09:47.675 1694 1694 W PackageSettings: Missing permission state for package com.android.connectivity.resources on user 0
01-01 00:09:47.675 1694 1694 W PackageSettings: Missing permission state for package com.android.internal.display.cutout.emulation.hole on user 0
01-01 00:09:47.675 1694 1694 W PackageSettings: Missing permission state for package com.android.internal.display.cutout.emulation.tall on user 0
01-01 00:09:47.676 1694 1694 W PackageSettings: Missing permission state for package com.android.internal.systemui.navbar.threebutton on user 0
01-01 00:09:47.676 1694 1694 W PackageSettings: Missing permission state for package android.overlay.target on user 0
01-01 00:09:47.676 1694 1694 W PackageSettings: Missing permission state for package com.android.internal.systemui.navbar.gestural_extra_wide_back on user 0
01-01 00:09:47.676 1694 1694 W PackageSettings: Missing permission state for package com.android.wifi.resources.overlay.common on user 0
01-01 00:09:47.676 1694 1694 W PackageSettings: Missing permission state for package com.android.settings.overlay.common on user 0
01-01 00:09:47.676 1694 1694 W PackageSettings: Missing permission state for package android.ext.shared on user 0
01-01 00:09:47.676 1694 1694 W PackageSettings: Missing permission state for package com.android.wifi.resources.overlay.target on user 0
01-01 00:09:47.676 1694 1694 W PackageSettings: Missing permission state for package com.android.wifi.resources on user 0
01-01 00:09:47.676 1694 1694 W PackageSettings: Missing permission state for package com.android.phone.overlay.common on user 0
01-01 00:09:47.676 1694 1694 W PackageSettings: Missing permission state for package com.android.carrierconfig.overlay.common on user 0
01-01 00:09:47.676 1694 1694 W PackageSettings: Missing permission state for package com.android.systemui.overlay.common on user 0
01-01 00:09:47.676 1694 1694 W PackageSettings: Missing permission state for package com.android.cameraextensions on user 0
01-01 00:09:47.676 1694 1694 W PackageSettings: Missing permission state for package com.android.server.telecom.overlay.common on user 0
01-01 00:09:47.676 1694 1694 W PackageSettings: Missing permission state for package com.android.theme.font.notoserifsource on user 0
01-01 00:09:47.676 1694 1694 W PackageSettings: Missing permission state for package com.android.internal.display.cutout.emulation.waterfall on user 0
01-01 00:09:47.676 1694 1694 W PackageSettings: Missing permission state for package com.qualcomm.qti.uim on user 0
01-01 00:09:47.676 1694 1694 W PackageSettings: Missing permission state for package com.qualcomm.qti.uimGbaApp on user 0
01-01 00:09:47.676 1694 1694 W PackageSettings: Missing permission state for package com.qualcomm.qti.seccamservice on user 0
01-01 00:09:47.677 1694 1694 W PackageSettings: Missing permission state for package com.qualcomm.qti.xrcb on user 0
01-01 00:09:47.677 1694 1694 W PackageSettings: Missing permission state for package com.android.internal.systemui.navbar.gestural on user 0
01-01 00:09:47.677 1694 1694 W PackageSettings: Missing permission state for package com.qualcomm.qti.poweroffalarm on user 0
01-01 00:09:47.677 1694 1694 W PackageSettings: Missing permission state for package com.qti.dcf on user 0
01-01 00:09:47.677 1694 1694 W PackageSettings: Missing permission state for package com.qualcomm.qti.server.wigig.tethering.rro on user 0
01-01 00:09:47.677 1694 1694 W PackageSettings: Missing permission state for package com.android.internal.systemui.navbar.gestural_narrow_back on user 0
01-01 00:09:47.677 1694 1694 W PackageSettings: Missing permission state for package com.android.cellbroadcastreceiver.overlay.common on user 0
01-01 00:09:47.677 1694 1694 W PackageSettings: Missing permission state for shared user: android.uid.log
01-01 00:09:47.677 1694 1694 W PackageSettings: Missing permission state for shared user: android.uid.nfc
01-01 00:09:47.677 1694 1694 W PackageSettings: Missing permission state for shared user: android.uid.uwb
01-01 00:09:47.682 1694 1694 I boot_progress_pms_system_scan_start: 9614
01-01 00:09:47.683 1694 1694 D PackageManager: Directories scanned as system partitions: [/system:0, /vendor:524288, /odm:4194304, /oem:262144, /product:1048576, /system_ext:2097152, /apex/com.android.vndk.v32:8388608, /apex/com.android.vndk.v31:8388608, /apex/com.android.vndk.v30:8388608, /apex/com.android.wifi:8388608, /apex/com.android.vndk.v33:8388608, /apex/com.android.uwb:8388608, /apex/com.android.tzdata:8388608, /apex/com.android.tethering:8388608, /apex/com.android.sdkext:8388608, /apex/com.android.scheduling:8388608, /apex/com.android.runtime:8388608, /apex/com.android.resolv:8388608, /apex/com.android.permission:8388608, /apex/com.android.os.statsd:8388608, /apex/com.android.ondevicepersonalization:8388608, /apex/com.android.neuralnetworks:8388608, /apex/com.android.mediaprovider:8388608, /apex/com.android.media.swcodec:8388608, /apex/com.android.media:8388608, /apex/com.android.ipsec:8388608, /apex/com.android.i18n:8388608, /apex/com.android.extservices:8388608, /apex/com.android.conscrypt:8388608, /apex/com.android.art:8388608, /apex/com.android.appsearch:8388608, /apex/com.android.adservices:8388608, /apex/com.android.adbd:8388608]
01-01 00:09:47.684 1694 1694 D PackageManager: Keeping known cache 14937eddd7c197942af244d94862b689a486e26e
01-01 00:09:47.689 1694 1694 D CompatibilityChangeReporter: Compat change id reported: 143539591; UID -1; state: DISABLED
01-01 00:09:47.689 1694 1694 D CompatibilityChangeReporter: Compat change id reported: 168782947; UID -1; state: ENABLED
01-01 00:09:47.702 1694 1694 W PackageManager: Failed to parse /system/framework/oat: Missing base APK in /system/framework/oat
01-01 00:09:47.702 1694 1694 W PackageManager: Failed to parse /system/framework/arm: Missing base APK in /system/framework/arm
01-01 00:09:47.702 1694 1694 W PackageManager: Failed to parse /system/framework/arm64: Missing base APK in /system/framework/arm64
01-01 00:09:47.719 1694 1897 W PackageParsing: android defines a knownSigner permission but the provided knownCerts resource is null
01-01 00:09:47.720 1694 1897 W PackageParsing: android defines a knownSigner permission but the provided knownCerts resource is null
01-01 00:09:47.720 1694 1897 W PackageParsing: android defines a knownSigner permission but the provided knownCerts resource is null
01-01 00:09:47.739 1694 1694 I PackageManager: /system/priv-app/NetworkStack changed; collecting certs
01-01 00:09:47.743 1694 1694 W PackageManager: Failed to scan /system/priv-app/NetworkStack: Application package com.android.networkstack already installed. Skipping duplicate.
01-01 00:09:47.747 1694 1694 D CompatibilityChangeReporter: Compat change id reported: 168782947; UID -1; state: DISABLED
01-01 00:09:47.853 1694 1897 W PackageParsing: Ignoring duplicate uses-permissions/uses-permissions-sdk-m: android.permission.READ_MEDIA_IMAGES in package: com.microsoft.skype.teams.ipphone at: Binary XML file line #98
01-01 00:09:47.853 1694 1897 W PackageParsing: Ignoring duplicate uses-permissions/uses-permissions-sdk-m: android.permission.READ_MEDIA_IMAGES in package: com.microsoft.skype.teams.ipphone at: Binary XML file line #100
01-01 00:09:47.853 1694 1897 W PackageParsing: Ignoring duplicate uses-permissions/uses-permissions-sdk-m: android.permission.READ_MEDIA_VIDEO in package: com.microsoft.skype.teams.ipphone at: Binary XML file line #101
01-01 00:09:47.878 1694 1897 W PackageParsing: No actions in intent-filter at /system/app/Bluetooth/Bluetooth.apk Binary XML file line #325
01-01 00:09:47.966 1694 1694 W PackageManager: Failed to parse /vendor/app/TimeService: Requires newer sdk version #34 (current version is #33)
01-01 00:09:48.012 1694 1895 W PackageParsing: No actions in intent-filter at /product/app/SnapdragonMusic/SnapdragonMusic.apk Binary XML file line #74
01-01 00:09:48.013 1694 1895 W PackageParsing: No actions in intent-filter at /product/app/SnapdragonMusic/SnapdragonMusic.apk Binary XML file line #210
01-01 00:09:48.057 199 199 I (virq : irq_count)- GICv3:IPI(2):45215 GICv3:arch_timer(11):15068 GICv3:ufshcd(29):10162 GICv3:ipcc_0(32):6373 GICv3:i2c_geni(398):4825 ipcc:glink-native-adsp(528):4649 GICv3:i2c_geni(397):3300 GICv3:IPI(1):2450 ipcc:glink-native-slpi(540):1647 GICv3:apps_rsc-drv-2(21):758
01-01 00:09:48.057 199 199 I (cpu : irq_count)- 0:38383 1:6443 2:6278 3:5608 4:9201 5:8137 6:8520 7:13497
01-01 00:09:48.057 199 199 I (ipi : irq_count)- 0:2450 1:45215 2:0 3:0 4:0 5:21 6:0
01-01 00:09:48.043 1694 1694 W PackageManager: Skipping provider name com.google.chromecast.settings.androidx-startup (in package com.qualcomm.qti.dctestapp): name already used by com.qualcomm.qti.cam2test
01-01 00:09:48.125 1694 1897 W PackageParsing: Ignoring duplicate uses-permissions/uses-permissions-sdk-m: android.permission.CONFIGURE_WIFI_DISPLAY in package: com.android.systemui at: Binary XML file line #167
01-01 00:09:48.125 1694 1897 W PackageParsing: Ignoring duplicate uses-permissions/uses-permissions-sdk-m: android.permission.GET_RUNTIME_PERMISSIONS in package: com.android.systemui at: Binary XML file line #236
01-01 00:09:48.125 1694 1897 W PackageParsing: Ignoring duplicate uses-permissions/uses-permissions-sdk-m: android.permission.READ_DEVICE_CONFIG in package: com.android.systemui at: Binary XML file line #340
01-01 00:09:48.249 1694 1896 I PackageParsing: Parse times for '/system_ext/priv-app/Settings': parse=201ms, update_cache=2 ms
01-01 00:09:48.265 1694 1694 W PackageManager: Skipping provider name com.google.chromecast.settings.androidx-startup (in package com.qualcomm.qti.PresenceApp): name already used by com.qualcomm.qti.cam2test
01-01 00:09:48.287 1694 1895 I ApkLiteParseUtils: Skipping target and overlay pair com.android.nfcstm and /system_ext/app/Nfc_st/Nfc_st.apk: overlay ignored due to required system property: ro.hardware.nfc with value: ST_NFC
01-01 00:09:48.287 1694 1694 W PackageManager: Failed to parse /system_ext/app/Nfc_st: Skipping target and overlay pair com.android.nfcstm and /system_ext/app/Nfc_st/Nfc_st.apk: overlay ignored due to required system property: ro.hardware.nfc with value: ST_NFC
01-01 00:09:48.298 1694 1694 W PackageManager: Skipping provider name com.google.chromecast.settings.androidx-startup (in package com.qualcomm.qti.connmgr): name already used by com.qualcomm.qti.cam2test
01-01 00:09:48.299 1694 1694 W PackageManager: Skipping provider name androidx.preference.androidx-startup (in package com.qualcomm.qtil.aptxui): name already used by com.qualcomm.qtil.aptxacu
01-01 00:09:48.303 1694 1895 W PackageCacher: Failed to find APEX file backing /apex/com.android.wifi/priv-app/ServiceWifiResources@TKQ1.240130.3744
01-01 00:09:48.313 1694 1896 W PackageCacher: Failed to find APEX file backing /apex/com.android.wifi/app/OsuLogin@TKQ1.240130.3744
01-01 00:09:48.313 1694 1897 W PackageCacher: Failed to find APEX file backing /apex/com.android.wifi/app/WifiDialog@TKQ1.240130.3744
01-01 00:09:48.322 1694 1898 W PackageCacher: Failed to find APEX file backing /apex/com.android.uwb/priv-app/ServiceUwbResources@TKQ1.240130.3744
01-01 00:09:48.327 1694 1895 W PackageCacher: Failed to find APEX file backing /apex/com.android.tethering/priv-app/ServiceConnectivityResources@TKQ1.240130.3744
01-01 00:09:48.328 1694 1896 W PackageCacher: Failed to find APEX file backing /apex/com.android.tethering/priv-app/TetheringNext@TKQ1.240130.3744
01-01 00:09:48.334 1694 1897 W PackageCacher: Failed to find APEX file backing /apex/com.android.tethering/app/HalfSheetUX@TKQ1.240130.3744
01-01 00:09:48.347 1694 1896 W PackageCacher: Failed to find APEX file backing /apex/com.android.permission/priv-app/PermissionController@TKQ1.240130.3744
01-01 00:09:48.347 1694 1898 W PackageCacher: Failed to find APEX file backing /apex/com.android.permission/priv-app/SafetyCenterResources@TKQ1.240130.3744
01-01 00:09:48.369 1694 1896 W PackageParsing: Ignoring duplicate uses-permissions/uses-permissions-sdk-m: android.permission.OBSERVE_SENSOR_PRIVACY in package: com.android.permissioncontroller at: Binary XML file line #59
01-01 00:09:48.381 1694 1895 W PackageCacher: Failed to find APEX file backing /apex/com.android.ondevicepersonalization/app/OnDevicePersonalization@TKQ1.240130.3744
01-01 00:09:48.386 1694 1897 W PackageCacher: Failed to find APEX file backing /apex/com.android.mediaprovider/priv-app/MediaProvider@TKQ1.240130.3744
01-01 00:09:48.398 1694 1897 W PackageParsing: Unknown element under : meta-data at /apex/com.android.mediaprovider/priv-app/MediaProvider@TKQ1.240130.3744/MediaProvider.apk Binary XML file line #9
01-01 00:09:48.407 1694 1898 W PackageCacher: Failed to find APEX file backing /apex/com.android.extservices/priv-app/ExtServices@TKQ1.240130.3744
01-01 00:09:48.417 1694 1896 W PackageCacher: Failed to find APEX file backing /apex/com.android.adservices/priv-app/AdServicesApk@TKQ1.240130.3744
01-01 00:09:48.422 1694 1895 W PackageCacher: Failed to find APEX file backing /apex/com.android.adservices/app/SdkSandbox@TKQ1.240130.3744
01-01 00:09:48.438 1694 1694 I PackageManager: Finished scanning system apps. Time: 755 ms, packageCount: 175 , timePerPackage: 4 , cached: 0
01-01 00:09:48.438 1694 1694 I boot_progress_pms_data_scan_start: 10369
01-01 00:09:48.438 1694 1694 I PackageManager: Finished scanning non-system apps. Time: 1 ms, packageCount: 0 , timePerPackage: 0 , cached: 0
01-01 00:09:48.440 1694 1694 E PackageManager: updateAllSharedLibrariesLPw failed: Package com.qualcomm.embms requires unavailable shared library com.qualcomm.qcrilhook; failing!
01-01 00:09:48.441 1694 1694 E PackageManager: updateAllSharedLibrariesLPw failed: Package com.qualcomm.location.XT requires unavailable shared library izat.xt.srv; failing!
01-01 00:09:48.441 1694 1694 E PackageManager: updateAllSharedLibrariesLPw failed: Package com.qualcomm.qti.uimGbaApp requires unavailable shared library com.qualcomm.qti.uimGba.uimgbalibrary; failing!
01-01 00:09:48.441 1694 1694 E PackageManager: updateAllSharedLibrariesLPw failed: Package com.qualcomm.location requires unavailable shared library izat.xt.srv; failing!
01-01 00:09:48.441 1694 1694 E PackageManager: updateAllSharedLibrariesLPw failed: Package com.qualcomm.qti.uim requires unavailable shared library com.qualcomm.qti.remoteSimlock.uimremotesimlocklibrary; failing!
01-01 00:09:48.441 1694 1694 E PackageManager: updateAllSharedLibrariesLPw failed: Package com.qualcomm.qti.lpa requires unavailable shared library com.qualcomm.qti.lpa.uimlpalibrary; failing!
01-01 00:09:48.441 1694 1694 E PackageManager: updateAllSharedLibrariesLPw failed: Package com.qualcomm.qti.devicestatisticsservice requires unavailable shared library qti-telephony-hidl-wrapper-prd; failing!
01-01 00:09:48.441 1694 1694 E PackageManager: updateAllSharedLibrariesLPw failed: Package com.qti.snapdragon.qdcm_ff requires unavailable shared library vendor.display.color.V1_0.IDisplayColor; failing!
01-01 00:09:48.442 1694 1694 E PackageManager: updateAllSharedLibrariesLPw failed: Package com.qti.pasrservice requires unavailable shared library vendor.qti.memory.pasrmanager.V1_0.IPasrManager; failing!
01-01 00:09:48.442 1694 1694 E PackageManager: updateAllSharedLibrariesLPw failed: Package com.qualcomm.wfd.service requires unavailable native shared library .WfdService; failing!
01-01 00:09:48.442 1694 1694 E PackageManager: updateAllSharedLibrariesLPw failed: Package com.qualcomm.uimremoteserver requires unavailable shared library com.qualcomm.uimremoteserverlibrary; failing!
01-01 00:09:48.442 1694 1694 E PackageManager: updateAllSharedLibrariesLPw failed: Package com.qualcomm.uimremoteclient requires unavailable shared library com.qualcomm.uimremoteclientlibrary; failing!
01-01 00:09:48.445 1694 1694 I boot_progress_pms_scan_end: 10376
01-01 00:09:48.445 1694 1694 I PackageManager: Time to scan packages: 0.762 seconds
01-01 00:09:48.445 1694 1694 I PackageManager: Permission ownership changed. Updating all permissions.
01-01 00:09:48.470 1694 1694 V PackageManager: reconcileAppsData for null u0 0x1 migrateAppData=true
01-01 00:09:48.571 199 199 I msm_cvp : pwr: cvp (eva) power collapsed
01-01 00:09:48.554 1694 1694 V PackageManager: reconcileAppsData finished 39 packages
01-01 00:09:48.554 1694 1899 D SystemServerInitThreadPool: Started executing prepareAppData
01-01 00:09:48.594 1694 1694 I commit_sys_config_file: [package-user-0,3]
01-01 00:09:48.594 1694 1694 I commit_sys_config_file: [package,39]
01-01 00:09:48.594 1694 1694 I boot_progress_pms_ready: 10525
01-01 00:09:48.595 1694 1694 W PackageManager: Intent filter verifier not found
01-01 00:09:48.595 1694 1694 W PackageManager: Domain verification agent not found
01-01 00:09:48.597 1694 1694 D PackageManager: Ephemeral resolver NOT found; no matching intent filters
01-01 00:09:48.597 1694 1694 D PackageManager: Instant App installer not found with android.intent.action.INSTALL_INSTANT_APP_PACKAGE
01-01 00:09:48.597 1694 1694 D PackageManager: Clear ephemeral installer activity
01-01 00:09:48.602 1694 1694 I PackageManager: Fix for b/169414761 is applied
01-01 00:09:48.602 1694 1694 V UserSystemPackageInstaller: Checking that all system packages are whitelisted.
01-01 00:09:48.610 1694 1694 W UserSystemPackageInstaller: checkWhitelistedSystemPackages(mode=d) has 66 warnings:
01-01 00:09:48.610 1694 1694 W UserSystemPackageInstaller: com.android.theme.color.amethyst is allowlisted but not present.
01-01 00:09:48.610 1694 1694 W UserSystemPackageInstaller: com.android.theme.icon.pebble is allowlisted but not present.
01-01 00:09:48.610 1694 1694 W UserSystemPackageInstaller: com.android.theme.color.sand is allowlisted but not present.
01-01 00:09:48.610 1694 1694 W UserSystemPackageInstaller: com.android.theme.icon.vessel is allowlisted but not present.
01-01 00:09:48.610 1694 1694 W UserSystemPackageInstaller: com.android.theme.color.cinnamon is allowlisted but not present.
01-01 00:09:48.610 1694 1694 W UserSystemPackageInstaller: com.android.theme.icon_pack.victor.settings is allowlisted but not present.
01-01 00:09:48.610 1694 1694 W UserSystemPackageInstaller: com.android.theme.icon_pack.rounded.systemui is allowlisted but not present.
01-01 00:09:48.610 1694 1694 W UserSystemPackageInstaller: com.android.theme.icon.taperedrect is allowlisted but not present.
01-01 00:09:48.610 1694 1694 W UserSystemPackageInstaller: com.android.theme.icon_pack.rounded.android is allowlisted but not present.
01-01 00:09:48.610 1694 1694 W UserSystemPackageInstaller: com.android.internal.systemui.onehanded.gestural is allowlisted but not present.
01-01 00:09:48.610 1694 1694 W UserSystemPackageInstaller: com.qualcomm.qti.euiccresource is allowlisted but not present.
01-01 00:09:48.610 1694 1694 W UserSystemPackageInstaller: com.qualcomm.qti.telephonyservice is allowlisted but not present.
01-01 00:09:48.610 1694 1694 W UserSystemPackageInstaller: com.android.theme.icon_pack.victor.systemui is allowlisted but not present.
01-01 00:09:48.610 1694 1694 W UserSystemPackageInstaller: com.android.theme.icon_pack.circular.themepicker is allowlisted but not present.
01-01 00:09:48.610 1694 1694 W UserSystemPackageInstaller: com.android.theme.color.tangerine is allowlisted but not present.
01-01 00:09:48.610 1694 1694 W UserSystemPackageInstaller: com.android.theme.color.aquamarine is allowlisted but not present.
