06-23 02:17:44.892 1694 3067 D CompatibilityChangeReporter: Compat change id reported: 161252188; UID 10042; state: DISABLED
06-23 02:17:44.893 1694 1769 I am_uid_running: 10042
06-23 02:17:44.893 1694 1769 D CompatibilityChangeReporter: Compat change id reported: 135634846; UID 10042; state: DISABLED
06-23 02:17:44.893 1694 1769 D CompatibilityChangeReporter: Compat change id reported: 177438394; UID 10042; state: DISABLED
06-23 02:17:44.893 1694 1769 D CompatibilityChangeReporter: Compat change id reported: 135772972; UID 10042; state: DISABLED
06-23 02:17:44.893 1694 1769 D CompatibilityChangeReporter: Compat change id reported: 135754954; UID 10042; state: ENABLED
06-23 02:17:44.893 1694 1770 D CompatibilityChangeReporter: Compat change id reported: 143937733; UID 10042; state: ENABLED
06-23 02:17:44.900 1694 1770 I am_proc_start: [0,5006,10042,com.microsoft.skype.teams.ipphone,broadcast,{com.microsoft.skype.teams.ipphone/com.microsoft.skype.teams.devices.broadcast.DevicesAdminAgentReceiver}]
06-23 02:17:44.900 1694 1770 V ActivityManager: set sys.teams.pid5006
06-23 02:17:44.900 1694 1770 I ActivityManager: Start proc 5006:com.microsoft.skype.teams.ipphone/u0a42 for broadcast {com.microsoft.skype.teams.ipphone/com.microsoft.skype.teams.devices.broadcast.DevicesAdminAgentReceiver}
06-23 02:17:44.911 1694 2350 I am_proc_bound: [0,5006,com.microsoft.skype.teams.ipphone]
06-23 02:17:44.912 1694 2350 D CompatibilityChangeReporter: Compat change id reported: 168419799; UID 10042; state: DISABLED
06-23 02:17:44.912 1694 2350 D CompatibilityChangeReporter: Compat change id reported: 273564678; UID 10042; state: DISABLED
06-23 02:17:44.955 1694 1958 I netstats_mobile_sample: [0,0,0,0,0,0,0,0,0,0,0,0,1750645064955]
06-23 02:17:44.956 1694 1958 I netstats_wifi_sample: [0,0,0,0,0,0,0,0,0,0,0,0,1750645064955]
06-23 02:17:45.004 1694 1759 I commit_sys_config_file: [jobs,2]
06-19 16:42:43.983 649 649 I [kworke][0x226120a6][02:17:45.195080] wlan: [649:I:PMO] pmo_core_enable_wow_in_fw: drv wow is enabled
06-23 02:17:45.644 1694 1769 I ActivityManager: reportOnUserCompletedEvent(0): stored=10, eligible=111
06-23 02:17:45.644 1694 1769 I ssm_user_completed_event: [0,2]
06-23 02:17:45.644 1694 1769 I SystemServiceManager: Calling onCompletedEventUser 0
06-23 02:17:45.772 3969 4123 I dvm_lock_sample: [com.microsoft.teams.ipphone.admi,0,pool-2-thread-2,2935,AutoRecoveryManager.java,52,void com.microsoft.teams.ipphone.admin.agent.recovery.AutoRecoveryManager.execute(com.microsoft.teams.ipphone.admin.agent.model.telemetry.Subscenario),-,60,void com.microsoft.teams.ipphone.admin.agent.recovery.AutoRecoveryManager.execute(com.microsoft.teams.ipphone.admin.agent.model.telemetry.Subscenario),100]
06-23 02:17:45.773 3969 4155 I dvm_lock_sample: [com.microsoft.teams.ipphone.admi,0,pool-2-thread-6,863,AutoRecoveryManager.java,52,void com.microsoft.teams.ipphone.admin.agent.recovery.AutoRecoveryManager.execute(com.microsoft.teams.ipphone.admin.agent.model.telemetry.Subscenario),-,60,void com.microsoft.teams.ipphone.admin.agent.recovery.AutoRecoveryManager.execute(com.microsoft.teams.ipphone.admin.agent.model.telemetry.Subscenario),100]
06-19 16:42:44.798 8 8 I (virq : irq_count)- GICv3:IPI(2):140586 GICv3:arch_timer(11):35471 GICv3:ufshcd(29):19690 GICv3:IPI(1):7989 GICv3:ipcc_0(32):7272 GICv3:i2c_geni(398):7064 GICv3:i2c_geni(397):6732 ipcc:glink-native-adsp(528):5374 GICv3:apps_rsc-drv-2(21):2143 ipcc:glink-native-slpi(540):1797
06-19 16:42:44.798 8 8 I (cpu : irq_count)- 0:60743 1:19697 2:19259 3:24440 4:27986 5:28196 6:26858 7:34400
06-19 16:42:44.798 8 8 I (ipi : irq_count)- 0:7989 1:140586 2:0 3:0 4:0 5:118 6:0
06-23 02:17:46.031 2153 2153 I auditd : type=1400 audit(0.0:2356): avc: denied { write } for comm="IpClient.eth0" name="property_service" dev="tmpfs" ino=491 scontext=u:r:network_stack:s0 tcontext=u:object_r:property_socket:s0 tclass=sock_file permissive=1
06-23 02:17:46.031 2153 2153 I auditd : type=1400 audit(0.0:2357): avc: denied { connectto } for comm="IpClient.eth0" path="/dev/socket/property_service" scontext=u:r:network_stack:s0 tcontext=u:r:init:s0 tclass=unix_stream_socket permissive=1
06-19 16:42:44.818 5167 5167 I br0 : port 1(eth0) entered disabled state
06-19 16:42:44.829 4317 4317 I : device eth1 left promiscuous mode
06-19 16:42:44.829 4317 4317 I br0 : port 2(eth1) entered disabled state
06-19 16:42:44.829 4317 4317 I : device eth0 left promiscuous mode
06-19 16:42:44.829 4317 4317 I br0 : port 1(eth0) entered disabled state
06-19 16:42:44.864 5177 5177 I eth0 : 0xffffffc00c5b5000, de:ad:be:ef:12:34, IRQ 529
06-19 16:42:44.945 594 594 E cnss_pci 0000: 01:00.0: can't change power state from D3cold to D0 (config space inaccessible)
06-19 16:42:44.946 594 594 I [kworke][0x237b4d21][02:17:46.158234] wlan: [594:I:PMO] pmo_core_psoc_send_host_wakeup_ind_to_fw: Host wakeup indication sent to fw
06-23 02:17:46.165 1694 1977 I netstats_mobile_sample: [0,0,0,0,0,0,0,0,0,0,0,0,1750645066165]
06-23 02:17:46.165 1694 1977 I netstats_wifi_sample: [0,0,0,0,0,0,0,0,0,0,0,0,1750645066165]
06-23 02:17:46.168 1694 1977 W ContextImpl: Calling a method in the system process without a qualified user: android.app.ContextImpl.sendStickyBroadcast:1586 com.android.server.ConnectivityService.sendStickyBroadcast:3081 com.android.server.ConnectivityService.sendLegacyNetworkBroadcast:9549 com.android.server.ConnectivityService$LegacyTypeTracker.remove:1080 com.android.server.ConnectivityService$LegacyTypeTracker.remove:1097
06-19 16:42:44.956 1125 1125 E [wifi@1][0x237e47b8][02:17:46.168401] wlan: [1125:E:OSIF] wlan_hdd_set_station_stats_request_pending: peer is null
06-23 02:17:46.209 1694 1884 I commit_sys_config_file: [package-user-0,3]
06-23 02:17:46.210 1694 1884 I commit_sys_config_file: [package,35]
06-23 02:17:46.218 1383 1383 I wificond: Regulatory domain changed to country: US on wiphy_index: 0
06-23 02:17:46.218 1383 1383 I wificond: UpdateBandInfo
06-19 16:42:45.010 4602 4602 E [soft_i][0x238e06ef][02:17:46.222151] wlan: [0:E:DP] dp_nud_filter_netevent: invalid dp_intf
06-19 16:42:45.010 4602 4602 E [soft_i][0x238e0908][02:17:46.222179] wlan: [0:E:DP] dp_nud_filter_netevent: invalid dp_intf
06-23 02:17:46.223 1383 1383 I wificond: 2.4Ghz frequencies: 2412 2417 2422 2427 2432 2437 2442 2447 2452 2457 2462
06-23 02:17:46.223 1383 1383 I wificond: 5Ghz non-DFS frequencies: 5180 5200 5220 5240 5745 5765 5785 5805 5825
06-23 02:17:46.223 1383 1383 I wificond: 5Ghz DFS frequencies: 5260 5280 5300 5320 5500 5520 5540 5560 5580 5600 5620 5640 5660 5680 5700 5720
06-23 02:17:46.223 1383 1383 I wificond: 6Ghz frequencies:
06-23 02:17:46.223 1383 1383 I wificond: 60Ghz frequencies:
06-23 02:17:46.272 2096 2096 I sysui_heads_up_status: [-1|android|26|null|1000,0]
06-23 02:17:46.273 1694 1958 I netstats_mobile_sample: [0,0,0,0,0,0,0,0,0,0,0,0,1750645066273]
06-23 02:17:46.273 1694 1958 I netstats_wifi_sample: [0,0,0,0,0,0,0,0,0,0,0,0,1750645066273]
06-19 16:42:45.064 2467 2467 I [schedu][0x239ddd6d][02:17:46.276211] wlan: [2467:I:OSIF] scan start scan id 40963
06-23 02:17:46.286 1694 1760 D WindowManager: framework set brightness value = NaN
06-23 02:17:46.296 1694 1760 D WindowManager: framework set brightness value = NaN
06-23 02:17:46.296 1694 1760 D WindowManager: framework set brightness value = NaN
06-23 02:17:46.298 1694 3075 I sysui_multi_action: [757,128,758,2,793,293707295,794,293706462,795,293707295,796,26,798,0,806,android,857,DEVELOPER_IMPORTANT,858,4,946,ranker_group,947,0,1395,2,1500,293706462,1688,1]
06-23 02:17:46.298 1694 3075 I notification_visibility: [-1|android|26|null|1000,0,293707295,293707295,0,0]
06-23 02:17:46.298 1694 3075 I sysui_multi_action: [757,127,758,2]
06-23 02:17:46.298 1694 3075 I notification_panel_hidden:
06-23 02:17:46.315 1694 1760 D WindowManager: framework set brightness value = NaN
06-23 02:17:46.317 1694 1760 D WindowManager: framework set brightness value = NaN
06-19 16:42:45.102 1111 1111 E msm_pcm_playback_close: CMD_EOS failed, cmd_pending 0x8
06-19 16:42:45.112 2467 2467 I [schedu][0x23ac0507][02:17:46.324525] wlan: [2467:I:PE] lim_process_action_frame_no_session: Unhandled public action frame: 22
06-23 02:17:46.536 1694 1728 D CompatibilityChangeReporter: Compat change id reported: 161145287; UID 10042; state: DISABLED
06-19 16:42:45.513 4774 4774 I : [lt9611] lt9611_irq_dev_open
06-19 16:42:45.513 4775 4775 I : [lt9611_1] lt9611_1_irq_dev_open
06-19 16:42:45.513 4775 4775 I : [lt9611_1] lt9611_irq_dev_read
06-19 16:42:45.513 4774 4774 I : [lt9611] lt9611_irq_dev_read
06-19 16:42:45.513 4776 4776 I : [dp_hpd] dp_hpd_irq_dev_open
06-19 16:42:45.513 4776 4776 I : [dp_hpd] dp_hpd_irq_dev_read
06-19 16:42:45.513 4774 4774 I : [lt9611] lt9611_irq_dev_read
06-23 02:17:46.753 1694 1728 D PackageManager: Instant App installer not found with android.intent.action.INSTALL_INSTANT_APP_PACKAGE
06-23 02:17:46.753 1694 1728 D PackageManager: Clear ephemeral installer activity
06-23 02:17:46.910 1694 3075 W Telecom : : registerPhoneAccount - attempt to set a group from a non-system caller.: TSI.rPA@ACk
06-23 02:17:46.911 1694 3075 I Telecom : PhoneAccountRegistrar: New phone account registered: [[ ] PhoneAccount: ComponentInfo{com.microsoft.skype.teams.ipphone/com.microsoft.skype.teams.calling.telecom.TelecomConnectionService}, ***, UserHandle{0} Capabilities: SelfManaged Audio Routes: BESW Schemes: tel Extras: null GroupId: ***]: TSI.rPA@ACk
06-23 02:17:46.912 1694 3075 I Telecom : AppLabelProxy: package com.microsoft.skype.teams.ipphone: name is Teams: TSI.rPA@ACk
06-23 02:17:46.912 1694 3075 I Telecom : CallsManager: Sending phone-account ComponentInfo{com.microsoft.skype.teams.ipphone/com.microsoft.skype.teams.calling.telecom.TelecomConnectionService}, ***, UserHandle{0} registered intent as user: TSI.rPA@ACk
06-23 02:17:46.914 1694 3075 D CompatibilityChangeReporter: Compat change id reported: 183407956; UID 10022; state: ENABLED
06-23 02:17:46.914 1694 3075 W CarrierConfigManager: Error getting config for subId -1 ICarrierConfigLoader is null
06-23 02:17:46.915 1694 3075 I Telecom : PhoneAccountRegistrar: getSimCallManager: SimCallManager for subId -1 queried, returning: null
06-23 02:17:46.915 1694 1728 W CarrierConfigManager: Error getting config for subId -1 ICarrierConfigLoader is null
06-23 02:17:46.915 1694 1728 I Telecom : PhoneAccountRegistrar: getSimCallManager: SimCallManager for subId -1 queried, returning: null
06-23 02:17:46.941 1694 3075 D CompatibilityChangeReporter: Compat change id reported: 161252188; UID 10064; state: DISABLED
06-23 02:17:46.947 1694 3075 W BroadcastQueue: Background execution not allowed: receiving Intent { act=com.microsoft.skype.teams.ipphone.APP_USER_STATE flg=0x10 (has extras) } to com.crestron.settings/.application.receiver.BootCompleteReceiver
06-23 02:17:46.948 1694 3075 D OomAdjuster: Not killing cached processes
06-23 02:17:47.022 1694 1923 I commit_sys_config_file: [settings-3-0,1]
06-23 02:17:47.139 1694 1923 I commit_sys_config_file: [settings-1-0,2]
06-23 02:17:47.165 1694 1728 W OverlayManager: service 'idmap' died
06-23 02:17:47.663 1694 3046 E TaskPersister: File error accessing recents directory (directory doesn't exist?).
06-19 16:42:46.779 2467 2467 I [schedu][0x25946435][02:17:47.991501] wlan: [2467:I:OSIF] vdev 0, scan id 40963 type COMPLETED(1) reason COMPLETED(1) scan found 99 bss
06-23 02:17:48.035 1694 2132 I ntp_failure: [time.android.com/216.239.35.0,java.net.SocketTimeoutException: Poll timed out]
06-23 02:17:48.036 1694 2132 I ntp_failure: [time.android.com/216.239.35.12,java.net.SocketException: Binding socket to network 100 failed: EPERM (Operation not permitted)]
06-19 16:42:46.822 1125 1125 E [wifi@1][0x25a106cb][02:17:48.034629] wlan: [1125:E:OSIF] wlan_hdd_set_station_stats_request_pending: peer is null
06-23 02:17:48.037 1694 2132 I ntp_failure: [time.android.com/216.239.35.4,java.net.SocketException: Binding socket to network 100 failed: EPERM (Operation not permitted)]
06-23 02:17:48.037 1694 2132 I ntp_failure: [time.android.com/216.239.35.8,java.net.SocketException: Binding socket to network 100 failed: EPERM (Operation not permitted)]
06-23 02:17:48.058 1694 1694 I notification_enqueue: [1000,1694,android,17303299,com.android.wifi,0,Notification(channel=NETWORK_AVAILABLE shortcut=null contentView=null vibrate=null sound=null tick defaults=0x0 flags=0x900 color=0x00000000 actions=2 vis=PRIVATE),0]
06-23 02:17:48.073 1694 1769 D CompatibilityChangeReporter: Compat change id reported: 168419799; UID 10032; state: DISABLED
06-23 02:17:48.073 1694 1769 D CompatibilityChangeReporter: Compat change id reported: 273564678; UID 10032; state: DISABLED
06-23 02:17:48.074 1694 3075 D CompatibilityChangeReporter: Compat change id reported: 194532703; UID 10032; state: ENABLED
06-23 02:17:48.259 1694 1694 I sysui_multi_action: [757,1501,758,1,793,202,794,0,795,202,796,17303299,797,com.android.wifi,806,android,857,NETWORK_AVAILABLE,858,2,947,0,1500,0,1688,1]
06-23 02:17:48.259 1694 1694 I sysui_multi_action: [757,804,799,note_interruptive,801,0,802,1]
06-23 02:17:48.260 1694 1694 W NotificationHistory: Attempted to add notif for locked/gone/disabled user 0
06-19 16:42:47.399 611 611 I [kworke][0x264a1469][02:17:48.611664] wlan: [611:I:PMO] pmo_core_enable_wow_in_fw: drv wow is enabled
06-23 02:17:48.826 1694 2124 I commit_sys_config_file: [appops,6]
06-23 02:17:48.850 1694 1769 I am_uid_running: 10095
06-23 02:17:48.851 1694 1769 D CompatibilityChangeReporter: Compat change id reported: 135634846; UID 10095; state: DISABLED
06-23 02:17:48.851 1694 1769 D CompatibilityChangeReporter: Compat change id reported: 177438394; UID 10095; state: DISABLED
06-23 02:17:48.851 1694 1769 D CompatibilityChangeReporter: Compat change id reported: 135772972; UID 10095; state: DISABLED
06-23 02:17:48.851 1694 1769 D CompatibilityChangeReporter: Compat change id reported: 135754954; UID 10095; state: ENABLED
06-19 16:42:47.638 1112 1112 I CAM_ERR : CAM-SENSOR: lt6911uxc_get_src_resolution: 1407 [HDMI_IN] camID[5] is not ready.
06-23 02:17:48.851 1694 1770 D CompatibilityChangeReporter: Compat change id reported: 143937733; UID 10095; state: ENABLED
06-19 16:42:47.642 1112 1112 I CAM_INFO: CAM-SENSOR: hdmi_bdg_irq_handler_dev1_ioctl: 267 [HDMI_IN] camdID4 Input resolution = 0 x 0, fps = 0
06-19 16:42:47.644 1112 1112 I CAM_INFO: CAM-SENSOR: hdmi_bdg_irq_handler_dev1_ioctl: 267 [HDMI_IN] camdID4 Input resolution = 0 x 0, fps = 0
06-23 02:17:48.858 1694 1770 I am_proc_start: [0,5531,10095,com.qti.ltebc,broadcast,{com.qti.ltebc/com.qualcomm.ltebc.LTEBroadcastAlarmReceiver}]
06-23 02:17:48.858 1694 1770 I ActivityManager: Start proc 5531:com.qti.ltebc/u0a95 for broadcast {com.qti.ltebc/com.qualcomm.ltebc.LTEBroadcastAlarmReceiver}
06-23 02:17:48.869 1694 1728 I am_proc_bound: [0,5531,com.qti.ltebc]
06-23 02:17:48.870 1694 1728 D CompatibilityChangeReporter: Compat change id reported: 168419799; UID 10095; state: DISABLED
06-23 02:17:48.870 1694 1728 D CompatibilityChangeReporter: Compat change id reported: 273564678; UID 10095; state: DISABLED
06-23 02:17:48.871 1694 1728 I am_uid_active: 10095
06-23 02:17:48.878 1694 2668 I Telecom : CallAudioRouteStateMachine: Message received: MUTE_EXTERNALLY_CHANGED=3004, arg1=0: CARSM.mCR->CARSM.pM_MUTE_EXTERNALLY_CHANGED@AC4
06-23 02:17:48.878 1694 2668 I Telecom : QuiescentSpeakerRoute: Processing message MUTE_EXTERNALLY_CHANGED: CARSM.mCR->CARSM.pM_MUTE_EXTERNALLY_CHANGED@AC4
06-19 16:42:47.665 1054 1054 I ad2435w_i2c 1-0068: a2b_status_ioctl Received value: 1
06-19 16:42:47.665 1054 1054 I ad2435w_i2c 1-0068: set slave1 mute
06-19 16:42:47.665 1054 1054 I ad2435w_i2c 1-0068: set slave1 mute enter
06-19 16:42:47.665 1054 1054 I ad2435w_i2c 1-0068: set slave1 mute end
06-23 02:17:48.908 1694 1769 I am_wtf : [0,1694,system_server,-1,Binder,Outgoing transactions from this process must be FLAG_ONEWAY] --------- beginning of main
06-23 02:17:48.918 5531 5552 D LTE_CONFIG: Checking dir: /vendor/app/embms/oem/global
06-23 02:17:48.918 5531 5552 D LTE_CONFIG: provisioning_params.xml not found, copy all other files from dir : /vendor/app/embms/oem/global
06-23 02:17:48.918 5531 5552 D LTE_CONFIG: filesCount = 0
06-23 02:17:48.918 5531 5552 D LTE_CONFIG: Checking dir: /storage/emulated/0/Android/data/com.qti.ltebc/files/embms/qcom
06-23 02:17:48.918 5531 5552 D LTE_CONFIG: provisioning_params.xml not found, copy all other files from dir : /storage/emulated/0/Android/data/com.qti.ltebc/files/embms/qcom
06-23 02:17:48.918 5531 5552 D LTE_CONFIG: filesCount = 0
06-23 02:17:48.918 5531 5552 D LTE_CONFIG: Checking dir: /storage/emulated/0/Android/data/com.qti.ltebc/files/embms/qcom/global
06-23 02:17:48.918 5531 5552 D LTE_CONFIG: provisioning_params.xml not found, copy all other files from dir : /storage/emulated/0/Android/data/com.qti.ltebc/files/embms/qcom/global
06-23 02:17:48.918 5531 5552 D LTE_CONFIG: filesCount = 0
06-23 02:17:48.918 5531 5552 D LTE_CONFIG: copyLogLevelFile: emulatedPath = /storage/emulated/0/Android/data/com.qti.ltebc/files/embms/qcom/global
06-23 02:17:48.918 5531 5552 D LTE_CONFIG: copyLogLevelFile: logLevelFilePath = /storage/emulated/0/Android/data/com.qti.ltebc/files/embms/qcom/global/debug/loglevels.xml
06-23 02:17:48.918 4034 4227 I VendorService|MicPodManager: crestore set: 0
06-23 02:17:48.918 5531 5552 D LTE_CONFIG: copyLogLevelFile: logLevels file copy failed: srcLogLevelFile = /storage/emulated/0/Android/data/com.qti.ltebc/files/embms/qcom/global/debug/loglevels.xml does not exist
06-23 02:17:48.918 1694 1777 I system_server: upgrade +++ 0!!!
06-23 02:17:48.918 1694 1777 D AudioMicService: AudioMicService onIsNeedUpgrade() mCallback 0
06-23 02:17:48.919 4034 4227 I VendorService|MicPodManager: IAudioMicCallback onFirmwareUpgradeNeeded, parameter = 0
06-23 02:17:48.919 5531 5552 I Ltebc : ConfigurationManager () load file from internal directory failed
06-23 02:17:48.919 5531 5552 I LTE Application: Ltebc : loadConfigData()
06-23 02:17:48.919 5531 5552 I Ltebc : ConfigurationManager : getProperties()
06-23 02:17:48.919 5531 5552 E LTE Application: Ltebc : preemption_priority is available in config file () : 5
06-23 02:17:48.919 5531 5552 I LTE Application: Ltebc : loadConfigData() sPreemptionPriority :5
06-23 02:17:48.919 5531 5552 I LTE Application: Ltebc : loadConfigData() sEarFcnList :5230
06-23 02:17:48.919 5531 5552 E LTE Application: Ltebc : enable_embms_sim is available in config file () : false
06-23 02:17:48.919 5531 5552 E LTE Application: Ltebc : loadConfigData() enableEmbmsSim :false
06-23 02:17:48.919 5531 5552 E LTE Application: Ltebc : shutdowntimer is available in config file () : 0
06-23 02:17:48.919 5531 5552 E LTE Application: shutDownTimer : 0.0
06-23 02:17:48.919 5531 5552 E LTE Application: Ltebc : provisioning_timeout_ms is available in config file () : 2592000000
06-23 02:17:48.919 5531 5552 I LTE Application: mProvisioningTMO : 2592000000
06-23 02:17:48.919 5531 5552 E LTE Application: Ltebc : enable_unicast_in_roaming is available in config file ()
06-23 02:17:48.919 5531 5552 I LTE Application: Ltebc : loadConfigData() enableUnicastInRoaming :false
06-23 02:17:48.920 5531 5552 E LTE Application: Ltebc : default_plmn is not available in config file ()
06-23 02:17:48.920 5531 5552 E LTE Application: Ltebc : roaming_check_periodicity_ms is available in config file ()
06-23 02:17:48.920 5531 5552 I LTE Application: Ltebc : loadConfigData() roaming_check_periodicity_ms :5000
06-23 02:17:48.920 5531 5552 E LTE Application: Ltebc : embms_get_e911_state_retry_attempts is available in config file ()
06-23 02:17:48.920 5531 5552 I LTE Application: Ltebc : loadConfigData() EMBMS_GET_E911_STATE_RETRY_ATTEMPTS :600
06-23 02:17:48.920 5531 5552 E LTE Application: provisioningTimerTask: mProvisioningTMO = 2592000000
06-23 02:17:48.920 5531 5552 I LTE Application: getStartupReason - startup_reason: STARTUP_REASON_BOOT
06-23 02:17:48.920 5531 5552 I LTEBC Init Manager: handlePermissionResult STARTUP_REASON_BOOT
06-23 02:17:48.920 5531 5552 I LTELicenseManager: startLicenseCheck requestCode: 3 cb: com.qualcomm.ltebc.LTEBCInitManager@6aac1cc
06-23 02:17:48.920 5531 5552 I LTELicenseManager: processLicenseCheck in progress false
06-23 02:17:48.922 4034 4034 D AIOPInternalCamera: Setting up device
06-23 02:17:48.922 4034 4034 D CresStore: fetchInfo: {"BuildDate":"Thu Jun 19 11:42:36 CDT 2025 (3.0.3744)","Category":"TouchPanel","DeviceId":"@E-deadbeef1234","DeviceVersion":"3.0.3744","Devicekey":"No SystemKey Server","MacAddress":"de.ad.be.ef.12.34","Manufacturer":"Crestron","Model":"UC-SB2-CAM-A","ModelId":"0x8100","Name":"UC-SB2-CAM-A-DEADBEEF1234","PufVersion":"Unknown","RebootReason":"manual","SerialNumber":"2100SPE00000","Version":"2.3.1"}
06-23 02:17:48.922 4034 4034 D AIOPInternalCamera: commonName: 5
06-23 02:17:48.923 4034 4034 D CresShutterManager: getState
06-23 02:17:48.923 1694 3075 I cresshutterService.cpp: android_server_cres_shutter_service_getState.....
06-23 02:17:48.924 1070 1070 I cresshutter: success to get ICresShutter service in android hal
06-23 02:17:48.924 1070 1070 I cresshutter: CresShutter::getState get succeed
06-23 02:17:48.924 1070 1070 D cresshutter: buf is 0110
06-23 02:17:48.924 1070 1070 I cresshutter: value of motor_control_test = 110
06-23 02:17:48.924 1070 1070 D cresshutter: get shutter state return closed
06-23 02:17:48.924 1694 3075 I cresshutterService.cpp: success to get ICresShutter service ret = 0
06-23 02:17:48.924 1694 3075 D CresShutterService: CresShutterService getState()...0
06-23 02:17:48.924 4034 4034 D CresShutterManager: try getState: 0
06-23 02:17:48.924 4034 4034 D CresShutterManager: getState
06-23 02:17:48.924 1694 3075 I cresshutterService.cpp: android_server_cres_shutter_service_getState.....
06-23 02:17:48.925 1070 1070 I cresshutter: success to get ICresShutter service in android hal
06-23 02:17:48.925 1070 1070 I cresshutter: CresShutter::getState get succeed
06-23 02:17:48.925 1070 1070 D cresshutter: buf is 0110
06-23 02:17:48.925 1070 1070 I cresshutter: value of motor_control_test = 110
06-23 02:17:48.925 1070 1070 D cresshutter: get shutter state return closed
06-23 02:17:48.925 1694 3075 I cresshutterService.cpp: success to get ICresShutter service ret = 0
06-23 02:17:48.925 1694 3075 D CresShutterService: CresShutterService getState()...0
06-23 02:17:48.925 4034 4034 D CresShutterManager: try getState: 0
06-23 02:17:48.925 1694 3075 D CresCameraService: CameraInternalService getActiveSpeakerPresenterMode()...
06-19 16:42:47.712 1070 1070 E : [motor_control] Enter check_motor_status!!!!!!!!!!!!
06-19 16:42:47.713 1070 1070 E : [motor_control] Enter check_motor_status!!!!!!!!!!!!
06-23 02:17:48.926 1694 3075 D CresCameraService: CameraInternalService getActiveSpeakerConsultationMode()...
06-23 02:17:48.927 4034 4034 D AIOPInternalCamera: Presenter: true Consultation: true
06-23 02:17:48.927 1694 3075 D CresCameraService: CameraInternalService getAutoFramingMode()...
06-23 02:17:48.928 1694 3075 D CresCameraService: CameraInternalService getAutoFramingMode()...
06-23 02:17:48.928 1694 1728 I am_uid_running: 10065
06-23 02:17:48.928 1694 1728 D CompatibilityChangeReporter: Compat change id reported: 135634846; UID 10065; state: DISABLED
06-23 02:17:48.928 1694 1728 D CompatibilityChangeReporter: Compat change id reported: 177438394; UID 10065; state: DISABLED
06-23 02:17:48.929 1694 1728 D CompatibilityChangeReporter: Compat change id reported: 135772972; UID 10065; state: DISABLED
06-23 02:17:48.929 1694 1728 D CompatibilityChangeReporter: Compat change id reported: 135754954; UID 10065; state: ENABLED
06-23 02:17:48.929 1068 1068 E android.hardware.crescamera@1.0-service: android_server_cres_camera_service_getPeoplecnt callback error!
06-23 02:17:48.929 1694 1770 D CompatibilityChangeReporter: Compat change id reported: 143937733; UID 10065; state: ENABLED
06-23 02:17:48.929 4034 4034 W AIOPInternalCamera: Thundercomm API is returning -1. There may be an issue with their api. Changing to 0
06-23 02:17:48.929 1694 3075 D CresCameraService: CameraInternalService getPeopleCountState()...
06-23 02:17:48.929 5531 5552 I LTELicenseManager: MinkSocketFd connect true
06-23 02:17:48.930 5531 5552 I LTELicenseManager: Scheduling mink socket timeout 1000
06-23 02:17:48.930 5531 5552 I LTEBC Init Manager: Handled state : 7
06-23 02:17:48.930 4034 4034 D AIOPInternalCamera: Checking Cresstore during init: {"CameraIntelligentVideo":{"Camera001":{"Feature01":{"Value":"true","Name":"Auto Framing"},"Feature03":{"Value":"false","Name":"Speaker Focus Enabled"},"Feature02":{"Value":"with Auto-Framing PiP","Name":"Speaker Focus Preference"}}},"Cameras":{"Camera001":{"IsConnected":true,"Name":"Crestron Videobar 70 Camera","Occupancy":{"Count":0,"IsEnabled":false,"Mode":"InMeeting"},"Shutter":{"IsShutterAvailable":true,"IsShutterOpen":false,"IsStateManagedByCameraStream":true},"SoftwareVersion":"3.0.3744"}},"Version":"2.0.1"}
06-23 02:17:48.932 4034 4034 D CameraManager: Cameras size: 1 cameraDevice: {"IsConnected":true,"Name":"Crestron Videobar 70 Camera","Occupancy":{"Count":0,"IsEnabled":false,"Mode":"InMeeting"},"Shutter":{"IsShutterAvailable":true,"IsShutterOpen":false,"IsStateManagedByCameraStream":true},"SoftwareVersion":"3.0.3744"}
06-23 02:17:48.932 4034 4034 D CameraManager: Intelligent video size: 1 cameraDevice: {Camera001={Feature01={Value=true, Name=Auto Framing}, Feature03={Value=false, Name=Speaker Focus Enabled}, Feature02={Value=with Auto-Framing PiP, Name=Speaker Focus Preference}}}
06-23 02:17:48.932 4034 4034 D AIOPInternalCamera: Converted Camera Devices during init: {Camera001=com.crestron.peripheral.cameramanager.cresnext.CameraDevice@372852e}
06-23 02:17:48.932 4034 4034 D AIOPInternalCamera: Updating default values to what was in cresstore, occupancy
06-23 02:17:48.932 4034 4034 D AIOPInternalCamera: Updating default values to what was in cresstore, speaker focus pref
06-23 02:17:48.932 4034 4034 D AIOPInternalCamera: : {Auto Framing=true, Speaker Focus Preference=with Auto-Framing PiP, Speaker Focus Enabled=false}
06-23 02:17:48.932 4034 4034 D AIOPInternalCamera: Checking cresstore for speaker focus. Value in cresstore: {Auto Framing=true, Speaker Focus Preference=with Auto-Framing PiP, Speaker Focus Enabled=false}
06-23 02:17:48.932 4034 4034 V AIOPInternalCamera: updateState for camera: 5
06-23 02:17:48.932 4034 4034 D AIOPInternalCamera: In updateShutter, shutter is: false
06-23 02:17:48.932 4034 4034 D AIOPInternalCamera: People count disabled. Closing shutter and disable pplct
06-23 02:17:48.932 4034 4034 D AIOPInternalCamera: setShutter: false, false
06-23 02:17:48.932 4034 4034 I AIOPInternalCamera: Updating shutter: current state: false, state to be updated: false
06-23 02:17:48.932 4034 4034 D AIOPInternalCamera: onShutterDebounce, canceling last job
06-23 02:17:48.933 4034 4034 V AIOPInternalCamera: after debounce
06-23 02:17:48.933 1694 3075 D CresCameraService: CresCameraService setPeopleCountState()...
06-23 02:17:48.934 4034 4034 D AIOPInternalCamera: setShutter: null, false
06-23 02:17:48.934 4034 4034 V AIOPInternalCamera: Incoming iv features: {Speaker Focus Preference=with Auto-Framing PiP}
06-23 02:17:48.934 4034 4034 V AIOPInternalCamera: All intelligent video features: {Auto Framing=true, Speaker Focus Preference=Full Screen, Speaker Focus Enabled=false}
06-23 02:17:48.935 4034 4034 V AIOPInternalCamera: setFeature: Speaker Focus Preference, to: with Auto-Framing PiP
06-23 02:17:48.935 1694 3075 D CresCameraService: CameraInternalService getAutoFramingMode()...
06-23 02:17:48.935 1694 3075 D CresCameraService: CameraInternalService getActiveSpeakerPresenterMode()...
06-23 02:17:48.936 1694 3075 D CresCameraService: CameraInternalService getActiveSpeakerConsultationMode()...
06-23 02:17:48.937 4034 4034 D AIOPInternalCamera: 3 Autoframing: true Presenter: true Consultation: true
06-23 02:17:48.937 4034 4034 I CameraManager: Updating cresstore with changed device: com.crestron.peripheral.cameramanager.cresnext.CameraDevice@beae8cf
06-23 02:17:48.939 4034 4034 V CresStore: cresStoreSet : {"Device":{"CameraDevices":{"CameraIntelligentVideo":{"Camera001":{"Feature02":{"Value":"with Auto-Framing PiP","Name":"Speaker Focus Preference"}}},"Version":"2.0.1"}}} => CRESSTORE_SUCCESS
06-23 02:17:48.939 4034 4034 D CameraManager: Updating parent with changed device
06-23 02:17:48.939 4034 4034 D VendorService|AbstractCameraDevice: pcmCallback
06-23 02:17:48.939 4034 4034 D VendorService|TeamsCameraDeviceImpl: pcmCallback
06-23 02:17:48.939 4034 4034 D AIOPInternalCamera: registering the PeopleCountCallback
06-23 02:17:48.940 1068 1068 I android.hardware.crescamera@1.0-service: set callback in hal not null
06-23 02:17:48.940 1068 1068 I android.hardware.crescamera@1.0-service: set callback in hal
06-23 02:17:48.940 4034 4034 D CresShutterManager: setCallback
06-23 02:17:48.940 1694 3075 D CresShutterService: CresShutterService setCallback() ICresShutterCallback...
06-23 02:17:48.940 1694 3075 I cresshutterService.cpp: android_server_cres_shutter_service_setCallback.....
06-23 02:17:48.941 1694 3075 I cresshutterService.cpp: success to get ICresShutter service
06-23 02:17:48.941 1070 1070 I cresshutter: set callback in hal not null
06-23 02:17:48.941 1070 1070 I cresshutter: set callback in hal
06-23 02:17:48.941 4034 4034 D AIOPInternalCamera: In updateShutter, shutter is: false
06-23 02:17:48.941 4034 4034 D AIOPInternalCamera: People count disabled. Closing shutter and disable pplct
06-23 02:17:48.941 4034 4034 D AIOPInternalCamera: setShutter: false, false
06-23 02:17:48.941 4034 4034 I AIOPInternalCamera: Updating shutter: current state: false, state to be updated: false
06-23 02:17:48.941 4034 4034 D AIOPInternalCamera: onShutterDebounce, canceling last job
06-23 02:17:48.942 4034 4034 V AIOPInternalCamera: after debounce
06-23 02:17:48.942 1694 3075 D CresCameraService: CresCameraService setPeopleCountState()...
06-23 02:17:48.943 4034 4034 I CameraManager: Updating cresstore with changed device: com.crestron.peripheral.cameramanager.cresnext.CameraDevice@54d4848
06-23 02:17:48.944 969 969 D Zygote : Forked child process 5558
06-23 02:17:48.944 1694 1770 I am_proc_start: [0,5558,10065,com.qualcomm.qti.qms.service.trustzoneaccess,service,{com.qualcomm.qti.qms.service.trustzoneaccess/com.qualcomm.qti.qms.service.trustzoneaccess.TZAccessService}]
06-23 02:17:48.944 1694 1770 I ActivityManager: Start proc 5558:com.qualcomm.qti.qms.service.trustzoneaccess/u0a65 for service {com.qualcomm.qti.qms.service.trustzoneaccess/com.qualcomm.qti.qms.service.trustzoneaccess.TZAccessService}
06-23 02:17:48.945 4034 4034 V CresStore: cresStoreSet : {"Device":{"CameraDevices":{"CameraIntelligentVideo":{"Camera001":{"Feature01":{"Value":"true","Name":"Auto Framing"},"Feature03":{"Value":"false","Name":"Speaker Focus Enabled"},"Feature02":{"Value":"with Auto-Framing PiP","Name":"Speaker Focus Preference"}}},"Cameras":{"Camera001":{"IsConnected":true,"Name":"Crestron Videobar 70 Camera","Occupancy":{"Count":0,"IsEnabled":false,"Mode":"InMeeting"},"SerialNumber":"2100SPE00000","Shutter":{"IsShutterAvailable":true,"IsShutterOpen":false,"IsStateManagedByCameraStream":true},"SoftwareVersion":"3.0.3744"}},"Version":"2.0.1"}}} => CRESSTORE_SUCCESS
06-23 02:17:48.945 4034 4034 D CameraManager: Updating parent with changed device
06-23 02:17:48.945 4034 4034 D VendorService|AbstractCameraDevice: pcmCallback
06-23 02:17:48.945 4034 4034 D VendorService|AbstractCameraDevice: pcmCallback: isStateManagedByCameraStream changed to true
06-23 02:17:48.945 4034 4034 D VendorService|TeamsCameraDeviceImpl: pcmCallback
06-23 02:17:48.945 4034 4034 D VendorService|TeamsCameraDeviceImpl: People count responseJson => 0
06-23 02:17:48.948 4034 4034 D UsbCameraManager: Registering Receiver
06-23 02:17:48.948 4034 4034 D UsbCameraManager: Looking for supported connected devices to initialize
06-23 02:17:48.949 4034 4034 D AIOPInternalCamera: onShutterDebounce, starting next job
06-23 02:17:48.952 5558 5558 I Zygote : seccomp disabled by setenforce 0
06-23 02:17:48.967 1448 1462 I adbd : jdwp connection from 5558
06-23 02:17:48.974 1694 3075 I am_proc_bound: [0,5558,com.qualcomm.qti.qms.service.trustzoneaccess]
06-23 02:17:48.974 1694 3075 D CompatibilityChangeReporter: Compat change id reported: 168419799; UID 10065; state: DISABLED
06-23 02:17:48.974 1694 3075 D CompatibilityChangeReporter: Compat change id reported: 273564678; UID 10065; state: DISABLED
06-23 02:17:48.974 1694 3075 D CompatibilityInfo: mCompatibilityFlags - 4
06-23 02:17:48.974 1694 3075 D CompatibilityInfo: applicationDensity - 160
06-23 02:17:48.974 1694 3075 D CompatibilityInfo: applicationScale - 1.0
06-23 02:17:48.975 1694 1776 W libprocessgroup: Failed to open /dev/stune/background/cgroup.procs: No such file or directory
06-23 02:17:48.975 1694 3075 D CompatibilityInfo: mCompatibilityFlags - 4
06-23 02:17:48.975 1694 3075 D CompatibilityInfo: applicationDensity - 160
06-23 02:17:48.975 1694 3075 D CompatibilityInfo: applicationScale - 1.0
06-23 02:17:48.976 5558 5558 D CompatibilityChangeReporter: Compat change id reported: 171979766; UID 10065; state: ENABLED
06-23 02:17:48.987 5558 5558 D nativeloader: classloader namespace configured for unbundled vendor apk. library_path=/vendor/app/TrustZoneAccessService/lib/arm64:/vendor/lib64
06-23 02:17:48.995 5558 5558 I Perf : Connecting to perf service.
06-23 02:17:48.998 5558 5558 V GraphicsEnvironment: ANGLE Developer option for 'com.qualcomm.qti.qms.service.trustzoneaccess' set to: 'default'
06-23 02:17:48.999 5558 5558 V GraphicsEnvironment: ANGLE GameManagerService for com.qualcomm.qti.qms.service.trustzoneaccess: false
06-23 02:17:48.999 5558 5558 V GraphicsEnvironment: Neither updatable production driver nor prerelease driver is supported.
06-23 02:17:49.000 5558 5558 D NetworkSecurityConfig: No Network Security Config specified, using platform default
06-23 02:17:49.000 5558 5558 D NetworkSecurityConfig: No Network Security Config specified, using platform default
06-23 02:17:49.008 5531 5531 I MinkSocketFd: connected
06-23 02:17:49.009 5558 5573 V CredentialHelper: Processing credentials for uid = 10095
06-23 02:17:49.018 1030 5584 I ssgtzd : Constructing EnvWrapper for Client with Max qteeObjLimit 15
06-23 02:17:49.018 1030 5584 I ssgtzd : qteeInfoWrapper 0xb400006d16e19850
06-23 02:17:49.018 1030 5584 I ssgtzd : Constructed EnvObjWrapper addr 0xb400006d36e1c910
06-23 02:17:49.018 1030 5584 I ssgtzd : EnvWrapper Allocated 0xb400006d36e1c910
06-23 02:17:49.018 1030 5584 I ssgtzd : served new env
06-23 02:17:49.018 1030 5584 I ssgtzd : OP on EnvWrapper 0xb400006d36e1c910 Obj Wrapper 0xb400006d36e1c910
06-23 02:17:49.018 1030 5584 I ssgtzd : Total Object Count 1
06-23 02:17:49.018 1030 5584 I ssgtzd : Max Limit 15
06-23 02:17:49.018 1030 5584 I ssgtzd : Invoked Wrapped Object, requesting QTEE Total QTEE Objects 1, with EnvObjWrapper 0xb400006d36e1c910 and 0xb400006d36e1c910
06-23 02:17:49.018 1030 5584 I ssgtzd : OP on EnvWrapper 0xb400006d36e1c910 Obj Wrapper 0xb400006d36e1c910
06-23 02:17:49.018 1030 5584 I ssgtzd : Release Op for EnvObjWrapper 0xb400006d36e1c910 Dec. refs Count from 3 Parent EnvWrapper 0xb400006d36e1c910 qteeObjCounts 1
06-23 02:17:49.019 5531 5531 V MinkSockJni: fd failed check: -1835950736
06-23 02:17:49.019 5531 5531 I LTELicenseManager: onConnectionError called OBJECT_INVALID
06-23 02:17:49.020 5531 5531 I LTELicenseManager: onDisconnect called
06-23 02:17:49.020 5531 5531 I LTELicenseManager: saveLicenseInSharedPreferences false
06-23 02:17:49.023 5531 5531 D LTELicenseManager: processLicenseCheck notify caller license validity false
06-23 02:17:49.023 5531 5531 I LTEBC Init Manager: onLicenseCheckComplete 3 isValid false
06-23 02:17:49.023 5531 5531 V LTE Application: initStateChanged - LTEBC_INIT_LICENSE_ERROR
06-23 02:17:49.023 5531 5531 I LTE Application: Error during ltebc initialization
06-23 02:17:49.026 5531 5531 I LTE-FD Service:: LTEFileDeliveryServiceHelper get connection manager : Thread[Thread-2,5,main]
06-23 02:17:49.026 5531 5531 I LTE Application: isAnyAppBindedWithMW : No Application is binded with MW
06-23 02:17:49.026 5531 5531 I LTEBC Init Manager: onLicenseCheckComplete failed, hence calling explicit stop
06-23 02:17:49.026 5531 5531 I LTE Application: explicitStop initState LTEBC_INIT_LICENSE_ERROR
06-23 02:17:49.027 5531 5531 I LTE Root Service: onDestroy
06-23 02:17:49.027 5531 5552 I LTEBC Init Manager: handleStartDeInitialization()
06-23 02:17:49.027 5531 5552 I LTE Application: isAnyAppBindedWithMW : No Application is binded with MW
06-23 02:17:49.027 5531 5552 I LTEBC Init Manager: forceExit() Force Killing MSP as sKeepAlive is not ZERO, sKeepAlive:1
06-23 02:17:49.027 5531 5552 I LTE Application: shutdownApp
06-23 02:17:49.027 5531 5552 I LTE Application: shutdownApp : after jshutdown()
06-23 02:17:49.028 5531 5552 I LTE Application: shutdownApp : calling Disconnect from Ebmbs
06-23 02:17:49.028 5531 5552 D LTE Application: IntentSender : Last intent Status INACTIVE_SENT forcedBroadcast flag = false
06-23 02:17:49.028 5531 5552 I LTE Application: shutdownApp : calling Connection Mgr shutdown()
06-23 02:17:49.028 5531 5552 W SOCEKT : Connection Thread shutdown
06-23 02:17:49.028 5531 5552 W SOCEKT : Recieve thread Pool shutdown
06-23 02:17:49.028 5531 5552 E LTE Root Service: LTERootService instance is null
06-23 02:17:49.028 5531 5552 I LTE Application: shutdownApp : calling Ltebc exit
06-23 02:17:49.028 5531 5552 I com.qti.ltebc: System.exit called, status: 0
06-23 02:17:49.028 5531 5552 I AndroidRuntime: VM exiting with result code 0, cleanup skipped.
06-23 02:17:49.045 1379 3366 D BufferPoolAccessor2.0: bufferpool2 0xe4ac04a8 : 0(0 size) total buffers - 0(0 size) used buffers - 82/90 (recycle/alloc) - 8/174 (fetch/transfer)
06-23 02:17:49.045 1379 3366 D BufferPoolAccessor2.0: evictor expired: 1, evicted: 1
06-23 02:17:49.046 1694 3075 I ActivityManager: Process com.qti.ltebc (pid 5531) has died: cch+5 CEM
06-23 02:17:49.046 1694 3075 I am_proc_died: [0,5531,com.qti.ltebc,905,19]
06-23 02:17:49.047 1694 3075 I am_uid_stopped: 10095
06-23 02:17:49.047 969 969 I Zygote : Process 5531 exited cleanly (0)
06-23 02:17:49.050 4034 4034 D AIOPInternalCamera: onShutterDebounce, shutter to be changed: false
06-23 02:17:49.050 4034 4034 D CresShutterManager: setState
06-23 02:17:49.050 1694 3075 D CresShutterService: CresShutterService setState()...
06-23 02:17:49.050 4034 4034 D AIOPInternalCamera: onShutterDebounce, shutter call finished
06-23 02:17:49.050 1694 1919 D CresShutterService: start check event
06-23 02:17:49.050 1694 1919 D CresShutterService: prcossEvent is 0
06-23 02:17:49.050 1694 1919 I cresshutterService.cpp: android_server_cres_shutter_service_getState.....
06-23 02:17:49.051 1070 1070 I cresshutter: success to get ICresShutter service in android hal
06-23 02:17:49.051 1070 1070 I cresshutter: CresShutter::getState get succeed
06-23 02:17:49.051 1070 1070 D cresshutter: buf is 0110
06-23 02:17:49.051 1070 1070 I cresshutter: value of motor_control_test = 110
06-23 02:17:49.051 1070 1070 D cresshutter: get shutter state return closed
06-23 02:17:49.051 1694 1919 I cresshutterService.cpp: success to get ICresShutter service ret = 0
06-23 02:17:49.052 1694 1919 D CresShutterService: state isn't change, state=false, nativeState=0
06-23 02:17:49.052 1694 1919 D CresShutterService: CresShutterService onShutterStatusChange()...call mCallbackList null or state not change, status:0
06-23 02:17:49.052 1694 1919 D CresShutterService: timeToWait = 2000
06-23 02:17:49.052 1694 1773 I libprocessgroup: Successfully killed process cgroup uid 10095 pid 5531 in 5ms
06-19 16:42:47.840 1070 1070 E : [motor_control] Enter check_motor_status!!!!!!!!!!!!
06-23 02:17:49.078 1694 1776 W libprocessgroup: Failed to open /dev/stune/background/cgroup.procs: No such file or directory
06-23 02:17:49.109 1054 1064 I cch : emic sub event pluged
06-23 02:17:49.109 1054 1064 E AudioMicHAL: Got mic_meeting property: false (parsed: 0)
06-23 02:17:49.109 1054 1064 E AudioMicHAL: Setting meeting state: 0
06-23 02:17:49.109 1054 1064 E AudioMicHAL: Got mic_mute property: true (parsed: 1)
06-23 02:17:49.109 1054 1064 E AudioMicHAL: Received SUB_EVENT command data=[1]
06-19 16:42:47.897 1064 1064 I ad2435w_i2c 1-0068: a2b_status_ioctl Received value: 1
06-19 16:42:47.897 1064 1064 I report_trigger_discovery: 1
06-23 02:17:49.131 1054 1066 I AudioMicHAL: read socket msg exists
06-23 02:17:49.131 1054 1066 I AudioMicHAL: netlinkEventLoop MIC_SUBHOTPLUG_EVENT pre_trig_src = 0 trig_src=0,pre_enable_discovery=1 enable_discovery=1
06-23 02:17:49.131 1054 1066 I AudioMicHAL: HOTPLUG_EVENT_CCH_DEINIT
06-19 16:42:47.979 0 0 I [ C5] r8168: eth0: link up
06-23 02:17:49.192 1694 3075 I EthernetTracker: interfaceLinkStateChanged, iface: eth0, up: true
06-23 02:17:49.192 1694 1976 D EthernetNetworkFactory: updateInterfaceLinkState, iface: eth0, up: true
06-23 02:17:49.192 1694 1977 D ConnectivityService: register offer from providerId 1 : NetworkOffer [ Provider Id (1) Score(-2147483648 ; KeepConnected : 0 ; Policies : EVER_VALIDATED_NOT_AVOIDED_WHEN_BAD&IS_UNMETERED&IS_VALIDATED) Caps [ Transports: ETHERNET Capabilities: NOT_METERED&INTERNET&NOT_RESTRICTED&TRUSTED&NOT_VPN&NOT_ROAMING&NOT_CONGESTED&NOT_SUSPENDED&NOT_VCN_MANAGED LinkUpBandwidth>=100000Kbps LinkDnBandwidth>=100000Kbps Specifier: UnderlyingNetworks: Null] Needed by []]
06-23 02:17:49.193 1694 1976 D EthernetNetworkFactory: eth0: onNetworkNeeded for request: NetworkRequest [ REQUEST id=14, [ Capabilities: INTERNET&NOT_RESTRICTED&TRUSTED&NOT_VCN_MANAGED Uid: 1000 RequestorUid: 1000 RequestorPkg: android UnderlyingNetworks: Null] ]
06-23 02:17:49.193 1694 1976 D EthernetNetworkFactory: Starting Ethernet IpClient(eth0)
06-23 02:17:49.195 1694 1976 D EthernetNetworkFactory: eth0: onNetworkNeeded for request: NetworkRequest [ REQUEST id=20, [ Capabilities: INTERNET&NOT_RESTRICTED&TRUSTED&NOT_VCN_MANAGED Uid: 10124 RequestorUid: 10124 RequestorPkg: com.qti.qcc UnderlyingNetworks: Null] ]
06-23 02:17:49.195 1694 1976 D EthernetNetworkFactory: IpClient already started
06-23 02:17:49.195 1694 1976 D EthernetNetworkFactory: eth0: onNetworkNeeded for request: NetworkRequest [ REQUEST id=32, [ Capabilities: INTERNET&NOT_RESTRICTED&TRUSTED&NOT_VCN_MANAGED Uid: 10094 RequestorUid: 1000 RequestorPkg: android UnderlyingNetworks: Null] ]
06-23 02:17:49.195 1694 1976 D EthernetNetworkFactory: IpClient already started
06-23 02:17:49.195 1694 1976 D EthernetNetworkFactory: eth0: onNetworkNeeded for request: NetworkRequest [ REQUEST id=1, [ Capabilities: INTERNET&NOT_RESTRICTED&TRUSTED&NOT_VPN&NOT_VCN_MANAGED RequestorUid: 1000 RequestorPkg: android UnderlyingNetworks: Null] ]
06-23 02:17:49.195 1694 1976 D EthernetNetworkFactory: IpClient already started
06-23 02:17:49.196 1694 1976 D EthernetNetworkFactory: eth0: onNetworkNeeded for request: NetworkRequest [ REQUEST id=29, [ Capabilities: INTERNET&NOT_RESTRICTED&TRUSTED&NOT_VCN_MANAGED Uid: 1000 RequestorUid: 1000 RequestorPkg: android UnderlyingNetworks: Null] ]
06-23 02:17:49.196 1694 1976 D EthernetNetworkFactory: IpClient already started
06-23 02:17:49.196 1694 1976 D EthernetNetworkFactory: eth0: onNetworkNeeded for request: NetworkRequest [ REQUEST id=16, [ Capabilities: INTERNET&NOT_RESTRICTED&TRUSTED&NOT_VCN_MANAGED Uid: 1073 RequestorUid: 1073 RequestorPkg: com.android.networkstack UnderlyingNetworks: Null] ]
06-23 02:17:49.196 1694 1976 D EthernetNetworkFactory: IpClient already started
06-23 02:17:49.196 1694 1976 D EthernetNetworkFactory: eth0: onNetworkNeeded for request: NetworkRequest [ REQUEST id=25, [ Capabilities: INTERNET&NOT_RESTRICTED&TRUSTED&NOT_VCN_MANAGED Uid: 10110 RequestorUid: 10110 RequestorPkg: com.android.systemui UnderlyingNetworks: Null] ]
06-23 02:17:49.196 1694 1976 D EthernetNetworkFactory: IpClient already started
06-23 02:17:49.196 1694 1976 D EthernetNetworkFactory: eth0: onNetworkNeeded for request: NetworkRequest [ REQUEST id=23, [ Capabilities: INTERNET&NOT_RESTRICTED&TRUSTED&NOT_VCN_MANAGED Uid: 10110 RequestorUid: 10110 RequestorPkg: com.android.systemui UnderlyingNetworks: Null] ]
06-23 02:17:49.196 1694 1976 D EthernetNetworkFactory: IpClient already started
06-23 02:17:49.196 1694 1976 D EthernetNetworkFactory: eth0: onNetworkNeeded for request: NetworkRequest [ REQUEST id=36, [ Capabilities: INTERNET&NOT_RESTRICTED&TRUSTED&NOT_VCN_MANAGED Uid: 10059 RequestorUid: 10059 RequestorPkg: com.crestron.oemconnector UnderlyingNetworks: Null] ]
06-23 02:17:49.196 1694 1976 D EthernetNetworkFactory: IpClient already started
06-23 02:17:49.196 1694 1976 D EthernetNetworkFactory: eth0: onNetworkNeeded for request: NetworkRequest [ REQUEST id=41, [ Capabilities: INTERNET&NOT_RESTRICTED&TRUSTED&NOT_VCN_MANAGED Uid: 10042 RequestorUid: 10042 RequestorPkg: com.microsoft.skype.teams.ipphone UnderlyingNetworks: Null] ]
06-23 02:17:49.196 1694 1976 D EthernetNetworkFactory: IpClient already started
06-23 02:17:49.196 1694 1976 D EthernetNetworkFactory: eth0: onNetworkNeeded for request: NetworkRequest [ REQUEST id=7, [ Capabilities: INTERNET&NOT_RESTRICTED&TRUSTED&NOT_VCN_MANAGED Uid: 1000 RequestorUid: 1000 RequestorPkg: android UnderlyingNetworks: Null] ]
06-23 02:17:49.196 1694 1976 D EthernetNetworkFactory: IpClient already started
06-23 02:17:49.197 2153 5589 D IpClient.eth0: Netlink-seen LPs: {InterfaceName: eth0 LinkAddresses: [ ] DnsAddresses: [ ] Domains: null MTU: 0 Routes: [ ]}, new LPs: {InterfaceName: eth0 LinkAddresses: [ ] DnsAddresses: [ ] Domains: null MTU: 0 TcpBufferSizes: 524288,1048576,3145728,524288,1048576,2097152 Routes: [ ]}; old LPs: {InterfaceName: eth0 LinkAddresses: [ ] DnsAddresses: [ ] Domains: null MTU: 0 Routes: [ ]}
06-23 02:17:49.197 2153 5589 D IpClient.eth0: CMD_UPDATE_TCP_BUFFER_SIZES eth0/-1 0 0 524288,1048576,3145728,524288,1048576,2097152 [rcvd_in=StoppedState, proc_in=StoppedState]
06-23 02:17:49.198 2153 5589 D IpClient.eth0: CMD_START eth0/-1 0 0 ProvisioningConfiguration{mEnablePreconnection: false, mUsingMultinetworkPolicyTracker: true, mUsingIpReachabilityMonitor: false, mRequestedPreDhcpActionMs: 0, mInitialConfig: null, mStaticIpConfig: null, mApfCapabilities: null, mProvisioningTimeoutMs: 0, mIPv6AddrGenMode: 2, mNetwork: null, mDisplayName: null, mScanResultInfo: null, mLayer2Info: null, mDhcpOptions: null, mIPv4ProvisioningMode: dhcp, mIPv6ProvisioningMode: disabled} [rcvd_in=StoppedState, proc_in=StoppedState]
06-23 02:17:49.202 2153 5589 D IpClient.eth0: CMD_ADDRESSES_CLEARED eth0/14 0 0 null [rcvd_in=null, proc_in=null]
06-23 02:17:49.205 2153 5589 D DhcpClient: initUdpSocket iface: eth0
06-23 02:17:49.205 2153 5589 D TrafficStats: tagSocket(98) with statsTag=0xfffffe01, statsUid=-1
06-23 02:17:49.206 2153 5589 D DhcpClient: DhcpState started.
06-23 02:17:49.207 2153 5589 D IpClient.eth0: CMD_PRE_DHCP_ACTION eth0/14 0 0 null [rcvd_in=RunningState, proc_in=RunningState]
06-23 02:17:49.207 2153 5589 D IpClient.eth0: EVENT_PRE_DHCP_ACTION_COMPLETE eth0/14 0 0 null [rcvd_in=RunningState, proc_in=RunningState]
06-23 02:17:49.208 2153 2781 E DhcpClient: Error retrieving network attributes: ILLEGAL ARGUMENT
06-23 02:17:49.211 2153 5589 D DhcpClient: Broadcasting DHCPDISCOVER
06-23 02:17:49.224 1694 1759 I DropBoxManagerService: add tag=system_app_strictmode isTagEnabled=true flags=0x2
06-23 02:17:49.263 4466 4466 I CEUDaemon:
06-23 02:17:49.263 4466 4466 I CEUDaemon: In CEU_fw_srvSetEnabled
06-23 02:17:49.263 4466 4466 I CEUDaemon:
06-23 02:17:49.263 4466 4466 I CEUDaemon: In getBufferIdx - adapterIdx=0 returnedBufferIdx=0
06-23 02:17:49.263 4466 4466 I CEUDaemon:
06-23 02:17:49.263 4466 4466 I CEUDaemon: In CEU_doCrestStoreRequest;requestType=3 bufIdx=0 FRAMEWORK_OBJ_TYPE=0
06-23 02:17:49.263 4466 4466 I CEUDaemon:
06-23 02:17:49.264 4466 4466 I CEUDaemon: In CEU_doCrestStoreRequest; requestType=3
06-23 02:17:49.264 4466 4466 I CEUDaemon: new adapter enable value: 0 1
06-23 02:17:49.264 4466 4466 I CEUDaemon: Publishing FW object to Cresstore
06-23 02:17:49.264 4466 4466 I CEUDaemon: Using Ethernet
06-23 02:17:49.269 4466 4466 I CEUDaemon: Finished publishTransactionFields Ethernet setEnabled
06-23 02:17:49.288 3269 4786 I FwInterface: ethernet is already up.
06-23 02:17:49.308 3269 4786 D FwInterface: responseJson ------------------------
06-23 02:17:49.308 3269 4786 D FwInterface: {"Device":{"Framework":{"Ethernet":{"Adapters":[{"IPv4":{"DnsServers":["0.0.0.0","0.0.0.0"],"IsDhcpEnabled":true,"StaticAddresses":[{"Address":"0.0.0.0","SubnetMask":"0.0.0.0"}],"StaticDefaultGateway":"0.0.0.0"}}],"DomainName":"localdomain","HostName":"UC-SB2-CAM-A-DEADBEEF1234","IsEnabled":true,"Version":"2.0.5"},"WifiInterface":{"Adapters":[{"IPv4":{"DnsServers":["0.0.0.0","0.0.0.0"],"IsDhcpEnabled":true,"StaticAddresses":[{"Address":"0.0.0.0","SubnetMask":"0.0.0.0"}],"StaticDefaultGateway":"0.0.0.0"}}],"DomainName":"localdomain","HostName":"UC-SB2-CAM-A-DEADBEEF1234","IsEnabled":true,"Version":"1.0.1"},"category":"Ethernet","id":1,"method":"setEnabled","requestType":1,"returnMessage":"SUCCESS","returnValue":0,"version":"1.0.1"}}}
06-23 02:17:49.310 1054 1066 I AudioMicHAL: HOTPLUG_EVENT_TRIGGER_DISCOVERY
06-19 16:42:48.098 1066 1066 I ad2435w_i2c 1-0068: a2b_status_ioctl trigger rediscovery
06-19 16:42:48.098 594 594 E ad2435w_i2c 1-0068: ad2435w_check_work set power on!!
06-23 02:17:49.342 1030 1090 E sec_channel : Modemcomm: Init Instance on handle:0 failed with -3
06-23 02:17:49.342 1030 1090 E sec_channel : Modemcomm: Failed to get handle of SSGQMSCA service
06-23 02:17:49.492 4466 4466 I CEUDaemon: CEUConfigStatus = 1
06-23 02:17:49.492 4466 4466 I CEUDaemon:
06-23 02:17:49.499 4466 4466 I CEUDaemon: CEUConfigStatus = 1
06-23 02:17:49.499 4466 4466 I CEUDaemon:
06-23 02:17:49.499 4466 4466 I CEUDaemon: UpdateStaticRoutes: Adapter |0| not yet configured
