01-01 00:09:45.497 199 199 E [kworke][0x146d70bf][00:09:44.482102] wlan: [199:E:TIF] init_deinit_populate_sap_coex_capability: Extraction of sap_coex_chan_pref cap failed
01-01 00:09:45.497 199 199 I [kworke][0x146d713d][00:09:44.482108] wlan: [199:I:WMA] wma_is_dbs_mandatory: MAC0 does not support both bands 2 DBS is mandatory
01-01 00:09:44.523 969 969 I boot_progress_start: 6454
01-01 00:09:45.672 199 199 E [kworke][0x14a0c45f][00:09:44.657297] wlan: [199:E:QDF] ready_extract_init_status_tlv: ready_extract_init_status_tlv:0
01-01 00:09:45.673 199 199 I [kworke][0x14a10db3][00:09:44.658275] wlan: [199:I:dfs] WLAN_DEBUG_DFS_ALWAYS : wlan_dfs_pdev_obj_create_notification: dfs_offload 1
01-01 00:09:45.673 199 199 I [kworke][0x14a10eba][00:09:44.658288] wlan: [199:I:dfs] WLAN_DEBUG_DFS_ALWAYS : wlan_dfs_pdev_obj_create_notification: dfs_bangradar_320_support 0
01-01 00:09:45.673 199 199 I [kworke][0x14a11009][00:09:44.658306] wlan: [199:I:SPECTRAL] null_get_capability: SPECTRAL : get_capability not registered
01-01 00:09:45.673 199 199 I [kworke][0x14a1109f][00:09:44.658314] wlan: [199:I:SPECTRAL] target_if_pdev_spectral_init: HAL_CAP_PHYDIAG : Capable
01-01 00:09:45.673 199 199 I [kworke][0x14a11121][00:09:44.658320] wlan: [199:I:SPECTRAL] null_get_capability: SPECTRAL : get_capability not registered
01-01 00:09:45.673 199 199 I [kworke][0x14a111a3][00:09:44.658327] wlan: [199:I:SPECTRAL] target_if_pdev_spectral_init: HAL_CAP_RADAR : Capable
01-01 00:09:45.673 199 199 I [kworke][0x14a1121f][00:09:44.658334] wlan: [199:I:SPECTRAL] null_get_capability: SPECTRAL : get_capability not registered
01-01 00:09:45.673 199 199 I [kworke][0x14a1129d][00:09:44.658340] wlan: [199:I:SPECTRAL] target_if_pdev_spectral_init: HAL_CAP_SPECTRAL_SCAN : Capable
01-01 00:09:45.673 199 199 I [kworke][0x14a11327][00:09:44.658347] wlan: [199:I:SPECTRAL] null_get_tsf64: SPECTRAL : get_tsf64 not registered
01-01 00:09:45.673 199 199 I [kworke][0x14a11624][00:09:44.658387] wlan: [199:I:GREEN_AP] wlan_green_ap_pdev_obj_create_notification: Green AP creation successful, green ap ctx: 00000000feffeb41, pdev: 000000001864ad0d
01-01 00:09:45.673 199 199 I [kworke][0x14a125df][00:09:44.658597] wlan: [199:I:REGULATORY] reg_set_band: set band bitmap: 3
01-01 00:09:45.673 199 199 I [kworke][0x14a12745][00:09:44.658616] wlan: [199:I:HDD] hdd_intersect_igmp_offload_setting: fw cap to handle igmp 1 igmp_offload_enable ini 0
01-01 00:09:45.673 199 199 I [kworke][0x14a13dd7][00:09:44.658916] wlan: [199:I:GREEN_AP] target_if_green_ap_register_egap_event_handler: Set the Enhance Green AP event handler
01-01 00:09:45.673 102 102 I [kworke][0x14a14344][00:09:44.658989] wlan: [102:I:WMA] wma_wait_for_ready_event: FW ready event received
01-01 00:09:45.674 102 102 I [kworke][0x14a16fd6][00:09:44.659583] wlan: [102:I:SYS] Creating periodic timer for OLBC UPDATE CACHE TIMEOUT
01-01 00:09:45.674 102 102 E [kworke][0x14a17392][00:09:44.659633] wlan: [102:E:DP] dp_rxdma_ring_config: pdev_id 0 max_mac_rings 2
01-01 00:09:45.674 102 102 E [kworke][0x14a173f0][00:09:44.659638] wlan: [102:E:TXRX] dp_rxdma_ring_config: mac_id 0
01-01 00:09:45.674 102 102 E [kworke][0x14a1760f][00:09:44.659666] wlan: [102:E:TXRX] dp_rxdma_ring_config: mac_id 1
01-01 00:09:45.674 102 102 I [kworke][0x14a18188][00:09:44.659819] wlan: [102:I:HAL] hal_reo_set_err_dst_remap_6390: HWIO_REO_R0_ERROR_DESTINATION_MAPPING_IX_0 0x28005b6d
01-01 00:09:45.674 102 102 I [kworke][0x14a1841d][00:09:44.659853] wlan: [102:I:DIRECT_BUF_RX] target_if_direct_buf_rx_register_events: DBR Handler Context 1
01-01 00:09:45.675 102 102 E [kworke][0x14a19282][00:09:44.660045] wlan: [102:E:WMI] send_action_oui_cmd_tlv: Invalid action id
01-01 00:09:45.675 102 102 E [kworke][0x14a192d9][00:09:44.660050] wlan: [102:E:action_oui] action_oui_send_config: Failed to send: 7
01-01 00:09:45.675 102 102 E [kworke][0x14a19313][00:09:44.660053] wlan: [102:E:WMI] send_action_oui_cmd_tlv: Invalid action id
01-01 00:09:45.675 102 102 E [kworke][0x14a19347][00:09:44.660056] wlan: [102:E:action_oui] action_oui_send_config: Failed to send: 8
01-01 00:09:45.677 1025 1025 I msm_cvp : sess: Opening cvp instance: 00000000359c6004
01-01 00:09:45.679 1025 1025 I msm_cvp : pwr: cvp (eva) powered on
01-01 00:09:45.679 1025 1025 W msm_cvp ab00000.qcom,cvp: Direct firmware load for cvpss.mdt failed with error -2
01-01 00:09:45.679 1025 1025 W msm_cvp ab00000.qcom,cvp: Falling back to sysfs fallback for: cvpss.mdt
01-01 00:09:45.690 1025 1025 W msm_cvp ab00000.qcom,cvp: Direct firmware load for cvpss.b01 failed with error -2
01-01 00:09:45.690 1025 1025 W msm_cvp ab00000.qcom,cvp: Falling back to sysfs fallback for: cvpss.b01
01-01 00:09:45.700 1025 1025 W msm_cvp ab00000.qcom,cvp: Direct firmware load for cvpss.b02 failed with error -2
01-01 00:09:45.700 1025 1025 W msm_cvp ab00000.qcom,cvp: Falling back to sysfs fallback for: cvpss.b02
01-01 00:09:45.706 1025 1025 W msm_cvp ab00000.qcom,cvp: Direct firmware load for cvpss.b03 failed with error -2
01-01 00:09:45.706 1025 1025 W msm_cvp ab00000.qcom,cvp: Falling back to sysfs fallback for: cvpss.b03
01-01 00:09:45.713 1025 1025 W msm_cvp ab00000.qcom,cvp: Direct firmware load for cvpss.b04 failed with error -2
01-01 00:09:45.713 1025 1025 W msm_cvp ab00000.qcom,cvp: Falling back to sysfs fallback for: cvpss.b04
01-01 00:09:45.714 627 627 I remoteproc2: powering up 5c00000.remoteproc-slpi
01-01 00:09:45.714 627 627 W remoteproc2: Direct firmware load for slpi.mdt failed with error -2
01-01 00:09:45.714 627 627 W remoteproc2: Falling back to sysfs fallback for: slpi.mdt
01-01 00:09:45.719 1025 1025 W msm_cvp ab00000.qcom,cvp: Direct firmware load for cvpss.b05 failed with error -2
01-01 00:09:45.719 1025 1025 W msm_cvp ab00000.qcom,cvp: Falling back to sysfs fallback for: cvpss.b05
01-01 00:09:45.725 627 627 I remoteproc2: Booting fw image slpi.mdt, size 8380
01-01 00:09:45.727 102 102 E [kworke][0x14b0e26e][00:09:44.712311] wlan: [102:E:fwol] ucfg_fwol_send_get_thermal_stats_cmd: Command Disabled in Ini gThermalStatsTempOffset 5 or not enabled in FW 0
01-01 00:09:45.727 102 102 E [kworke][0x14b0e363][00:09:44.712324] wlan: [102:E:OSIF] os_if_fwol_get_thermal_stats_req: Failed to send get thermal stats cmd to FW, 4
01-01 00:09:45.727 102 102 E cnss_utils: WLAN MAC address is not set, type 0
01-01 00:09:45.727 102 102 I [kworke][0x14b0f880][00:09:44.712605] wlan: [102:I:HDD] hdd_initialize_mac_address: using default MAC address
01-01 00:09:45.728 627 627 E qcom_q6v5_pas 17300000.remoteproc-adsp: failed to receive slpi ssr before_powerup event. response result: 1
01-01 00:09:45.728 627 627 E qcom_q6v5_pas 17300000.remoteproc-adsp: Retrying legacy EVENT_REQ
01-01 00:09:45.729 102 102 E cnss : Failed to get cooling device node
01-01 00:09:45.729 627 627 E qcom_q6v5_pas 8300000.remoteproc-cdsp: failed to receive slpi ssr before_powerup event. response result: 1
01-01 00:09:45.729 627 627 E qcom_q6v5_pas 8300000.remoteproc-cdsp: Retrying legacy EVENT_REQ
01-01 00:09:45.730 627 627 I adsprpc : fastrpc_restart_notifier_cb: subsystem dsps is about to start
01-01 00:09:45.730 1025 1025 W msm_cvp ab00000.qcom,cvp: Direct firmware load for cvpss.b06 failed with error -2
01-01 00:09:45.730 1025 1025 W msm_cvp ab00000.qcom,cvp: Falling back to sysfs fallback for: cvpss.b06
01-01 00:09:45.731 627 627 W qcom_q6v5_pas 5c00000.remoteproc-slpi: Direct firmware load for slpi.b01 failed with error -2
01-01 00:09:45.731 627 627 W qcom_q6v5_pas 5c00000.remoteproc-slpi: Falling back to sysfs fallback for: slpi.b01
01-01 00:09:45.732 1032 1032 I : read descriptors
01-01 00:09:45.732 1032 1032 I : read strings
01-01 00:09:45.732 1032 1032 I : read descriptors
01-01 00:09:45.732 1032 1032 I : read strings
01-01 00:09:45.732 1032 1032 I : read descriptors
01-01 00:09:45.732 1032 1032 I : read strings
01-01 00:09:44.755 1054 1054 I auditd : type=1400 audit(0.0:3): avc: denied { read } for comm="android.hardwar" name="u:object_r:audio_prop:s0" dev="tmpfs" ino=107 scontext=u:r:hal_audiomic_default:s0 tcontext=u:object_r:audio_prop:s0 tclass=file permissive=1
01-01 00:09:44.755 1054 1054 I auditd : type=1400 audit(0.0:4): avc: denied { open } for comm="android.hardwar" path="/dev/__properties__/u:object_r:audio_prop:s0" dev="tmpfs" ino=107 scontext=u:r:hal_audiomic_default:s0 tcontext=u:object_r:audio_prop:s0 tclass=file permissive=1
01-01 00:09:44.755 1054 1054 I auditd : type=1400 audit(0.0:5): avc: denied { getattr } for comm="android.hardwar" path="/dev/__properties__/u:object_r:audio_prop:s0" dev="tmpfs" ino=107 scontext=u:r:hal_audiomic_default:s0 tcontext=u:object_r:audio_prop:s0 tclass=file permissive=1
01-01 00:09:44.755 1054 1054 I auditd : type=1400 audit(0.0:6): avc: denied { map } for comm="android.hardwar" path="/dev/__properties__/u:object_r:audio_prop:s0" dev="tmpfs" ino=107 scontext=u:r:hal_audiomic_default:s0 tcontext=u:object_r:audio_prop:s0 tclass=file permissive=1
01-01 00:09:45.771 1054 1054 I ad2435w_i2c 1-0068: a2b_status_ioctl Received value: 1
01-01 00:09:45.771 1054 1054 I ad2435w_i2c 1-0068: set slave1 mute
01-01 00:09:45.771 1054 1054 I ad2435w_i2c 1-0068: set slave1 mute enter
01-01 00:09:45.771 1054 1054 I ad2435w_i2c 1-0068: set slave1 mute end
01-01 00:09:45.778 1066 1066 I : Received Netlink message type: 2
01-01 00:09:45.778 1066 1066 I report_mic_event: 2
01-01 00:09:44.810 969 969 I snet_event_log: [200284993,-1,]
01-01 00:09:45.836 1072 1072 I android.hardware.health-service.qti: opened battery/capacity after 0 retries
01-01 00:09:45.836 1072 1072 I android.hardware.health-service.qti: Read Batt Capacity after 0 retries ret : 1
01-01 00:09:45.836 1072 1072 W healthd : batteryCapacityLevelPath not found
01-01 00:09:45.836 1072 1072 I android.hardware.health-service.qti: Starting health HAL.
01-01 00:09:44.864 1072 1072 W healthd : battery l=50 v=0 t=0.0 h=2 st=3 c=0 fc=0 cc=0 chg=
01-01 00:09:44.865 1102 1102 E smcinvoke: process_accept_req: Setting pid:1102, server id : 20 state to defunct
01-01 00:09:44.866 1099 1099 E smcinvoke: process_accept_req: Setting pid:1099, server id : 19 state to defunct
01-01 00:09:44.866 1097 1097 E smcinvoke: process_accept_req: Setting pid:1097, server id : 19 state to defunct
01-01 00:09:44.866 1095 1095 E smcinvoke: process_accept_req: Setting pid:1095, server id : 19 state to defunct
01-01 00:09:44.866 1101 1101 E smcinvoke: process_accept_req: Setting pid:1101, server id : 20 state to defunct
01-01 00:09:44.866 1096 1096 E smcinvoke: process_accept_req: Setting pid:1096, server id : 20 state to defunct
01-01 00:09:44.867 1117 1117 E smcinvoke: process_accept_req: Setting pid:1117, server id : 21 state to defunct
01-01 00:09:44.867 1116 1116 E smcinvoke: process_accept_req: Setting pid:1116, server id : 21 state to defunct
01-01 00:09:44.896 970 970 I snet_event_log: [200284993,-1,]
01-01 00:09:44.944 969 969 I boot_progress_preload_start: 6875
01-01 00:09:44.873 1114 1114 E smcinvoke: process_accept_req: Setting pid:1114, server id : 21 state to defunct
01-01 00:09:45.017 187 187 I [kworke][0x14fe63a8][00:09:44.976861] wlan: [187:I:HDD] hdd_psoc_idle_timeout_callback: Psoc idle timeout elapsed; starting psoc shutdown
01-01 00:09:45.018 102 102 E [kworke][0x14fe8d17][00:09:44.977413] wlan: [102:E:WMI] wmi_unified_unregister_event_handler: event handler is not registered: evt id 0x1d01a
01-01 00:09:45.018 1000 1000 E [schedu][0x14fe9696][00:09:44.977540] wlan: [1000:E:SYS] Processing SYS MC STOP
01-01 00:09:44.988 1182 1182 I irsc_util: Starting irsc tool
01-01 00:09:44.989 1182 1182 I irsc_util: Num of entries:298
01-01 00:09:44.989 1182 1182 I irsc_util: Ending irsc tool
01-01 00:09:45.028 102 102 I [kworke][0x1501b2f2][00:09:44.988158] wlan: [102:I:WMI] WMI Stop
01-01 00:09:45.028 102 102 I [kworke][0x1501b4ad][00:09:44.988181] wlan: [102:I:HTC] htc_stop: endpoints cleanup
01-01 00:09:45.028 102 102 I [kworke][0x1501b606][00:09:44.988199] wlan: [102:I:HTC] htc_stop: stopping hif layer
01-01 00:09:45.032 102 102 I [kworke][0x15029b3b][00:09:44.991255] wlan: [102:I:HTC] htc_stop: flush endpoints Tx lookup queue
01-01 00:09:45.032 102 102 I [kworke][0x15029dc5][00:09:44.991289] wlan: [102:I:HTC] htc_stop: resetting endpoints state
01-01 00:09:44.995 1125 1125 I android.hardware.wifi@1.0-service: Wifi Hal is booting up...
01-01 00:09:44.996 1125 1125 I HidlServiceManagement: Registered android.hardware.wifi@1.6::IWifi/default
01-01 00:09:45.040 102 102 I [kworke][0x1504c08e][00:09:44.998580] wlan: [102:I:HIF] hif_event_history_deinit: SRNG events history de-initialized for group: 0
01-01 00:09:45.040 102 102 I [kworke][0x15051056][00:09:44.999643] wlan: [102:I:HIF] hif_event_history_deinit: SRNG events history de-initialized for group: 1
01-01 00:09:45.040 102 102 I [kworke][0x1505110a][00:09:44.999652] wlan: [102:I:HIF] hif_event_history_deinit: SRNG events history de-initialized for group: 2
01-01 00:09:45.040 102 102 I [kworke][0x15051196][00:09:44.999660] wlan: [102:I:HIF] hif_event_history_deinit: SRNG events history de-initialized for group: 3
01-01 00:09:45.040 102 102 I [kworke][0x1505121e][00:09:44.999667] wlan: [102:I:HIF] hif_event_history_deinit: SRNG events history de-initialized for group: 4
01-01 00:09:45.040 102 102 I [kworke][0x150512ad][00:09:44.999674] wlan: [102:I:HIF] hif_event_history_deinit: SRNG events history de-initialized for group: 5
01-01 00:09:45.040 102 102 I [kworke][0x150514a7][00:09:44.999701] wlan: [102:I:HIF] hif_event_history_deinit: SRNG events history de-initialized for group: 6
01-01 00:09:45.044 1183 1183 E : Error: adsprpc (4513): sscrpcd: fastrpc_get_info_from_dsp: could not obtain dsp information, err val -19
01-01 00:09:45.050 1135 1135 E smcinvoke: process_accept_req: Setting pid:1135, server id : 24 state to defunct
01-01 00:09:45.050 1134 1134 E smcinvoke: process_accept_req: Setting pid:1134, server id : 24 state to defunct
01-01 00:09:45.051 1132 1132 E smcinvoke: process_accept_req: Setting pid:1132, server id : 24 state to defunct
01-01 00:09:45.051 1131 1131 E smcinvoke: process_accept_req: Setting pid:1131, server id : 24 state to defunct
01-01 00:09:45.057 10 10 I adsprpc : fastrpc_pdr_cb: msm/adsp/audio_pd (audio_pdr_adsprpc) is up for PDR on lpass
01-01 00:09:45.057 8 8 I apr_adsp_up: Q6 is Up
01-01 00:09:45.062 102 102 E [kworke][0x150b6832][00:09:45.021295] wlan: [102:E:DP_INIT] dp_srng_deinit: 000000004aaeba20: Ring type: 17, num:0 not setup
01-01 00:09:45.062 102 102 E [kworke][0x150b6a0f][00:09:45.021319] wlan: [102:E:DP_INIT] dp_srng_deinit: 000000004aaeba20: Ring type: 17, num:0 not setup
01-01 00:09:45.062 102 102 I [kworke][0x150b7374][00:09:45.021445] wlan: [102:I:OSIF] os_if_spectral_free_skb: Socket buffer is null, msg_type= 0
01-01 00:09:45.062 102 102 I [kworke][0x150b7424][00:09:45.021454] wlan: [102:I:OSIF] os_if_spectral_free_skb: Socket buffer is null, msg_type= 1
01-01 00:09:45.062 102 102 I [kworke][0x150b7505][00:09:45.021466] wlan: [102:I:OSIF] os_if_spectral_free_skb: Socket buffer is null, msg_type= 2
01-01 00:09:45.071 1157 1157 W QSEECOM : qseecom_load_app: App (soter64) does'nt exist, loading apps for first time
01-01 00:09:45.085 1123 1123 E smcinvoke: process_accept_req: Setting pid:1123, server id : 22 state to defunct
01-01 00:09:45.085 1122 1122 E smcinvoke: process_accept_req: Setting pid:1122, server id : 22 state to defunct
01-01 00:09:45.086 1121 1121 E smcinvoke: process_accept_req: Setting pid:1121, server id : 22 state to defunct
01-01 00:09:45.086 1120 1120 E smcinvoke: process_accept_req: Setting pid:1120, server id : 22 state to defunct
01-01 00:09:45.087 1126 1126 E smcinvoke: process_tzcb_req: server is defunct, state= 1 tzhandle = -2147483626
01-01 00:09:45.087 1126 1126 E smcinvoke: process_tzcb_req: server invalid, res: -90
01-01 00:09:45.092 632 632 I msm-audio-ion soc: qcom,msm-audio-apr:qcom,msm-audio-ion: Adding to iommu group 53
01-01 00:09:45.095 102 102 I [kworke][0x15153a5c][00:09:45.054817] wlan: [102:I:HTC] htc_cleanup: Non flow ctrl enabled endpoints nbuf map: 10, unamp: 10
01-01 00:09:45.095 102 102 E [kworke][0x15153d93][00:09:45.054860] wlan: [102:E:SME] sme_qos_delete_existing_flows: Flow List empty, nothing to delete
01-01 00:09:45.095 102 102 E [kworke][0x15153f02][00:09:45.054879] wlan: [102:E:SME] sme_qos_delete_existing_flows: Flow List empty, nothing to delete
01-01 00:09:45.095 102 102 E [kworke][0x1515402a][00:09:45.054894] wlan: [102:E:SME] sme_qos_delete_existing_flows: Flow List empty, nothing to delete
01-01 00:09:45.095 102 102 E [kworke][0x1515410c][00:09:45.054906] wlan: [102:E:SME] sme_qos_delete_existing_flows: Flow List empty, nothing to delete
01-01 00:09:45.095 102 102 E [kworke][0x151541e1][00:09:45.054917] wlan: [102:E:SME] sme_qos_delete_existing_flows: Flow List empty, nothing to delete
01-01 00:09:45.095 102 102 E [kworke][0x151542b0][00:09:45.054928] wlan: [102:E:SME] sme_qos_delete_existing_flows: Flow List empty, nothing to delete
01-01 00:09:45.105 1146 1146 I : [lt9611] hpd status 3
01-01 00:09:45.120 1157 1157 W QSEECOM : qseecom_load_app: App with id 4 (soter64) now loaded
01-01 00:09:45.120 1157 1157 E QSEECOM : qseecom_vaddr_unmap: Trying to unmap vaddr
01-01 00:09:45.125 199 199 I spss_utils [spss_parse_dt]: iar_buf_addr [0x8be00000].
01-01 00:09:45.126 199 199 W msm-cdc-pinctrl soc: msm_cdc_pinctrl_quin: deferred probe timeout, ignoring dependency
01-01 00:09:45.126 199 199 W msm-cdc-pinctrl soc: msm_cdc_pinctrl_sen: deferred probe timeout, ignoring dependency
01-01 00:09:45.128 102 102 I [kworke][0x151eb823][00:09:45.087214] wlan: [102:I:SPECTRAL] target_if_spectral_detach: spectral detach
01-01 00:09:45.128 102 102 I [kworke][0x151eb9ba][00:09:45.087235] wlan: [102:I:GREEN_AP] wlan_green_ap_pdev_obj_destroy_notification: Deleting green ap pdev obj, green ap ctx: 00000000feffeb41, pdev: 000000001864ad0d
01-01 00:09:45.128 102 102 I [kworke][0x151eba7c][00:09:45.087245] wlan: [102:I:GREEN_AP] wlan_green_ap_pdev_obj_destroy_notification: green ap deletion successful
01-01 00:09:45.131 102 102 I [kworke][0x151fb479][00:09:45.090579] wlan: [102:I:HIF] hif_pci_disable_bus: X
01-01 00:09:45.143 1176 1176 I msm_vidc: high: 00000001: ....d: Opening video instance: 0000000077d9bd1c, 1
01-01 00:09:45.151 1176 1176 W msm_vidc_v4l2 aa00000.qcom,vidc: Direct firmware load for venus.mdt failed with error -2
01-01 00:09:45.151 1176 1176 W msm_vidc_v4l2 aa00000.qcom,vidc: Falling back to sysfs fallback for: venus.mdt
01-01 00:09:45.153 1216 1216 I rmt_storage: INFO:main: Done with init now waiting for messages!
01-01 00:09:45.161 1146 1146 I lt9611_connector_get_modes: hdmi_mode = 1
01-01 00:09:45.161 1146 1146 I lt9611_set_preferred_mode: lt9611 edid is true choose best mode
01-01 00:09:45.161 1146 1146 I : drm_mode_prune_invalid don't delete preferred mode Timings
01-01 00:09:45.163 1146 1146 I : [lt9611_1] hpd status 0
01-01 00:09:45.189 1025 1025 W msm_cvp ab00000.qcom,cvp: Direct firmware load for cvpss.b07 failed with error -2
01-01 00:09:45.189 1025 1025 W msm_cvp ab00000.qcom,cvp: Falling back to sysfs fallback for: cvpss.b07
01-01 00:09:45.206 102 102 I msm_pcie_disable: PCIe: Assert the reset of endpoint of RC0.
01-01 00:09:45.206 102 102 I cnss : QMI WLFW service disconnected, state: 0x6c80100
01-01 00:09:45.217 627 627 W qcom_q6v5_pas 5c00000.remoteproc-slpi: Direct firmware load for slpi.b02 failed with error -2
01-01 00:09:45.217 627 627 W qcom_q6v5_pas 5c00000.remoteproc-slpi: Falling back to sysfs fallback for: slpi.b02
01-01 00:09:45.223 1146 1146 I : [lt9611] hpd status 3
01-01 00:09:45.227 632 632 E OF : /soc/clock-controller@abf0000: #clock-cells = 1 found 0
01-01 00:09:45.227 632 632 E OF : /soc/clock-controller@ad00000: #clock-cells = 1 found 0
01-01 00:09:45.227 632 632 E OF : /soc/clock-controller@abf0000: #clock-cells = 1 found 0
01-01 00:09:45.227 632 632 E OF : /soc/clock-controller@ad00000: #clock-cells = 1 found 0
01-01 00:09:45.227 102 102 I spss_utils [spss_parse_dt]: iar_buf_addr [0x8be00000].
01-01 00:09:45.228 102 102 W msm-cdc-pinctrl soc: msm_cdc_pinctrl_quin: deferred probe timeout, ignoring dependency
01-01 00:09:45.228 102 102 W msm-cdc-pinctrl soc: msm_cdc_pinctrl_sen: deferred probe timeout, ignoring dependency
01-01 00:09:45.228 632 632 E OF : /soc/clock-controller@abf0000: #clock-cells = 1 found 0
01-01 00:09:45.228 632 632 E OF : /soc/clock-controller@ad00000: #clock-cells = 1 found 0
01-01 00:09:45.228 632 632 E OF : /soc/clock-controller@abf0000: #clock-cells = 1 found 0
01-01 00:09:45.228 632 632 E OF : /soc/clock-controller@ad00000: #clock-cells = 1 found 0
01-01 00:09:45.229 102 102 I spss_utils [spss_parse_dt]: iar_buf_addr [0x8be00000].
01-01 00:09:45.229 102 102 W msm-cdc-pinctrl soc: msm_cdc_pinctrl_quin: deferred probe timeout, ignoring dependency
01-01 00:09:45.229 102 102 W msm-cdc-pinctrl soc: msm_cdc_pinctrl_sen: deferred probe timeout, ignoring dependency
01-01 00:09:45.232 102 102 I spss_utils [spss_parse_dt]: iar_buf_addr [0x8be00000].
01-01 00:09:45.236 102 102 W msm-cdc-pinctrl soc: msm_cdc_pinctrl_quin: deferred probe timeout, ignoring dependency
01-01 00:09:45.237 102 102 W msm-cdc-pinctrl soc: msm_cdc_pinctrl_sen: deferred probe timeout, ignoring dependency
01-01 00:09:45.247 199 199 I spss_utils [spss_parse_dt]: iar_buf_addr [0x8be00000].
01-01 00:09:45.247 153 153 E tx_macro tx-macro: tx_macro_probe: va-macro not registered yet, defer
01-01 00:09:45.247 199 199 W msm-cdc-pinctrl soc: msm_cdc_pinctrl_quin: deferred probe timeout, ignoring dependency
01-01 00:09:45.248 153 153 E rx_macro rx-macro: rx_macro_probe: va-macro not registered yet, defer
01-01 00:09:45.248 199 199 W msm-cdc-pinctrl soc: msm_cdc_pinctrl_sen: deferred probe timeout, ignoring dependency
01-01 00:09:45.248 153 153 E msm_cdc_pinctrl_get_gpiodata: device node is null
01-01 00:09:45.249 153 153 I va_macro va-macro: bolero_register_macro: register macro successful:3
01-01 00:09:45.249 199 199 I spss_utils [spss_parse_dt]: iar_buf_addr [0x8be00000].
01-01 00:09:45.249 199 199 E msm_cdc_pinctrl_get_gpiodata: platform device not found!
01-01 00:09:45.249 199 199 E tx_macro tx-macro: tx_macro_probe: failed to get swr pin state
01-01 00:09:45.249 199 199 W msm-cdc-pinctrl soc: msm_cdc_pinctrl_quin: deferred probe timeout, ignoring dependency
01-01 00:09:45.250 199 199 E msm_cdc_pinctrl_get_gpiodata: platform device not found!
01-01 00:09:45.250 199 199 E rx_macro rx-macro: rx_macro_probe: failed to get swr pin state
01-01 00:09:45.250 199 199 W msm-cdc-pinctrl soc: msm_cdc_pinctrl_sen: deferred probe timeout, ignoring dependency
01-01 00:09:45.250 199 199 I spss_utils [spss_parse_dt]: iar_buf_addr [0x8be00000].
01-01 00:09:45.250 199 199 E msm_cdc_pinctrl_get_gpiodata: platform device not found!
01-01 00:09:45.250 199 199 E tx_macro tx-macro: tx_macro_probe: failed to get swr pin state
01-01 00:09:45.250 199 199 W msm-cdc-pinctrl soc: msm_cdc_pinctrl_quin: deferred probe timeout, ignoring dependency
01-01 00:09:45.251 199 199 E msm_cdc_pinctrl_get_gpiodata: platform device not found!
01-01 00:09:45.251 199 199 E rx_macro rx-macro: rx_macro_probe: failed to get swr pin state
01-01 00:09:45.251 199 199 W msm-cdc-pinctrl soc: msm_cdc_pinctrl_sen: deferred probe timeout, ignoring dependency
01-01 00:09:45.251 632 632 D gpiochip_find_base: found new base at 279
01-01 00:09:45.251 632 632 D gpiochip5: (soc:qcom,msm-audio-apr:qcom,q6core-audio:lpi_pinctrl@33c0000): added GPIO chardev (254:5)
01-01 00:09:45.252 632 632 D gpiochip5: registered GPIOs 279 to 292 on soc:qcom,msm-audio-apr:qcom,q6core-audio:lpi_pinctrl@33c0000
01-01 00:09:45.252 632 632 D gpiochip5: (soc:qcom,msm-audio-apr:qcom,q6core-audio:lpi_pinctrl@33c0000): created GPIO range 0->13 ==> soc:qcom,msm-audio-apr:qcom,q6core-audio:lpi_pinctrl@33c0000 PIN 0->13
01-01 00:09:45.252 632 632 E qcom-lpi-pinctrl soc: qcom,msm-audio-apr:qcom,q6core-audio:lpi_pinctrl@33c0000: snd_event_notify: No snd dev entry found
01-01 00:09:45.252 199 199 I spss_utils [spss_parse_dt]: iar_buf_addr [0x8be00000].
01-01 00:09:45.253 199 199 E msm_cdc_pinctrl_get_gpiodata: platform device not found!
01-01 00:09:45.253 199 199 E tx_macro tx-macro: tx_macro_probe: failed to get swr pin state
01-01 00:09:45.254 632 632 D of_get_named_gpiod_flags: can't parse 'qcom,cdc-rst-n-gpio' property of node '/soc/qcom,msm-audio-apr/qcom,q6core-audio/cdc_dmic01_pinctrl[0]'
01-01 00:09:45.254 199 199 D of_get_named_gpiod_flags: can't parse 'qcom,cdc-rst-n-gpio' property of node '/soc/msm_cdc_pinctrl_quin[0]'
01-01 00:09:45.254 199 199 E msm_cdc_pinctrl_get_gpiodata: platform device not found!
01-01 00:09:45.254 199 199 E rx_macro rx-macro: rx_macro_probe: failed to get swr pin state
01-01 00:09:45.256 199 199 D of_get_named_gpiod_flags: can't parse 'qcom,cdc-rst-n-gpio' property of node '/soc/msm_cdc_pinctrl_sen[0]'
01-01 00:09:45.256 632 632 D of_get_named_gpiod_flags: can't parse 'qcom,cdc-rst-n-gpio' property of node '/soc/qcom,msm-audio-apr/qcom,q6core-audio/cdc_dmic23_pinctrl[0]'
01-01 00:09:45.258 632 632 D of_get_named_gpiod_flags: can't parse 'qcom,cdc-rst-n-gpio' property of node '/soc/qcom,msm-audio-apr/qcom,q6core-audio/cdc_dmic45_pinctrl[0]'
01-01 00:09:45.259 199 199 I spss_utils [spss_parse_dt]: iar_buf_addr [0x8be00000].
01-01 00:09:45.259 632 632 D of_get_named_gpiod_flags: can't parse 'qcom,cdc-rst-n-gpio' property of node '/soc/qcom,msm-audio-apr/qcom,q6core-audio/wsa_swr_clk_data_pinctrl[0]'
01-01 00:09:45.259 199 199 E msm_cdc_pinctrl_get_gpiodata: platform device not found!
01-01 00:09:45.259 199 199 E tx_macro tx-macro: tx_macro_probe: failed to get swr pin state
01-01 00:09:45.260 199 199 E platform soc: qcom,msm-audio-apr:qcom,q6core-audio:rx_swr_clk_data_pinctrl: msm_cdc_pinctrl_get_gpiodata: cannot find cdc gpio info
01-01 00:09:45.260 199 199 E rx_macro rx-macro: rx_macro_probe: failed to get swr pin state
01-01 00:09:45.261 632 632 D of_get_named_gpiod_flags: can't parse 'qcom,cdc-rst-n-gpio' property of node '/soc/qcom,msm-audio-apr/qcom,q6core-audio/rx_swr_clk_data_pinctrl[0]'
01-01 00:09:45.263 199 199 I spss_utils [spss_parse_dt]: iar_buf_addr [0x8be00000].
01-01 00:09:45.263 632 632 D of_get_named_gpiod_flags: can't parse 'qcom,cdc-rst-n-gpio' property of node '/soc/qcom,msm-audio-apr/qcom,q6core-audio/tx_swr_clk_data_pinctrl[0]'
01-01 00:09:45.263 199 199 I tx_macro tx-macro: bolero_register_macro: register macro successful:0
01-01 00:09:45.264 199 199 I rx_macro rx-macro: bolero_register_macro: register macro successful:1
01-01 00:09:45.266 632 632 D of_get_named_gpiod_flags: can't parse 'qcom,cdc-rst-n-gpio' property of node '/soc/qcom,msm-audio-apr/qcom,q6core-audio/msm_cdc_pinctrl_pri[0]'
01-01 00:09:45.269 632 632 D of_get_named_gpiod_flags: can't parse 'qcom,cdc-rst-n-gpio' property of node '/soc/qcom,msm-audio-apr/qcom,q6core-audio/msm_cdc_pinctrl_tert[0]'
01-01 00:09:45.271 632 632 D of_get_named_gpiod_flags: can't parse 'qcom,cdc-rst-n-gpio' property of node '/soc/qcom,msm-audio-apr/qcom,q6core-audio/msm_cdc_pinctrl_quat[0]'
01-01 00:09:45.273 1025 1025 W msm_cvp ab00000.qcom,cvp: Direct firmware load for cvpss.b08 failed with error -2
01-01 00:09:45.273 1025 1025 W msm_cvp ab00000.qcom,cvp: Falling back to sysfs fallback for: cvpss.b08
01-01 00:09:45.274 632 632 D of_get_named_gpiod_flags: can't parse 'qcom,cdc-rst-n-gpio' property of node '/soc/qcom,msm-audio-apr/qcom,q6core-audio/msm_cdc_pinctrl_mclk[0]'
01-01 00:09:45.274 1176 1176 W msm_vidc_v4l2 aa00000.qcom,vidc: Direct firmware load for venus.b01 failed with error -2
01-01 00:09:45.274 1176 1176 W msm_vidc_v4l2 aa00000.qcom,vidc: Falling back to sysfs fallback for: venus.b01
01-01 00:09:45.276 627 627 W qcom_q6v5_pas 5c00000.remoteproc-slpi: Direct firmware load for slpi.b03 failed with error -2
01-01 00:09:45.276 627 627 W qcom_q6v5_pas 5c00000.remoteproc-slpi: Falling back to sysfs fallback for: slpi.b03
01-01 00:09:45.277 1146 1146 I lt9611_connector_get_modes: hdmi_mode = 1
01-01 00:09:45.277 1146 1146 I lt9611_set_preferred_mode: lt9611 edid is true choose best mode
01-01 00:09:45.277 1146 1146 I : drm_mode_prune_invalid don't delete preferred mode Timings
01-01 00:09:45.288 1146 1146 I : [lt9611] hpd status 3
01-01 00:09:45.308 1209 1209 I msm-dcc 1023000.dcc_v2: DCC list passed 3
01-01 00:09:45.309 1209 1209 I msm-dcc 1023000.dcc_v2: All values written to enable.
01-01 00:09:45.309 1209 1209 I msm-dcc 1023000.dcc_v2: DCC list passed 4
01-01 00:09:45.309 1209 1209 I msm-dcc 1023000.dcc_v2: All values written to enable.
01-01 00:09:45.310 1209 1209 I msm-dcc 1023000.dcc_v2: DCC list passed 6
01-01 00:09:45.310 1209 1209 I msm-dcc 1023000.dcc_v2: All values written to enable.
01-01 00:09:45.314 1025 1025 W msm_cvp ab00000.qcom,cvp: Direct firmware load for cvpss.b09 failed with error -2
01-01 00:09:45.314 1025 1025 W msm_cvp ab00000.qcom,cvp: Falling back to sysfs fallback for: cvpss.b09
01-01 00:09:45.318 627 627 W qcom_q6v5_pas 5c00000.remoteproc-slpi: Direct firmware load for slpi.b04 failed with error -2
01-01 00:09:45.318 627 627 W qcom_q6v5_pas 5c00000.remoteproc-slpi: Falling back to sysfs fallback for: slpi.b04
01-01 00:09:45.318 1176 1176 W msm_vidc_v4l2 aa00000.qcom,vidc: Direct firmware load for venus.b02 failed with error -2
01-01 00:09:45.318 1176 1176 W msm_vidc_v4l2 aa00000.qcom,vidc: Falling back to sysfs fallback for: venus.b02
01-01 00:09:45.319 1025 1025 W msm_cvp ab00000.qcom,cvp: Direct firmware load for cvpss.b10 failed with error -2
01-01 00:09:45.319 1025 1025 W msm_cvp ab00000.qcom,cvp: Falling back to sysfs fallback for: cvpss.b10
01-01 00:09:45.322 1176 1176 W msm_vidc_v4l2 aa00000.qcom,vidc: Direct firmware load for venus.b03 failed with error -2
01-01 00:09:45.322 1176 1176 W msm_vidc_v4l2 aa00000.qcom,vidc: Falling back to sysfs fallback for: venus.b03
01-01 00:09:45.323 1025 1025 W msm_cvp ab00000.qcom,cvp: Direct firmware load for cvpss.b19 failed with error -2
01-01 00:09:45.323 1025 1025 W msm_cvp ab00000.qcom,cvp: Falling back to sysfs fallback for: cvpss.b19
01-01 00:09:45.324 627 627 W qcom_q6v5_pas 5c00000.remoteproc-slpi: Direct firmware load for slpi.b05 failed with error -2
01-01 00:09:45.324 627 627 W qcom_q6v5_pas 5c00000.remoteproc-slpi: Falling back to sysfs fallback for: slpi.b05
01-01 00:09:45.341 1146 1146 I lt9611_connector_get_modes: hdmi_mode = 1
01-01 00:09:45.341 1146 1146 I lt9611_set_preferred_mode: lt9611 edid is true choose best mode
01-01 00:09:45.341 1146 1146 I : drm_mode_prune_invalid don't delete preferred mode Timings
01-01 00:09:45.343 1146 1146 I : [lt9611_1] hpd status 0
01-01 00:09:45.354 1176 1176 W msm_vidc_v4l2 aa00000.qcom,vidc: Direct firmware load for venus.b04 failed with error -2
01-01 00:09:45.354 1176 1176 W msm_vidc_v4l2 aa00000.qcom,vidc: Falling back to sysfs fallback for: venus.b04
01-01 00:09:45.357 1176 1176 W msm_vidc_v4l2 aa00000.qcom,vidc: Direct firmware load for venus.b05 failed with error -2
01-01 00:09:45.357 1176 1176 W msm_vidc_v4l2 aa00000.qcom,vidc: Falling back to sysfs fallback for: venus.b05
01-01 00:09:45.358 627 627 W qcom_q6v5_pas 5c00000.remoteproc-slpi: Direct firmware load for slpi.b06 failed with error -2
01-01 00:09:45.358 627 627 W qcom_q6v5_pas 5c00000.remoteproc-slpi: Falling back to sysfs fallback for: slpi.b06
01-01 00:09:45.359 1176 1176 W msm_vidc_v4l2 aa00000.qcom,vidc: Direct firmware load for venus.b06 failed with error -2
01-01 00:09:45.360 1176 1176 W msm_vidc_v4l2 aa00000.qcom,vidc: Falling back to sysfs fallback for: venus.b06
01-01 00:09:45.360 1025 1025 I msm_cvp : err: msm_cvp_smem_alloc with size :2fe000
01-01 00:09:45.361 1025 1025 I msm_cvp : err: msm_cvp_smem_alloc with size :1000
01-01 00:09:45.361 627 627 W qcom_q6v5_pas 5c00000.remoteproc-slpi: Direct firmware load for slpi.b07 failed with error -2
01-01 00:09:45.361 627 627 W qcom_q6v5_pas 5c00000.remoteproc-slpi: Falling back to sysfs fallback for: slpi.b07
01-01 00:09:45.362 1176 1176 W msm_vidc_v4l2 aa00000.qcom,vidc: Direct firmware load for venus.b07 failed with error -2
01-01 00:09:45.362 1176 1176 W msm_vidc_v4l2 aa00000.qcom,vidc: Falling back to sysfs fallback for: venus.b07
01-01 00:09:45.363 627 627 W qcom_q6v5_pas 5c00000.remoteproc-slpi: Direct firmware load for slpi.b08 failed with error -2
01-01 00:09:45.363 627 627 W qcom_q6v5_pas 5c00000.remoteproc-slpi: Falling back to sysfs fallback for: slpi.b08
01-01 00:09:45.365 1176 1176 W msm_vidc_v4l2 aa00000.qcom,vidc: Direct firmware load for venus.b08 failed with error -2
01-01 00:09:45.365 1176 1176 W msm_vidc_v4l2 aa00000.qcom,vidc: Falling back to sysfs fallback for: venus.b08
01-01 00:09:45.366 627 627 W qcom_q6v5_pas 5c00000.remoteproc-slpi: Direct firmware load for slpi.b09 failed with error -2
01-01 00:09:45.366 627 627 W qcom_q6v5_pas 5c00000.remoteproc-slpi: Falling back to sysfs fallback for: slpi.b09
01-01 00:09:45.367 1176 1176 W msm_vidc_v4l2 aa00000.qcom,vidc: Direct firmware load for venus.b09 failed with error -2
01-01 00:09:45.367 1176 1176 W msm_vidc_v4l2 aa00000.qcom,vidc: Falling back to sysfs fallback for: venus.b09
01-01 00:09:45.368 627 627 W qcom_q6v5_pas 5c00000.remoteproc-slpi: Direct firmware load for slpi.b10 failed with error -2
01-01 00:09:45.368 627 627 W qcom_q6v5_pas 5c00000.remoteproc-slpi: Falling back to sysfs fallback for: slpi.b10
01-01 00:09:45.371 627 627 W qcom_q6v5_pas 5c00000.remoteproc-slpi: Direct firmware load for slpi.b11 failed with error -2
01-01 00:09:45.371 627 627 W qcom_q6v5_pas 5c00000.remoteproc-slpi: Falling back to sysfs fallback for: slpi.b11
01-01 00:09:45.372 1176 1176 W msm_vidc_v4l2 aa00000.qcom,vidc: Direct firmware load for venus.b10 failed with error -2
01-01 00:09:45.372 1176 1176 W msm_vidc_v4l2 aa00000.qcom,vidc: Falling back to sysfs fallback for: venus.b10
01-01 00:09:45.374 627 627 W qcom_q6v5_pas 5c00000.remoteproc-slpi: Direct firmware load for slpi.b12 failed with error -2
01-01 00:09:45.374 627 627 W qcom_q6v5_pas 5c00000.remoteproc-slpi: Falling back to sysfs fallback for: slpi.b12
01-01 00:09:45.376 1176 1176 W msm_vidc_v4l2 aa00000.qcom,vidc: Direct firmware load for venus.b19 failed with error -2
01-01 00:09:45.376 1176 1176 W msm_vidc_v4l2 aa00000.qcom,vidc: Falling back to sysfs fallback for: venus.b19
01-01 00:09:45.377 627 627 W qcom_q6v5_pas 5c00000.remoteproc-slpi: Direct firmware load for slpi.b13 failed with error -2
01-01 00:09:45.377 627 627 W qcom_q6v5_pas 5c00000.remoteproc-slpi: Falling back to sysfs fallback for: slpi.b13
01-01 00:09:45.381 627 627 W qcom_q6v5_pas 5c00000.remoteproc-slpi: Direct firmware load for slpi.b14 failed with error -2
01-01 00:09:45.381 627 627 W qcom_q6v5_pas 5c00000.remoteproc-slpi: Falling back to sysfs fallback for: slpi.b14
01-01 00:09:45.384 627 627 W qcom_q6v5_pas 5c00000.remoteproc-slpi: Direct firmware load for slpi.b15 failed with error -2
01-01 00:09:45.384 627 627 W qcom_q6v5_pas 5c00000.remoteproc-slpi: Falling back to sysfs fallback for: slpi.b15
01-01 00:09:45.387 627 627 W qcom_q6v5_pas 5c00000.remoteproc-slpi: Direct firmware load for slpi.b16 failed with error -2
01-01 00:09:45.387 627 627 W qcom_q6v5_pas 5c00000.remoteproc-slpi: Falling back to sysfs fallback for: slpi.b16
01-01 00:09:45.390 627 627 W qcom_q6v5_pas 5c00000.remoteproc-slpi: Direct firmware load for slpi.b17 failed with error -2
01-01 00:09:45.390 627 627 W qcom_q6v5_pas 5c00000.remoteproc-slpi: Falling back to sysfs fallback for: slpi.b17
01-01 00:09:45.392 627 627 W qcom_q6v5_pas 5c00000.remoteproc-slpi: Direct firmware load for slpi.b18 failed with error -2
01-01 00:09:45.392 627 627 W qcom_q6v5_pas 5c00000.remoteproc-slpi: Falling back to sysfs fallback for: slpi.b18
01-01 00:09:45.394 1025 1025 I msm_cvp : err: reading control status
01-01 00:09:45.394 1025 1025 I msm_cvp : warn: cvp_dsp_send_hfi_queue: Done init of HFI queue headers
01-01 00:09:45.394 627 627 W qcom_q6v5_pas 5c00000.remoteproc-slpi: Direct firmware load for slpi.b19 failed with error -2
01-01 00:09:45.394 627 627 W qcom_q6v5_pas 5c00000.remoteproc-slpi: Falling back to sysfs fallback for: slpi.b19
01-01 00:09:45.396 102 102 I msm_cvp : err: hfi_process_sys_get_prop_image_version: bad_pkt: -380
01-01 00:09:45.396 1025 1025 E synx : session 0 not available, pid: 1025
01-01 00:09:45.396 1025 1025 E synx : synx_uninitialize: invalid session id 0
01-01 00:09:45.396 1025 1025 I msm_cvp : sess: Closed cvp instance: 00000000359c6004 session_id = 0
01-01 00:09:45.398 627 627 W qcom_q6v5_pas 5c00000.remoteproc-slpi: Direct firmware load for slpi.b20 failed with error -2
01-01 00:09:45.398 627 627 W qcom_q6v5_pas 5c00000.remoteproc-slpi: Falling back to sysfs fallback for: slpi.b20
01-01 00:09:45.401 1146 1146 I : [lt9611] hpd status 3
01-01 00:09:45.366 1292 1292 I gsid : no DSU: No such file or directory
01-01 00:09:45.416 1176 1176 I msm_vidc: high: 00000001: h264d: Closed video instance: 0000000077d9bd1c
01-01 00:09:45.417 1176 1176 I msm_vidc: high: 00000001: ....d: Opening video instance: 0000000077d9bd1c, 1
01-01 00:09:45.419 1176 1176 I msm_vidc: high: 00000001: h264d: Closed video instance: 0000000077d9bd1c
01-01 00:09:45.421 1176 1176 I msm_vidc: high: 00000001: ....d: Opening video instance: 0000000077d9bd1c, 1
01-01 00:09:45.426 1176 1176 I msm_vidc: high: 00000001: h265d: Closed video instance: 0000000077d9bd1c
01-01 00:09:45.427 1176 1176 I msm_vidc: high: 00000001: ....d: Opening video instance: 0000000077d9bd1c, 1
01-01 00:09:45.431 1176 1176 I msm_vidc: high: 00000001: h265d: Closed video instance: 0000000077d9bd1c
01-01 00:09:45.432 1176 1176 I msm_vidc: high: 00000001: ....d: Opening video instance: 00000000e79be35a, 1
01-01 00:09:45.433 1176 1176 I msm_vidc: high: 00000001: vp8d: Closed video instance: 00000000e79be35a
01-01 00:09:45.433 1176 1176 I msm_vidc: high: 00000001: ....d: Opening video instance: 00000000e79be35a, 1
01-01 00:09:45.435 1176 1176 I msm_vidc: high: 00000001: vp9d: Closed video instance: 00000000e79be35a
01-01 00:09:45.435 1176 1176 I msm_vidc: high: 00000001: ....d: Opening video instance: 00000000e79be35a, 1
01-01 00:09:45.436 1176 1176 I msm_vidc: high: 00000001: vp9d: Closed video instance: 00000000e79be35a
01-01 00:09:45.437 1176 1176 I msm_vidc: high: 00000001: ....d: Opening video instance: 00000000e79be35a, 1
01-01 00:09:45.438 1176 1176 I msm_vidc: high: 00000001: mpg2d: Closed video instance: 00000000e79be35a
01-01 00:09:45.438 1176 1176 I msm_vidc: high: 00000001: ....d: Opening video instance: 00000000e79be35a, 1
01-01 00:09:45.439 1176 1176 I msm_vidc: high: 00000001: mpg2d: Closed video instance: 00000000e79be35a
01-01 00:09:45.440 1176 1176 I msm_vidc: high: 00000001: ....e: Opening video instance: 00000000e79be35a, 0
01-01 00:09:45.440 1176 1176 I msm_vidc: err : 00000001: ....e: msm_vidc_comm_update_ctrl: Conrol id 10035267 not found
01-01 00:09:45.444 1176 1176 I msm_vidc: high: 00000001: h264e: Closed video instance: 00000000e79be35a
01-01 00:09:45.445 1176 1176 I msm_vidc: high: 00000001: ....e: Opening video instance: 00000000e79be35a, 0
01-01 00:09:45.445 1176 1176 I msm_vidc: err : 00000001: ....e: msm_vidc_comm_update_ctrl: Conrol id 10035267 not found
01-01 00:09:45.447 1176 1176 I msm_vidc: high: 00000001: h265e: Closed video instance: 00000000e79be35a
01-01 00:09:45.448 1176 1176 I msm_vidc: high: 00000001: ....e: Opening video instance: 00000000e79be35a, 0
01-01 00:09:45.448 1176 1176 I msm_vidc: err : 00000001: ....e: msm_vidc_comm_update_ctrl: Conrol id 10035267 not found
01-01 00:09:45.449 1176 1176 I msm_vidc: high: 00000001: h265e: Closed video instance: 00000000e79be35a
01-01 00:09:45.450 1176 1176 I msm_vidc: high: 00000001: ....e: Opening video instance: 00000000e79be35a, 0
01-01 00:09:45.451 1176 1176 I msm_vidc: err : 00000001: ....e: msm_vidc_comm_update_ctrl: Conrol id 10035267 not found
01-01 00:09:45.452 1176 1176 I msm_vidc: high: 00000001: h265e: Closed video instance: 00000000e79be35a
01-01 00:09:45.453 1176 1176 I msm_vidc: high: 00000001: ....e: Opening video instance: 00000000e79be35a, 0
01-01 00:09:45.453 1176 1176 I msm_vidc: err : 00000001: ....e: msm_vidc_comm_update_ctrl: failed: control name Ltr Count, min 0, max 0, step 0, default_value 0
01-01 00:09:45.453 1176 1176 I msm_vidc: err : 00000001: ....e: msm_vidc_comm_update_ctrl: Conrol id 10035267 not found
01-01 00:09:45.456 1176 1176 I msm_vidc: high: 00000001: vp8e: Closed video instance: 00000000e79be35a
01-01 00:09:45.457 1146 1146 I lt9611_connector_get_modes: hdmi_mode = 1
01-01 00:09:45.457 1146 1146 I lt9611_set_preferred_mode: lt9611 edid is true choose best mode
01-01 00:09:45.457 1146 1146 I : drm_mode_prune_invalid don't delete preferred mode Timings
01-01 00:09:45.542 248 248 I qcom_smd_qrtr_probe: SMD QRTR driver probed
01-01 00:09:45.542 248 248 I : Info: adsprpc (101): kworker/0:2H: fastrpc_rpmsg_probe: opened rpmsg channel for dsps
01-01 00:09:45.550 755 755 I coresight-remote-etm soc: ssc_etm0: Connection established between QMI handle and 8 service
01-01 00:09:45.550 627 627 E qcom_q6v5_pas 17300000.remoteproc-adsp: failed to receive slpi ssr after_powerup event. response result: 1
01-01 00:09:45.550 627 627 E qcom_q6v5_pas 17300000.remoteproc-adsp: Retrying legacy EVENT_REQ
01-01 00:09:45.551 627 627 E qcom_q6v5_pas 8300000.remoteproc-cdsp: failed to receive slpi ssr after_powerup event. response result: 1
01-01 00:09:45.551 627 627 E qcom_q6v5_pas 8300000.remoteproc-cdsp: Retrying legacy EVENT_REQ
01-01 00:09:45.552 627 627 E qcom_q6v5_pas 5c00000.remoteproc-slpi: failed to receive cdsp ssr after_powerup event. response result: 1
01-01 00:09:45.552 627 627 E qcom_q6v5_pas 5c00000.remoteproc-slpi: Retrying legacy EVENT_REQ
01-01 00:09:45.553 819 819 I PDR : Indication received from msm/slpi/sensor_pd, state: 0x1fffffff, trans-id: 1
01-01 00:09:45.553 819 819 I adsprpc : fastrpc_pdr_cb: msm/slpi/sensor_pd (sensors_pdr_sdsprpc) is up for PDR on dsps
01-01 00:09:45.554 819 819 I PDR : Indication ack sent to msm/slpi/sensor_pd, state: 0x1fffffff, trans-id: 1
01-01 00:09:45.555 627 627 E qcom_q6v5_pas 5c00000.remoteproc-slpi: failed to receive adsp ssr after_powerup event. response result: 1
01-01 00:09:45.555 627 627 E qcom_q6v5_pas 5c00000.remoteproc-slpi: Retrying legacy EVENT_REQ
01-01 00:09:45.556 627 627 I adsprpc : fastrpc_restart_notifier_cb: dsps subsystem is up
01-01 00:09:45.556 627 627 I remoteproc2: remote processor 5c00000.remoteproc-slpi is now up
01-01 00:09:45.556 627 627 I sensors-ssc soc: qcom,msm-ssc-sensors: slpi_load_fw: SLPI image is loaded
01-01 00:09:45.562 1325 1325 W kgsl-3d 3d00000.qcom,kgsl-3d0: Direct firmware load for a650_sqe.fw failed with error -2
01-01 00:09:45.562 1325 1325 W kgsl-3d 3d00000.qcom,kgsl-3d0: Falling back to sysfs fallback for: a650_sqe.fw
01-01 00:09:45.572 1325 1325 W adreno-a6xx-gmu 3d6a000.qcom,gmu: Direct firmware load for a650_gmu.bin failed with error -2
01-01 00:09:45.572 1325 1325 W adreno-a6xx-gmu 3d6a000.qcom,gmu: Falling back to sysfs fallback for: a650_gmu.bin
01-01 00:09:45.606 1346 1346 W QSEECOM : qseecom_load_app: App (featenabler) does'nt exist, loading apps for first time
01-01 00:09:45.627 1346 1346 W QSEECOM : qseecom_load_app: App with id 5 (featenabler) now loaded
01-01 00:09:45.627 1346 1346 E QSEECOM : qseecom_vaddr_unmap: Trying to unmap vaddr
01-01 00:09:45.635 1325 1325 W kgsl-3d 3d00000.qcom,kgsl-3d0: Direct firmware load for a650_zap.mdt failed with error -2
01-01 00:09:45.635 1325 1325 W kgsl-3d 3d00000.qcom,kgsl-3d0: Falling back to sysfs fallback for: a650_zap.mdt
01-01 00:09:45.605 1367 1367 I installd: installd firing up
01-01 00:09:45.638 1377 1377 E smcinvoke: process_accept_req: Setting pid:1377, server id : 26 state to defunct
01-01 00:09:45.645 1376 1376 E smcinvoke: process_accept_req: Setting pid:1376, server id : 26 state to defunct
01-01 00:09:45.645 1375 1375 E smcinvoke: process_accept_req: Setting pid:1375, server id : 26 state to defunct
01-01 00:09:45.637 1383 1383 I wificond: wificond is starting up...
01-01 00:09:45.645 1374 1374 E smcinvoke: process_accept_req: Setting pid:1374, server id : 26 state to defunct
01-01 00:09:45.685 1325 1325 W kgsl-3d 3d00000.qcom,kgsl-3d0: Direct firmware load for a650_zap.b01 failed with error -2
01-01 00:09:45.685 1325 1325 W kgsl-3d 3d00000.qcom,kgsl-3d0: Falling back to sysfs fallback for: a650_zap.b01
01-01 00:09:45.645 1383 1383 I HidlServiceManagement: Registered android.system.wifi.keystore@1.0::IKeystore/default
01-01 00:09:45.689 199 199 I TAS5805m_snd_probe: register controls done, ret = 0
01-01 00:09:45.709 1325 1325 W kgsl-3d 3d00000.qcom,kgsl-3d0: Direct firmware load for a650_zap.b02 failed with error -2
01-01 00:09:45.709 1325 1325 W kgsl-3d 3d00000.qcom,kgsl-3d0: Falling back to sysfs fallback for: a650_zap.b02
01-01 00:09:45.787 1317 1317 I : [lt9611] hpd status 3
01-01 00:09:45.824 244 244 I : test 1
01-01 00:09:45.842 1317 1317 I lt9611_connector_get_modes: hdmi_mode = 1
01-01 00:09:45.842 1317 1317 I lt9611_set_preferred_mode: lt9611 edid is true choose best mode
01-01 00:09:45.842 1317 1317 I : drm_mode_prune_invalid don't delete preferred mode Timings
01-01 00:09:45.844 1418 1418 I cnss-daemon: NL group_id 10, cnss_nl.family_id 35
01-01 00:09:45.844 1418 1418 I cnss-daemon: wlfw_start: Starting
01-01 00:09:45.845 1464 1464 I cnss-daemon: wlfw_service_request: Start the pthread: 0x5c05b7ad90K
01-01 00:09:45.845 1418 1418 I cnss-daemon: no interop issues ap currently
01-01 00:09:45.846 1317 1317 I : [lt9611_1] hpd status 0
01-01 00:09:45.864 1461 1461 I : read descriptors
01-01 00:09:45.864 1461 1461 I : read strings
01-01 00:09:45.885 1479 1479 W SELinux : mount invalid. Same superblock, different security settings for (dev sda16, type ext4)
01-01 00:09:45.904 1466 1466 I capability: warning: `msm_irqbalance' uses 32-bit capabilities (legacy support in use)
01-01 00:09:45.916 1497 1497 W SELinux : mount invalid. Same superblock, different security settings for (dev sda16, type ext4)
01-01 00:09:45.927 244 244 I dwc3 a600000.dwc3: Set IRQ thread:irq/538-dwc3 pid:1480 to SCHED_NORMAL prio
01-01 00:09:45.944 396 396 I msm-usb-hsphy 88e3000.hsphy: Avail curr from USB = 2
01-01 00:09:45.970 1338 1338 I msm-dcc 1023000.dcc_v2: DCC list passed 3
01-01 00:09:45.970 1338 1338 I msm-dcc 1023000.dcc_v2: All values written to enable.
01-01 00:09:45.970 1338 1338 I msm-dcc 1023000.dcc_v2: DCC list passed 4
01-01 00:09:45.971 1338 1338 I msm-dcc 1023000.dcc_v2: All values written to enable.
01-01 00:09:45.971 1338 1338 I msm-dcc 1023000.dcc_v2: DCC list passed 6
01-01 00:09:45.972 1338 1338 I msm-dcc 1023000.dcc_v2: All values written to enable.
01-01 00:09:46.046 969 969 I boot_progress_preload_end: 7977
01-01 00:09:46.099 199 199 I TAS5805m_snd_probe: init regmap done, ret = 0
01-01 00:09:46.099 199 199 I TAS5805m_snd_probe: exit ret = 0
01-01 00:09:46.099 199 199 I TAS5805m_snd_probe: force ret = 0
01-01 00:09:46.099 199 199 E tlv320adc3140 1-004f: adcx140_codec_probe: exit
01-01 00:09:46.102 199 199 E msm-dai-q6-dev soc: qcom,msm-dai-q6:qcom,msm-dai-q6-afe-proxy-rx: ASoC: no source widget found for AFE Playback1
01-01 00:09:46.102 199 199 E msm-dai-q6-dev soc: qcom,msm-dai-q6:qcom,msm-dai-q6-afe-proxy-rx: ASoC: Failed to add route AFE Playback1 -> direct -> AFE-PROXY RX
01-01 00:09:46.126 8 8 I dwc3_otg_sm_work: sent uevent USB_STATE=CONNECTED
01-01 00:09:46.199 396 396 I android_work: sent uevent USB_STATE=CONNECTED
01-01 00:09:46.204 396 396 I msm-usb-hsphy 88e3000.hsphy: Avail curr from USB = 100
01-01 00:09:46.247 199 199 E bolero-codec soc: qcom,msm-audio-apr:qcom,q6core-audio:bolero-cdc: ASoC: unknown pin WSA_SPK1 OUT
01-01 00:09:46.247 199 199 E bolero-codec soc: qcom,msm-audio-apr:qcom,q6core-audio:bolero-cdc: ASoC: unknown pin WSA_SPK2 OUT
01-01 00:09:46.247 199 199 E bolero-codec soc: qcom,msm-audio-apr:qcom,q6core-audio:bolero-cdc: ASoC: unknown pin WSA AIF VI
01-01 00:09:46.247 199 199 E bolero-codec soc: qcom,msm-audio-apr:qcom,q6core-audio:bolero-cdc: ASoC: unknown pin VIINPUT_WSA
01-01 00:09:46.254 8 8 I dwc3_otg_sm_work: sent uevent USB_STATE=CONNECTED
01-01 00:09:46.261 199 199 I kona-asoc-snd soc: qcom,msm-audio-apr:qcom,q6core-audio:sound: msm_asoc_machine_probe: Sound card kona-iot-snd-card registered
01-01 00:09:46.263 199 199 E msm_asoc_machine_probe: Enabling mclk, clk_freq_in_hz = 12288000
01-01 00:09:46.265 199 199 I spss_utils [spss_parse_dt]: iar_buf_addr [0x8be00000].
01-01 00:09:46.349 396 396 I msm-usb-hsphy 88e3000.hsphy: Avail curr from USB = 500
01-01 00:09:46.349 396 396 I android_work: sent uevent USB_STATE=CONFIGURED
01-01 00:09:46.415 1716 1716 I auditd : type=1400 audit(0.0:7): avc: denied { map } for comm="getprop" path="/dev/__properties__/u:object_r:ab_update_gki_prop:s0" dev="tmpfs" ino=96 scontext=u:r:shell:s0 tcontext=u:object_r:ab_update_gki_prop:s0 tclass=file permissive=1
01-01 00:09:46.415 1716 1716 I auditd : type=1400 audit(0.0:8): avc: denied { open } for comm="getprop" path="/dev/__properties__/u:object_r:adaptive_haptics_prop:s0" dev="tmpfs" ino=97 scontext=u:r:shell:s0 tcontext=u:object_r:adaptive_haptics_prop:s0 tclass=file permissive=1
01-01 00:09:46.415 1716 1716 I auditd : type=1400 audit(0.0:9): avc: denied { getattr } for comm="getprop" path="/dev/__properties__/u:object_r:adaptive_haptics_prop:s0" dev="tmpfs" ino=97 scontext=u:r:shell:s0 tcontext=u:object_r:adaptive_haptics_prop:s0 tclass=file permissive=1
01-01 00:09:46.415 1716 1716 I auditd : type=1400 audit(0.0:10): avc: denied { map } for comm="getprop" path="/dev/__properties__/u:object_r:adaptive_haptics_prop:s0" dev="tmpfs" ino=97 scontext=u:r:shell:s0 tcontext=u:object_r:adaptive_haptics_prop:s0 tclass=file permissive=1
01-01 00:09:46.415 1716 1716 I auditd : type=1400 audit(0.0:11): avc: denied { open } for comm="getprop" path="/dev/__properties__/u:object_r:adbd_prop:s0" dev="tmpfs" ino=99 scontext=u:r:shell:s0 tcontext=u:object_r:adbd_prop:s0 tclass=file permissive=1
