06-23 02:18:47.178 1448 1462 I adbd : jdwp connection from 7320
06-23 02:18:47.178 1694 1770 I am_proc_start: [0,7339,10030,com.crestron.ucpr,service,{com.crestron.ucpr/com.crestron.ucpr.UCPRService}]
06-23 02:18:47.178 1694 1770 I ActivityManager: Start proc 7339:com.crestron.ucpr/u0a30 for service {com.crestron.ucpr/com.crestron.ucpr.UCPRService}
06-23 02:18:47.178 1694 1770 D CompatibilityChangeReporter: Compat change id reported: 143937733; UID 10042; state: ENABLED
06-23 02:18:47.184 969 969 D Zygote : Forked child process 7350
06-23 02:18:47.184 1694 3075 I ActivityTaskManager: START u0 {act=android.intent.action.MAIN cat=[android.intent.category.LAUNCHER] flg=0x10000000 cmp=com.microsoft.teams.ipphone.partner.agent/com.microsoft.teams.ipphone.partner.MainActivity} from uid 0
06-23 02:18:47.184 1694 7351 W ContextImpl: Calling a method in the system process without a qualified user: android.app.ContextImpl.sendBroadcast:1189 com.qualcomm.qti.Performance$SendGameLaunchBroadcast.run:248 java.lang.Thread.run:1012
06-23 02:18:47.184 1694 1770 I am_proc_start: [0,7350,10042,com.microsoft.skype.teams.ipphone,next-top-activity,{com.microsoft.skype.teams.ipphone/com.microsoft.skype.teams.Launcher}]
06-23 02:18:47.184 1694 1770 V ActivityManager: set sys.teams.pid7350
06-23 02:18:47.185 1694 1770 I ActivityManager: Start proc 7350:com.microsoft.skype.teams.ipphone/u0a42 for next-top-activity {com.microsoft.skype.teams.ipphone/com.microsoft.skype.teams.Launcher}
06-23 02:18:47.186 1694 1728 I am_proc_bound: [0,7320,com.crestron.settings]
06-23 02:18:47.186 1694 1728 D CompatibilityChangeReporter: Compat change id reported: 168419799; UID 10057; state: DISABLED
06-23 02:18:47.186 1694 1728 D CompatibilityChangeReporter: Compat change id reported: 273564678; UID 10057; state: DISABLED
06-23 02:18:47.186 1694 1728 D CompatibilityInfo: mCompatibilityFlags - 4
06-23 02:18:47.186 1694 1728 D CompatibilityInfo: applicationDensity - 160
06-23 02:18:47.186 1694 1728 D CompatibilityInfo: applicationScale - 1.0
06-23 02:18:47.188 7339 7339 I Zygote : seccomp disabled by setenforce 0
06-23 02:18:47.188 1694 1728 D CompatibilityInfo: mCompatibilityFlags - 4
06-23 02:18:47.188 1694 1728 D CompatibilityInfo: applicationDensity - 160
06-23 02:18:47.188 1694 1728 D CompatibilityInfo: applicationScale - 1.0
06-23 02:18:47.189 7320 7320 D CompatibilityChangeReporter: Compat change id reported: 171979766; UID 10057; state: DISABLED
06-23 02:18:47.191 7320 7320 D ApplicationLoaders: Returning zygote-cached class loader: /system/framework/android.test.base.jar
06-23 02:18:47.191 7320 7320 D ApplicationLoaders: Returning zygote-cached class loader: /system/framework/android.hidl.manager-V1.0-java.jar
06-23 02:18:47.191 7320 7320 D ApplicationLoaders: Returning zygote-cached class loader: /system/framework/android.hidl.base-V1.0-java.jar
06-23 02:18:47.193 3125 4951 W SQLiteLog: (28) double-quoted string literal: "com.microsoft.skype.teams.ipphone"
06-23 02:18:47.193 1694 1939 I input_focus: [Focus leaving 976cdc5 com.crestron.byod.display/com.crestron.byod.display.MainActivity (server),reason=NO_WINDOW]
06-23 02:18:47.193 7350 7350 I Zygote : seccomp disabled by setenforce 0
06-23 02:18:47.198 7320 7320 D nativeloader: classloader namespace configured for unbundled vendor apk. library_path=/vendor/priv-app/teams-settings/lib/arm:/vendor/priv-app/teams-settings/teams-settings.apk!/lib/armeabi-v7a:/vendor/lib
06-23 02:18:47.202 3269 3269 D CrestronPlatformService: Received intent : com.crestron.system.PAIRING_STATUS
06-23 02:18:47.202 3269 3269 D CrestronPlatformService: Pairing state = null
06-23 02:18:47.203 3269 3269 D CrestronPlatformService: pairing should not be null!
06-23 02:18:47.202 7339 7339 W m.crestron.ucpr: Using default instruction set features for ARM CPU variant (cortex-a9) using conservative defaults
06-23 02:18:47.203 7320 7320 I Perf : Connecting to perf service.
06-23 02:18:47.205 7320 7320 V GraphicsEnvironment: ANGLE Developer option for 'com.crestron.settings' set to: 'default'
06-23 02:18:47.205 7320 7320 V GraphicsEnvironment: ANGLE GameManagerService for com.crestron.settings: false
06-23 02:18:47.205 7320 7320 V GraphicsEnvironment: Neither updatable production driver nor prerelease driver is supported.
06-23 02:18:47.206 7320 7320 D NetworkSecurityConfig: No Network Security Config specified, using platform default
06-23 02:18:47.206 7320 7320 D NetworkSecurityConfig: No Network Security Config specified, using platform default
06-23 02:18:47.207 1448 1462 I adbd : jdwp connection from 7339
06-23 02:18:47.212 1448 1462 I adbd : jdwp connection from 7350
06-23 02:18:47.215 1694 1728 I am_proc_bound: [0,7339,com.crestron.ucpr]
06-23 02:18:47.215 1694 1728 D CompatibilityChangeReporter: Compat change id reported: 168419799; UID 10030; state: DISABLED
06-23 02:18:47.215 1694 1728 D CompatibilityChangeReporter: Compat change id reported: 273564678; UID 10030; state: DISABLED
06-23 02:18:47.215 1694 1728 D CompatibilityInfo: mCompatibilityFlags - 4
06-23 02:18:47.215 1694 1728 D CompatibilityInfo: applicationDensity - 160
06-23 02:18:47.215 1694 1728 D CompatibilityInfo: applicationScale - 1.0
06-23 02:18:47.217 1694 1728 D CompatibilityInfo: mCompatibilityFlags - 4
06-23 02:18:47.217 1694 1728 D CompatibilityInfo: applicationDensity - 160
06-23 02:18:47.217 1694 1728 D CompatibilityInfo: applicationScale - 1.0
06-23 02:18:47.217 1694 3075 I am_proc_bound: [0,7350,com.microsoft.skype.teams.ipphone]
06-23 02:18:47.217 7339 7339 D CompatibilityChangeReporter: Compat change id reported: 171979766; UID 10030; state: DISABLED
06-23 02:18:47.218 1150 1180 E ANDR-PERF-UTIL: ANDR-PERF-UTIL: change_node_val() 319: Failed to update node /proc/sys/walt/sched_per_task_boost with value 7350 3
06-23 02:18:47.218 1150 1180 E ANDR-PERF-OPTSHANDLER: ANDR-PERF-OPTSHANDLER: sched_task_boost() 3444: can't boost task 7350
06-23 02:18:47.218 1150 1180 E ANDR-PERF-RESOURCEQS: ANDR-PERF-RESOURCEQS: AddAndApply() 167: Failed to apply optimization [3, 32]
06-23 02:18:47.219 1694 3075 D CompatibilityChangeReporter: Compat change id reported: 168419799; UID 10042; state: DISABLED
06-23 02:18:47.219 1694 3075 D CompatibilityChangeReporter: Compat change id reported: 273564678; UID 10042; state: DISABLED
06-23 02:18:47.219 1694 3075 D CompatibilityInfo: mCompatibilityFlags - 4
06-23 02:18:47.219 1694 3075 D CompatibilityInfo: applicationDensity - 160
06-23 02:18:47.219 1694 3075 D CompatibilityInfo: applicationScale - 1.0
06-23 02:18:47.219 1694 3075 I wm_restart_activity: [0,149470355,26,com.microsoft.skype.teams.ipphone/com.microsoft.skype.teams.Launcher]
06-23 02:18:47.220 1694 3075 D CompatibilityInfo: mCompatibilityFlags - 4
06-23 02:18:47.220 1694 3075 D CompatibilityInfo: applicationDensity - 160
06-23 02:18:47.220 1694 3075 D CompatibilityInfo: applicationScale - 1.0
06-23 02:18:47.220 1694 3075 I wm_set_resumed_activity: [0,com.microsoft.skype.teams.ipphone/com.microsoft.skype.teams.Launcher,minimalResumeActivityLocked - onActivityStateChanged]
06-23 02:18:47.221 1694 1760 I am_uid_active: 10042
06-23 02:18:47.221 7350 7350 D CompatibilityChangeReporter: Compat change id reported: 171979766; UID 10042; state: ENABLED
06-23 02:18:47.221 7320 7320 D MercuryApplication: [FROM USER] onCreate MercuryApp created
06-23 02:18:47.222 1694 1760 D WindowManager: framework set brightness value = NaN
06-19 16:43:07.833 1125 1125 E [wifi@1][0x3dac7fe8][02:18:47.224644] wlan: [1125:E:OSIF] wlan_hdd_set_station_stats_request_pending: peer is null
06-19 16:43:07.833 396 396 E cnss_pci 0000: 01:00.0: can't change power state from D3cold to D0 (config space inaccessible)
06-23 02:18:47.231 1694 3075 D CompatibilityChangeReporter: Compat change id reported: 161145287; UID 10057; state: DISABLED
06-23 02:18:47.231 7320 7320 D ServerSettingsProviderFactory: createSettingsProvider: UC-SB2-CAM-A
06-23 02:18:47.231 7320 7320 D PlatformState: setCurrentPlatformState: support=false;state=3
06-19 16:43:07.839 396 396 I [kworke][0x3dae1d8e][02:18:47.230160] wlan: [396:I:PMO] pmo_core_psoc_send_host_wakeup_ind_to_fw: Host wakeup indication sent to fw
06-23 02:18:47.239 1694 1759 I DropBoxManagerService: add tag=system_server_strictmode isTagEnabled=true flags=0x2
06-23 02:18:47.249 7320 7320 I bcip : RFC compliant TLS behavior: true
06-23 02:18:47.249 7320 7320 I bcip : Crestron discovery required for profile iplink: false
06-23 02:18:47.250 7320 7397 I bcip : Attached service thread to jvm
06-23 02:18:47.251 7339 7339 I Perf : Connecting to perf service.
06-23 02:18:47.253 7339 7339 V GraphicsEnvironment: ANGLE Developer option for 'com.crestron.ucpr' set to: 'default'
06-23 02:18:47.253 7339 7339 V GraphicsEnvironment: ANGLE GameManagerService for com.crestron.ucpr: false
06-23 02:18:47.253 7339 7339 V GraphicsEnvironment: Neither updatable production driver nor prerelease driver is supported.
06-19 16:43:07.858 7320 7320 W : "estron.settings" (7320) uses obsolete SWP{B} instruction at 0xd76a17bc
06-19 16:43:07.858 7397 7397 W : "estron.settings" (7397) uses obsolete SWP{B} instruction at 0xd76a17bc
06-19 16:43:07.858 7397 7397 W : "estron.settings" (7397) uses obsolete SWP{B} instruction at 0xd76a17bc
06-23 02:18:47.254 7339 7339 D NetworkSecurityConfig: No Network Security Config specified, using platform default
06-23 02:18:47.254 7339 7339 D NetworkSecurityConfig: No Network Security Config specified, using platform default
06-23 02:18:47.260 7339 7339 I UCPRService: Starting UCPRService. Version 1.00.015 (2135002)
06-23 02:18:47.261 1694 1781 W BatteryExternalStatsWorker: error reading modem stats:ERROR_PHONE_NOT_AVAILABLE
06-23 02:18:47.262 1055 1055 D vendor.qti.bluetooth@1.0-ibs_handler: SerialClockVote: vote for UART CLK ON
06-23 02:18:47.263 1055 1055 D vendor.qti.bluetooth@1.0-wake_lock: Acquire wakelock is acquired
06-23 02:18:47.263 1055 1055 I vendor.qti.bluetooth@1.0-ibs_handler: DeviceWakeUp: Writing IBS_WAKE_IND
06-23 02:18:47.268 1055 3513 I vendor.qti.bluetooth@1.0-ibs_handler: ProcessIbsCmd: Received IBS_WAKE_ACK: 0xFC
06-23 02:18:47.268 1055 3513 I vendor.qti.bluetooth@1.0-ibs_handler: ProcessIbsCmd: Signal wack_cond_
06-23 02:18:47.268 1055 1055 D vendor.qti.bluetooth@1.0-ibs_handler: DeviceWakeUp: Unblocked from waiting for FC, pthread_cond_timedwait ret = 0
06-23 02:18:47.269 1055 3513 I vendor.qti.bluetooth@1.0-ibs_handler: ProcessIbsCmd: Received IBS_WAKE_IND: 0xFD
06-23 02:18:47.269 1055 3513 I vendor.qti.bluetooth@1.0-ibs_handler: ProcessIbsCmd: Writing IBS_WAKE_ACK
06-23 02:18:47.287 1694 1788 W CpuPowerCalculator: UID 10139 CPU cluster # mismatch: Power Profile # 2 actual # 3
06-23 02:18:47.287 1694 1788 W CpuPowerCalculator: UID 10139 CPU freq # mismatch: Power Profile # 52 actual # 55
06-23 02:18:47.287 1694 1788 W CpuPowerCalculator: UID 10139 CPU freq # mismatch: Power Profile # 52 actual # 55
06-23 02:18:47.287 1694 1788 W CpuPowerCalculator: UID 10139 CPU freq # mismatch: Power Profile # 52 actual # 55
06-23 02:18:47.287 1694 1788 W CpuPowerCalculator: UID 10138 CPU cluster # mismatch: Power Profile # 2 actual # 3
06-23 02:18:47.287 1694 1788 W CpuPowerCalculator: UID 10138 CPU freq # mismatch: Power Profile # 52 actual # 55
06-23 02:18:47.288 1694 1788 W CpuPowerCalculator: UID 10138 CPU freq # mismatch: Power Profile # 52 actual # 55
06-23 02:18:47.288 1694 1788 W CpuPowerCalculator: UID 10138 CPU freq # mismatch: Power Profile # 52 actual # 55
06-23 02:18:47.288 1694 1788 W CpuPowerCalculator: UID 10136 CPU cluster # mismatch: Power Profile # 2 actual # 3
06-23 02:18:47.288 1694 1788 W CpuPowerCalculator: UID 10136 CPU freq # mismatch: Power Profile # 52 actual # 55
06-23 02:18:47.288 1694 1788 W CpuPowerCalculator: UID 10136 CPU freq # mismatch: Power Profile # 52 actual # 55
06-23 02:18:47.288 1694 1788 W CpuPowerCalculator: UID 10136 CPU freq # mismatch: Power Profile # 52 actual # 55
06-23 02:18:47.288 1694 1788 W CpuPowerCalculator: UID 10136 CPU freq # mismatch: Power Profile # 52 actual # 55
06-23 02:18:47.288 1694 1788 W CpuPowerCalculator: UID 10127 CPU cluster # mismatch: Power Profile # 2 actual # 3
06-23 02:18:47.288 1694 1788 W CpuPowerCalculator: UID 10127 CPU freq # mismatch: Power Profile # 52 actual # 55
06-23 02:18:47.288 1694 1788 W CpuPowerCalculator: UID 10127 CPU freq # mismatch: Power Profile # 52 actual # 55
06-23 02:18:47.288 1694 1788 W CpuPowerCalculator: UID 10127 CPU freq # mismatch: Power Profile # 52 actual # 55
06-23 02:18:47.288 1694 1788 W CpuPowerCalculator: UID 10125 CPU cluster # mismatch: Power Profile # 2 actual # 3
06-23 02:18:47.288 1694 1788 W CpuPowerCalculator: UID 10125 CPU freq # mismatch: Power Profile # 52 actual # 55
06-23 02:18:47.288 1694 1788 W CpuPowerCalculator: UID 10125 CPU freq # mismatch: Power Profile # 52 actual # 55
06-23 02:18:47.288 1694 1788 W CpuPowerCalculator: UID 10125 CPU freq # mismatch: Power Profile # 52 actual # 55
06-23 02:18:47.288 1694 1788 W CpuPowerCalculator: UID 10124 CPU cluster # mismatch: Power Profile # 2 actual # 3
06-23 02:18:47.288 1694 1788 W CpuPowerCalculator: UID 10124 CPU freq # mismatch: Power Profile # 52 actual # 55
06-23 02:18:47.288 1694 1788 W CpuPowerCalculator: UID 10124 CPU freq # mismatch: Power Profile # 52 actual # 55
06-23 02:18:47.288 1694 1788 W CpuPowerCalculator: UID 10124 CPU freq # mismatch: Power Profile # 52 actual # 55
06-23 02:18:47.288 1694 1788 W CpuPowerCalculator: UID 10119 CPU cluster # mismatch: Power Profile # 2 actual # 3
06-23 02:18:47.288 1694 1788 W CpuPowerCalculator: UID 10119 CPU freq # mismatch: Power Profile # 52 actual # 55
06-23 02:18:47.288 1694 1788 W CpuPowerCalculator: UID 10119 CPU freq # mismatch: Power Profile # 52 actual # 55
06-23 02:18:47.288 1694 1788 W CpuPowerCalculator: UID 10119 CPU freq # mismatch: Power Profile # 52 actual # 55
06-23 02:18:47.288 1694 1788 W CpuPowerCalculator: UID 10118 CPU cluster # mismatch: Power Profile # 2 actual # 3
06-23 02:18:47.288 1694 1788 W CpuPowerCalculator: UID 10118 CPU freq # mismatch: Power Profile # 52 actual # 55
06-23 02:18:47.288 1694 1788 W CpuPowerCalculator: UID 10118 CPU freq # mismatch: Power Profile # 52 actual # 55
06-23 02:18:47.288 1694 1788 W CpuPowerCalculator: UID 10118 CPU freq # mismatch: Power Profile # 52 actual # 55
06-23 02:18:47.288 1694 1788 W CpuPowerCalculator: UID 10116 CPU cluster # mismatch: Power Profile # 2 actual # 3
06-23 02:18:47.288 1694 1788 W CpuPowerCalculator: UID 10116 CPU freq # mismatch: Power Profile # 52 actual # 55
06-23 02:18:47.288 1694 1788 W CpuPowerCalculator: UID 10116 CPU freq # mismatch: Power Profile # 52 actual # 55
06-23 02:18:47.288 1694 1788 W CpuPowerCalculator: UID 10116 CPU freq # mismatch: Power Profile # 52 actual # 55
06-23 02:18:47.288 1694 1788 W CpuPowerCalculator: UID 10115 CPU cluster # mismatch: Power Profile # 2 actual # 3
06-23 02:18:47.288 1694 1788 W CpuPowerCalculator: UID 10115 CPU freq # mismatch: Power Profile # 52 actual # 55
06-23 02:18:47.288 1694 1788 W CpuPowerCalculator: UID 10115 CPU freq # mismatch: Power Profile # 52 actual # 55
06-23 02:18:47.288 1694 1788 W CpuPowerCalculator: UID 10115 CPU freq # mismatch: Power Profile # 52 actual # 55
06-23 02:18:47.288 1694 1788 W CpuPowerCalculator: UID 10114 CPU cluster # mismatch: Power Profile # 2 actual # 3
06-23 02:18:47.288 1694 1788 W CpuPowerCalculator: UID 10114 CPU freq # mismatch: Power Profile # 52 actual # 55
06-23 02:18:47.289 1694 1788 W CpuPowerCalculator: UID 10114 CPU freq # mismatch: Power Profile # 52 actual # 55
06-23 02:18:47.289 1694 1788 W CpuPowerCalculator: UID 10114 CPU freq # mismatch: Power Profile # 52 actual # 55
06-23 02:18:47.289 1694 1788 W CpuPowerCalculator: UID 10112 CPU cluster # mismatch: Power Profile # 2 actual # 3
06-23 02:18:47.289 1694 1788 W CpuPowerCalculator: UID 10112 CPU freq # mismatch: Power Profile # 52 actual # 55
06-23 02:18:47.289 1694 1788 W CpuPowerCalculator: UID 10112 CPU freq # mismatch: Power Profile # 52 actual # 55
06-23 02:18:47.289 1694 1788 W CpuPowerCalculator: UID 10112 CPU freq # mismatch: Power Profile # 52 actual # 55
06-23 02:18:47.289 1694 1788 W CpuPowerCalculator: UID 10110 CPU cluster # mismatch: Power Profile # 2 actual # 3
06-23 02:18:47.289 1694 1788 W CpuPowerCalculator: UID 10110 CPU freq # mismatch: Power Profile # 52 actual # 55
06-23 02:18:47.289 1694 1788 W CpuPowerCalculator: UID 10110 CPU freq # mismatch: Power Profile # 52 actual # 55
06-23 02:18:47.289 1694 1788 W CpuPowerCalculator: UID 10110 CPU freq # mismatch: Power Profile # 52 actual # 55
06-23 02:18:47.289 1694 1788 W CpuPowerCalculator: UID 10102 CPU cluster # mismatch: Power Profile # 2 actual # 3
06-23 02:18:47.289 1694 1788 W CpuPowerCalculator: UID 10102 CPU freq # mismatch: Power Profile # 52 actual # 55
06-23 02:18:47.289 1694 1788 W CpuPowerCalculator: UID 10102 CPU freq # mismatch: Power Profile # 52 actual # 55
06-23 02:18:47.289 1694 1788 W CpuPowerCalculator: UID 10102 CPU freq # mismatch: Power Profile # 52 actual # 55
06-23 02:18:47.289 1694 1788 W CpuPowerCalculator: UID 10099 CPU cluster # mismatch: Power Profile # 2 actual # 3
06-23 02:18:47.289 1694 1788 W CpuPowerCalculator: UID 10099 CPU freq # mismatch: Power Profile # 52 actual # 55
06-23 02:18:47.289 1694 1788 W CpuPowerCalculator: UID 10099 CPU freq # mismatch: Power Profile # 52 actual # 55
06-23 02:18:47.289 1694 1788 W CpuPowerCalculator: UID 10099 CPU freq # mismatch: Power Profile # 52 actual # 55
06-23 02:18:47.289 1694 1788 W CpuPowerCalculator: UID 10095 CPU cluster # mismatch: Power Profile # 2 actual # 3
06-23 02:18:47.289 1694 1788 W CpuPowerCalculator: UID 10095 CPU freq # mismatch: Power Profile # 52 actual # 55
06-23 02:18:47.289 1694 1788 W CpuPowerCalculator: UID 10095 CPU freq # mismatch: Power Profile # 52 actual # 55
06-23 02:18:47.289 1694 1788 W CpuPowerCalculator: UID 10095 CPU freq # mismatch: Power Profile # 52 actual # 55
06-23 02:18:47.289 1694 1788 W CpuPowerCalculator: UID 10094 CPU cluster # mismatch: Power Profile # 2 actual # 3
06-23 02:18:47.289 1694 1788 W CpuPowerCalculator: UID 10094 CPU freq # mismatch: Power Profile # 52 actual # 55
06-23 02:18:47.289 1694 1788 W CpuPowerCalculator: UID 10094 CPU freq # mismatch: Power Profile # 52 actual # 55
06-23 02:18:47.289 1694 1788 W CpuPowerCalculator: UID 10094 CPU freq # mismatch: Power Profile # 52 actual # 55
06-23 02:18:47.289 1694 1788 W CpuPowerCalculator: UID 10092 CPU cluster # mismatch: Power Profile # 2 actual # 3
06-23 02:18:47.289 1694 1788 W CpuPowerCalculator: UID 10092 CPU freq # mismatch: Power Profile # 52 actual # 55
06-23 02:18:47.289 1694 1788 W CpuPowerCalculator: UID 10092 CPU freq # mismatch: Power Profile # 52 actual # 55
06-23 02:18:47.289 1694 1788 W CpuPowerCalculator: UID 10092 CPU freq # mismatch: Power Profile # 52 actual # 55
06-23 02:18:47.289 1694 1788 W CpuPowerCalculator: UID 10091 CPU cluster # mismatch: Power Profile # 2 actual # 3
06-23 02:18:47.289 1694 1788 W CpuPowerCalculator: UID 10091 CPU freq # mismatch: Power Profile # 52 actual # 55
06-23 02:18:47.289 1694 1788 W CpuPowerCalculator: UID 10091 CPU freq # mismatch: Power Profile # 52 actual # 55
06-23 02:18:47.289 1694 1788 W CpuPowerCalculator: UID 10091 CPU freq # mismatch: Power Profile # 52 actual # 55
06-23 02:18:47.289 1694 1788 W CpuPowerCalculator: UID 10088 CPU cluster # mismatch: Power Profile # 2 actual # 3
06-23 02:18:47.289 1694 1788 W CpuPowerCalculator: UID 10088 CPU freq # mismatch: Power Profile # 52 actual # 55
06-23 02:18:47.289 1694 1788 W CpuPowerCalculator: UID 10088 CPU freq # mismatch: Power Profile # 52 actual # 55
06-23 02:18:47.289 1694 1788 W CpuPowerCalculator: UID 10088 CPU freq # mismatch: Power Profile # 52 actual # 55
06-23 02:18:47.289 1694 1788 W CpuPowerCalculator: UID 10087 CPU cluster # mismatch: Power Profile # 2 actual # 3
06-23 02:18:47.289 1694 1788 W CpuPowerCalculator: UID 10087 CPU freq # mismatch: Power Profile # 52 actual # 55
06-23 02:18:47.289 1694 1788 W CpuPowerCalculator: UID 10087 CPU freq # mismatch: Power Profile # 52 actual # 55
06-23 02:18:47.289 1694 1788 W CpuPowerCalculator: UID 10087 CPU freq # mismatch: Power Profile # 52 actual # 55
06-23 02:18:47.289 1694 1788 W CpuPowerCalculator: UID 10086 CPU cluster # mismatch: Power Profile # 2 actual # 3
06-23 02:18:47.289 1694 1788 W CpuPowerCalculator: UID 10086 CPU freq # mismatch: Power Profile # 52 actual # 55
06-23 02:18:47.289 1694 1788 W CpuPowerCalculator: UID 10086 CPU freq # mismatch: Power Profile # 52 actual # 55
06-23 02:18:47.289 1694 1788 W CpuPowerCalculator: UID 10086 CPU freq # mismatch: Power Profile # 52 actual # 55
06-23 02:18:47.289 1694 1788 W CpuPowerCalculator: UID 10071 CPU cluster # mismatch: Power Profile # 2 actual # 3
06-23 02:18:47.289 1694 1788 W CpuPowerCalculator: UID 10071 CPU freq # mismatch: Power Profile # 52 actual # 55
06-23 02:18:47.290 1694 1788 W CpuPowerCalculator: UID 10071 CPU freq # mismatch: Power Profile # 52 actual # 55
06-23 02:18:47.290 1694 1788 W CpuPowerCalculator: UID 10071 CPU freq # mismatch: Power Profile # 52 actual # 55
06-23 02:18:47.290 1694 1788 W CpuPowerCalculator: UID 10070 CPU cluster # mismatch: Power Profile # 2 actual # 3
06-23 02:18:47.290 1694 1788 W CpuPowerCalculator: UID 10070 CPU freq # mismatch: Power Profile # 52 actual # 55
06-23 02:18:47.290 1694 1788 W CpuPowerCalculator: UID 10070 CPU freq # mismatch: Power Profile # 52 actual # 55
06-23 02:18:47.290 1694 1788 W CpuPowerCalculator: UID 10070 CPU freq # mismatch: Power Profile # 52 actual # 55
06-23 02:18:47.290 1694 1788 W CpuPowerCalculator: UID 10066 CPU cluster # mismatch: Power Profile # 2 actual # 3
06-23 02:18:47.290 1694 1788 W CpuPowerCalculator: UID 10066 CPU freq # mismatch: Power Profile # 52 actual # 55
06-23 02:18:47.290 1694 1788 W CpuPowerCalculator: UID 10066 CPU freq # mismatch: Power Profile # 52 actual # 55
06-23 02:18:47.290 1694 1788 W CpuPowerCalculator: UID 10066 CPU freq # mismatch: Power Profile # 52 actual # 55
06-23 02:18:47.290 1694 1788 W CpuPowerCalculator: UID 10065 CPU cluster # mismatch: Power Profile # 2 actual # 3
06-23 02:18:47.290 1694 1788 W CpuPowerCalculator: UID 10065 CPU freq # mismatch: Power Profile # 52 actual # 55
06-23 02:18:47.290 1694 1788 W CpuPowerCalculator: UID 10065 CPU freq # mismatch: Power Profile # 52 actual # 55
06-23 02:18:47.290 1694 1788 W CpuPowerCalculator: UID 10065 CPU freq # mismatch: Power Profile # 52 actual # 55
06-23 02:18:47.290 1694 1788 W CpuPowerCalculator: UID 10064 CPU cluster # mismatch: Power Profile # 2 actual # 3
06-23 02:18:47.290 1694 1788 W CpuPowerCalculator: UID 10064 CPU freq # mismatch: Power Profile # 52 actual # 55
06-23 02:18:47.290 1694 1788 W CpuPowerCalculator: UID 10064 CPU freq # mismatch: Power Profile # 52 actual # 55
06-23 02:18:47.290 1694 1788 W CpuPowerCalculator: UID 10064 CPU freq # mismatch: Power Profile # 52 actual # 55
06-23 02:18:47.290 1694 1788 W CpuPowerCalculator: UID 10062 CPU cluster # mismatch: Power Profile # 2 actual # 3
06-23 02:18:47.290 1694 1788 W CpuPowerCalculator: UID 10062 CPU freq # mismatch: Power Profile # 52 actual # 55
06-23 02:18:47.290 1694 1788 W CpuPowerCalculator: UID 10062 CPU freq # mismatch: Power Profile # 52 actual # 55
06-23 02:18:47.290 1694 1788 W CpuPowerCalculator: UID 10062 CPU freq # mismatch: Power Profile # 52 actual # 55
06-23 02:18:47.290 1694 1788 W CpuPowerCalculator: UID 10062 CPU freq # mismatch: Power Profile # 52 actual # 55
06-23 02:18:47.290 1694 1788 W CpuPowerCalculator: UID 10062 CPU freq # mismatch: Power Profile # 52 actual # 55
06-23 02:18:47.290 1694 1788 W CpuPowerCalculator: UID 10060 CPU cluster # mismatch: Power Profile # 2 actual # 3
06-23 02:18:47.290 1694 1788 W CpuPowerCalculator: UID 10060 CPU freq # mismatch: Power Profile # 52 actual # 55
06-23 02:18:47.290 1694 1788 W CpuPowerCalculator: UID 10060 CPU freq # mismatch: Power Profile # 52 actual # 55
06-23 02:18:47.290 1694 1788 W CpuPowerCalculator: UID 10060 CPU freq # mismatch: Power Profile # 52 actual # 55
06-23 02:18:47.290 1694 1788 W CpuPowerCalculator: UID 10059 CPU cluster # mismatch: Power Profile # 2 actual # 3
06-23 02:18:47.290 1694 1788 W CpuPowerCalculator: UID 10059 CPU freq # mismatch: Power Profile # 52 actual # 55
06-23 02:18:47.290 1694 1788 W CpuPowerCalculator: UID 10059 CPU freq # mismatch: Power Profile # 52 actual # 55
06-23 02:18:47.290 1694 1788 W CpuPowerCalculator: UID 10059 CPU freq # mismatch: Power Profile # 52 actual # 55
06-23 02:18:47.290 1694 1788 W CpuPowerCalculator: UID 10059 CPU freq # mismatch: Power Profile # 52 actual # 55
06-23 02:18:47.290 1694 1788 W CpuPowerCalculator: UID 10057 CPU cluster # mismatch: Power Profile # 2 actual # 3
06-23 02:18:47.290 1694 1788 W CpuPowerCalculator: UID 10057 CPU freq # mismatch: Power Profile # 52 actual # 55
06-23 02:18:47.290 1694 1788 W CpuPowerCalculator: UID 10057 CPU freq # mismatch: Power Profile # 52 actual # 55
06-23 02:18:47.290 1694 1788 W CpuPowerCalculator: UID 10057 CPU freq # mismatch: Power Profile # 52 actual # 55
06-23 02:18:47.290 1694 1788 W CpuPowerCalculator: UID 10055 CPU cluster # mismatch: Power Profile # 2 actual # 3
06-23 02:18:47.290 1694 1788 W CpuPowerCalculator: UID 10055 CPU freq # mismatch: Power Profile # 52 actual # 55
06-23 02:18:47.290 1694 1788 W CpuPowerCalculator: UID 10055 CPU freq # mismatch: Power Profile # 52 actual # 55
06-23 02:18:47.290 1694 1788 W CpuPowerCalculator: UID 10055 CPU freq # mismatch: Power Profile # 52 actual # 55
06-23 02:18:47.290 1694 1788 W CpuPowerCalculator: UID 10055 CPU freq # mismatch: Power Profile # 52 actual # 55
06-23 02:18:47.290 1694 1788 W CpuPowerCalculator: UID 10054 CPU cluster # mismatch: Power Profile # 2 actual # 3
06-23 02:18:47.290 1694 1788 W CpuPowerCalculator: UID 10054 CPU freq # mismatch: Power Profile # 52 actual # 55
06-23 02:18:47.290 1694 1788 W CpuPowerCalculator: UID 10054 CPU freq # mismatch: Power Profile # 52 actual # 55
06-23 02:18:47.290 1694 1788 W CpuPowerCalculator: UID 10054 CPU freq # mismatch: Power Profile # 52 actual # 55
06-23 02:18:47.290 1694 1788 W CpuPowerCalculator: UID 10054 CPU freq # mismatch: Power Profile # 52 actual # 55
06-23 02:18:47.290 1694 1788 W CpuPowerCalculator: UID 10053 CPU cluster # mismatch: Power Profile # 2 actual # 3
06-23 02:18:47.290 1694 1788 W CpuPowerCalculator: UID 10053 CPU freq # mismatch: Power Profile # 52 actual # 55
06-23 02:18:47.290 1694 1788 W CpuPowerCalculator: UID 10053 CPU freq # mismatch: Power Profile # 52 actual # 55
06-23 02:18:47.290 1694 1788 W CpuPowerCalculator: UID 10053 CPU freq # mismatch: Power Profile # 52 actual # 55
06-23 02:18:47.290 1694 1788 W CpuPowerCalculator: UID 10052 CPU cluster # mismatch: Power Profile # 2 actual # 3
06-23 02:18:47.290 1694 1788 W CpuPowerCalculator: UID 10052 CPU freq # mismatch: Power Profile # 52 actual # 55
06-23 02:18:47.291 1694 1788 W CpuPowerCalculator: UID 10052 CPU freq # mismatch: Power Profile # 52 actual # 55
06-23 02:18:47.291 1694 1788 W CpuPowerCalculator: UID 10052 CPU freq # mismatch: Power Profile # 52 actual # 55
06-23 02:18:47.291 1694 1788 W CpuPowerCalculator: UID 10048 CPU cluster # mismatch: Power Profile # 2 actual # 3
06-23 02:18:47.291 1694 1788 W CpuPowerCalculator: UID 10048 CPU freq # mismatch: Power Profile # 52 actual # 55
06-23 02:18:47.291 1694 1788 W CpuPowerCalculator: UID 10048 CPU freq # mismatch: Power Profile # 52 actual # 55
06-23 02:18:47.291 1694 1788 W CpuPowerCalculator: UID 10048 CPU freq # mismatch: Power Profile # 52 actual # 55
06-23 02:18:47.291 1694 1788 W CpuPowerCalculator: UID 10042 CPU cluster # mismatch: Power Profile # 2 actual # 3
06-23 02:18:47.291 1694 1788 W CpuPowerCalculator: UID 10042 CPU freq # mismatch: Power Profile # 52 actual # 55
06-23 02:18:47.291 1694 1788 W CpuPowerCalculator: UID 10042 CPU freq # mismatch: Power Profile # 52 actual # 55
06-23 02:18:47.291 1694 1788 W CpuPowerCalculator: UID 10042 CPU freq # mismatch: Power Profile # 52 actual # 55
06-23 02:18:47.291 1694 1788 W CpuPowerCalculator: UID 10042 CPU freq # mismatch: Power Profile # 52 actual # 55
06-23 02:18:47.291 1694 1788 W CpuPowerCalculator: UID 10039 CPU cluster # mismatch: Power Profile # 2 actual # 3
06-23 02:18:47.291 1694 1788 W CpuPowerCalculator: UID 10039 CPU freq # mismatch: Power Profile # 52 actual # 55
06-23 02:18:47.291 1694 1788 W CpuPowerCalculator: UID 10039 CPU freq # mismatch: Power Profile # 52 actual # 55
06-23 02:18:47.291 1694 1788 W CpuPowerCalculator: UID 10039 CPU freq # mismatch: Power Profile # 52 actual # 55
06-23 02:18:47.291 1694 1788 W CpuPowerCalculator: UID 10038 CPU cluster # mismatch: Power Profile # 2 actual # 3
06-23 02:18:47.291 1694 1788 W CpuPowerCalculator: UID 10038 CPU freq # mismatch: Power Profile # 52 actual # 55
06-23 02:18:47.291 1694 1788 W CpuPowerCalculator: UID 10038 CPU freq # mismatch: Power Profile # 52 actual # 55
06-23 02:18:47.291 1694 1788 W CpuPowerCalculator: UID 10038 CPU freq # mismatch: Power Profile # 52 actual # 55
06-23 02:18:47.291 1694 1788 W CpuPowerCalculator: UID 10032 CPU cluster # mismatch: Power Profile # 2 actual # 3
06-23 02:18:47.291 1694 1788 W CpuPowerCalculator: UID 10032 CPU freq # mismatch: Power Profile # 52 actual # 55
06-23 02:18:47.291 1694 1788 W CpuPowerCalculator: UID 10032 CPU freq # mismatch: Power Profile # 52 actual # 55
06-23 02:18:47.291 1694 1788 W CpuPowerCalculator: UID 10032 CPU freq # mismatch: Power Profile # 52 actual # 55
06-23 02:18:47.291 1694 1788 W CpuPowerCalculator: UID 10030 CPU cluster # mismatch: Power Profile # 2 actual # 3
06-23 02:18:47.291 1694 1788 W CpuPowerCalculator: UID 10030 CPU freq # mismatch: Power Profile # 52 actual # 55
06-23 02:18:47.291 1694 1788 W CpuPowerCalculator: UID 10030 CPU freq # mismatch: Power Profile # 52 actual # 55
06-23 02:18:47.291 1694 1788 W CpuPowerCalculator: UID 10030 CPU freq # mismatch: Power Profile # 52 actual # 55
06-23 02:18:47.291 1694 1788 W CpuPowerCalculator: UID 10028 CPU cluster # mismatch: Power Profile # 2 actual # 3
06-23 02:18:47.291 1694 1788 W CpuPowerCalculator: UID 10028 CPU freq # mismatch: Power Profile # 52 actual # 55
06-23 02:18:47.291 1694 1788 W CpuPowerCalculator: UID 10028 CPU freq # mismatch: Power Profile # 52 actual # 55
06-23 02:18:47.291 1694 1788 W CpuPowerCalculator: UID 10028 CPU freq # mismatch: Power Profile # 52 actual # 55
06-23 02:18:47.291 1694 1788 W CpuPowerCalculator: UID 10027 CPU cluster # mismatch: Power Profile # 2 actual # 3
06-23 02:18:47.291 1694 1788 W CpuPowerCalculator: UID 10027 CPU freq # mismatch: Power Profile # 52 actual # 55
06-23 02:18:47.291 1694 1788 W CpuPowerCalculator: UID 10027 CPU freq # mismatch: Power Profile # 52 actual # 55
06-23 02:18:47.291 1694 1788 W CpuPowerCalculator: UID 10027 CPU freq # mismatch: Power Profile # 52 actual # 55
06-23 02:18:47.291 1694 1788 W CpuPowerCalculator: UID 10027 CPU freq # mismatch: Power Profile # 52 actual # 55
06-23 02:18:47.291 1694 1788 W CpuPowerCalculator: UID 10026 CPU cluster # mismatch: Power Profile # 2 actual # 3
06-23 02:18:47.291 1694 1788 W CpuPowerCalculator: UID 10026 CPU freq # mismatch: Power Profile # 52 actual # 55
06-23 02:18:47.291 1694 1788 W CpuPowerCalculator: UID 10026 CPU freq # mismatch: Power Profile # 52 actual # 55
06-23 02:18:47.291 1694 1788 W CpuPowerCalculator: UID 10026 CPU freq # mismatch: Power Profile # 52 actual # 55
06-23 02:18:47.291 1694 1788 W CpuPowerCalculator: UID 10022 CPU cluster # mismatch: Power Profile # 2 actual # 3
06-23 02:18:47.291 1694 1788 W CpuPowerCalculator: UID 10022 CPU freq # mismatch: Power Profile # 52 actual # 55
06-23 02:18:47.291 1694 1788 W CpuPowerCalculator: UID 10022 CPU freq # mismatch: Power Profile # 52 actual # 55
06-23 02:18:47.291 1694 1788 W CpuPowerCalculator: UID 10022 CPU freq # mismatch: Power Profile # 52 actual # 55
06-23 02:18:47.291 1694 1788 W CpuPowerCalculator: UID 9999 CPU cluster # mismatch: Power Profile # 2 actual # 3
06-23 02:18:47.291 1694 1788 W CpuPowerCalculator: UID 9999 CPU freq # mismatch: Power Profile # 52 actual # 55
06-23 02:18:47.291 1694 1788 W CpuPowerCalculator: UID 2903 CPU freq # mismatch: Power Profile # 52 actual # 55
06-23 02:18:47.291 1694 1788 W CpuPowerCalculator: UID 2000 CPU cluster # mismatch: Power Profile # 2 actual # 3
06-23 02:18:47.291 1694 1788 W CpuPowerCalculator: UID 2000 CPU freq # mismatch: Power Profile # 52 actual # 55
06-23 02:18:47.291 1694 1788 W CpuPowerCalculator: UID 2000 CPU freq # mismatch: Power Profile # 52 actual # 55
06-23 02:18:47.291 1694 1788 W CpuPowerCalculator: UID 2000 CPU freq # mismatch: Power Profile # 52 actual # 55
06-23 02:18:47.292 1694 1788 W CpuPowerCalculator: UID 1092 CPU cluster # mismatch: Power Profile # 2 actual # 3
06-23 02:18:47.292 1694 1788 W CpuPowerCalculator: UID 1092 CPU freq # mismatch: Power Profile # 52 actual # 55
06-23 02:18:47.292 1694 1788 W CpuPowerCalculator: UID 1073 CPU cluster # mismatch: Power Profile # 2 actual # 3
06-23 02:18:47.292 1694 1788 W CpuPowerCalculator: UID 1073 CPU freq # mismatch: Power Profile # 52 actual # 55
06-23 02:18:47.292 1694 1788 W CpuPowerCalculator: UID 1073 CPU freq # mismatch: Power Profile # 52 actual # 55
06-23 02:18:47.292 1694 1788 W CpuPowerCalculator: UID 1073 CPU freq # mismatch: Power Profile # 52 actual # 55
06-23 02:18:47.292 1694 1788 W CpuPowerCalculator: UID 1069 CPU cluster # mismatch: Power Profile # 2 actual # 3
06-23 02:18:47.292 1694 1788 W CpuPowerCalculator: UID 1069 CPU freq # mismatch: Power Profile # 52 actual # 55
06-23 02:18:47.292 1694 1788 W CpuPowerCalculator: UID 1068 CPU cluster # mismatch: Power Profile # 2 actual # 3
06-23 02:18:47.292 1694 1788 W CpuPowerCalculator: UID 1068 CPU freq # mismatch: Power Profile # 52 actual # 55
06-23 02:18:47.292 1694 1788 W CpuPowerCalculator: UID 1068 CPU freq # mismatch: Power Profile # 52 actual # 55
06-23 02:18:47.292 1694 1788 W CpuPowerCalculator: UID 1068 CPU freq # mismatch: Power Profile # 52 actual # 55
06-23 02:18:47.292 1694 1788 W CpuPowerCalculator: UID 1066 CPU cluster # mismatch: Power Profile # 2 actual # 3
06-23 02:18:47.292 1694 1788 W CpuPowerCalculator: UID 1066 CPU freq # mismatch: Power Profile # 52 actual # 55
06-23 02:18:47.292 1694 1788 W CpuPowerCalculator: UID 1058 CPU freq # mismatch: Power Profile # 52 actual # 55
06-23 02:18:47.292 1694 1788 W CpuPowerCalculator: UID 1053 CPU cluster # mismatch: Power Profile # 2 actual # 3
06-23 02:18:47.292 1694 1788 W CpuPowerCalculator: UID 1053 CPU freq # mismatch: Power Profile # 52 actual # 55
06-23 02:18:47.292 1694 1788 W CpuPowerCalculator: UID 1052 CPU cluster # mismatch: Power Profile # 2 actual # 3
06-23 02:18:47.292 1694 1788 W CpuPowerCalculator: UID 1052 CPU freq # mismatch: Power Profile # 52 actual # 55
06-23 02:18:47.292 1694 1788 W CpuPowerCalculator: UID 1047 CPU cluster # mismatch: Power Profile # 2 actual # 3
06-23 02:18:47.292 1694 1788 W CpuPowerCalculator: UID 1047 CPU freq # mismatch: Power Profile # 52 actual # 55
06-23 02:18:47.292 1694 1788 W CpuPowerCalculator: UID 1046 CPU cluster # mismatch: Power Profile # 2 actual # 3
06-23 02:18:47.292 1694 1788 W CpuPowerCalculator: UID 1046 CPU freq # mismatch: Power Profile # 52 actual # 55
06-23 02:18:47.292 1694 1788 W CpuPowerCalculator: UID 1041 CPU cluster # mismatch: Power Profile # 2 actual # 3
06-23 02:18:47.292 1694 1788 W CpuPowerCalculator: UID 1041 CPU freq # mismatch: Power Profile # 52 actual # 55
06-23 02:18:47.292 1694 1788 W CpuPowerCalculator: UID 1040 CPU cluster # mismatch: Power Profile # 2 actual # 3
06-23 02:18:47.292 1694 1788 W CpuPowerCalculator: UID 1040 CPU freq # mismatch: Power Profile # 52 actual # 55
06-23 02:18:47.292 1694 1788 W CpuPowerCalculator: UID 1036 CPU cluster # mismatch: Power Profile # 2 actual # 3
06-23 02:18:47.292 1694 1788 W CpuPowerCalculator: UID 1036 CPU freq # mismatch: Power Profile # 52 actual # 55
06-23 02:18:47.292 1694 1788 W CpuPowerCalculator: UID 1019 CPU freq # mismatch: Power Profile # 52 actual # 55
06-23 02:18:47.292 1694 1788 W CpuPowerCalculator: UID 1017 CPU cluster # mismatch: Power Profile # 2 actual # 3
06-23 02:18:47.292 1694 1788 W CpuPowerCalculator: UID 1017 CPU freq # mismatch: Power Profile # 52 actual # 55
06-23 02:18:47.292 1694 1788 W CpuPowerCalculator: UID 1013 CPU cluster # mismatch: Power Profile # 2 actual # 3
06-23 02:18:47.292 1694 1788 W CpuPowerCalculator: UID 1013 CPU freq # mismatch: Power Profile # 52 actual # 55
06-23 02:18:47.292 1694 1788 W CpuPowerCalculator: UID 1010 CPU cluster # mismatch: Power Profile # 2 actual # 3
06-23 02:18:47.292 1694 1788 W CpuPowerCalculator: UID 1010 CPU freq # mismatch: Power Profile # 52 actual # 55
06-23 02:18:47.292 1694 1788 W CpuPowerCalculator: UID 1003 CPU cluster # mismatch: Power Profile # 2 actual # 3
06-23 02:18:47.292 1694 1788 W CpuPowerCalculator: UID 1003 CPU freq # mismatch: Power Profile # 52 actual # 55
06-23 02:18:47.292 1694 1788 W CpuPowerCalculator: UID 1002 CPU cluster # mismatch: Power Profile # 2 actual # 3
06-23 02:18:47.292 1694 1788 W CpuPowerCalculator: UID 1002 CPU freq # mismatch: Power Profile # 52 actual # 55
06-23 02:18:47.292 1694 1788 W CpuPowerCalculator: UID 1002 CPU freq # mismatch: Power Profile # 52 actual # 55
06-23 02:18:47.292 1694 1788 W CpuPowerCalculator: UID 1002 CPU freq # mismatch: Power Profile # 52 actual # 55
06-23 02:18:47.292 1694 1788 W CpuPowerCalculator: UID 1001 CPU cluster # mismatch: Power Profile # 2 actual # 3
06-23 02:18:47.292 1694 1788 W CpuPowerCalculator: UID 1001 CPU freq # mismatch: Power Profile # 52 actual # 55
06-23 02:18:47.292 1694 1788 W CpuPowerCalculator: UID 1001 CPU freq # mismatch: Power Profile # 52 actual # 55
06-23 02:18:47.292 1694 1788 W CpuPowerCalculator: UID 1001 CPU freq # mismatch: Power Profile # 52 actual # 55
06-23 02:18:47.292 1694 1788 W CpuPowerCalculator: UID 1000 CPU cluster # mismatch: Power Profile # 2 actual # 3
06-23 02:18:47.292 1694 1788 W CpuPowerCalculator: UID 1000 CPU freq # mismatch: Power Profile # 52 actual # 55
06-23 02:18:47.292 1694 1788 W CpuPowerCalculator: UID 1000 CPU freq # mismatch: Power Profile # 52 actual # 55
06-23 02:18:47.292 1694 1788 W CpuPowerCalculator: UID 1000 CPU freq # mismatch: Power Profile # 52 actual # 55
06-23 02:18:47.292 1694 1788 W CpuPowerCalculator: UID 0 CPU cluster # mismatch: Power Profile # 2 actual # 3
06-23 02:18:47.292 1694 1788 W CpuPowerCalculator: UID 0 CPU freq # mismatch: Power Profile # 52 actual # 55
06-23 02:18:47.302 6149 6149 I MSG : CRESTRON_LEVEL_NOTICE: # 02:18:47 6-23-2025 # UIHalUtility: Unable to set General Purpose LED capabilities. error = 0
06-23 02:18:47.302 6149 6149 I MSG :
06-23 02:18:47.309 6149 6149 I MSG : CRESTRON_LEVEL_ERROR: # 02:18:47 6-23-2025 # TSXPlatform: OSD: Unable to determine default UI application
06-23 02:18:47.309 6149 6149 I MSG :
06-23 02:18:47.349 1055 3513 I vendor.qti.bluetooth@1.0-ibs_handler: ProcessIbsCmd: Received IBS_SLEEP_IND: 0xFE
06-23 02:18:47.364 7339 7339 I JNI_Cres_Store_Wrapper: Successfully started thread.
06-23 02:18:47.366 6149 6149 I MSG : FindFirstFile: /data/crestron/OOTB/ Unable to scan Directory
06-23 02:18:47.366 6149 6149 I MSG : CRESTRON_LEVEL_ERROR: # 02:18:47 6-23-2025 # TSXPlatform: ListUI: OpenFile - /data/crestron/OOTB/~.LocalInfo.vtpage
06-23 02:18:47.366 6149 6149 I MSG :
06-23 02:18:47.366 6149 6149 I MSG : CRESTRON_LEVEL_NOTICE: # 02:18:47 6-23-2025 # UIHalUtility: Unable to set General Purpose LED capabilities. error = 0
06-23 02:18:47.366 6149 6149 I MSG :
06-23 02:18:47.375 7320 7320 I JNI_Cres_Store_Wrapper: Successfully started thread.
06-23 02:18:47.381 7320 7320 D SignalTransport: 57
06-19 16:43:07.992 7397 7397 W : "Thread-2" (7397) uses obsolete SWP{B} instruction at 0xd76a17bc
06-19 16:43:07.992 7397 7397 W : "Thread-2" (7397) uses obsolete SWP{B} instruction at 0xd76a17bc
06-19 16:43:07.992 7397 7397 W : "Thread-2" (7397) uses obsolete SWP{B} instruction at 0xd76a17bc
06-19 16:43:07.992 7397 7397 W : "Thread-2" (7397) uses obsolete SWP{B} instruction at 0xd76a17bc
06-19 16:43:07.992 7397 7397 W : "Thread-2" (7397) uses obsolete SWP{B} instruction at 0xd76a17bc
06-19 16:43:07.992 7397 7397 W : "Thread-2" (7397) uses obsolete SWP{B} instruction at 0xd76a17bc
06-19 16:43:07.992 7397 7397 W : "Thread-2" (7397) uses obsolete SWP{B} instruction at 0xd76a17bc
06-23 02:18:47.385 7320 7448 D ConnectionMgrIplink: handleReservedDigitalChanged: 17229 / true
06-23 02:18:47.386 7320 7448 D ConnectionMgrIplink: handleDigitalChanged: 17229 / true
06-23 02:18:47.387 7320 7320 I MSG : CRESTRON_LEVEL_INFO: # 02:18:47 6-23-2025 # [SecureStorage] GetBufferSize failed to read tag: com.crestron.settings.Test
06-23 02:18:47.387 7320 7320 E JNI_Secure_Storage_Wrapper: SecureStorageWrapper_readCall: Tag not found
06-23 02:18:47.388 7320 7448 D ConnectionMgrIplink: handleReservedDigitalChanged: 17230 / false
06-23 02:18:47.388 7320 7448 D ConnectionMgrIplink: handleDigitalChanged: 17230 / false
06-23 02:18:47.388 7320 7448 D ConnectionMgrIplink: handleReservedDigitalChanged: 17300 / true
06-23 02:18:47.388 7320 7448 D ConnectionMgrIplink: handleDigitalChanged: 17300 / true
06-23 02:18:47.388 7320 7448 D ConnectionMgrIplink: handleReservedDigitalChanged: 17301 / false
06-23 02:18:47.388 7320 7448 D ConnectionMgrIplink: handleDigitalChanged: 17301 / false
06-23 02:18:47.388 7320 7448 D ConnectionMgrIplink: handleReservedDigitalChanged: 17302 / true
06-23 02:18:47.388 7320 7448 D ConnectionMgrIplink: handleDigitalChanged: 17302 / true
06-23 02:18:47.388 7320 7320 D SettingChangeNotific: Constructor called.
06-23 02:18:47.388 7320 7448 D ConnectionMgrIplink: handleReservedDigitalChanged: 17303 / false
06-23 02:18:47.388 7320 7448 D ConnectionMgrIplink: handleDigitalChanged: 17303 / false
06-23 02:18:47.388 7320 7448 D ConnectionMgrIplink: handleReservedDigitalChanged: 17312 / true
06-23 02:18:47.388 7320 7448 D ConnectionMgrIplink: handleDigitalChanged: 17312 / true
06-23 02:18:47.388 7320 7448 D ConnectionMgrIplink: handleReservedDigitalChanged: 17313 / false
06-23 02:18:47.388 7320 7448 D ConnectionMgrIplink: handleDigitalChanged: 17313 / false
06-23 02:18:47.388 7320 7448 D ConnectionMgrIplink: handleReservedDigitalChanged: 17333 / true
06-23 02:18:47.388 7320 7448 D ConnectionMgrIplink: handleDigitalChanged: 17333 / true
06-23 02:18:47.389 7320 7320 D NucSignalProvider: networkAdaptersDataSignal: signalInterface=com.crestron.signal_transport.SignalTransport@d33f493
06-23 02:18:47.389 7320 7448 D ConnectionMgrIplink: handleReservedDigitalChanged: 17334 / false
06-23 02:18:47.389 7320 7448 D ConnectionMgrIplink: handleDigitalChanged: 17334 / false
06-23 02:18:47.389 7320 7320 D NucSignalProvider: networkAdaptersDataSignal: start get network path
06-23 02:18:47.389 7320 7448 D ConnectionMgrIplink: handleReservedDigitalChanged: 17401 / true
06-23 02:18:47.389 7320 7448 D ConnectionMgrIplink: handleDigitalChanged: 17401 / true
06-23 02:18:47.389 7320 7448 D ConnectionMgrIplink: handleReservedDigitalChanged: 17402 / false
06-23 02:18:47.389 7320 7448 D ConnectionMgrIplink: handleDigitalChanged: 17402 / false
06-23 02:18:47.389 7320 7448 D ConnectionMgrIplink: handleReservedDigitalChanged: 17403 / false
06-23 02:18:47.389 7320 7448 D ConnectionMgrIplink: handleDigitalChanged: 17403 / false
06-23 02:18:47.389 7320 7448 D ConnectionMgrIplink: handleReservedDigitalChanged: 17404 / true
06-23 02:18:47.389 7320 7448 D ConnectionMgrIplink: handleDigitalChanged: 17404 / true
06-23 02:18:47.389 7320 7448 D ConnectionMgrIplink: handleReservedDigitalChanged: 17471 / true
06-23 02:18:47.389 7320 7448 D ConnectionMgrIplink: handleDigitalChanged: 17471 / true
06-23 02:18:47.389 7320 7448 D ConnectionMgrIplink: handleReservedDigitalChanged: 17472 / false
06-23 02:18:47.389 7320 7448 D ConnectionMgrIplink: handleDigitalChanged: 17472 / false
06-23 02:18:47.389 7320 7448 D ConnectionMgrIplink: handleReservedDigitalChanged: 17490 / false
06-23 02:18:47.389 7320 7448 D ConnectionMgrIplink: handleDigitalChanged: 17490 / false
06-23 02:18:47.389 7320 7448 D ConnectionMgrIplink: handleReservedDigitalChanged: 17491 / true
06-23 02:18:47.389 7320 7448 D ConnectionMgrIplink: handleDigitalChanged: 17491 / true
06-23 02:18:47.390 7320 7448 D ConnectionMgrIplink: handleReservedDigitalChanged: 17501 / true
06-23 02:18:47.390 7320 7448 D ConnectionMgrIplink: handleDigitalChanged: 17501 / true
06-23 02:18:47.390 7320 7448 D ConnectionMgrIplink: handleReservedDigitalChanged: 17502 / false
06-23 02:18:47.390 7320 7448 D ConnectionMgrIplink: handleDigitalChanged: 17502 / false
06-23 02:18:47.390 7320 7448 D ConnectionMgrIplink: handleReservedDigitalChanged: 17547 / true
06-23 02:18:47.390 7320 7448 D ConnectionMgrIplink: handleDigitalChanged: 17547 / true
06-23 02:18:47.390 7320 7448 D ConnectionMgrIplink: handleReservedDigitalChanged: 17552 / true
06-23 02:18:47.390 7320 7448 D ConnectionMgrIplink: handleDigitalChanged: 17552 / true
06-23 02:18:47.390 7320 7448 D ConnectionMgrIplink: handleReservedDigitalChanged: 17958 / false
06-23 02:18:47.390 7320 7448 D ConnectionMgrIplink: handleDigitalChanged: 17958 / false
06-23 02:18:47.390 7320 7448 D ConnectionMgrIplink: handleReservedDigitalChanged: 18215 / true
06-23 02:18:47.390 7320 7320 D NucSignalProvider: networkAdaptersDataSignal: get path success ={"Adapters":{"Wifi":{"DomainName":"localdomain","IsAdapterReadOnly":false,"Name":"wlan0","MacAddress":"f0.74.e4.42.fc.dc","AddressSchema":"IPv4","IsAutoNegotiationEnabled":false,"AutoNegotiation":"On","IsAdapterEnabled":true,"IsActive":false,"LinkStatus":false,"IPv4":{"Addresses":[{"Address":"0.0.0.0","SubnetMask":"0.0.0.0"}],"StaticAddresses":[{"Address":"0.0.0.0","SubnetMask":"0.0.0.0"}],"StaticDefaultGateway":"0.0.0.0","DefaultGateway":"0.0.0.0","IsDhcpEnabled":true}},"EthernetLan":{"DomainName":"localdomain","IsAdapterReadOnly":false,"Name":"eth0","MacAddress":"de.ad.be.ef.12.34","AddressSchema":"IPv4","IsAutoNegotiationEnabled":false,"AutoNegotiation":"On","IsAdapterEnabled":true,"IsActive":true,"LinkStatus":true,"IPv4":{"Addresses":[{"Address":"192.168.124.4","SubnetMask":"255.255.255.0"}],"StaticAddresses":[{"Address":"0.0.0.0","SubnetMask":"0.0.0.0"}],"StaticDefaultGateway":"0.0.0.0","DefaultGateway":"192.168.124.1","IsDhcpEnabled":true}}},"DnsSettings":{"IPv4":{"DnsServers":["192.168.124.1(DHCP)",""],"StaticDns":["",""]},"StaticDns":{"InitializationEntry":{"Address":"::"}}},"IsIcmpPingEnabled":true,"HostName":"UC-SB2-CAM-A-DEADBEEF1234","IgmpVersion":"v0","AddressSchema":"IPv4","IPv6":{"IsSupported":false,"IsIcmpPingEnabled":false,"IsMulticastProxyEnabled":true},"Version":"3.0.3"}
06-23 02:18:47.390 7320 7448 D ConnectionMgrIplink: handleDigitalChanged: 18215 / true
06-23 02:18:47.390 7320 7320 D NucPlatformWifiSettings: refreshNetworks(): {"Adapters":{"Wifi":{"DomainName":"localdomain","IsAdapterReadOnly":false,"Name":"wlan0","MacAddress":"f0.74.e4.42.fc.dc","AddressSchema":"IPv4","IsAutoNegotiationEnabled":false,"AutoNegotiation":"On","IsAdapterEnabled":true,"IsActive":false,"LinkStatus":false,"IPv4":{"Addresses":[{"Address":"0.0.0.0","SubnetMask":"0.0.0.0"}],"StaticAddresses":[{"Address":"0.0.0.0","SubnetMask":"0.0.0.0"}],"StaticDefaultGateway":"0.0.0.0","DefaultGateway":"0.0.0.0","IsDhcpEnabled":true}},"EthernetLan":{"DomainName":"localdomain","IsAdapterReadOnly":false,"Name":"eth0","MacAddress":"de.ad.be.ef.12.34","AddressSchema":"IPv4","IsAutoNegotiationEnabled":false,"AutoNegotiation":"On","IsAdapterEnabled":true,"IsActive":true,"LinkStatus":true,"IPv4":{"Addresses":[{"Address":"192.168.124.4","SubnetMask":"255.255.255.0"}],"StaticAddresses":[{"Address":"0.0.0.0","SubnetMask":"0.0.0.0"}],"StaticDefaultGateway":"0.0.0.0","DefaultGateway":"192.168.124.1","IsDhcpEnabled":true}}},"DnsSettings":{"IPv4":{"DnsServers":["192.168.124.1(DHCP)",""],"StaticDns":["",""]},"StaticDns":{"InitializationEntry":{"Address":"::"}}},"IsIcmpPingEnabled":true,"HostName":"UC-SB2-CAM-A-DEADBEEF1234","IgmpVersion":"v0","AddressSchema":"IPv4","IPv6":{"IsSupported":false,"IsIcmpPingEnabled":false,"IsMulticastProxyEnabled":true},"Version":"3.0.3"}
06-23 02:18:47.390 7320 7448 D ConnectionMgrIplink: handleReservedDigitalChanged: 18216 / false
06-23 02:18:47.390 7320 7448 D ConnectionMgrIplink: handleDigitalChanged: 18216 / false
06-23 02:18:47.390 7320 7448 D ConnectionMgrIplink: handleReservedDigitalChanged: 18260 / false
06-23 02:18:47.390 7320 7448 D ConnectionMgrIplink: handleDigitalChanged: 18260 / false
06-23 02:18:47.390 7320 7448 D ConnectionMgrIplink: handleReservedDigitalChanged: 18463 / true
06-23 02:18:47.390 7320 7448 D ConnectionMgrIplink: handleDigitalChanged: 18463 / true
06-23 02:18:47.391 7320 7448 D ConnectionMgrIplink: handleReservedDigitalChanged: 18464 / false
06-23 02:18:47.391 7320 7448 D ConnectionMgrIplink: handleDigitalChanged: 18464 / false
06-23 02:18:47.391 7320 7448 D ConnectionMgrIplink: handleReservedDigitalChanged: 18465 / false
06-23 02:18:47.391 7320 7448 D ConnectionMgrIplink: handleDigitalChanged: 18465 / false
06-23 02:18:47.391 7320 7448 D ConnectionMgrIplink: handleReservedDigitalChanged: 18466 / false
06-23 02:18:47.391 7320 7448 D ConnectionMgrIplink: handleDigitalChanged: 18466 / false
06-23 02:18:47.391 7320 7448 D ConnectionMgrIplink: handleReservedDigitalChanged: 18467 / false
06-23 02:18:47.391 7320 7448 D ConnectionMgrIplink: handleDigitalChanged: 18467 / false
06-23 02:18:47.391 7320 7448 D ConnectionMgrIplink: handleReservedDigitalChanged: 18468 / false
06-23 02:18:47.391 7320 7448 D ConnectionMgrIplink: handleDigitalChanged: 18468 / false
06-23 02:18:47.391 7320 7448 D ConnectionMgrIplink: handleReservedDigitalChanged: 18469 / false
06-23 02:18:47.391 7320 7448 D ConnectionMgrIplink: handleDigitalChanged: 18469 / false
06-23 02:18:47.391 7320 7448 D ConnectionMgrIplink: handleReservedDigitalChanged: 18471 / false
06-23 02:18:47.391 7320 7448 D ConnectionMgrIplink: handleDigitalChanged: 18471 / false
