06-23 02:18:59.892 7320 7445 V com.crestron.cresstore.CresStoreManager: Element is a primative value: "Unknown"
06-23 02:18:59.892 7320 7445 V com.crestron.cresstore.CresStoreManager: Element is a primative value: "manual"
06-23 02:18:59.892 7320 7445 V com.crestron.cresstore.CresStoreManager: Element is a primative value: "2100SPE00000"
06-23 02:18:59.892 7320 7445 V com.crestron.cresstore.CresStoreManager: Element is a primative value: "2.3.1"
06-23 02:18:59.895 4034 5551 V AIOPInternalCamera: updateState for camera: 5
06-23 02:18:59.895 4034 5551 V AIOPInternalCamera: Incoming iv features: null
06-23 02:18:59.895 4034 5551 V AIOPInternalCamera: All intelligent video features: {Auto Framing=true, Speaker Focus Preference=with Auto-Framing PiP, Speaker Focus Enabled=false}
06-23 02:18:59.973 1694 1769 D OomAdjuster: Not killing cached processes
06-23 02:18:59.974 1694 1769 D CompatibilityChangeReporter: Compat change id reported: 168419799; UID 10058; state: DISABLED
06-23 02:18:59.974 1694 1769 D CompatibilityChangeReporter: Compat change id reported: 273564678; UID 10058; state: DISABLED
06-23 02:18:59.974 1694 1769 D CompatibilityInfo: mCompatibilityFlags - 4
06-23 02:18:59.974 1694 1769 D CompatibilityInfo: applicationDensity - 160
06-23 02:18:59.974 1694 1769 D CompatibilityInfo: applicationScale - 1.0
06-23 02:18:59.975 7740 7740 D LldpReceiver: onReceive dten.intent.action.LLDP_CHANGES_INFO
06-23 02:18:59.975 7740 7740 D LldpReceiver: chassis_id=macdc:ef:09:d3:00:72, port_id=localg1
06-23 02:18:59.977 7740 7740 I LldpReceiver: Teams is running=>SendBroadcastToTeams
06-23 02:18:59.978 7740 7740 I LldpReceiver: SendBroadcastToTeams: SHARE_LLDP_INFO , CHASSIS_ID= macdc:ef:09:d3:00:72, CHASSIS_SUB_TYPE= 4, PORT_ID= localg1, PORT_SUB_TYPE= 7, CORRELATION_ID= 1bf5cbc0-b19d-4e73-8a9e-abc0601b5e8f
06-23 02:18:59.978 1694 1769 D CompatibilityInfo: mCompatibilityFlags - 4
06-23 02:18:59.978 1694 1769 D CompatibilityInfo: applicationDensity - 160
06-23 02:18:59.978 1694 1769 D CompatibilityInfo: applicationScale - 1.0
06-23 02:18:59.978 7350 7350 D SkypeTeamsApplicationComponentFactory: instantiateReceiverCompat() className: com.microsoft.skype.teams.ipphone.IpPhoneBroadcastReceiver
06-23 02:18:59.983 7350 7350 I IpPhoneBroadcastReceiver: ProcessId: 7350, Thread: main, Action received. com.microsoft.skype.teams.ipphone.partner.SHARE_LLDP_INFO
06-23 02:18:59.984 7350 7350 V ScenarioContextEvent: 3114b6ef-e9f2-48ca-b3a9-eb3927800e5d 3114b6ef-e9f2-48ca-b3a9-eb3927800e5d share_lldp_info LLDPInfo_received OK null null 0 null [] [{}] [null] [[]] [[]] [null] [main] [null]false
06-23 02:18:59.986 7350 7350 I EmergencyLocationBroadcastReceiver: ProcessId: 7350, Thread: main, LLDP info received
06-23 02:18:59.986 7350 7350 I LLDPUtils: ProcessId: 7350, Thread: main, Info: ChassisID, subtype: MACAddress
06-23 02:18:59.986 7350 7350 I LLDPUtils: ProcessId: 7350, Thread: main, Info: PortID, subtype: unknown
06-23 02:18:59.987 7350 7350 I EmergencyLocationBroadcastReceiver: ProcessId: 7350, Thread: main, LLDP info: currentUser is null, Device firmware broadcasts LLDP info while user is not signed in
06-23 02:18:59.988 7350 7350 V ScenarioContextEvent: 3114b6ef-e9f2-48ca-b3a9-eb3927800e5d 3114b6ef-e9f2-48ca-b3a9-eb3927800e5d share_lldp_info LLDPInfo_updatedInE911Info OK null null 5 null [] [{}] [null] [[]] [[]] [null] [main] [null]false
06-23 02:18:59.988 7350 7350 V ScenarioContextEvent: 3114b6ef-e9f2-48ca-b3a9-eb3927800e5d 3114b6ef-e9f2-48ca-b3a9-eb3927800e5d share_lldp_info STOP OK null 5 null [LLDP info received and appended to E911 info] [{}] [null] [[]] [[]] [null] [main] [main]false
06-23 02:18:59.989 7350 7350 V ScenarioContextEvent: cf4963a6-f70b-4b73-b5a8-c668942ccc71 cf4963a6-f70b-4b73-b5a8-c668942ccc71 IPPHONE_BROADCAST_RECEIVED STOP OK null 6 null [] [{}] [null] [[]] [[]] [null] [main] [main]false
06-23 02:18:59.995 1694 1767 I am_pss : [7350,10042,com.microsoft.skype.teams.ipphone,201070592,187211776,0,340537344,0,2,14]
06-23 02:19:00.003 1694 1767 I am_pss : [2752,10086,com.android.inputmethod.latin,14175232,11112448,0,117919744,0,7,6]
06-23 02:19:00.011 1694 1767 I am_pss : [2156,1002,com.android.bluetooth,28460032,23982080,0,138141696,0,0,7]
06-23 02:19:00.019 1694 1767 I am_pss : [2153,1073,com.android.networkstack.process,27011072,23785472,0,130768896,0,0,8]
06-23 02:19:00.042 7350 7382 W e.teams.ipphone: Cleared Reference was only reachable from finalizer (only reported once)
06-23 02:19:00.043 1694 1767 I am_pss : [1694,1000,system,244568064,150671360,0,572194816,0,0,21]
06-23 02:19:00.202 7350 7350 I IpPhoneStateManager: ProcessId: 7350, Thread: main, AuthenticatedUser is null
06-23 02:19:00.530 1030 1090 E sec_channel : Modemcomm: Init Instance on handle:0 failed with -3
06-23 02:19:00.530 1030 1090 E sec_channel : Modemcomm: Failed to get handle of SSGQMSCA service
06-23 02:19:01.421 1032 1037 E Diag-Router: diag: failed to create control node for slate_adsp
06-23 02:19:01.421 1032 1036 E Diag-Router: diag: failed to create control node for slate_apps
06-23 02:19:01.422 1032 1036 E Diag-Router: diag: diag_glinkpkt_open_thread: Glinkpkt_open failed for perif: 12 with err: -1, retry_cnt: 9
06-23 02:19:01.422 1032 1037 E Diag-Router: diag: diag_glinkpkt_open_thread: Glinkpkt_open failed for perif: 13 with err: -1, retry_cnt: 9
06-23 02:19:01.506 4034 4227 V AIOPInternalCamera: getPeopleCountCallback 0
06-19 16:43:22.686 102 102 I (virq : irq_count)- GICv3:IPI(2):211001 GICv3:arch_timer(11):111316 GICv3:ufshcd(29):21372 GICv3:IPI(1):14582 GICv3:i2c_geni(398):11650 GICv3:i2c_geni(397):11624 GICv3:ipcc_0(32):7946 GICv3:apps_rsc-drv-2(21):6410 ipcc:glink-native-adsp(528):6047 gic_msm_pci_msi:eth0(529):4355
06-19 16:43:22.686 102 102 I (cpu : irq_count)- 0:84686 1:47602 2:47266 3:51497 4:44025 5:48409 6:45279 7:48542
06-19 16:43:22.686 102 102 I (ipi : irq_count)- 0:14582 1:211002 2:0 3:0 4:0 5:201 6:0
06-23 02:19:02.308 1694 1965 E WifiHealthMonitor: Hit PackageManager exception
06-23 02:19:02.308 1694 1965 E WifiHealthMonitor: android.content.pm.PackageManager$NameNotFoundException: No module info for package: com.android.wifi
06-23 02:19:02.308 1694 1965 E WifiHealthMonitor: at android.app.ApplicationPackageManager.getModuleInfo(ApplicationPackageManager.java:1187)
06-23 02:19:02.308 1694 1965 E WifiHealthMonitor: at com.android.server.wifi.WifiHealthMonitor.getWifiStackVersion(WifiHealthMonitor.java:366)
06-23 02:19:02.308 1694 1965 E WifiHealthMonitor: at com.android.server.wifi.WifiHealthMonitor.extractCurrentSoftwareBuildInfo(WifiHealthMonitor.java:587)
06-23 02:19:02.308 1694 1965 E WifiHealthMonitor: at com.android.server.wifi.WifiHealthMonitor.postBootSwBuildCheck(WifiHealthMonitor.java:522)
06-23 02:19:02.308 1694 1965 E WifiHealthMonitor: at com.android.server.wifi.WifiHealthMonitor.postBootDetectionHandler(WifiHealthMonitor.java:513)
06-23 02:19:02.308 1694 1965 E WifiHealthMonitor: at com.android.server.wifi.WifiHealthMonitor.-$$Nest$mpostBootDetectionHandler(Unknown Source:0)
06-23 02:19:02.308 1694 1965 E WifiHealthMonitor: at com.android.server.wifi.WifiHealthMonitor$2.onAlarm(WifiHealthMonitor.java:190)
06-23 02:19:02.308 1694 1965 E WifiHealthMonitor: at android.app.AlarmManager$ListenerWrapper.run(AlarmManager.java:357)
06-23 02:19:02.308 1694 1965 E WifiHealthMonitor: at android.os.Handler.handleCallback(Handler.java:942)
06-23 02:19:02.308 1694 1965 E WifiHealthMonitor: at android.os.Handler.dispatchMessage(Handler.java:99)
06-23 02:19:02.308 1694 1965 E WifiHealthMonitor: at android.os.Looper.loopOnce(Looper.java:201)
06-23 02:19:02.308 1694 1965 E WifiHealthMonitor: at android.os.Looper.loop(Looper.java:288)
06-23 02:19:02.308 1694 1965 E WifiHealthMonitor: at android.os.HandlerThread.run(HandlerThread.java:67)
06-23 02:19:02.309 1694 1965 W UnsafeUtil: platform method missing - proto runtime falling back to safer methods: java.lang.NoSuchMethodException: sun.misc.Unsafe.copyMemory [class java.lang.Object, long, class java.lang.Object, long, long]
06-23 02:19:03.150 7350 7350 I TeamsAppLifecycleTaskManager: ProcessId: 7350, Thread: main, onAppContentLoaded() with appStartType: COLD
06-23 02:19:03.151 7350 7350 D MultiTriggerBomb: Exploded due to timeout, 2 switches remaining.
06-23 02:19:05.532 1030 1090 E sec_channel : Modemcomm: Init Instance on handle:0 failed with -3
06-23 02:19:05.532 1030 1090 E sec_channel : Modemcomm: Failed to get handle of SSGSCA service as well - exiting
06-23 02:19:06.422 1032 1036 E Diag-Router: diag: failed to create control node for slate_apps
06-23 02:19:06.422 1032 1037 E Diag-Router: diag: failed to create control node for slate_adsp
06-23 02:19:06.422 1032 1036 E Diag-Router: diag: diag_glinkpkt_open_thread: Glinkpkt_open failed for perif: 12 with err: -1, retry_cnt: 10
06-23 02:19:06.422 1032 1037 E Diag-Router: diag: diag_glinkpkt_open_thread: Glinkpkt_open failed for perif: 13 with err: -1, retry_cnt: 10
06-23 02:19:06.506 4034 4227 V AIOPInternalCamera: getPeopleCountCallback 0
06-23 02:19:06.817 3856 4719 D SSLServer: poll count: 2
06-23 02:19:07.469 8256 8256 I auditd : type=1400 audit(0.0:3102): avc: denied { read } for comm="busybox" scontext=u:r:vendor_qti_init_shell:s0 tcontext=u:r:vendor_qccsyshal_qti:s0 tclass=file permissive=1
06-23 02:19:07.469 8256 8256 I busybox : type=1400 audit(0.0:3102): avc: denied { read } for scontext=u:r:vendor_qti_init_shell:s0 tcontext=u:r:vendor_qccsyshal_qti:s0 tclass=file permissive=1
06-23 02:19:07.469 8256 8256 I auditd : type=1400 audit(0.0:3103): avc: denied { read } for comm="busybox" scontext=u:r:vendor_qti_init_shell:s0 tcontext=u:r:mediaswcodec:s0 tclass=file permissive=1
06-23 02:19:07.469 8256 8256 I busybox : type=1400 audit(0.0:3103): avc: denied { read } for scontext=u:r:vendor_qti_init_shell:s0 tcontext=u:r:mediaswcodec:s0 tclass=file permissive=1
06-23 02:19:07.469 8256 8256 I auditd : type=1400 audit(0.0:3104): avc: denied { read } for comm="busybox" scontext=u:r:vendor_qti_init_shell:s0 tcontext=u:r:vendor_ssgqmigd:s0 tclass=file permissive=1
06-23 02:19:07.469 8256 8256 I busybox : type=1400 audit(0.0:3104): avc: denied { read } for scontext=u:r:vendor_qti_init_shell:s0 tcontext=u:r:vendor_ssgqmigd:s0 tclass=file permissive=1
06-23 02:19:07.469 8256 8256 I auditd : type=1400 audit(0.0:3105): avc: denied { read } for comm="busybox" scontext=u:r:vendor_qti_init_shell:s0 tcontext=u:r:update_engine:s0 tclass=file permissive=1
06-23 02:19:07.469 8256 8256 I busybox : type=1400 audit(0.0:3105): avc: denied { read } for scontext=u:r:vendor_qti_init_shell:s0 tcontext=u:r:update_engine:s0 tclass=file permissive=1
06-23 02:19:07.469 8256 8256 I auditd : type=1400 audit(0.0:3106): avc: denied { read } for comm="busybox" scontext=u:r:vendor_qti_init_shell:s0 tcontext=u:r:vendor_qguard:s0 tclass=file permissive=1
06-23 02:19:07.469 8256 8256 I busybox : type=1400 audit(0.0:3106): avc: denied { read } for scontext=u:r:vendor_qti_init_shell:s0 tcontext=u:r:vendor_qguard:s0 tclass=file permissive=1
06-19 16:43:28.081 8256 8256 W audit : audit_lost=3114 audit_rate_limit=5 audit_backlog_limit=64
06-19 16:43:28.081 8256 8256 E audit : rate limit exceeded
06-23 02:19:07.734 1694 1906 D OomAdjuster: Not killing cached processes
06-23 02:19:07.743 1694 1767 I am_pss : [3969,10064,com.microsoft.teams.ipphone.admin.agent,19410944,16904192,0,117817344,0,19,7]
06-23 02:19:07.750 1694 1767 I am_pss : [3290,10022,android.process.acore,12439552,9752576,0,111271936,0,19,6]
06-23 02:19:07.756 1694 1767 I am_pss : [7339,10030,com.crestron.ucpr,17737728,9207808,0,88576000,0,4,6]
06-23 02:19:07.765 1694 1767 I am_pss : [7320,10057,com.crestron.settings,23899136,14794752,0,98394112,0,4,5]
06-23 02:19:07.772 1694 1767 I am_pss : [2919,10136,com.android.permissioncontroller,14580736,12627968,0,107008000,0,19,6]
06-23 02:19:07.779 1694 1767 I am_pss : [4377,10032,com.android.providers.calendar,6850560,4931584,0,1