--------- beginning of events
01-01 00:09:40.951 702 702 I snet_event_log: [121035042,-1,]
01-01 00:09:40.971 700 700 I snet_event_log: [121035042,-1,]
01-01 00:09:40.976 700 700 I auditd : SELinux: Loaded service_contexts from:
01-01 00:09:40.976 700 700 I auditd : /system/etc/selinux/plat_service_contexts
01-01 00:09:40.976 700 700 I auditd : /system_ext/etc/selinux/system_ext_service_contexts
01-01 00:09:40.976 700 700 I auditd : /product/etc/selinux/product_service_contexts
01-01 00:09:40.976 700 700 I auditd : /vendor/etc/selinux/vendor_service_contexts --------- beginning of kernel
01-01 00:09:39.042 0 0 I : Booting Linux on physical CPU 0x0000000000 [0x51df805e]
01-01 00:09:39.042 0 0 I : Linux version 5.15.149-android13-8-gf487541b81d6-dirty-ab3744 (build-user@build-host) (Android (8508608, based on r450784e) clang version 14.0.7 (https://android.googlesource.com/toolchain/llvm-project 4c603efb0cca074e9238af8b4106c30add4418f6), LLD 14.0.7) #1 SMP PREEMPT Mon Jun 9 09:30:21 UTC 2025
01-01 00:09:39.042 0 0 I random : crng init done
01-01 00:09:39.042 0 0 I Machine model: Qualcomm Technologies, Inc. Robotics RB5 Platform
01-01 00:09:39.042 0 0 I : Stack Depot is disabled
01-01 00:09:39.042 0 0 W : KVM is not available. Ignoring kvm-arm.mode
01-01 00:09:39.042 0 0 I : Memory limited to 7062MB
01-01 00:09:39.042 0 0 I efi : UEFI not found.
01-01 00:09:39.042 0 0 I Reserved memory: created CMA memory pool at 0x00000000fec00000, size 16 MiB
01-01 00:09:39.042 0 0 I OF : reserved mem: initialized node user_contig_region, compatible id shared-dma-pool
01-01 00:09:39.042 0 0 I OF : reserved mem: 0x00000000fec00000..0x00000000ffbfffff (16384 KiB) map reusable user_contig_region
01-01 00:09:39.042 0 0 I Reserved memory: created DMA memory pool at 0x00000000ffc00000, size 0 MiB
01-01 00:09:39.042 0 0 I OF : reserved mem: initialized node mailbox_region, compatible id shared-dma-pool
01-01 00:09:39.042 0 0 I OF : reserved mem: 0x00000000ffc00000..0x00000000ffc1ffff (128 KiB) nomap non-reusable mailbox_region
01-01 00:09:39.042 0 0 I Reserved memory: created CMA memory pool at 0x00000000f4800000, size 164 MiB
01-01 00:09:39.042 0 0 I OF : reserved mem: initialized node secure_display_region, compatible id shared-dma-pool
01-01 00:09:39.042 0 0 I OF : reserved mem: 0x00000000f4800000..0x00000000febfffff (167936 KiB) map reusable secure_display_region
01-01 00:09:39.042 0 0 I Reserved memory: created CMA memory pool at 0x00000000f2000000, size 40 MiB
01-01 00:09:39.042 0 0 I OF : reserved mem: initialized node mem_dump_region, compatible id shared-dma-pool
01-01 00:09:39.042 0 0 I OF : reserved mem: 0x00000000f2000000..0x00000000f47fffff (40960 KiB) map reusable mem_dump_region
01-01 00:09:39.042 0 0 I Reserved memory: created CMA memory pool at 0x00000000f1800000, size 8 MiB
01-01 00:09:39.042 0 0 I OF : reserved mem: initialized node sdsp_region, compatible id shared-dma-pool
01-01 00:09:39.042 0 0 I OF : reserved mem: 0x00000000f1800000..0x00000000f1ffffff (8192 KiB) map reusable sdsp_region
01-01 00:09:39.042 0 0 I Reserved memory: created CMA memory pool at 0x00000000f0c00000, size 12 MiB
01-01 00:09:39.042 0 0 I OF : reserved mem: initialized node adsp_region, compatible id shared-dma-pool
01-01 00:09:39.042 0 0 I OF : reserved mem: 0x00000000f0c00000..0x00000000f17fffff (12288 KiB) map reusable adsp_region
01-01 00:09:39.042 0 0 I Reserved memory: created CMA memory pool at 0x00000000efc00000, size 16 MiB
01-01 00:09:39.042 0 0 I OF : reserved mem: initialized node sp_region, compatible id shared-dma-pool
01-01 00:09:39.042 0 0 I OF : reserved mem: 0x00000000efc00000..0x00000000f0bfffff (16384 KiB) map reusable sp_region
01-01 00:09:39.042 0 0 I Reserved memory: created CMA memory pool at 0x00000000edc00000, size 32 MiB
01-01 00:09:39.042 0 0 I OF : reserved mem: initialized node linux,cma, compatible id shared-dma-pool
01-01 00:09:39.042 0 0 I OF : reserved mem: 0x00000000edc00000..0x00000000efbfffff (32768 KiB) map reusable linux,cma
01-01 00:09:39.042 0 0 I Reserved memory: created CMA memory pool at 0x00000000ec800000, size 20 MiB
01-01 00:09:39.042 0 0 I OF : reserved mem: initialized node cnss_wlan_region, compatible id shared-dma-pool
01-01 00:09:39.042 0 0 I OF : reserved mem: 0x00000000ec800000..0x00000000edbfffff (20480 KiB) map reusable cnss_wlan_region
01-01 00:09:39.042 0 0 I Reserved memory: created CMA memory pool at 0x00000000ec400000, size 4 MiB
01-01 00:09:39.042 0 0 I OF : reserved mem: initialized node cdsp_region, compatible id shared-dma-pool
01-01 00:09:39.042 0 0 I OF : reserved mem: 0x00000000ec400000..0x00000000ec7fffff (4096 KiB) map reusable cdsp_region
01-01 00:09:39.042 0 0 I Reserved memory: created CMA memory pool at 0x00000000eb400000, size 16 MiB
01-01 00:09:39.042 0 0 I OF : reserved mem: initialized node qseecom_ta_region, compatible id shared-dma-pool
01-01 00:09:39.042 0 0 I OF : reserved mem: 0x00000000eb400000..0x00000000ec3fffff (16384 KiB) map reusable qseecom_ta_region
01-01 00:09:39.042 0 0 I Reserved memory: created CMA memory pool at 0x00000000ea000000, size 20 MiB
01-01 00:09:39.042 0 0 I OF : reserved mem: initialized node qseecom_region, compatible id shared-dma-pool
01-01 00:09:39.042 0 0 I OF : reserved mem: 0x00000000ea000000..0x00000000eb3fffff (20480 KiB) map reusable qseecom_region
01-01 00:09:39.042 0 0 I OF : reserved mem: 0x0000000080000000..0x00000000805fffff (6144 KiB) nomap non-reusable hyp_region@80000000
01-01 00:09:39.042 0 0 I OF : reserved mem: 0x0000000080700000..0x000000008085ffff (1408 KiB) nomap non-reusable xbl_aop_region@80700000
01-01 00:09:39.042 0 0 I OF : reserved mem: 0x0000000080860000..0x000000008087ffff (128 KiB) nomap non-reusable reserved-memory@80860000
01-01 00:09:39.042 0 0 I OF : reserved mem: 0x0000000080900000..0x0000000080afffff (2048 KiB) nomap non-reusable smem_region@80900000
01-01 00:09:39.042 0 0 I OF : reserved mem: 0x0000000080b00000..0x0000000085dfffff (84992 KiB) nomap non-reusable removed_region@80b00000
01-01 00:09:39.042 0 0 I OF : reserved mem: 0x0000000086200000..0x00000000866fffff (5120 KiB) nomap non-reusable pil_camera_region@86200000
01-01 00:09:39.042 0 0 I OF : reserved mem: 0x0000000086700000..0x00000000867fffff (1024 KiB) nomap non-reusable pil_wlan_fw_region@86700000
01-01 00:09:39.042 0 0 I OF : reserved mem: 0x0000000086800000..0x000000008680ffff (64 KiB) nomap non-reusable pil_ipa_fw_region@86800000
01-01 00:09:39.042 0 0 I OF : reserved mem: 0x0000000086810000..0x0000000086819fff (40 KiB) nomap non-reusable pil_ipa_gsi_region@86810000
01-01 00:09:39.042 0 0 I OF : reserved mem: 0x000000008681a000..0x000000008681bfff (8 KiB) nomap non-reusable pil_gpu_region@8681a000
01-01 00:09:39.042 0 0 I OF : reserved mem: 0x0000000086900000..0x0000000086dfffff (5120 KiB) nomap non-reusable pil_npu_region@86900000
01-01 00:09:39.042 0 0 I OF : reserved mem: 0x0000000086e00000..0x00000000872fffff (5120 KiB) nomap non-reusable video_region@86e00000
01-01 00:09:39.042 0 0 I OF : reserved mem: 0x0000000087300000..0x00000000877fffff (5120 KiB) nomap non-reusable pil_cvp_region@87300000
01-01 00:09:39.042 0 0 I OF : reserved mem: 0x0000000087800000..0x0000000088bfffff (20480 KiB) nomap non-reusable rproc_cdsp_region@87800000
01-01 00:09:39.042 0 0 I OF : reserved mem: 0x0000000088c00000..0x000000008a0fffff (21504 KiB) nomap non-reusable rproc_slpi_region@88c00000
01-01 00:09:39.042 0 0 I OF : reserved mem: 0x000000008a100000..0x000000008bdfffff (29696 KiB) nomap non-reusable rproc_adsp_region@8a100000
01-01 00:09:39.042 0 0 I OF : reserved mem: 0x000000008be00000..0x000000008befffff (1024 KiB) nomap non-reusable rproc_spss_region@8be00000
01-01 00:09:39.042 0 0 I OF : reserved mem: 0x000000008bf00000..0x00000000904fffff (71680 KiB) nomap non-reusable cdsp_secure_heap@8bf00000
01-01 00:09:39.042 0 0 I OF : reserved mem: 0x000000009c000000..0x000000009e2fffff (35840 KiB) map non-reusable splash_region@0x9c000000
01-01 00:09:39.042 0 0 I OF : reserved mem: 0x000000009e300000..0x000000009e3fffff (1024 KiB) map non-reusable dfps_data_region@9e300000
01-01 00:09:39.042 0 0 I Zone ranges:
01-01 00:09:39.042 0 0 I : DMA32 [mem 0x0000000080000000-0x00000000ffffffff]
01-01 00:09:39.042 0 0 I : Normal [mem 0x0000000100000000-0x000000023fffffff]
01-01 00:09:39.042 0 0 I : Movable zone start for each node
01-01 00:09:39.042 0 0 I : Early memory node ranges
01-01 00:09:39.042 0 0 I node 0: [mem 0x0000000080000000-0x00000000805fffff]
01-01 00:09:39.042 0 0 I node 0: [mem 0x0000000080600000-0x00000000806fffff]
01-01 00:09:39.042 0 0 I node 0: [mem 0x0000000080700000-0x000000008087ffff]
01-01 00:09:39.042 0 0 I node 0: [mem 0x0000000080880000-0x00000000808fffff]
01-01 00:09:39.042 0 0 I node 0: [mem 0x0000000080900000-0x0000000085dfffff]
01-01 00:09:39.042 0 0 I node 0: [mem 0x0000000085e00000-0x00000000861fffff]
01-01 00:09:39.042 0 0 I node 0: [mem 0x0000000086200000-0x000000008681bfff]
01-01 00:09:39.042 0 0 I node 0: [mem 0x000000008681c000-0x00000000868fffff]
01-01 00:09:39.042 0 0 I node 0: [mem 0x0000000086900000-0x00000000904fffff]
01-01 00:09:39.042 0 0 I node 0: [mem 0x0000000090500000-0x00000000b95fffff]
01-01 00:09:39.042 0 0 I node 0: [mem 0x00000000c0000000-0x00000000ffbfffff]
01-01 00:09:39.042 0 0 I node 0: [mem 0x00000000ffc00000-0x00000000ffc1ffff]
01-01 00:09:39.042 0 0 I node 0: [mem 0x00000000ffc20000-0x000000023fffffff]
01-01 00:09:39.042 0 0 I : Initmem setup node 0 [mem 0x0000000080000000-0x000000023fffffff]
01-01 00:09:39.042 0 0 I : On node 0, zone DMA32: 27136 pages in unavailable ranges
01-01 00:09:39.042 0 0 I psci : probing for conduit method from DT.
01-01 00:09:39.042 0 0 I psci : PSCIv1.1 detected in firmware.
01-01 00:09:39.042 0 0 I psci : Using standard PSCI v0.2 function IDs
01-01 00:09:39.042 0 0 I psci : MIGRATE_INFO_TYPE not supported.
01-01 00:09:39.042 0 0 I psci : SMC Calling Convention v1.1
01-01 00:09:39.042 0 0 I psci : OSI mode supported.
01-01 00:09:39.042 0 0 I Load bootconfig: 965 bytes 56 nodes
01-01 00:09:39.042 0 0 I percpu : Embedded 29 pages/cpu s81600 r8192 d28992 u118784
01-01 00:09:39.042 0 0 D pcpu-alloc: s81600 r8192 d28992 u118784 alloc=29*4096
01-01 00:09:39.042 0 0 D pcpu-alloc: [0] 0 [0] 1 [0] 2 [0] 3 [0] 4 [0] 5 [0] 6 [0] 7
01-01 00:09:39.042 0 0 I : Detected VIPT I-cache on CPU0
01-01 00:09:39.042 0 0 W CPU features: SYS_ID_AA64MMFR1_EL1[11:8]: forced to 0
01-01 00:09:39.042 0 0 I CPU features: detected: GIC system register CPU interface
01-01 00:09:39.042 0 0 I CPU features: kernel page table isolation forced OFF by kpti command line option
01-01 00:09:39.042 0 0 I CPU features: detected: ARM errata 1165522, 1319367, or 1530923
01-01 00:09:39.042 0 0 I : Built 1 zonelists, mobility grouping on. Total pages: 1779200
01-01 00:09:39.042 0 0 I : Kernel command line: stack_depot_disable=on kasan.stacktrace=off kvm-arm.mode=protected cgroup_disable=pressure console=ttyMSM0,115200n8 loglevel=6 kpti=0 log_buf_len=256K kernel.panic_on_rcu_stall=1 rcupdate.rcu_expedited=1 rcu_nocbs=0-7 ftrace_dump_on_oops fw_devlink.strict=1 cpufreq.default_governor=performance printk.console_no_auto_verbose=1 kasan=off pcie_ports=compat qcom_dma_heaps.enable_bitstream_contig_heap=y slub_debug=- lpm_levels.sleep_disabled=1 video=vfb:640x400,bpp=32,memsize=3072000 msm_rtb.filter=0x237 service_locator.enable=1 swiotlb=2048 loop.max_part=7 cgroup.memory=nokmem,nosocket reboot=panic_warm androidboot.selinux=permissive bootconfig buildvariant=userdebug androidboot.wifimac=F074E442FCDC androidboot.btmac=F074E442FBE2 androidboot.productnumber=zoom androidboot.eth0mac=F074E442FB56 msm_drm.dsi_display0=qcom,mdss_dsi_ext_bridge_1080p: rootwait ro init=/init mem=7405043712B memhp_default_state=online movable_node silent_boot.mode=no
01-01 00:09:39.042 0 0 I cgroup : Disabling pressure control group feature
01-01 00:09:39.042 0 0 I : Unknown kernel command line parameters "buildvariant=userdebug", will be passed to user space.
01-01 00:09:39.042 0 0 I printk : log_buf_len: 262144 bytes
01-01 00:09:39.042 0 0 I printk : early log buf free: 121240(92%)
01-01 00:09:39.042 0 0 I : Dentry cache hash table entries: 1048576 (order: 11, 8388608 bytes, linear)
01-01 00:09:39.042 0 0 I : Inode-cache hash table entries: 524288 (order: 10, 4194304 bytes, linear)
01-01 00:09:39.042 0 0 I mem auto-init: stack:all(zero), heap alloc:on, heap free:off
01-01 00:09:39.042 0 0 I : software IO TLB: mapped [mem 0x00000000e9c00000-0x00000000ea000000] (4MB)
01-01 00:09:39.042 0 0 I Memory : 6367668K/7231488K available (24000K kernel code, 2426K rwdata, 16996K rodata, 2496K init, 621K bss, 507468K reserved, 356352K cma-reserved)
01-01 00:09:39.042 0 0 I SLUB : HWalign=64, Order=0-3, MinObjects=0, CPUs=8, Nodes=1
01-01 00:09:39.042 0 0 I : trace event string verifier disabled
01-01 00:09:39.042 0 0 I rcu : Preemptible hierarchical RCU implementation.
01-01 00:09:39.042 0 0 I rcu : RCU event tracing is enabled.
01-01 00:09:39.042 0 0 I rcu : RCU dyntick-idle grace-period acceleration is enabled.
01-01 00:09:39.042 0 0 I rcu : RCU restricting CPUs from NR_CPUS=32 to nr_cpu_ids=8.
01-01 00:09:39.042 0 0 I rcu : RCU priority boosting: priority 1 delay 500 ms.
01-01 00:09:39.042 0 0 I : All grace periods are expedited (rcu_expedited).
01-01 00:09:39.042 0 0 I : Trampoline variant of Tasks RCU enabled.
01-01 00:09:39.042 0 0 I : Tracing variant of Tasks RCU enabled.
01-01 00:09:39.042 0 0 I rcu : RCU calculated value of scheduler-enlistment delay is 25 jiffies.
01-01 00:09:39.042 0 0 I rcu : Adjusting geometry for rcu_fanout_leaf=16, nr_cpu_ids=8
01-01 00:09:39.042 0 0 I NR_IRQS : 64, nr_irqs: 64, preallocated irqs: 0
01-01 00:09:39.042 0 0 I GICv3 : 928 SPIs implemented
01-01 00:09:39.042 0 0 I GICv3 : 0 Extended SPIs implemented
01-01 00:09:39.042 0 0 I GICv3 : Distributor has no Range Selector support
01-01 00:09:39.042 0 0 I : Root IRQ handler: gic_handle_irq.33978.cfi_jt
01-01 00:09:39.042 0 0 I GICv3 : 16 PPIs implemented
01-01 00:09:39.042 0 0 I GICv3 : CPU0: found redistributor 0 region 0:0x0000000017a60000
01-01 00:09:39.042 0 0 W ITS : No ITS available, not enabling LPIs
01-01 00:09:39.042 0 0 I rcu : Offload RCU callbacks from CPUs: 0-7.
01-01 00:09:39.042 0 0 I kfence : initialized - using 524288 bytes for 63 objects at 0x(____ptrval____)-0x(____ptrval____)
01-01 00:09:39.042 0 0 I arch_timer: cp15 and mmio timer(s) running at 19.20MHz (virt/virt).
01-01 00:09:39.042 0 0 I clocksource: arch_sys_counter: mask: 0xffffffffffffff max_cycles: 0x46d987e47, max_idle_ns: 440795202767 ns
01-01 00:09:39.042 0 0 I sched_clock: 56 bits at 19MHz, resolution 52ns, wraps every 4398046511078ns
01-01 00:09:39.045 0 0 I : Calibrating delay loop (skipped), value calculated using timer frequency.. 38.40 BogoMIPS (lpj=76800)
01-01 00:09:39.045 0 0 I pid_max : default: 32768 minimum: 301
01-01 00:09:39.046 0 0 I LSM : Security Framework initializing
01-01 00:09:39.046 0 0 I SELinux : Initializing.
01-01 00:09:39.046 0 0 I : Mount-cache hash table entries: 16384 (order: 5, 131072 bytes, linear)
01-01 00:09:39.046 0 0 I : Mountpoint-cache hash table entries: 16384 (order: 5, 131072 bytes, linear)
01-01 00:09:39.048 1 1 I rcu : Hierarchical SRCU implementation.
01-01 00:09:39.048 1 1 I dyndbg : Ignore empty _ddebug table in a CONFIG_DYNAMIC_DEBUG_CORE build
01-01 00:09:39.050 1 1 I : EFI services will not be available.
01-01 00:09:39.050 1 1 I smp : Bringing up secondary CPUs ...
01-01 00:09:39.051 0 0 I : Detected VIPT I-cache on CPU1
01-01 00:09:39.051 0 0 I GICv3 : CPU1: found redistributor 100 region 0:0x0000000017a80000
01-01 00:09:39.051 0 0 I CPU1 : Booted secondary processor 0x0000000100 [0x51df805e]
01-01 00:09:39.052 0 0 I : Detected VIPT I-cache on CPU2
01-01 00:09:39.052 0 0 I GICv3 : CPU2: found redistributor 200 region 0:0x0000000017aa0000
01-01 00:09:39.052 0 0 I CPU2 : Booted secondary processor 0x0000000200 [0x51df805e]
01-01 00:09:39.053 0 0 I : Detected VIPT I-cache on CPU3
01-01 00:09:39.053 0 0 I GICv3 : CPU3: found redistributor 300 region 0:0x0000000017ac0000
01-01 00:09:39.053 0 0 I CPU3 : Booted secondary processor 0x0000000300 [0x51df805e]
01-01 00:09:39.055 0 0 I CPU features: detected: Spectre-v4
01-01 00:09:39.055 0 0 I CPU features: detected: Spectre-BHB
01-01 00:09:39.055 0 0 I CPU features: detected: ARM erratum 1508412 (kernel portion)
01-01 00:09:39.055 0 0 I : Detected PIPT I-cache on CPU4
01-01 00:09:39.055 0 0 I GICv3 : CPU4: found redistributor 400 region 0:0x0000000017ae0000
01-01 00:09:39.055 0 0 I CPU4 : Booted secondary processor 0x0000000400 [0x411fd0d0]
01-01 00:09:39.056 0 0 I : Detected PIPT I-cache on CPU5
01-01 00:09:39.056 0 0 I GICv3 : CPU5: found redistributor 500 region 0:0x0000000017b00000
01-01 00:09:39.056 0 0 I CPU5 : Booted secondary processor 0x0000000500 [0x411fd0d0]
01-01 00:09:39.057 0 0 I : Detected PIPT I-cache on CPU6
01-01 00:09:39.057 0 0 I GICv3 : CPU6: found redistributor 600 region 0:0x0000000017b20000
01-01 00:09:39.057 0 0 I CPU6 : Booted secondary processor 0x0000000600 [0x411fd0d0]
01-01 00:09:39.058 0 0 I : Detected PIPT I-cache on CPU7
01-01 00:09:39.058 0 0 I GICv3 : CPU7: found redistributor 700 region 0:0x0000000017b40000
01-01 00:09:39.058 0 0 I CPU7 : Booted secondary processor 0x0000000700 [0x411fd0d0]
01-01 00:09:39.058 1 1 I smp : Brought up 1 node, 8 CPUs
01-01 00:09:39.058 1 1 I SMP : Total of 8 processors activated.
01-01 00:09:39.058 1 1 I CPU features: detected: 32-bit EL0 Support
01-01 00:09:39.058 1 1 I CPU features: detected: Data cache clean to the PoU not required for I/D coherence
01-01 00:09:39.058 1 1 I CPU features: detected: Common not Private translations
01-01 00:09:39.058 1 1 I CPU features: detected: CRC32 instructions
01-01 00:09:39.058 1 1 I CPU features: detected: RCpc load-acquire (LDAPR)
01-01 00:09:39.058 1 1 I CPU features: detected: LSE atomic instructions
01-01 00:09:39.058 1 1 I CPU features: detected: Privileged Access Never
01-01 00:09:39.058 1 1 I CPU features: detected: RAS Extension Support
01-01 00:09:39.058 1 1 I CPU features: detected: Speculative Store Bypassing Safe (SSBS)
01-01 00:09:39.246 1 1 I : CPU: All CPU(s) started at EL1
01-01 00:09:39.246 21 21 I alternatives: patching kernel code
01-01 00:09:39.310 1 1 I : KASLR enabled
01-01 00:09:39.310 1 1 I clocksource: jiffies: mask: 0xffffffff max_cycles: 0xffffffff, max_idle_ns: 7645041785100000 ns
01-01 00:09:39.310 1 1 I : futex hash table entries: 2048 (order: 5, 131072 bytes, linear)
01-01 00:09:39.311 1 1 I pinctrl core: initialized pinctrl subsystem
01-01 00:09:39.312 1 1 I NET : Registered PF_NETLINK/PF_ROUTE protocol family
01-01 00:09:39.312 1 1 I DMA : preallocated 1024 KiB GFP_KERNEL pool for atomic allocations
01-01 00:09:39.312 1 1 I DMA : preallocated 1024 KiB GFP_KERNEL|GFP_DMA32 pool for atomic allocations
01-01 00:09:39.312 1 1 I audit : initializing netlink subsys (disabled)
01-01 00:00:00.232 698 698 I auditd : type=2000 audit(0.0:1): state=initialized audit_enabled=0 res=1
01-01 00:09:39.313 1 1 I thermal_sys: Registered thermal governor 'step_wise'
01-01 00:09:39.313 1 1 I thermal_sys: Registered thermal governor 'user_space'
01-01 00:09:39.313 1 1 I thermal_sys: Registered thermal governor 'power_allocator'
01-01 00:09:39.314 1 1 I cpuidle : using governor menu
01-01 00:09:39.314 1 1 I hw-breakpoint: found 6 breakpoint and 4 watchpoint registers.
01-01 00:09:39.314 1 1 I : ASID allocator initialised with 65536 entries
01-01 00:09:39.314 1 1 I Serial : AMBA PL011 UART driver
01-01 00:09:39.317 1 1 E OF : /soc/clock-controller@100000: #clock-cells = 1 found 0
01-01 00:09:39.317 1 1 E OF : /soc/clock-controller@abf0000: #clock-cells = 1 found 0
01-01 00:09:39.317 1 1 E OF : /soc/clock-controller@ad00000: #clock-cells = 1 found 0
01-01 00:09:39.323 1 1 E OF : /soc/qcom,qupv3_2_geni_se@8c0000/i2c@884000/ch101_1@45: could not get #gpio-cells for /idle-states/silver-c4
01-01 00:09:39.338 1 1 E OF : /soc/qcom,cam-res-mgr: could not get #gpio-cells for /soc/funnel@6c2d000/in-ports/port@18/endpoint
01-01 00:09:39.339 1 1 E OF : /soc/qcom,msm-audio-apr/qcom,q6core-audio/sound: could not get #gpio-cells for /soc/msm_cdc_pinctrl_quin
01-01 00:09:39.339 1 1 E OF : /soc/qcom,msm-audio-apr/qcom,q6core-audio/sound: could not get #gpio-cells for /soc/msm_cdc_pinctrl_sen
01-01 00:09:39.339 1 1 E OF : /soc/qcom,msm-audio-apr/qcom,q6core-audio/sound: could not get #gpio-cells for /soc/qcom,msm-audio-apr/qcom,q6core-audio/msm_cdc_pinctrl_tert
01-01 00:09:39.340 1 1 E OF : /soc/qcom,msm-audio-apr/qcom,q6core-audio/sound: could not get #gpio-cells for /soc/qcom,msm-audio-apr/qcom,q6core-audio/msm_cdc_pinctrl_pri
01-01 00:09:39.348 1 1 I platform 1d84000.ufshc: Fixing up cyclic dependency with 1d87000.ufsphy_mem
01-01 00:09:39.354 1 1 I amba 6b06000.replicator: Fixing up cyclic dependency with 6046000.replicator
01-01 00:09:39.354 1 1 I platform soc: dummy_sink: Fixing up cyclic dependency with 6b06000.replicator
01-01 00:09:39.354 1 1 I amba 6b05000.tmc: Fixing up cyclic dependency with 6b06000.replicator
01-01 00:09:39.354 1 1 I amba 6b04000.funnel: Fixing up cyclic dependency with 6b05000.tmc
01-01 00:09:39.354 1 1 I amba 6b08000.tpda: Fixing up cyclic dependency with 6b04000.funnel
01-01 00:09:39.354 1 1 I amba 6b09000.tpdm: Fixing up cyclic dependency with 6b08000.tpda
01-01 00:09:39.354 1 1 I amba 6b0a000.tpdm: Fixing up cyclic dependency with 6b08000.tpda
01-01 00:09:39.354 1 1 I platform soc: funnel@6b24000: Fixing up cyclic dependency with 6b04000.funnel
01-01 00:09:39.354 1 1 I amba 6048000.tmc: Fixing up cyclic dependency with 6046000.replicator
01-01 00:09:39.354 1 1 I amba 6045000.funnel: Fixing up cyclic dependency with 6b04000.funnel
01-01 00:09:39.354 1 1 I amba 6041000.funnel: Fixing up cyclic dependency with 6045000.funnel
01-01 00:09:39.354 1 1 I amba 6041000.funnel: Fixing up cyclic dependency with 6002000.stm
01-01 00:09:39.354 1 1 I amba 6042000.funnel: Fixing up cyclic dependency with 6045000.funnel
01-01 00:09:39.354 1 1 I amba 6900000.tpdm: Fixing up cyclic dependency with 6902000.funnel
01-01 00:09:39.354 1 1 I amba 6004000.tpda: Fixing up cyclic dependency with 6902000.funnel
01-01 00:09:39.354 1 1 I amba 6870000.tpdm: Fixing up cyclic dependency with 6004000.tpda
01-01 00:09:39.354 1 1 I amba 684c000.tpdm: Fixing up cyclic dependency with 6004000.tpda
01-01 00:09:39.354 1 1 I amba 6850000.tpdm: Fixing up cyclic dependency with 6004000.tpda
01-01 00:09:39.354 1 1 I amba 6844000.tpdm: Fixing up cyclic dependency with 6846000.funnel
01-01 00:09:39.354 1 1 I platform soc: tpdm@6b26000: Fixing up cyclic dependency with soc:funnel@6b24000
01-01 00:09:39.354 1 1 I amba 6ac1000.tpda: Fixing up cyclic dependency with 6ac0000.tpdm
01-01 00:09:39.355 1 1 I amba 69c1000.tpda: Fixing up cyclic dependency with 69c2000.funnel
01-01 00:09:39.355 1 1 I amba 69c0000.tpdm: Fixing up cyclic dependency with 69c1000.tpda
01-01 00:09:39.355 1 1 I amba 6ac2000.funnel: Fixing up cyclic dependency with 6042000.funnel
01-01 00:09:39.355 1 1 I amba 6ac2000.funnel: Fixing up cyclic dependency with 6ac1000.tpda
01-01 00:09:39.355 1 1 I amba 6c39000.funnel: Fixing up cyclic dependency with 69c2000.funnel
01-01 00:09:39.355 1 1 I amba 6c2d000.funnel: Fixing up cyclic dependency with 6004000.tpda
01-01 00:09:39.355 1 1 I amba 6c2d000.funnel: Fixing up cyclic dependency with 6c39000.funnel
01-01 00:09:39.355 1 1 I amba 6c2d000.funnel: Fixing up cyclic dependency with 6846000.funnel
01-01 00:09:39.355 1 1 I amba 6c28000.tpdm: Fixing up cyclic dependency with 6c2d000.funnel
01-01 00:09:39.355 1 1 I amba 6c29000.tpdm: Fixing up cyclic dependency with 6c2d000.funnel
01-01 00:09:39.355 1 1 I amba 69d0000.tpdm: Fixing up cyclic dependency with 6004000.tpda
01-01 00:09:39.355 1 1 I amba 78a0000.tpdm: Fixing up cyclic dependency with 7863000.tpda
01-01 00:09:39.355 1 1 I amba 78b0000.tpdm: Fixing up cyclic dependency with 7863000.tpda
01-01 00:09:39.355 1 1 I amba 7860000.tpdm: Fixing up cyclic dependency with 7863000.tpda
01-01 00:09:39.355 1 1 I amba 7861000.tpdm: Fixing up cyclic dependency with 7863000.tpda
01-01 00:09:39.355 1 1 I amba 6c0b000.funnel: Fixing up cyclic dependency with 6c2d000.funnel
01-01 00:09:39.355 1 1 I amba 6832000.funnel: Fixing up cyclic dependency with 6c0b000.funnel
01-01 00:09:39.355 1 1 I amba 6830000.tpdm: Fixing up cyclic dependency with 6832000.funnel
01-01 00:09:39.355 1 1 I amba 6c60000.tpdm: Fixing up cyclic dependency with 6c0b000.funnel
01-01 00:09:39.355 1 1 I amba 6c08000.tpdm: Fixing up cyclic dependency with 6c0b000.funnel
01-01 00:09:39.355 1 1 I amba 6983000.funnel: Fixing up cyclic dependency with 6c39000.funnel
01-01 00:09:39.355 1 1 I amba 6980000.tpdm: Fixing up cyclic dependency with 6983000.funnel
01-01 00:09:39.355 1 1 I amba 6e04000.funnel: Fixing up cyclic dependency with 6c2d000.funnel
01-01 00:09:39.355 1 1 I amba 6e12000.funnel: Fixing up cyclic dependency with 6e04000.funnel
01-01 00:09:39.355 1 1 I amba 6e22000.funnel: Fixing up cyclic dependency with 6e04000.funnel
01-01 00:09:39.355 1 1 I amba 6e10000.tpdm: Fixing up cyclic dependency with 6e12000.funnel
01-01 00:09:39.355 1 1 I amba 6e20000.tpdm: Fixing up cyclic dependency with 6e22000.funnel
01-01 00:09:39.356 1 1 I amba 6005000.funnel: Fixing up cyclic dependency with 6041000.funnel
01-01 00:09:39.356 1 1 I amba 6005000.funnel: Fixing up cyclic dependency with 6c2d000.funnel
01-01 00:09:39.356 1 1 I amba 6005000.funnel: Fixing up cyclic dependency with 6004000.tpda
01-01 00:09:39.357 1 1 I platform soc: turing_etm0: Fixing up cyclic dependency with 6983000.funnel
01-01 00:09:39.357 1 1 I platform soc: audio_etm0: Fixing up cyclic dependency with soc:funnel@6b24000
01-01 00:09:39.357 1 1 I platform soc: ssc_etm0: Fixing up cyclic dependency with 6b04000.funnel
01-01 00:09:39.357 1 1 I amba 7810000.funnel: Fixing up cyclic dependency with 6042000.funnel
01-01 00:09:39.357 1 1 I amba 7810000.funnel: Fixing up cyclic dependency with 7863000.tpda
01-01 00:09:39.357 1 1 I amba 7800000.funnel: Fixing up cyclic dependency with 7810000.funnel
01-01 00:09:39.357 1 1 I amba 7800000.funnel: Fixing up cyclic dependency with 7740000.etm
01-01 00:09:39.357 1 1 I amba 7800000.funnel: Fixing up cyclic dependency with 7640000.etm
01-01 00:09:39.357 1 1 I amba 7800000.funnel: Fixing up cyclic dependency with 7540000.etm
01-01 00:09:39.357 1 1 I amba 7800000.funnel: Fixing up cyclic dependency with 7440000.etm
01-01 00:09:39.357 1 1 I amba 7800000.funnel: Fixing up cyclic dependency with 7340000.etm
01-01 00:09:39.357 1 1 I amba 7800000.funnel: Fixing up cyclic dependency with 7240000.etm
01-01 00:09:39.357 1 1 I amba 7800000.funnel: Fixing up cyclic dependency with 7140000.etm
01-01 00:09:39.357 1 1 I amba 7800000.funnel: Fixing up cyclic dependency with 7040000.etm
01-01 00:09:39.366 1 1 I iommu : Default domain type: Translated
01-01 00:09:39.366 1 1 I iommu : DMA domain TLB invalidation policy: strict mode
01-01 00:09:39.366 1 1 I : SCSI subsystem initialized
01-01 00:09:39.366 1 1 I usbcore : registered new interface driver usbfs
01-01 00:09:39.366 1 1 I usbcore : registered new interface driver hub
01-01 00:09:39.366 1 1 I usbcore : registered new device driver usb
01-01 00:09:39.366 1 1 I mc : Linux media interface: v0.10
01-01 00:09:39.366 1 1 I videodev: Linux video capture interface: v2.00
01-01 00:09:39.366 1 1 I pps_core: LinuxPPS API ver. 1 registered
01-01 00:09:39.366 1 1 I pps_core: Software ver. 5.3.6 - Copyright 2005-2007 Rodolfo Giometti
01-01 00:09:39.366 1 1 I : PTP clock support registered
01-01 00:09:39.366 1 1 I EDAC MC : Ver: 3.0.0
01-01 00:09:39.367 1 1 I CPUidle PSCI: Initialized CPU PM domain topology
01-01 00:09:39.367 1 1 I : Advanced Linux Sound Architecture Driver Initialized.
01-01 00:09:39.367 1 1 I Bluetooth: Core ver 2.22
01-01 00:09:39.367 1 1 I NET : Registered PF_BLUETOOTH protocol family
01-01 00:09:39.367 1 1 I Bluetooth: HCI device and connection manager initialized
01-01 00:09:39.367 1 1 I Bluetooth: HCI socket layer initialized
01-01 00:09:39.367 1 1 I Bluetooth: L2CAP socket layer initialized
01-01 00:09:39.367 1 1 I Bluetooth: SCO socket layer initialized
01-01 00:09:39.367 1 1 I nfc : nfc_init: NFC Core ver 0.1
01-01 00:09:39.367 1 1 I NET : Registered PF_NFC protocol family
01-01 00:09:39.367 1 1 I clocksource: Switched to clocksource arch_sys_counter
01-01 00:09:39.377 1 1 I VFS : Disk quotas dquot_6.6.0
01-01 00:09:39.377 1 1 I VFS : Dquot-cache hash table entries: 512 (order 0, 4096 bytes)
01-01 00:09:39.377 1 1 I NET : Registered PF_INET protocol family
01-01 00:09:39.377 1 1 I : IP idents hash table entries: 131072 (order: 8, 1048576 bytes, linear)
01-01 00:09:39.378 1 1 I : tcp_listen_portaddr_hash hash table entries: 4096 (order: 4, 65536 bytes, linear)
01-01 00:09:39.378 1 1 I : Table-perturb hash table entries: 65536 (order: 6, 262144 bytes, linear)
01-01 00:09:39.378 1 1 I : TCP established hash table entries: 65536 (order: 7, 524288 bytes, linear)
01-01 00:09:39.378 1 1 I : TCP bind hash table entries: 65536 (order: 8, 1048576 bytes, linear)
01-01 00:09:39.378 1 1 I TCP : Hash tables configured (established 65536 bind 65536)
01-01 00:09:39.379 1 1 I : UDP hash table entries: 4096 (order: 5, 131072 bytes, linear)
01-01 00:09:39.379 1 1 I : UDP-Lite hash table entries: 4096 (order: 5, 131072 bytes, linear)
01-01 00:09:39.379 1 1 I NET : Registered PF_UNIX/PF_LOCAL protocol family
01-01 00:09:39.379 1 1 I NET : Registered PF_XDP protocol family
01-01 00:09:39.379 1 1 I PCI : CLS 0 bytes, default 64
01-01 00:09:39.379 10 10 I : Trying to unpack rootfs image as initramfs...
01-01 00:09:39.392 1 1 I hw perfevents: enabled with armv8_pmuv3 PMU driver, 7 counters available
01-01 00:09:39.392 1 1 I kvm [1] : HYP mode not available
01-01 00:09:39.393 1 1 I : Initialise system trusted keyrings
01-01 00:09:39.393 1 1 I workingset: timestamp_bits=46 max_order=21 bucket_order=0
01-01 00:09:39.395 1 1 I fuse : init (API version 7.36)
01-01 00:09:39.407 1 1 I : Key type asymmetric registered
01-01 00:09:39.407 1 1 I : Asymmetric key parser 'x509' registered
01-01 00:09:39.407 1 1 I : Block layer SCSI generic (bsg) driver version 0.4 loaded (major 239)
01-01 00:09:39.407 1 1 I : io scheduler mq-deadline registered
01-01 00:09:39.407 1 1 I : io scheduler kyber registered
01-01 00:09:39.407 1 1 I : io scheduler bfq registered
01-01 00:09:39.412 1 1 I brd : module loaded
01-01 00:09:39.413 1 1 I loop : module loaded
01-01 00:09:39.414 1 1 I wireguard: WireGuard 1.0.0 loaded. See www.wireguard.com for information.
01-01 00:09:39.414 1 1 I wireguard: Copyright (C) 2015-2019 Jason A. Donenfeld . All Rights Reserved.
01-01 00:09:39.414 1 1 I : MACsec IEEE 802.1AE
01-01 00:09:39.414 1 1 D mdio_bus fixed-0: GPIO lookup for consumer reset
01-01 00:09:39.414 1 1 D mdio_bus fixed-0: using lookup tables for GPIO lookup
01-01 00:09:39.414 1 1 D mdio_bus fixed-0: No GPIO consumer reset found
01-01 00:09:39.414 1 1 I tun : Universal TUN/TAP device driver, 1.6
01-01 00:09:39.414 1 1 I : CAN device driver interface
01-01 00:09:39.414 1 1 I : PPP generic driver version 2.4.2
01-01 00:09:39.414 1 1 I : PPP BSD Compression module registered
01-01 00:09:39.414 1 1 I : PPP Deflate Compression module registered
01-01 00:09:39.414 1 1 I : PPP MPPE Compression module registered
01-01 00:09:39.414 1 1 I NET : Registered PF_PPPOX protocol family
01-01 00:09:39.414 1 1 I : PPTP driver version 0.8.5
01-01 00:09:39.414 1 1 I usbcore : registered new interface driver rtl8150
01-01 00:09:39.414 1 1 I usbcore : registered new device driver r8152-cfgselector
01-01 00:09:39.414 1 1 I usbcore : registered new interface driver r8152
01-01 00:09:39.414 1 1 I usbcore : registered new interface driver asix
01-01 00:09:39.414 1 1 I usbcore : registered new interface driver ax88179_178a
01-01 00:09:39.414 1 1 I usbcore : registered new interface driver cdc_ether
01-01 00:09:39.414 1 1 I usbcore : registered new interface driver cdc_eem
01-01 00:09:39.414 1 1 I usbcore : registered new interface driver cdc_ncm
01-01 00:09:39.414 1 1 I usbcore : registered new interface driver aqc111
01-01 00:09:39.414 1 1 I usbcore : registered new interface driver r8153_ecm
01-01 00:09:39.414 1 1 I ehci_hcd: USB 2.0 'Enhanced' Host Controller (EHCI) Driver
01-01 00:09:39.414 1 1 I ehci-pci: EHCI PCI platform driver
01-01 00:09:39.414 1 1 I ehci-platform: EHCI generic platform driver
01-01 00:09:39.415 1 1 I usbcore : registered new interface driver cdc_acm
01-01 00:09:39.415 1 1 I cdc_acm : USB Abstract Control Model driver for USB modems and ISDN adapters
01-01 00:09:39.415 1 1 I usbcore : registered new interface driver uas
01-01 00:09:39.415 1 1 I usbcore : registered new interface driver usb-storage
01-01 00:09:39.415 1 1 I usbcore : registered new interface driver xpad
01-01 00:09:39.415 1 1 I usbcore : registered new interface driver uvcvideo
01-01 00:09:39.415 1 1 I gspca_main: v2.14.0 registered
01-01 00:09:39.415 1 1 I device-mapper: uevent: version 1.0.3
01-01 00:09:39.415 1 1 I device-mapper: ioctl: 4.45.0-ioctl (2021-03-22) initialised: dm-devel@redhat.com
01-01 00:09:39.415 1 1 I Bluetooth: HCI UART driver ver 2.3
01-01 00:09:39.415 1 1 I Bluetooth: HCI UART protocol H4 registered
01-01 00:09:39.415 1 1 I Bluetooth: HCI UART protocol LL registered
01-01 00:09:39.415 1 1 I Bluetooth: HCI UART protocol Broadcom registered
01-01 00:09:39.415 1 1 I Bluetooth: HCI UART protocol QCA registered
01-01 00:09:39.417 1 1 I sdhci : Secure Digital Host Controller Interface driver
01-01 00:09:39.417 1 1 I sdhci : Copyright(c) Pierre Ossman
01-01 00:09:39.417 1 1 I sdhci-pltfm: SDHCI platform and OF driver helper
01-01 00:09:39.417 1 1 I hid : raw HID events driver (C) Jiri Kosina
01-01 00:09:39.417 1 1 I usbcore : registered new interface driver usbhid
01-01 00:09:39.417 1 1 I usbhid : USB HID core driver
01-01 00:09:39.417 1 1 I ashmem : initialized
01-01 00:09:39.418 1 1 I gnss : GNSS driver registered with major 509
01-01 00:09:39.418 1 1 I usbcore : registered new interface driver snd-usb-audio
01-01 00:09:39.418 1 1 I : GACT probability NOT on
01-01 00:09:39.418 1 1 I : Mirror/redirect action on
01-01 00:09:39.418 1 1 I netem : version 1.3
01-01 00:09:39.418 1 1 I : u32 classifier
01-01 00:09:39.418 1 1 I : input device check on
01-01 00:09:39.418 1 1 I : Actions configured
01-01 00:09:39.419 1 1 I xt_time : kernel timezone is -0000
01-01 00:09:39.419 1 1 I ipip : IPv4 and MPLS over IPv4 tunneling driver
01-01 00:09:39.419 1 1 I gre : GRE over IPv4 demultiplexor driver
01-01 00:09:39.419 1 1 I ip_gre : GRE over IPv4 tunneling driver
01-01 00:09:39.419 1 1 I : IPv4 over IPsec tunneling driver
01-01 00:09:39.419 1 1 I : Initializing XFRM netlink socket
01-01 00:09:39.419 1 1 I : IPsec XFRM device driver
01-01 00:09:39.419 1 1 I NET : Registered PF_INET6 protocol family
01-01 00:09:39.420 1 1 I : Segment Routing with IPv6
01-01 00:09:39.420 1 1 I : In-situ OAM (IOAM) with IPv6
01-01 00:09:39.420 1 1 I mip6 : Mobile IPv6
01-01 00:09:39.420 1 1 I sit : IPv6, IPv4 and MPLS over IPv4 tunneling driver
01-01 00:09:39.420 1 1 I ip6_gre : GRE over IPv6 tunneling driver
01-01 00:09:39.420 1 1 I NET : Registered PF_PACKET protocol family
01-01 00:09:39.420 1 1 I NET : Registered PF_KEY protocol family
01-01 00:09:39.420 1 1 I can : controller area network core
01-01 00:09:39.420 1 1 I NET : Registered PF_CAN protocol family
01-01 00:09:39.420 1 1 I can : raw protocol
01-01 00:09:39.420 1 1 I can : broadcast manager protocol
01-01 00:09:39.420 1 1 I can : netlink gateway - max_hops=1
01-01 00:09:39.420 1 1 I Bluetooth: RFCOMM TTY layer initialized
01-01 00:09:39.420 1 1 I Bluetooth: RFCOMM socket layer initialized
01-01 00:09:39.420 1 1 I Bluetooth: RFCOMM ver 1.11
01-01 00:09:39.420 1 1 I Bluetooth: HIDP (Human Interface Emulation) ver 1.2
01-01 00:09:39.420 1 1 I Bluetooth: HIDP socket layer initialized
01-01 00:09:39.420 1 1 I l2tp_core: L2TP core driver, V2.0
01-01 00:09:39.420 1 1 I l2tp_ppp: PPPoL2TP kernel driver, V2.0
01-01 00:09:39.420 1 1 I 8021q : 802.1Q VLAN Support v1.8
01-01 00:09:39.420 1 1 I tipc : Activated (version 2.0.0)
01-01 00:09:39.420 1 1 I NET : Registered PF_TIPC protocol family
01-01 00:09:39.420 1 1 I tipc : Started in single node mode
01-01 00:09:39.420 1 1 I 9pnet : Installing 9P2000 support
01-01 00:09:39.420 1 1 I NET : Registered PF_IEEE802154 protocol family
01-01 00:09:39.420 1 1 I NET : Registered PF_VSOCK protocol family
01-01 00:09:39.421 1 1 I : registered taskstats version 1
01-01 00:09:39.421 1 1 I : Loading compiled-in X.509 certificates
01-01 00:09:39.421 119 119 I : cryptomgr_probe (119) used greatest stack depth: 14960 bytes left
01-01 00:09:39.422 1 1 I : Loaded X.509 cert 'Build time autogenerated kernel key: d59e2ac0971b4e80c8c158ee1c7bf1f419312fd7'
01-01 00:09:39.431 1 1 I : page_owner is disabled
01-01 00:09:39.431 1 1 I : Key type .fscrypt registered
01-01 00:09:39.431 1 1 I : Key type fscrypt-provisioning registered
01-01 00:09:39.433 1 1 I : ALSA device list:
01-01 00:09:39.433 1 1 I : No soundcards found.
01-01 00:09:39.458 10 10 I : Freeing initrd memory: 11820K
01-01 00:09:39.458 1 1 E : Warning: unable to open an initial console.
01-01 00:09:39.459 1 1 I : Freeing unused kernel memory: 2496K
01-01 00:09:39.477 1 1 I : Run /init as init process
01-01 00:09:39.477 1 1 D with arguments:
01-01 00:09:39.477 1 1 D : /init
01-01 00:09:39.477 1 1 D with environment:
01-01 00:09:39.477 1 1 D : HOME=/
01-01 00:09:39.477 1 1 D : TERM=linux
01-01 00:09:39.477 1 1 D : buildvariant=userdebug
01-01 00:09:39.478 1 1 I init : init first stage started!
01-01 00:09:39.479 1 1 E init : alias lines in modules.alias must have 3 entries, not 4
01-01 00:09:39.481 127 127 I init : Loading module /lib/modules/qcom_ipcc.ko with args ''
01-01 00:09:39.481 127 127 I qcom_ipcc: module verification failed: signature and/or required key missing - tainting kernel
01-01 00:09:39.481 120 120 I init : Loading module /lib/modules/qcom_cpu_vendor_hooks.ko with args ''
01-01 00:09:39.481 126 126 I init : Loading module /lib/modules/nvmem_qcom-spmi-sdam.ko with args ''
01-01 00:09:39.482 124 124 I init : Loading module /lib/modules/qcom-cpufreq-hw.ko with args ''
01-01 00:09:39.482 122 122 I init : Loading module /lib/modules/qnoc-qos.ko with args ''
01-01 00:09:39.482 123 123 I init : Loading module /lib/modules/cmd-db.ko with args ''
01-01 00:09:39.482 121 121 I init : Loading module /lib/modules/qcom_hwspinlock.ko with args ''
01-01 00:09:39.483 125 125 I init : Loading module /lib/modules/msm_dma_iommu_mapping.ko with args ''
01-01 00:09:39.499 125 125 W qrng_dlkm: loading out-of-tree module taints kernel.
01-01 00:09:39.503 124 124 I qcom-scm: __get_convention: qcom_scm: convention: smc arm 64
01-01 00:09:39.503 124 124 E : qtee shmbridge registered default bridge with size 4194304 bytes
01-01 00:09:39.504 124 124 W : shmbridge is enabled
01-01 00:09:39.504 124 124 E qcom-scm: scm_mem_protection_init_do: SCM call failed -5, resp 0
01-01 00:09:39.504 124 124 E : MEM protection Not enabled, -5
01-01 00:09:39.505 124 124 I : init (124) used greatest stack depth: 12688 bytes left
01-01 00:09:39.505 122 122 I : init (122) used greatest stack depth: 11488 bytes left
01-01 00:09:39.507 121 121 I qcom-llcc-pmu 9095000.llcc-pmu: Registered llcc_pmu, type: 9
01-01 00:09:39.511 142 142 I : v0.15, id=481, ver=2.1, raw_id=342, raw_ver=0,hw_plat=11, hw_plat_ver=65536
01-01 00:09:39.511 142 142 I : accessory_chip=0, hw_plat_subtype=3, pmic_model=65566, pmic_die_revision=196608 foundry_id=1 serial_number=283225160 > num_pmics=5 chip_family=0x5d raw_device_family=0x6 raw_device_number=0x8 nproduct_id=0x412 num_clusters=0x1 ncluster_array_offset=0xb0 num_subset_parts=0xf nsubset_parts_array_offset=0xb4
> 01-01 00:09:39.511 142 142 I : modem_supported=0x0
01-01 00:09:39.515 8 8 I spmi-0 : PMIC arbiter version v5 (0x50010000)
01-01 00:09:39.519 137 137 E : Failed to get pstore node
01-01 00:09:39.521 8 8 D qcom,spmi-sdam c440000.qcom,spmi: qcom,pm8150@0:sdam@b100: GPIO lookup for consumer wp
01-01 00:09:39.521 8 8 D qcom,spmi-sdam c440000.qcom,spmi: qcom,pm8150@0:sdam@b100: using device tree for GPIO lookup
01-01 00:09:39.521 8 8 D of_get_named_gpiod_flags: can't parse 'wp-gpios' property of node '/soc/qcom,spmi@c440000/qcom,pm8150@0/sdam@b100[0]'
01-01 00:09:39.521 8 8 D of_get_named_gpiod_flags: can't parse 'wp-gpio' property of node '/soc/qcom,spmi@c440000/qcom,pm8150@0/sdam@b100[0]'
01-01 00:09:39.521 8 8 D qcom,spmi-sdam c440000.qcom,spmi: qcom,pm8150@0:sdam@b100: using lookup tables for GPIO lookup
01-01 00:09:39.521 8 8 D qcom,spmi-sdam c440000.qcom,spmi: qcom,pm8150@0:sdam@b100: No GPIO consumer wp found
01-01 00:09:39.523 8 8 I qcom,qpnp-power-on c440000.qcom,spmi: qcom,pm8150b@2:qcom,power-on@800: PMIC@SID2 Power-on reason: Triggered from CBL (External Power Supply) and 'cold' boot
01-01 00:09:39.523 8 8 I qcom,qpnp-power-on c440000.qcom,spmi: qcom,pm8150b@2:qcom,power-on@800: PMIC@SID2: Power-off reason: Triggered from SOFT (Software)
01-01 00:09:39.523 8 8 E qcom,qpnp-power-on c440000.qcom,spmi: qcom,pm8150b@2:qcom,power-on@800: IRQ pmic-wd-bark not found
01-01 00:09:39.529 137 137 I Minidump: Enabled with max number of regions 200
01-01 00:09:39.529 8 8 I platform c440000.qcom,spmi: qcom,pm8150b@2:qpnp,fg: Fixing up cyclic dependency with c440000.qcom,spmi:qcom,pm8150b@2:qcom,qpnp-smb5
01-01 00:09:39.532 8 8 I qcom,qpnp-power-on c440000.qcom,spmi: qcom,pm8150l@4:qcom,power-on@800: PMIC@SID4 Power-on reason: Triggered from PON1 (Secondary PMIC) and 'cold' boot
01-01 00:09:39.532 8 8 I qcom,qpnp-power-on c440000.qcom,spmi: qcom,pm8150l@4:qcom,power-on@800: PMIC@SID4: Power-off reason: Triggered from SOFT (Software)
01-01 00:09:39.532 8 8 E qcom,qpnp-power-on c440000.qcom,spmi: qcom,pm8150l@4:qcom,power-on@800: IRQ pmic-wd-bark not found
01-01 00:09:39.537 8 8 E qcom,qpnp-power-on c440000.qcom,spmi: qcom,pm8009@a:qcom,power-on@800: Invalid PON_PERPH_SUBTYPE 0x07
01-01 00:09:39.537 8 8 W qcom,qpnp-power-on: probe of c440000.qcom,spmi:qcom,pm8009@a:qcom,power-on@800 failed with error -22
01-01 00:09:39.539 10 10 I qcom,qpnp-power-on c440000.qcom,spmi: qcom,pm8150@0:qcom,power-on@800: PMIC@SID0 Power-on reason: Triggered from Hard Reset and 'cold' boot
01-01 00:09:39.539 10 10 I qcom,qpnp-power-on c440000.qcom,spmi: qcom,pm8150@0:qcom,power-on@800: PMIC@SID0: Power-off reason: Triggered from PS_HOLD (PS_HOLD/MSM Controlled Shutdown)
01-01 00:09:39.539 10 10 E qcom,qpnp-power-on c440000.qcom,spmi: qcom,pm8150@0:qcom,power-on@800: IRQ pmic-wd-bark not found
01-01 00:09:39.539 141 141 I : init (141) used greatest stack depth: 11456 bytes left
01-01 00:09:39.539 10 10 I input : qpnp_pon as /devices/platform/soc/c440000.qcom,spmi/spmi-0/0-00/c440000.qcom,spmi:qcom,pm8150@0:qcom,power-on@800/input/input0
01-01 00:09:39.540 10 10 I rtc-pm8xxx c440000.qcom,spmi: qcom,pm8150@0:qcom,pm8150_rtc: registered as rtc0
01-01 00:09:39.540 10 10 I rtc-pm8xxx c440000.qcom,spmi: qcom,pm8150@0:qcom,pm8150_rtc: setting system clock to 1970-01-01T00:09:39 UTC (579)
01-01 00:09:39.542 137 137 I : init (137) used greatest stack depth: 11328 bytes left
01-01 00:09:39.545 152 152 I msm_mem_dump soc: mem_dump: assigned reserved memory node mem_dump_region
01-01 00:09:39.545 150 150 I msm-dcc 1023000.dcc_v2: ll-reg-offsets property doesn't exist
01-01 00:09:39.549 148 148 D gpiochip_find_base: found new base at 331
01-01 00:09:39.550 148 148 D gpiochip0: (f000000.pinctrl): added GPIO chardev (254:0)
01-01 00:09:39.550 148 148 D gpiochip0: registered GPIOs 331 to 511 on f000000.pinctrl
01-01 00:09:39.550 148 148 D gpiochip0: (f000000.pinctrl): created GPIO range 0->180 ==> f000000.pinctrl PIN 0->180
01-01 00:09:39.550 150 150 I msm-dcc 1023000.dcc_v2: DCC list passed 3
01-01 00:09:39.550 150 150 I msm-dcc 1023000.dcc_v2: All values written to enable.
01-01 00:09:39.551 150 150 I msm-dcc 1023000.dcc_v2: DCC list passed 6
01-01 00:09:39.551 150 150 I msm-dcc 1023000.dcc_v2: All values written to enable.
01-01 00:09:39.551 150 150 I msm-dcc 1023000.dcc_v2: DCC list passed 7
01-01 00:09:39.552 150 150 I msm-dcc 1023000.dcc_v2: All values written to enable.
01-01 00:09:39.554 152 152 I : MSM Memory Dump apps data table set up
01-01 00:09:39.555 152 152 I : MSM Memory Dump base table set up in IMEM
01-01 00:09:39.555 10 10 D reg-fixed-voltage soc: display_gpio_regulator@1: GPIO lookup for consumer (null)
01-01 00:09:39.555 10 10 D reg-fixed-voltage soc: display_gpio_regulator@1: using device tree for GPIO lookup
01-01 00:09:39.555 10 10 D of_get_named_gpiod_flags: can't parse 'gpios' property of node '/soc/display_gpio_regulator@1[0]'
01-01 00:09:39.555 10 10 D of_get_named_gpiod_flags: parsed 'gpio' property of node '/soc/display_gpio_regulator@1[0]' - status (0)
01-01 00:09:39.555 10 10 D gpiochip0: Persistence not supported for GPIO 61
01-01 00:09:39.556 148 148 I qcom_dma_iommu soc: dma_dev: assigned reserved memory node linux,cma
01-01 00:09:39.556 146 146 I pm8150_s3_level: supplied by pm8150a_s3_level
01-01 00:09:39.557 146 146 I pm8150_s3_level_ao: supplied by pm8150a_s3_level_ao
01-01 00:09:39.557 148 148 I : DMA preallocated 1024 KiB GFP_KERNEL pool for atomic allocations
01-01 00:09:39.558 146 146 I pm8150a_s3_mmcx_sup_level: supplied by pm8150_s3_mmcx_sup_level
01-01 00:09:39.561 151 151 E : Unable to find DT property: qcom,msm-imem-download_mode
01-01 00:09:39.562 151 151 E : Unable to find DT property: qcom,msm-imem-emergency_download_mode
01-01 00:09:39.562 10 10 I gpu_cx_gdsc: supplied by pm8150_s3_level
01-01 00:09:39.574 146 146 I pm8150a_s4_level: supplied by pm8150a_s3_mmcx_sup_level
01-01 00:09:39.575 146 146 I pm8150a_s4_level_ao: supplied by pm8150a_s3_level_ao
01-01 00:09:39.575 146 146 I gpu_gx_gdsc: supplied by pm8150a_s1_level
01-01 00:09:39.588 10 10 I gcc-sm8250 100000.clock-controller: Registered GCC clocks
01-01 00:09:39.589 10 10 I sm8250-gpucc 3d90000.clock-controller: Registered GPU CC clocks
01-01 00:09:39.589 10 10 I mvs0_gdsc: supplied by pm8150a_s4_level
01-01 00:09:39.589 10 10 I mvs0c_gdsc: supplied by pm8150a_s4_level
01-01 00:09:39.589 10 10 I mvs1_gdsc: supplied by pm8150a_s4_level
01-01 00:09:39.589 10 10 I mvs1c_gdsc: supplied by pm8150a_s4_level
01-01 00:09:39.594 10 10 E OF : /soc/clock-controller@ad00000: #clock-cells = 1 found 0
01-01 00:09:39.594 10 10 E OF : /soc/clock-controller@ad00000: #clock-cells = 1 found 0
01-01 00:09:39.594 10 10 E OF : /soc/clock-controller@ad00000: #clock-cells = 1 found 0
01-01 00:09:39.594 10 10 E OF : /soc/clock-controller@ad00000: #clock-cells = 1 found 0
01-01 00:09:39.594 10 10 E OF : /soc/clock-controller@ad00000: #clock-cells = 1 found 0
01-01 00:09:39.594 10 10 I cam_cc-sm8250 ad00000.clock-controller: Registered CAM CC clocks
01-01 00:09:39.594 10 10 I bps_gdsc: supplied by pm8150a_s4_level
01-01 00:09:39.594 10 10 W sm8250-videocc abf0000.clock-controller: supply mmcx not found, using dummy regulator
01-01 00:09:39.595 10 10 W sm8250-videocc abf0000.clock-controller: supply mmcx not found, using dummy regulator
01-01 00:09:39.595 10 10 W sm8250-videocc abf0000.clock-controller: supply mmcx not found, using dummy regulator
01-01 00:09:39.595 10 10 E debugfs : File 'uA_load' in directory '/' already present!
01-01 00:09:39.595 10 10 E debugfs : File 'min_uV' in directory '/' already present!
01-01 00:09:39.595 10 10 E debugfs : File 'max_uV' in directory '/' already present!
01-01 00:09:39.595 10 10 E debugfs : File 'constraint_flags' in directory '/' already present!
01-01 00:09:39.595 10 10 W sm8250-videocc abf0000.clock-controller: supply mmcx not found, using dummy regulator
01-01 00:09:39.595 10 10 E debugfs : File 'uA_load' in directory '/' already present!
01-01 00:09:39.595 10 10 E debugfs : File 'min_uV' in directory '/' already present!
01-01 00:09:39.595 10 10 E debugfs : File 'max_uV' in directory '/' already present!
01-01 00:09:39.595 10 10 E debugfs : File 'constraint_flags' in directory '/' already present!
01-01 00:09:39.595 10 10 E OF : /soc/clock-controller@ad00000: #clock-cells = 1 found 0
01-01 00:09:39.595 10 10 E OF : /soc/clock-controller@ad00000: #clock-cells = 1 found 0
01-01 00:09:39.595 10 10 E OF : /soc/clock-controller@ad00000: #clock-cells = 1 found 0
01-01 00:09:39.595 10 10 E OF : /soc/clock-controller@ad00000: #clock-cells = 1 found 0
01-01 00:09:39.595 10 10 E OF : /soc/clock-controller@ad00000: #clock-cells = 1 found 0
01-01 00:09:39.595 10 10 E OF : /soc/clock-controller@ad00000: #clock-cells = 1 found 0
01-01 00:09:39.595 10 10 E OF : /soc/clock-controller@ad00000: #clock-cells = 1 found 0
01-01 00:09:39.595 10 10 E OF : /soc/clock-controller@ad00000: #clock-cells = 1 found 0
01-01 00:09:39.595 10 10 E OF : /soc/clock-controller@ad00000: #clock-cells = 1 found 0
01-01 00:09:39.595 10 10 E OF : /soc/clock-controller@ad00000: #clock-cells = 1 found 0
01-01 00:09:39.595 10 10 E OF : /soc/clock-controller@ad00000: #clock-cells = 1 found 0
01-01 00:09:39.595 10 10 E OF : /soc/clock-controller@ad00000: #clock-cells = 1 found 0
01-01 00:09:39.595 10 10 E OF : /soc/clock-controller@ad00000: #clock-cells = 1 found 0
01-01 00:09:39.595 10 10 E OF : /soc/clock-controller@abf0000: #clock-cells = 1 found 0
01-01 00:09:39.595 10 10 E OF : /soc/clock-controller@abf0000: #clock-cells = 1 found 0
01-01 00:09:39.595 10 10 E OF : /soc/clock-controller@ad00000: #clock-cells = 1 found 0
01-01 00:09:39.595 10 10 E OF : /soc/clock-controller@abf0000: #clock-cells = 1 found 0
01-01 00:09:39.595 10 10 E OF : /soc/clock-controller@ad00000: #clock-cells = 1 found 0
01-01 00:09:39.595 10 10 E OF : /soc/clock-controller@abf0000: #clock-cells = 1 found 0
01-01 00:09:39.595 10 10 E OF : /soc/clock-controller@ad00000: #clock-cells = 1 found 0
01-01 00:09:39.595 10 10 E OF : /soc/clock-controller@abf0000: #clock-cells = 1 found 0
01-01 00:09:39.595 10 10 E OF : /soc/clock-controller@ad00000: #clock-cells = 1 found 0
