01-01 00:09:46.423 1716 1716 I auditd : type=1400 audit(0.0:362): avc: denied { open } for comm="getprop" path="/dev/__properties__/u:object_r:wifi_config_prop:s0" dev="tmpfs" ino=482 scontext=u:r:shell:s0 tcontext=u:object_r:wifi_config_prop:s0 tclass=file permissive=1
01-01 00:09:46.453 1694 1694 I system_server_start: [1,8380,8380]
01-01 00:09:46.454 1694 1694 I SystemServer: Entered the Android system server!
01-01 00:09:46.454 1694 1694 I boot_progress_system_run: 8385
01-01 00:09:46.547 1694 1694 I SystemServerInitThreadPool: Creating instance with 8 threads
01-01 00:09:46.723 1694 1694 I SystemServer: Reading configuration...
01-01 00:09:46.723 1694 1764 D SystemServerInitThreadPool: Started executing ReadingSystemConfig
01-01 00:09:46.724 1694 1764 I SystemConfig: Reading permissions from /system/etc/sysconfig/preinstalled-packages-platform.xml
01-01 00:09:46.725 1694 1694 D CompatConfig: Found a config file: /system/etc/compatconfig/contacts-provider-platform-compat-config.xml
01-01 00:09:46.726 1694 1764 I SystemConfig: Reading permissions from /system/etc/sysconfig/preinstalled-packages-platform-full-base.xml
01-01 00:09:46.726 1694 1694 D CompatConfig: Found a config file: /system/etc/compatconfig/TeleService-platform-compat-config.xml
01-01 00:09:46.726 1694 1764 I SystemConfig: Reading permissions from /system/etc/sysconfig/framework-sysconfig.xml
01-01 00:09:46.726 1694 1694 D CompatConfig: Adding: com.android.server.compat.config.Change@85f1bd3
01-01 00:09:46.726 1694 1694 D CompatConfig: Adding: com.android.server.compat.config.Change@32b5310
01-01 00:09:46.726 1694 1694 D CompatConfig: Adding: com.android.server.compat.config.Change@b216e09
01-01 00:09:46.726 1694 1694 D CompatConfig: Adding: com.android.server.compat.config.Change@b8c80e
01-01 00:09:46.726 1694 1694 D CompatConfig: Adding: com.android.server.compat.config.Change@475a22f
01-01 00:09:46.726 1694 1694 D CompatConfig: Adding: com.android.server.compat.config.Change@cda903c
01-01 00:09:46.727 1694 1694 D CompatConfig: Found a config file: /system/etc/compatconfig/framework-platform-compat-config.xml
01-01 00:09:46.727 1694 1764 I SystemConfig: Reading permissions from /system/etc/sysconfig/preinstalled-packages-com.android.providers.media.module.xml
01-01 00:09:46.727 1694 1764 I SystemConfig: Reading permissions from /system/etc/sysconfig/qti_whitelist.xml
01-01 00:09:46.728 1694 1764 I SystemConfig: Reading permissions from /system/etc/sysconfig/hiddenapi-package-whitelist.xml
01-01 00:09:46.728 1694 1694 D CompatConfig: Adding: com.android.server.compat.config.Change@bd541
01-01 00:09:46.728 1694 1694 D CompatConfig: Adding: com.android.server.compat.config.Change@149cae6
01-01 00:09:46.728 1694 1694 D CompatConfig: Adding: com.android.server.compat.config.Change@c21a827
01-01 00:09:46.728 1694 1694 D CompatConfig: Adding: com.android.server.compat.config.Change@baaad4
01-01 00:09:46.728 1694 1694 D CompatConfig: Adding: com.android.server.compat.config.Change@37f847d
01-01 00:09:46.728 1694 1694 D CompatConfig: Adding: com.android.server.compat.config.Change@d57af72
01-01 00:09:46.728 1694 1694 D CompatConfig: Adding: com.android.server.compat.config.Change@9f69fc3
01-01 00:09:46.728 1694 1694 D CompatConfig: Adding: com.android.server.compat.config.Change@681a040
01-01 00:09:46.728 1694 1694 D CompatConfig: Adding: com.android.server.compat.config.Change@584eb79
01-01 00:09:46.728 1694 1694 D CompatConfig: Adding: com.android.server.compat.config.Change@1ed50be
01-01 00:09:46.728 1694 1694 D CompatConfig: Adding: com.android.server.compat.config.Change@199751f
01-01 00:09:46.728 1694 1694 D CompatConfig: Adding: com.android.server.compat.config.Change@500806c
01-01 00:09:46.728 1694 1694 D CompatConfig: Adding: com.android.server.compat.config.Change@7dfc635
01-01 00:09:46.728 1694 1694 D CompatConfig: Adding: com.android.server.compat.config.Change@aa9baca
01-01 00:09:46.728 1694 1694 D CompatConfig: Adding: com.android.server.compat.config.Change@36a443b
01-01 00:09:46.728 1694 1694 D CompatConfig: Adding: com.android.server.compat.config.Change@5ab3758
01-01 00:09:46.728 1694 1694 D CompatConfig: Adding: com.android.server.compat.config.Change@ad390b1
01-01 00:09:46.728 1694 1694 D CompatConfig: Adding: com.android.server.compat.config.Change@c10b996
01-01 00:09:46.728 1694 1694 D CompatConfig: Adding: com.android.server.compat.config.Change@baee917
01-01 00:09:46.728 1694 1694 D CompatConfig: Adding: com.android.server.compat.config.Change@3487104
01-01 00:09:46.728 1694 1694 D CompatConfig: Adding: com.android.server.compat.config.Change@55f86ed
01-01 00:09:46.728 1694 1694 D CompatConfig: Adding: com.android.server.compat.config.Change@d16d922
01-01 00:09:46.728 1694 1694 D CompatConfig: Adding: com.android.server.compat.config.Change@b2effb3
01-01 00:09:46.728 1694 1694 D CompatConfig: Adding: com.android.server.compat.config.Change@c5d9970
01-01 00:09:46.728 1694 1694 D CompatConfig: Adding: com.android.server.compat.config.Change@53aa4e9
01-01 00:09:46.728 1694 1694 D CompatConfig: Adding: com.android.server.compat.config.Change@d6d656e
01-01 00:09:46.728 1694 1694 D CompatConfig: Adding: com.android.server.compat.config.Change@5adc9c
01-01 00:09:46.728 1694 1694 D CompatConfig: Adding: com.android.server.compat.config.Change@28fa6a5
01-01 00:09:46.728 1694 1764 I SystemConfig: Reading permissions from /system/etc/permissions/android.software.webview.xml
01-01 00:09:46.728 1694 1694 D CompatConfig: Adding: com.android.server.compat.config.Change@48e6a7a
01-01 00:09:46.728 1694 1694 D CompatConfig: Adding: com.android.server.compat.config.Change@970b22b
01-01 00:09:46.728 1694 1694 D CompatConfig: Adding: com.android.server.compat.config.Change@3872688
01-01 00:09:46.728 1694 1694 D CompatConfig: Adding: com.android.server.compat.config.Change@3790821
01-01 00:09:46.728 1694 1694 D CompatConfig: Adding: com.android.server.compat.config.Change@588b446
01-01 00:09:46.728 1694 1694 D CompatConfig: Adding: com.android.server.compat.config.Change@6464607
01-01 00:09:46.728 1694 1694 D CompatConfig: Adding: com.android.server.compat.config.Change@5ac2334
01-01 00:09:46.728 1694 1694 D CompatConfig: Adding: com.android.server.compat.config.Change@b3d055d
01-01 00:09:46.728 1694 1694 D CompatConfig: Adding: com.android.server.compat.config.Change@38bced2
01-01 00:09:46.728 1694 1694 D CompatConfig: Adding: com.android.server.compat.config.Change@3f73ba3
01-01 00:09:46.728 1694 1694 D CompatConfig: Adding: com.android.server.compat.config.Change@7823ea0
01-01 00:09:46.728 1694 1694 D CompatConfig: Adding: com.android.server.compat.config.Change@1499a59
01-01 00:09:46.728 1694 1694 D CompatConfig: Adding: com.android.server.compat.config.Change@334061e
01-01 00:09:46.728 1694 1694 D CompatConfig: Adding: com.android.server.compat.config.Change@37eeff
01-01 00:09:46.728 1694 1694 D CompatConfig: Adding: com.android.server.compat.config.Change@adca4cc
01-01 00:09:46.728 1694 1694 D CompatConfig: Adding: com.android.server.compat.config.Change@bf08315
01-01 00:09:46.728 1694 1694 D CompatConfig: Adding: com.android.server.compat.config.Change@496662a
01-01 00:09:46.728 1694 1694 D CompatConfig: Adding: com.android.server.compat.config.Change@5a67c1b
01-01 00:09:46.728 1694 1694 D CompatConfig: Adding: com.android.server.compat.config.Change@99541b8
01-01 00:09:46.728 1694 1694 D CompatConfig: Adding: com.android.server.compat.config.Change@ae33b91
01-01 00:09:46.728 1694 1694 D CompatConfig: Adding: com.android.server.compat.config.Change@20cbaf6
01-01 00:09:46.728 1694 1694 D CompatConfig: Adding: com.android.server.compat.config.Change@a6bef7
01-01 00:09:46.728 1694 1694 D CompatConfig: Adding: com.android.server.compat.config.Change@f38c164
01-01 00:09:46.728 1694 1694 D CompatConfig: Adding: com.android.server.compat.config.Change@fc19082
01-01 00:09:46.728 1694 1694 D CompatConfig: Adding: com.android.server.compat.config.Change@5fe5393
01-01 00:09:46.728 1694 1764 I SystemConfig: Reading permissions from /system/etc/permissions/teams-intune-permissions.xml
01-01 00:09:46.728 1694 1694 D CompatConfig: Adding: com.android.server.compat.config.Change@1728fd0
01-01 00:09:46.728 1694 1694 D CompatConfig: Adding: com.android.server.compat.config.Change@78cbc9
01-01 00:09:46.729 1694 1694 D CompatConfig: Adding: com.android.server.compat.config.Change@7fc32ce
01-01 00:09:46.729 1694 1694 D CompatConfig: Adding: com.android.server.compat.config.Change@73095ef
01-01 00:09:46.729 1694 1694 D CompatConfig: Adding: com.android.server.compat.config.Change@338d8fc
01-01 00:09:46.729 1694 1694 D CompatConfig: Adding: com.android.server.compat.config.Change@395b85
01-01 00:09:46.729 1694 1694 D CompatConfig: Adding: com.android.server.compat.config.Change@2cadda
01-01 00:09:46.729 1694 1694 D CompatConfig: Adding: com.android.server.compat.config.Change@9aa20b
01-01 00:09:46.729 1694 1694 D CompatConfig: Adding: com.android.server.compat.config.Change@eb888e8
01-01 00:09:46.729 1694 1694 D CompatConfig: Adding: com.android.server.compat.config.Change@9b92b01
01-01 00:09:46.729 1694 1694 D CompatConfig: Adding: com.android.server.compat.config.Change@2b7cda6
01-01 00:09:46.729 1694 1694 D CompatConfig: Adding: com.android.server.compat.config.Change@d4f53e7
01-01 00:09:46.729 1694 1694 D CompatConfig: Adding: com.android.server.compat.config.Change@2014b94
01-01 00:09:46.729 1694 1694 D CompatConfig: Adding: com.android.server.compat.config.Change@80c763d
01-01 00:09:46.729 1694 1694 D CompatConfig: Adding: com.android.server.compat.config.Change@9831e32
01-01 00:09:46.729 1694 1694 D CompatConfig: Adding: com.android.server.compat.config.Change@cb34783
01-01 00:09:46.729 1694 1694 D CompatConfig: Adding: com.android.server.compat.config.Change@a718d00
01-01 00:09:46.729 1694 1694 D CompatConfig: Adding: com.android.server.compat.config.Change@94f3939
01-01 00:09:46.729 1694 1694 D CompatConfig: Adding: com.android.server.compat.config.Change@540eb7e
01-01 00:09:46.729 1694 1694 D CompatConfig: Adding: com.android.server.compat.config.Change@5d8d8df
01-01 00:09:46.729 1694 1694 D CompatConfig: Adding: com.android.server.compat.config.Change@ae2792c
01-01 00:09:46.729 1694 1694 D CompatConfig: Adding: com.android.server.compat.config.Change@7612ff5
01-01 00:09:46.729 1694 1694 D CompatConfig: Adding: com.android.server.compat.config.Change@d7c418a
01-01 00:09:46.729 1694 1694 D CompatConfig: Adding: com.android.server.compat.config.Change@49c23fb
01-01 00:09:46.729 1694 1694 D CompatConfig: Adding: com.android.server.compat.config.Change@893fc18
01-01 00:09:46.729 1694 1694 D CompatConfig: Adding: com.android.server.compat.config.Change@61d671
01-01 00:09:46.729 1694 1694 D CompatConfig: Adding: com.android.server.compat.config.Change@564ec56
01-01 00:09:46.729 1694 1694 D CompatConfig: Adding: com.android.server.compat.config.Change@c7f04d7
01-01 00:09:46.729 1694 1694 D CompatConfig: Adding: com.android.server.compat.config.Change@ad8c1c4
01-01 00:09:46.729 1694 1694 D CompatConfig: Adding: com.android.server.compat.config.Change@aec68ad
01-01 00:09:46.729 1694 1694 D CompatConfig: Adding: com.android.server.compat.config.Change@15b77e2
01-01 00:09:46.729 1694 1694 D CompatConfig: Adding: com.android.server.compat.config.Change@d451773
01-01 00:09:46.729 1694 1694 D CompatConfig: Adding: com.android.server.compat.config.Change@9823630
01-01 00:09:46.729 1694 1694 D CompatConfig: Adding: com.android.server.compat.config.Change@213e2a9
01-01 00:09:46.729 1694 1694 D CompatConfig: Adding: com.android.server.compat.config.Change@93d302e
01-01 00:09:46.729 1694 1694 D CompatConfig: Adding: com.android.server.compat.config.Change@54fb7cf
01-01 00:09:46.729 1694 1694 D CompatConfig: Adding: com.android.server.compat.config.Change@60c855c
01-01 00:09:46.729 1694 1694 D CompatConfig: Adding: com.android.server.compat.config.Change@51f0065
01-01 00:09:46.729 1694 1694 D CompatConfig: Adding: com.android.server.compat.config.Change@370213a
01-01 00:09:46.729 1694 1694 D CompatConfig: Adding: com.android.server.compat.config.Change@dba01eb
01-01 00:09:46.729 1694 1694 D CompatConfig: Adding: com.android.server.compat.config.Change@b8a9b48
01-01 00:09:46.729 1694 1694 D CompatConfig: Adding: com.android.server.compat.config.Change@7043de1
01-01 00:09:46.729 1694 1694 D CompatConfig: Adding: com.android.server.compat.config.Change@4af1706
01-01 00:09:46.729 1694 1694 D CompatConfig: Adding: com.android.server.compat.config.Change@c34d1c7
01-01 00:09:46.729 1694 1694 D CompatConfig: Adding: com.android.server.compat.config.Change@15223f4
01-01 00:09:46.729 1694 1694 D CompatConfig: Adding: com.android.server.compat.config.Change@9a5d71d
01-01 00:09:46.729 1694 1694 D CompatConfig: Adding: com.android.server.compat.config.Change@6a2c363
01-01 00:09:46.729 1694 1764 I SystemConfig: Reading permissions from /system/etc/permissions/ucpr-permissions.xml
01-01 00:09:46.729 1694 1694 D CompatConfig: Found a config file: /system/etc/compatconfig/icu4j-platform-compat-config.xml
01-01 00:09:46.729 1694 1764 I SystemConfig: Reading permissions from /system/etc/permissions/com.android.location.provider.xml
01-01 00:09:46.730 1694 1694 D CompatConfig: Adding: com.android.server.compat.config.Change@6ec00de
01-01 00:09:46.730 1694 1694 D CompatConfig: Found a config file: /system/etc/compatconfig/services-platform-compat-config.xml
01-01 00:09:46.730 1694 1764 I SystemConfig: Reading permissions from /system/etc/permissions/android.test.mock.xml
01-01 00:09:46.730 1694 1764 I SystemConfig: Reading permissions from /system/etc/permissions/org.apache.http.legacy.xml
01-01 00:09:46.731 1694 1694 D CompatConfig: Adding: com.android.server.compat.config.Change@9c33bdb
01-01 00:09:46.731 1694 1764 I SystemConfig: Reading permissions from /system/etc/permissions/privapp-permissions-platform.xml
01-01 00:09:46.731 1694 1694 D CompatConfig: Adding: com.android.server.compat.config.Change@abf6678
01-01 00:09:46.731 1694 1694 D CompatConfig: Adding: com.android.server.compat.config.Change@d876151
01-01 00:09:46.731 1694 1694 D CompatConfig: Adding: com.android.server.compat.config.Change@7f14db6
01-01 00:09:46.731 1694 1694 D CompatConfig: Adding: com.android.server.compat.config.Change@82fbab7
01-01 00:09:46.731 1694 1694 D CompatConfig: Adding: com.android.server.compat.config.Change@7c07224
01-01 00:09:46.731 1694 1694 D CompatConfig: Adding: com.android.server.compat.config.Change@b8fc18d
01-01 00:09:46.731 1694 1694 D CompatConfig: Adding: com.android.server.compat.config.Change@93c8f42
01-01 00:09:46.731 1694 1694 D CompatConfig: Adding: com.android.server.compat.config.Change@17b4b53
01-01 00:09:46.731 1694 1694 D CompatConfig: Adding: com.android.server.compat.config.Change@7a48c90
01-01 00:09:46.731 1694 1694 D CompatConfig: Adding: com.android.server.compat.config.Change@b43e989
01-01 00:09:46.731 1694 1694 D CompatConfig: Adding: com.android.server.compat.config.Change@6085d8e
01-01 00:09:46.731 1694 1694 D CompatConfig: Adding: com.android.server.compat.config.Change@7e549af
01-01 00:09:46.731 1694 1694 D CompatConfig: Adding: com.android.server.compat.config.Change@56de1bc
01-01 00:09:46.731 1694 1694 D CompatConfig: Adding: com.android.server.compat.config.Change@df89545
01-01 00:09:46.731 1694 1694 D CompatConfig: Adding: com.android.server.compat.config.Change@8b0c49a
01-01 00:09:46.731 1694 1694 D CompatConfig: Adding: com.android.server.compat.config.Change@846d1cb
01-01 00:09:46.731 1694 1694 D CompatConfig: Adding: com.android.server.compat.config.Change@8155da8
01-01 00:09:46.731 1694 1694 D CompatConfig: Adding: com.android.server.compat.config.Change@b9240c1
01-01 00:09:46.731 1694 1694 D CompatConfig: Adding: com.android.server.compat.config.Change@3469066
01-01 00:09:46.731 1694 1694 D CompatConfig: Adding: com.android.server.compat.config.Change@9eebfa7
01-01 00:09:46.731 1694 1694 D CompatConfig: Adding: com.android.server.compat.config.Change@b36ac54
01-01 00:09:46.731 1694 1694 D CompatConfig: Adding: com.android.server.compat.config.Change@bc127fd
01-01 00:09:46.731 1694 1694 D CompatConfig: Adding: com.android.server.compat.config.Change@61b4cf2
01-01 00:09:46.731 1694 1694 D CompatConfig: Adding: com.android.server.compat.config.Change@3daf43
01-01 00:09:46.731 1694 1694 D CompatConfig: Adding: com.android.server.compat.config.Change@67c39c0
01-01 00:09:46.731 1694 1694 D CompatConfig: Adding: com.android.server.compat.config.Change@6fd46f9
01-01 00:09:46.731 1694 1694 D CompatConfig: Adding: com.android.server.compat.config.Change@30d463e
01-01 00:09:46.731 1694 1694 D CompatConfig: Adding: com.android.server.compat.config.Change@a01fc9f
01-01 00:09:46.731 1694 1694 D CompatConfig: Adding: com.android.server.compat.config.Change@fcb31ec
01-01 00:09:46.731 1694 1694 D CompatConfig: Adding: com.android.server.compat.config.Change@b4259b5
01-01 00:09:46.731 1694 1694 D CompatConfig: Adding: com.android.server.compat.config.Change@993884a
01-01 00:09:46.731 1694 1694 D CompatConfig: Adding: com.android.server.compat.config.Change@a93c3bb
01-01 00:09:46.731 1694 1694 D CompatConfig: Adding: com.android.server.compat.config.Change@42f80d8
01-01 00:09:46.731 1694 1694 D CompatConfig: Adding: com.android.server.compat.config.Change@8bdc31
01-01 00:09:46.731 1694 1694 D CompatConfig: Adding: com.android.server.compat.config.Change@789df16
01-01 00:09:46.731 1694 1694 D CompatConfig: Adding: com.android.server.compat.config.Change@8b0e097
01-01 00:09:46.731 1694 1694 D CompatConfig: Adding: com.android.server.compat.config.Change@387d284
01-01 00:09:46.731 1694 1694 D CompatConfig: Adding: com.android.server.compat.config.Change@9110a6d
01-01 00:09:46.731 1694 1694 D CompatConfig: Adding: com.android.server.compat.config.Change@abcd6a2
01-01 00:09:46.731 1694 1694 D CompatConfig: Adding: com.android.server.compat.config.Change@f18ef33
01-01 00:09:46.731 1694 1694 D CompatConfig: Adding: com.android.server.compat.config.Change@af192f0
01-01 00:09:46.731 1694 1694 D CompatConfig: Adding: com.android.server.compat.config.Change@940e069
01-01 00:09:46.731 1694 1694 D CompatConfig: Adding: com.android.server.compat.config.Change@f35baee
01-01 00:09:46.731 1694 1694 D CompatConfig: Adding: com.android.server.compat.config.Change@ae94b8f
01-01 00:09:46.731 1694 1694 D CompatConfig: Adding: com.android.server.compat.config.Change@9f4ee1c
01-01 00:09:46.731 1694 1694 D CompatConfig: Adding: com.android.server.compat.config.Change@37e1a25
01-01 00:09:46.731 1694 1694 D CompatConfig: Adding: com.android.server.compat.config.Change@64697fa
01-01 00:09:46.731 1694 1694 D CompatConfig: Adding: com.android.server.compat.config.Change@3b911ab
01-01 00:09:46.731 1694 1694 D CompatConfig: Adding: com.android.server.compat.config.Change@e70d008
01-01 00:09:46.731 1694 1694 D CompatConfig: Adding: com.android.server.compat.config.Change@39b33a1
01-01 00:09:46.731 1694 1694 D CompatConfig: Adding: com.android.server.compat.config.Change@25639c6
01-01 00:09:46.731 1694 1694 D CompatConfig: Adding: com.android.server.compat.config.Change@9751d87
01-01 00:09:46.731 1694 1694 D CompatConfig: Adding: com.android.server.compat.config.Change@346e4b4
01-01 00:09:46.731 1694 1694 D CompatConfig: Adding: com.android.server.compat.config.Change@61668dd
01-01 00:09:46.731 1694 1694 D CompatConfig: Adding: com.android.server.compat.config.Change@36c2c52
01-01 00:09:46.731 1694 1694 D CompatConfig: Adding: com.android.server.compat.config.Change@3fc0b23
01-01 00:09:46.731 1694 1694 D CompatConfig: Adding: com.android.server.compat.config.Change@dc79820
01-01 00:09:46.731 1694 1694 D CompatConfig: Adding: com.android.server.compat.config.Change@715b5d9
01-01 00:09:46.731 1694 1694 D CompatConfig: Adding: com.android.server.compat.config.Change@7cbb9e
01-01 00:09:46.731 1694 1694 D CompatConfig: Adding: com.android.server.compat.config.Change@7a367f
01-01 00:09:46.731 1694 1694 D CompatConfig: Adding: com.android.server.compat.config.Change@5de164c
01-01 00:09:46.731 1694 1694 D CompatConfig: Adding: com.android.server.compat.config.Change@522d695
01-01 00:09:46.731 1694 1694 D CompatConfig: Adding: com.android.server.compat.config.Change@974f3aa
01-01 00:09:46.731 1694 1694 D CompatConfig: Adding: com.android.server.compat.config.Change@885bb9b
01-01 00:09:46.731 1694 1694 D CompatConfig: Adding: com.android.server.compat.config.Change@4fc4b38
01-01 00:09:46.732 1694 1694 D CompatConfig: Found a config file: /system/etc/compatconfig/calendar-provider-compat-config.xml
01-01 00:09:46.732 1694 1694 D CompatConfig: Adding: com.android.server.compat.config.Change@e06a076
01-01 00:09:46.732 1694 1694 D CompatConfig: Found a config file: /system/etc/compatconfig/documents-ui-compat-config.xml
01-01 00:09:46.733 1694 1694 D CompatConfig: Adding: com.android.server.compat.config.Change@7c6e2e4
01-01 00:09:46.733 1694 1764 I SystemConfig: Reading permissions from /system/etc/permissions/zdm-client-permissions.xml
01-01 00:09:46.733 1694 1694 D CompatConfig: Found a config file: /system/system_ext/etc/compatconfig/settings-platform-compat-config.xml
01-01 00:09:46.733 1694 1764 I SystemConfig: Reading permissions from /system/etc/permissions/hd-conv-updater-permissions.xml
01-01 00:09:46.733 1694 1694 D CompatConfig: Adding: com.android.server.compat.config.Change@e814950
01-01 00:09:46.734 1694 1764 I SystemConfig: Reading permissions from /system/etc/permissions/privapp_allowlist_com.android.providers.media.module.xml
01-01 00:09:46.734 1694 1764 I SystemConfig: Reading permissions from /system/etc/permissions/android.software.live_wallpaper.xml
01-01 00:09:46.734 1694 1764 I SystemConfig: Reading permissions from /system/etc/permissions/android.test.runner.xml
01-01 00:09:46.735 1694 1694 D CompatConfig: No directory /apex/com.android.vndk.v32/etc/compatconfig, skipping
01-01 00:09:46.735 1694 1764 I SystemConfig: Reading permissions from /system/etc/permissions/android.software.managed_users.xml
01-01 00:09:46.735 1694 1694 D CompatConfig: No directory /apex/com.android.vndk.v31/etc/compatconfig, skipping
01-01 00:09:46.735 1694 1694 D CompatConfig: No directory /apex/com.android.vndk.v30/etc/compatconfig, skipping
01-01 00:09:46.735 1694 1764 I SystemConfig: Reading permissions from /system/etc/permissions/privapp-permissions-qti.xml
01-01 00:09:46.735 1694 1694 D CompatConfig: Found a config file: /apex/com.android.wifi/etc/compatconfig/wifi-compat-config.xml
01-01 00:09:46.735 1694 1694 D CompatConfig: Adding: com.android.server.compat.config.Change@f88c18b
01-01 00:09:46.735 1694 1694 D CompatConfig: Adding: com.android.server.compat.config.Change@4b4f268
01-01 00:09:46.736 1694 1694 D CompatConfig: No directory /apex/com.android.vndk.v33/etc/compatconfig, skipping
01-01 00:09:46.736 1694 1764 I SystemConfig: Reading permissions from /system/etc/permissions/com.android.mediadrm.signer.xml
01-01 00:09:46.736 1694 1694 D CompatConfig: No directory /apex/com.android.uwb/etc/compatconfig, skipping
01-01 00:09:46.736 1694 1694 D CompatConfig: No directory /apex/com.android.tzdata/etc/compatconfig, skipping
01-01 00:09:46.736 1694 1764 I SystemConfig: Reading permissions from /system/etc/permissions/teams-rooms-permissions.xml
01-01 00:09:46.736 1694 1694 D CompatConfig: Found a config file: /apex/com.android.tethering/etc/compatconfig/connectivity-platform-compat-config.xml
01-01 00:09:46.736 1694 1764 I SystemConfig: Reading permissions from /system/etc/permissions/android.test.base.xml
01-01 00:09:46.737 1694 1694 D CompatConfig: Adding: com.android.server.compat.config.Change@c5d99bd
01-01 00:09:46.737 1694 1764 I SystemConfig: Reading permissions from /system/etc/permissions/com.android.future.usb.accessory.xml
01-01 00:09:46.737 1694 1694 D CompatConfig: No directory /apex/com.android.sdkext/etc/compatconfig, skipping
01-01 00:09:46.737 1694 1694 D CompatConfig: No directory /apex/com.android.scheduling/etc/compatconfig, skipping
01-01 00:09:46.737 1694 1694 D CompatConfig: No directory /apex/com.android.runtime/etc/compatconfig, skipping
01-01 00:09:46.737 1694 1764 I SystemConfig: Reading permissions from /system/etc/permissions/com.android.intentresolver.xml
01-01 00:09:46.737 1694 1694 D CompatConfig: No directory /apex/com.android.resolv/etc/compatconfig, skipping
01-01 00:09:46.737 1694 1694 D CompatConfig: No directory /apex/com.android.permission/etc/compatconfig, skipping
01-01 00:09:46.737 1694 1694 D CompatConfig: No directory /apex/com.android.os.statsd/etc/compatconfig, skipping
01-01 00:09:46.738 1694 1694 D CompatConfig: No directory /apex/com.android.ondevicepersonalization/etc/compatconfig, skipping
01-01 00:09:46.738 1694 1764 I SystemConfig: Reading permissions from /system/etc/permissions/HomeService-power-permissions.xml
01-01 00:09:46.738 1694 1694 D CompatConfig: No directory /apex/com.android.neuralnetworks/etc/compatconfig, skipping
01-01 00:09:46.738 1694 1764 I SystemConfig: Reading permissions from /system/etc/permissions/privapp_allowlist_com.android.adservices.api.xml
01-01 00:09:46.738 1694 1694 D CompatConfig: Found a config file: /apex/com.android.mediaprovider/etc/compatconfig/media-provider-platform-compat-config.xml
01-01 00:09:46.738 1694 1764 I SystemConfig: Reading permissions from /system/etc/permissions/com.android.media.remotedisplay.xml
01-01 00:09:46.738 1694 1694 D CompatConfig: Adding: com.android.server.compat.config.Change@87aaaac
01-01 00:09:46.738 1694 1694 D CompatConfig: Adding: com.android.server.compat.config.Change@9434375
01-01 00:09:46.738 1694 1694 D CompatConfig: Adding: com.android.server.compat.config.Change@1af8f0a
01-01 00:09:46.738 1694 1694 D CompatConfig: Adding: com.android.server.compat.config.Change@111237b
01-01 00:09:46.738 1694 1694 D CompatConfig: Adding: com.android.server.compat.config.Change@93dc598
01-01 00:09:46.738 1694 1694 D CompatConfig: Adding: com.android.server.compat.config.Change@d11a1f1
01-01 00:09:46.738 1694 1694 D CompatConfig: Adding: com.android.server.compat.config.Change@13f91d6
01-01 00:09:46.739 1694 1764 I SystemConfig: Reading permissions from /system/etc/permissions/com.android.nfc_extras.xml
01-01 00:09:46.739 1694 1694 D CompatConfig: No directory /apex/com.android.media.swcodec/etc/compatconfig, skipping
01-01 00:09:46.739 1694 1694 D CompatConfig: No directory /apex/com.android.media/etc/compatconfig, skipping
01-01 00:09:46.739 1694 1694 D CompatConfig: No directory /apex/com.android.ipsec/etc/compatconfig, skipping
01-01 00:09:46.739 1694 1694 D CompatConfig: No directory /apex/com.android.i18n/etc/compatconfig, skipping
01-01 00:09:46.739 1694 1764 I SystemConfig: Reading permissions from /system/etc/permissions/setup-wizard-permissions.xml
01-01 00:09:46.739 1694 1694 D CompatConfig: No directory /apex/com.android.extservices/etc/compatconfig, skipping
01-01 00:09:46.739 1694 1694 D CompatConfig: No directory /apex/com.android.conscrypt/etc/compatconfig, skipping
01-01 00:09:46.739 1694 1694 D CompatConfig: Found a config file: /apex/com.android.art/etc/compatconfig/libcore-platform-compat-config.xml
01-01 00:09:46.739 1694 1764 I SystemConfig: Reading permissions from /system/etc/permissions/javax.obex.xml
01-01 00:09:46.740 1694 1694 D CompatConfig: Adding: com.android.server.compat.config.Change@46a86f3
01-01 00:09:46.740 1694 1694 D CompatConfig: Adding: com.android.server.compat.config.Change@96bafb0
01-01 00:09:46.740 1694 1694 D CompatConfig: Adding: com.android.server.compat.config.Change@4819e29
01-01 00:09:46.740 1694 1694 D CompatConfig: Adding: com.android.server.compat.config.Change@61705ae
01-01 00:09:46.740 1694 1694 D CompatConfig: Adding: com.android.server.compat.config.Change@e1c9f4f
01-01 00:09:46.740 1694 1694 D CompatConfig: Adding: com.android.server.compat.config.Change@d416dc
01-01 00:09:46.740 1694 1764 I SystemConfig: Reading permissions from /system/etc/permissions/com.android.networkstack.xml
01-01 00:09:46.740 1694 1694 D CompatConfig: No directory /apex/com.android.appsearch/etc/compatconfig, skipping
01-01 00:09:46.740 1694 1694 D CompatConfig: No directory /apex/com.android.adservices/etc/compatconfig, skipping
01-01 00:09:46.740 1694 1694 D CompatConfig: No directory /apex/com.android.adbd/etc/compatconfig, skipping
01-01 00:09:46.740 1694 1764 I SystemConfig: Reading permissions from /system/etc/permissions/splash-power-permissions.xml
01-01 00:09:46.740 1694 1764 I SystemConfig: Reading permissions from /system/etc/permissions/huddly-iq-upgrader-permissions.xml
01-01 00:09:46.741 1694 1764 I SystemConfig: Reading permissions from /system/etc/permissions/uimremoteserver.xml
01-01 00:09:46.741 1694 1694 I SystemServiceManager: Starting com.android.server.security.FileIntegrityService
01-01 00:09:46.741 1694 1764 I SystemConfig: Ignore shared library com.qualcomm.uimremoteserverlibrary: /product/framework/uimremoteserverlibrary.jar does not exist
01-01 00:09:46.741 1694 1764 I SystemConfig: Reading permissions from /system/etc/permissions/teams-authenticator-permissions.xml
01-01 00:09:46.742 1694 1764 I SystemConfig: Reading permissions from /system/etc/permissions/KeyboardLanguageService-permissions.xml
01-01 00:09:46.742 1694 1764 I SystemConfig: Reading permissions from /system/etc/permissions/uimremoteclient.xml
01-01 00:09:46.743 1694 1764 I SystemConfig: Ignore shared library com.qualcomm.uimremoteclientlibrary: /product/framework/uimremoteclientlibrary.jar does not exist
01-01 00:09:46.743 1694 1694 I SystemServiceManager: Starting com.android.server.pm.Installer
01-01 00:09:46.743 1694 1764 I SystemConfig: Reading permissions from /system/etc/permissions/platform.xml
01-01 00:09:46.744 1694 1694 I SystemServiceManager: Starting com.android.server.os.DeviceIdentifiersPolicyService
01-01 00:09:46.744 1694 1694 I SystemServiceManager: Starting com.android.server.uri.UriGrantsManagerService$Lifecycle
01-01 00:09:46.744 1694 1764 I SystemConfig: Reading permissions from /vendor/etc/permissions/android.hardware.camera.front.xml
01-01 00:09:46.745 1694 1694 I SystemServiceManager: Starting com.android.server.powerstats.PowerStatsService
01-01 00:09:46.745 1694 1764 I SystemConfig: Reading permissions from /vendor/etc/permissions/android.hardware.wifi.direct.xml
01-01 00:09:46.745 1694 1764 I SystemConfig: Reading permissions from /vendor/etc/permissions/android.hardware.hdmi.cec.xml
01-01 00:09:46.746 1694 1764 I SystemConfig: Reading permissions from /vendor/etc/permissions/android.hardware.sensor.stepdetector.xml
01-01 00:09:46.746 1694 1764 I SystemConfig: Reading permissions from /vendor/etc/permissions/zoom-rooms-permissions.xml
01-01 00:09:46.746 1694 1764 I SystemConfig: Reading permissions from /vendor/etc/permissions/android.hardware.vulkan.level-1.xml
01-01 00:09:46.747 1694 1764 I SystemConfig: Reading permissions from /vendor/etc/permissions/android.hardware.sensor.relative_humidity.xml
01-01 00:09:46.747 1694 1764 I SystemConfig: Reading permissions from /vendor/etc/permissions/android.hardware.sensor.proximity.xml
01-01 00:09:46.747 1694 1764 I SystemConfig: Reading permissions from /vendor/etc/permissions/handheld_core_hardware.xml
01-01 00:09:46.748 1694 1764 I SystemConfig: Reading permissions from /vendor/etc/permissions/android.hardware.sensor.light.xml
01-01 00:09:46.748 1694 1764 I SystemConfig: Reading permissions from /vendor/etc/permissions/android.hardware.vulkan.compute-0.xml
01-01 00:09:46.749 1694 1764 I SystemConfig: Reading permissions from /vendor/etc/permissions/HomeService-permissions.xml
01-01 00:09:46.749 1694 1694 I SystemServiceManager: Starting com.android.server.wm.ActivityTaskManagerService$Lifecycle
01-01 00:09:46.749 1694 1764 I SystemConfig: Reading permissions from /vendor/etc/permissions/vendor-qti-hardware-sensorscalibrate.xml
01-01 00:09:46.749 1694 1764 I SystemConfig: Ignore shared library vendor.qti.hardware.sensorscalibrate-V1.0: /system/framework/vendor.qti.hardware.sensorscalibrate-V1.0-java.jar does not exist
01-01 00:09:46.750 1694 1764 I SystemConfig: Reading permissions from /vendor/etc/permissions/android.hardware.camera.concurrent.xml
01-01 00:09:46.750 1694 1694 E ActivityTaskManager: @@@ GL_ES_VERSION = 196610 0
01-01 00:09:46.750 1694 1764 I SystemConfig: Reading permissions from /vendor/etc/permissions/android.hardware.sensor.stepcounter.xml
01-01 00:09:46.750 1694 1764 I SystemConfig: Reading permissions from /vendor/etc/permissions/android.hardware.light.xml
01-01 00:09:46.750 1694 1764 I SystemConfig: Ignore shared library android.hardware.light-V2.0: /system/framework/android.hardware.light-V2.0-java.jar does not exist
01-01 00:09:46.751 1694 1694 I SystemServiceManager: Starting com.android.server.am.ActivityManagerService$Lifecycle
01-01 00:09:46.751 1694 1764 I SystemConfig: Reading permissions from /vendor/etc/permissions/android.hardware.touchscreen.multitouch.jazzhand.xml
01-01 00:09:46.751 1694 1764 I SystemConfig: Reading permissions from /vendor/etc/permissions/android.software.device_id_attestation.xml
01-01 00:09:46.752 1694 1764 I SystemConfig: Reading permissions from /vendor/etc/permissions/android.software.vulkan.deqp.level.xml
01-01 00:09:46.752 1694 1764 I SystemConfig: Reading permissions from /vendor/etc/permissions/vendor.qti.hardware.factory.xml
01-01 00:09:46.752 1694 1764 I SystemConfig: Ignore shared library vendor.qti.hardware.factory-V1.0: /system/framework/vendor.qti.hardware.factory-V1.0-java.jar does not exist
01-01 00:09:46.752 1694 1764 I SystemConfig: Ignore shared library vendor.qti.hardware.factory-V1.1: /system/framework/vendor.qti.hardware.factory-V1.1-java.jar does not exist
01-01 00:09:46.753 1694 1764 I SystemConfig: Reading permissions from /vendor/etc/permissions/android.hardware.identity_credential.xml
01-01 00:09:46.753 1694 1764 I SystemConfig: Reading permissions from /vendor/etc/permissions/android.hardware.sensor.hifi_sensors.xml
01-01 00:09:46.753 1694 1694 I ActivityManager: Memory class: 256
01-01 00:09:46.753 1694 1764 I SystemConfig: Reading permissions from /vendor/etc/permissions/teams-settings-permissions.xml
01-01 00:09:46.754 1694 1764 I SystemConfig: Reading permissions from /vendor/etc/permissions/android.hardware.sensor.compass.xml
01-01 00:09:46.754 1694 1764 I SystemConfig: Reading permissions from /vendor/etc/permissions/android.hardware.audio.low_latency.xml
01-01 00:09:46.754 1694 1769 I Binder : Setting heavy hitter watcher config: false, 0, 0.0
01-01 00:09:46.755 1694 1764 I SystemConfig: Reading permissions from /vendor/etc/permissions/android.hardware.wifi.rtt.xml
01-01 00:09:46.755 1694 1764 I SystemConfig: Reading permissions from /vendor/etc/permissions/android.hardware.wifi.passpoint.xml
01-01 00:09:46.755 1694 1764 I SystemConfig: Reading permissions from /vendor/etc/permissions/android.hardware.vulkan.version-1_1.xml
01-01 00:09:46.755 1694 1764 I SystemConfig: Reading permissions from /vendor/etc/permissions/android.hardware.camera.full.xml
01-01 00:09:46.756 1694 1764 I SystemConfig: Reading permissions from /vendor/etc/permissions/android.software.midi.xml
01-01 00:09:46.756 1694 1764 I SystemConfig: Reading permissions from /vendor/etc/permissions/android.hardware.camera.flash-autofocus.xml
01-01 00:09:46.756 1694 1764 I SystemConfig: Reading permissions from /vendor/etc/permissions/android.hardware.sensor.accelerometer.xml
01-01 00:09:46.757 1694 1764 I SystemConfig: Reading permissions from /vendor/etc/permissions/android.hardware.sensor.barometer.xml
01-01 00:09:46.757 1694 1764 I SystemConfig: Reading permissions from /vendor/etc/permissions/android.software.verified_boot.xml
01-01 00:09:46.757 1694 1764 I SystemConfig: Reading permissions from /vendor/etc/permissions/android.hardware.sensor.gyroscope.xml
01-01 00:09:46.758 1694 1764 I SystemConfig: Reading permissions from /vendor/etc/permissions/crestron-connector-permissions.xml
01-01 00:09:46.758 1694 1764 I SystemConfig: Reading permissions from /vendor/etc/permissions/android.hardware.bluetooth.xml
01-01 00:09:46.758 1694 1764 I SystemConfig: Reading permissions from /vendor/etc/permissions/android.hardware.keystore.app_attest_key.xml
01-01 00:09:46.759 1694 1764 I SystemConfig: Reading permissions from /vendor/etc/permissions/android.software.sip.voip.xml
01-01 00:09:46.759 1694 1764 I SystemConfig: Reading permissions from /vendor/etc/permissions/splash-permissions.xml
01-01 00:09:46.759 1694 1764 I SystemConfig: Reading permissions from /vendor/etc/permissions/android.hardware.location.gps.xml
01-01 00:09:46.760 1694 1764 I SystemConfig: Reading permissions from /vendor/etc/permissions/android.hardware.camera.raw.xml
01-01 00:09:46.760 1694 1764 I SystemConfig: Reading permissions from /vendor/etc/permissions/android.hardware.usb.accessory.xml
01-01 00:09:46.760 1694 1764 I SystemConfig: Reading permissions from /vendor/etc/permissions/teams-lldpinfo-permissions.xml
01-01 00:09:46.760 1694 1764 I SystemConfig: Reading permissions from /vendor/etc/permissions/android.software.opengles.deqp.level.xml
01-01 00:09:46.761 1694 1764 I SystemConfig: Reading permissions from /vendor/etc/permissions/VendorModuleService-permissions.xml
01-01 00:09:46.761 1694 1764 I SystemConfig: Reading permissions from /vendor/etc/permissions/byod-display-permissions.xml
01-01 00:09:46.761 1694 1764 I SystemConfig: Reading permissions from /vendor/etc/permissions/android.hardware.opengles.aep.xml
01-01 00:09:46.762 1694 1764 I SystemConfig: Reading permissions from /vendor/etc/permissions/android.hardware.bluetooth_le.xml
01-01 00:09:46.762 1694 1764 I SystemConfig: Reading permissions from /vendor/etc/permissions/android.hardware.wifi.aware.xml
01-01 00:09:46.762 1694 1764 I SystemConfig: Reading permissions from /vendor/etc/permissions/partner-agent-permissions.xml
01-01 00:09:46.763 1694 1764 I SystemConfig: Reading permissions from /vendor/etc/permissions/android.hardware.wifi.xml
01-01 00:09:46.763 1694 1764 I SystemConfig: Reading permissions from /vendor/etc/permissions/android.hardware.audio.pro.xml
01-01 00:09:46.763 1694 1764 I SystemConfig: Reading permissions from /vendor/etc/permissions/android.hardware.usb.host.xml
01-01 00:09:46.764 1694 1764 I SystemConfig: Reading permissions from /vendor/etc/permissions/android.hardware.hardware_keystore.xml
01-01 00:09:46.764 1694 1764 I SystemConfig: Reading permissions from /vendor/etc/permissions/admin-agent-permissions.xml
01-01 00:09:46.764 1694 1764 I SystemConfig: Reading permissions from /vendor/etc/permissions/android.hardware.fingerprint.xml
01-01 00:09:46.765 1694 1764 I SystemConfig: Reading permissions from /vendor/etc/permissions/android.hardware.sensor.ambient_temperature.xml
01-01 00:09:46.765 1694 1764 I SystemConfig: Reading permissions from /vendor/etc/permissions/peri-device-updater-permissions.xml
01-01 00:09:46.766 1694 1764 I SystemConfig: Reading permissions from /product/etc/sysconfig/preinstalled-packages-platform-handheld-product.xml
01-01 00:09:46.766 1694 1764 I SystemConfig: Reading permissions from /product/etc/sysconfig/preinstalled-packages-platform-overlays.xml
01-01 00:09:46.767 1694 1764 I SystemConfig: Reading permissions from /product/etc/permissions/privapp-permissions-soundrecorder.xml
01-01 00:09:46.767 1694 1764 I SystemConfig: Reading permissions from /product/etc/permissions/UimService.xml
01-01 00:09:46.768 1694 1764 I SystemConfig: Reading permissions from /product/etc/permissions/com.qti.snapdragon.sdk.display.xml
01-01 00:09:46.768 1694 1764 I SystemConfig: Reading permissions from /product/etc/permissions/vendor.qti.hardware.data.connection-V1.1-java.xml
01-01 00:09:46.768 1694 1764 I SystemConfig: Ignore shared library vendor.qti.hardware.data.connection-V1.1-java: /system/product/framework/vendor.qti.hardware.data.connection-V1.1-java.jar does not exist
01-01 00:09:46.768 1694 1764 I SystemConfig: Reading permissions from /product/etc/permissions/telephony_product_privapp-permissions-qti.xml
01-01 00:09:46.769 1694 1764 I SystemConfig: Reading permissions from /product/etc/permissions/ims_ext_common.xml
01-01 00:09:46.769 1694 1764 I SystemConfig: Reading permissions from /product/etc/permissions/extphonelib_product.xml
01-01 00:09:46.769 1694 1764 I SystemConfig: Reading permissions from /product/etc/permissions/com.android.settings.intelligence.xml
01-01 00:09:46.770 1694 1764 I SystemConfig: Reading permissions from /product/etc/permissions/vendor.qti.hardware.data.connection-V1.0-java.xml
01-01 00:09:46.770 1694 1764 I SystemConfig: Ignore shared library vendor.qti.hardware.data.connection-V1.0-java: /system/product/framework/vendor.qti.hardware.data.connection-V1.0-java.jar does not exist
01-01 00:09:46.770 1694 1764 I SystemConfig: Reading permissions from /system_ext/etc/sysconfig/qti_whitelist_system_ext.xml
01-01 00:09:46.771 1694 1764 I SystemConfig: Reading permissions from /system_ext/etc/sysconfig/qti_telephony_system_packages_config.xml
01-01 00:09:46.771 1694 1764 I SystemConfig: Reading permissions from /system_ext/etc/permissions/com.android.provision.xml
01-01 00:09:46.772 1694 1764 I SystemConfig: Reading permissions from /system_ext/etc/permissions/embms-noship_product_privapp_permissions_qti.xml
01-01 00:09:46.772 1694 1764 I SystemConfig: Reading permissions from /system_ext/etc/permissions/com.qti.location.sdk.xml
01-01 00:09:46.772 1694 1764 I SystemConfig: Reading permissions from /system_ext/etc/permissions/com.android.systemui.xml
01-01 00:09:46.773 1694 1764 I SystemConfig: Reading permissions from /system_ext/etc/permissions/com.android.carrierconfig.xml
01-01 00:09:46.773 1694 1764 I SystemConfig: Reading permissions from /system_ext/etc/permissions/embms.xml
01-01 00:09:46.774 1694 1764 I SystemConfig: Reading permissions from /system_ext/etc/permissions/privapp-permissions-com.quicinc.voice.activation.xml
01-01 00:09:46.774 1694 1764 I SystemConfig: Reading permissions from /system_ext/etc/permissions/com.qualcomm.qti.imscmservice-V2.1-java.xml
01-01 00:09:46.774 1694 1764 I SystemConfig: Reading permissions from /system_ext/etc/permissions/com.android.settings.xml
01-01 00:09:46.775 1694 1764 I SystemConfig: Reading permissions from /system_ext/etc/permissions/com.qti.qcc.vendor_qcc.xml
01-01 00:09:46.775 1694 1764 I SystemConfig: Reading permissions from /system_ext/etc/permissions/privapp-permissions-qti-system-ext.xml
01-01 00:09:46.775 1694 1764 I SystemConfig: Reading permissions from /system_ext/etc/permissions/com.st.android.nfc_extensions.xml
01-01 00:09:46.776 1694 1764 I SystemConfig: Reading permissions from /system_ext/etc/permissions/com.qualcomm.qti.imscmservice-V2.2-java.xml
01-01 00:09:46.776 1694 1764 I SystemConfig: Reading permissions from /system_ext/etc/permissions/vendor.qti.ims.rcsservice.xml
01-01 00:09:46.777 1694 1764 I SystemConfig: Reading permissions from /system_ext/etc/permissions/com.qti.media.secureprocessor.xml
01-01 00:09:46.777 1694 1764 I SystemConfig: Reading permissions from /system_ext/etc/permissions/com.android.storagemanager.xml
01-01 00:09:46.777 1694 1764 I SystemConfig: Reading permissions from /system_ext/etc/permissions/com.qualcomm.qti.imscmservice-V2.0-java.xml
01-01 00:09:46.778 1694 1764 I SystemConfig: Reading permissions from /system_ext/etc/permissions/extphonelib.xml
01-01 00:09:46.778 1694 1764 I SystemConfig: Reading permissions from /system_ext/etc/permissions/qti_libpermissions.xml
01-01 00:09:46.778 1694 1764 I SystemConfig: Reading permissions from /system_ext/etc/permissions/com.qualcomm.qti.VENDORSSGTZD.xml
01-01 00:09:46.779 1694 1764 I SystemConfig: Reading permissions from /system_ext/etc/permissions/com.android.emergency.xml
01-01 00:09:46.779 1694 1764 I SystemConfig: Reading permissions from /system_ext/etc/permissions/privapp-permissions-com.qualcomm.qti.dctestapp.xml
01-01 00:09:46.780 1694 1764 I SystemConfig: Reading permissions from /system_ext/etc/permissions/com.qualcomm.qmapbridge.xml
01-01 00:09:46.780 1694 1764 I SystemConfig: Reading permissions from /system_ext/etc/permissions/dpmapi.xml
01-01 00:09:46.780 1694 1764 I SystemConfig: Reading permissions from /system_ext/etc/permissions/datachannellib.xml
01-01 00:09:46.781 1694 1764 I SystemConfig: Reading permissions from /system_ext/etc/permissions/com.qti.dpmframework.xml
01-01 00:09:46.781 1694 1764 I SystemConfig: Reading permissions from /system_ext/etc/permissions/qti_permissions.xml
01-01 00:09:46.781 1694 1764 I SystemConfig: Reading permissions from /system_ext/etc/permissions/privapp-permissions-com.qualcomm.location.xml
01-01 00:09:46.782 1694 1764 I SystemConfig: Reading permissions from /system_ext/etc/permissions/android.software.verified_boot.xml
01-01 00:09:46.782 1694 1764 I SystemConfig: Reading permissions from /system_ext/etc/permissions/com.qualcomm.qti.izattools.xml
01-01 00:09:46.783 1694 1764 I SystemConfig: Reading permissions from /system_ext/etc/permissions/wfd-system-ext-privapp-permissions-qti.xml
01-01 00:09:46.783 1694 1764 I SystemConfig: Reading permissions from /system_ext/etc/permissions/com.qualcomm.location.xml
01-01 00:09:46.783 1694 1764 I SystemConfig: Reading permissions from /system_ext/etc/permissions/com.android.launcher3.xml
01-01 00:09:46.784 1694 1764 I SystemConfig: Reading permissions from /system_ext/etc/permissions/telephony_system-ext_privapp-permissions-qti.xml
01-01 00:09:46.784 1694 1764 I SystemConfig: Reading permissions from /system_ext/etc/permissions/audiosphere.xml
01-01 00:09:46.785 1694 1764 I SystemConfig: Reading permissions from /system_ext/etc/permissions/vendor.qti.imsdcservice.xml
01-01 00:09:46.785 1694 1764 I SystemConfig: Reading permissions from /system_ext/etc/permissions/privapp-permissions-aptxals.xml
01-01 00:09:46.786 1694 1764 I SystemConfig: Reading permissions from /apex/com.android.tethering/etc/permissions/permissions.xml
01-01 00:09:46.787 1694 1764 I SystemConfig: Reading permissions from /apex/com.android.permission/etc/permissions/privapp_allowlist_com.android.permissioncontroller.xml
01-01 00:09:46.787 1694 1764 I SystemConfig: Reading permissions from /apex/com.android.mediaprovider/etc/permissions/privapp_allowlist_com.android.providers.media.module.xml
01-01 00:09:46.788 1694 1764 I SystemConfig: Reading permissions from /apex/com.android.ipsec/etc/permissions/android.net.ipsec.ike.xml
01-01 00:09:46.789 1694 1764 I SystemConfig: Reading permissions from /apex/com.android.extservices/etc/permissions/privapp_allowlist_android.ext.services.xml
01-01 00:09:46.789 1694 1764 I SystemConfig: Reading permissions from /apex/com.android.adservices/etc/permissions/privapp_allowlist_com.android.adservices.api.xml
01-01 00:09:46.790 1694 1764 D SystemServerInitThreadPool: Finished executing ReadingSystemConfig
01-01 00:09:46.800 1694 1694 W PowerProfile: screen.on is deprecated! Use screen.on.display0 instead.
01-01 00:09:46.800 1694 1694 W PowerProfile: screen.full is deprecated! Use screen.full.display0 instead.
01-01 00:09:46.800 1694 1694 W ModemPowerProfile: getAverageBatteryDrainMaH called with unexpected key: 0x0, drain:0,RAT:DEFAULT
01-01 00:09:46.801 1694 1694 W ModemPowerProfile: getAverageBatteryDrainMaH called with unexpected key: 0x10000000, drain:IDLE,RAT:DEFAULT
01-01 00:09:46.801 1694 1694 W ModemPowerProfile: getAverageBatteryDrainMaH called with unexpected key: 0x20000000, drain:RX,RAT:DEFAULT
01-01 00:09:46.801 1694 1694 W ModemPowerProfile: getAverageBatteryDrainMaH called with unexpected key: 0x30000000, drain:TX,level:UNKNOWN(0x0)RAT:DEFAULT
01-01 00:09:46.801 1694 1694 W ModemPowerProfile: getAverageBatteryDrainMaH called with unexpected key: 0x31000000, drain:TX,level:UNKNOWN(0x1000000)RAT:DEFAULT
01-01 00:09:46.801 1694 1694 W ModemPowerProfile: getAverageBatteryDrainMaH called with unexpected key: 0x32000000, drain:TX,level:UNKNOWN(0x2000000)RAT:DEFAULT
01-01 00:09:46.801 1694 1694 W ModemPowerProfile: getAverageBatteryDrainMaH called with unexpected key: 0x33000000, drain:TX,level:UNKNOWN(0x3000000)RAT:DEFAULT
01-01 00:09:46.801 1694 1694 W ModemPowerProfile: getAverageBatteryDrainMaH called with unexpected key: 0x34000000, drain:TX,level:UNKNOWN(0x4000000)RAT:DEFAULT
01-01 00:09:46.806 1694 1694 D BatteryStatsImpl: Reading daily items from /data/system/batterystats-daily.xml
01-01 00:09:46.815 1694 1781 I KernelCpuUidFreqTimeReader: mPerClusterTimesAvailable=false
01-01 00:09:46.834 1694 1781 W KernelMemoryBandwidthStats: No kernel memory bandwidth stats available
01-01 00:09:46.837 1694 1767 I commit_sys_config_file: [batterystats,2]
01-01 00:09:46.838 1694 1767 I commit_sys_config_file: [batterystats,1]
01-01 00:09:46.846 1694 1694 I service_manager_stats: [100,8,8777]
01-01 00:09:46.901 921 921 I : [lt9611] hdisplay=1920, vdisplay=1080, clock=148352
01-01 00:09:46.866 1694 1694 I IntentFirewall: Read new rules (A:0 B:0 S:0)
01-01 00:09:46.868 1694 1694 D OomAdjuster: Not killing cached processes
01-01 00:09:46.868 1694 1694 D AppOps : AppOpsService published
01-01 00:09:46.869 1694 1694 I SystemServiceManager: Starting com.android.server.pm.DataLoaderManagerService
01-01 00:09:46.871 1694 1694 I SystemServiceManager: Starting com.android.server.power.PowerManagerService
01-01 00:09:46.878 1694 1694 I SystemServiceManager: Starting com.android.server.power.ThermalManagerService
01-01 00:09:46.878 1694 1694 I SystemServiceManager: Starting com.android.server.power.hint.HintManagerService
01-01 00:09:46.880 1694 1694 I SystemServiceManager: Starting com.android.server.recoverysystem.RecoverySystemService$Lifecycle
01-01 00:09:46.880 1694 1694 I PackageWatchdog: Syncing state, reason: added new observer
01-01 00:09:46.880 1694 1694 I PackageWatchdog: Not pruning observers, elapsed time: 0ms
01-01 00:09:46.880 1694 1694 I PackageWatchdog: Cancelling state sync, nothing to sync
01-01 00:09:46.880 1694 1767 I PackageWatchdog: Saving observer state to file
01-01 00:09:46.881 1694 1694 I rescue_note: [0,1,8812]
