06-19 16:42:37.792 2096 2096 V WindowManagerShell: Initializing Shell Components: 23
06-19 16:42:37.793 2096 2096 V WindowManagerShell: DisplayChangeController init took 1ms
06-19 16:42:37.793 2096 2096 V WindowManagerShell: DisplayController init took 0ms
06-19 16:42:37.793 2096 2096 V WindowManagerShell: DisplayInsetsController init took 1ms
06-19 16:42:37.794 2096 2096 V WindowManagerShell: DisplayImeController init took 0ms
06-19 16:42:37.794 2096 2096 V WindowManagerShell: Adding dump callback for ShellController
06-19 16:42:37.794 2096 2096 V WindowManagerShell: ShellController init took 0ms
06-19 16:42:37.794 2096 2096 V WindowManagerShell: DragAndDropController init took 0ms
06-19 16:42:37.794 2096 2096 V WindowManagerShell: Adding command class compatui for CompatUIShellCommandHandler
06-19 16:42:37.794 2096 2096 V WindowManagerShell: CompatUIController init took 0ms
06-19 16:42:37.794 2096 2096 V WindowManagerShell: Adding external interface from RecentTasksController with key extra_shell_recent_tasks
06-19 16:42:37.794 2096 2096 V WindowManagerShell: Adding dump callback for RecentTasksController
06-19 16:42:37.795 2096 2096 V WindowManagerShell: RecentTasksController init took 1ms
06-19 16:42:37.795 2096 2096 V WindowManagerShell: Adding dump callback for ShellTaskOrganizer
06-19 16:42:37.796 2096 2096 V WindowManagerShell: ShellTaskOrganizer init took 1ms
06-19 16:42:37.796 2096 2096 V WindowManagerShell: Adding dump callback for OneHandedController
06-19 16:42:37.798 1694 1694 D ConditionProviders.SCP: onConnected
06-19 16:42:37.799 1694 1694 D ConditionProviders: Subscribing to condition://android/event?userId=-10000&calendar=&reply=1 with ComponentInfo{android/com.android.server.notification.EventConditionProvider}
06-19 16:42:37.799 1694 1694 D ConditionProviders: Subscribing to condition://android/schedule?days=1.2.3.4.5.6.7&start=22.0&end=7.0&exitAtAlarm=true with ComponentInfo{android/com.android.server.notification.ScheduleConditionProvider}
06-19 16:42:37.800 1694 1694 I notification_cancel_all: [1000,1694,android,0,0,0,20,NULL]
06-19 16:42:37.800 1694 1694 I notification_cancel_all: [1000,1694,android,0,0,0,20,NULL]
06-19 16:42:37.802 2096 2096 V WindowManagerShell: Adding external interface from OneHandedController with key extra_shell_one_handed
06-19 16:42:37.802 2096 2096 V WindowManagerShell: OneHandedController init took 6ms
06-19 16:42:37.805 2096 2096 V WindowManagerShell: DefaultTransitionHandler init took 3ms
06-19 16:42:37.805 2096 2096 V WindowManagerShell: Adding external interface from Transitions with key extra_shell_shell_transitions
06-19 16:42:37.806 2096 2096 V WindowManagerShell: Transitions init took 1ms
06-19 16:42:37.809 2096 2096 V WindowManagerShell: Adding dump callback for BubbleController
06-19 16:42:37.809 2096 2096 V WindowManagerShell: BubbleController init took 3ms
06-19 16:42:37.809 2096 2096 V WindowManagerShell: Adding dump callback for SplitScreenController
06-19 16:42:37.809 2096 2096 V WindowManagerShell: Adding command class splitscreen for SplitScreenController
06-19 16:42:37.809 2096 2096 V WindowManagerShell: Adding external interface from SplitScreenController with key extra_shell_split_screen
06-19 16:42:37.811 1694 1728 I wm_task_created: [3,-1]
06-19 16:42:37.813 1694 1728 I wm_task_created: [4,-1]
06-19 16:42:37.814 1694 1760 D WindowManager: framework set brightness value = NaN
06-19 16:42:37.814 1694 1728 I wm_task_created: [5,-1]
06-19 16:42:37.815 1694 1760 D WindowManager: framework set brightness value = NaN
06-19 16:42:37.817 2096 2096 V WindowManagerShell: addHandler: StageCoordinator
06-19 16:42:37.817 2096 2096 V WindowManagerShell: SplitScreenController init took 8ms
06-19 16:42:37.823 2096 2096 V WindowManagerShell: PipTouchHandler init took 6ms
06-19 16:42:37.823 2096 2096 V WindowManagerShell: DevicePostureController init took 0ms
06-19 16:42:37.823 2096 2096 V WindowManagerShell: TabletopModeController init took 0ms
06-19 16:42:37.823 2096 2096 V WindowManagerShell: Adding dump callback for PipController
06-19 16:42:37.825 2096 2096 V WindowManagerShell: Adding external interface from PipController with key extra_shell_pip
06-19 16:42:37.825 2096 2096 V WindowManagerShell: PipController init took 3ms
06-19 16:42:37.826 2096 2096 V WindowManagerShell: FullscreenTaskListener init took 0ms
06-19 16:42:37.826 2096 2096 V WindowManagerShell: Adding external interface from StartingWindowController with key extra_shell_starting_window
06-19 16:42:37.826 2096 2096 V WindowManagerShell: StartingWindowController init took 0ms
06-19 16:42:37.826 2096 2096 V WindowManagerShell: Adding command class protolog for ProtoLogController
06-19 16:42:37.826 2096 2096 V WindowManagerShell: ProtoLogController init took 0ms
06-19 16:42:37.826 2096 2096 V WindowManagerShell: Adding dump callback for KidsModeTaskOrganizer
06-19 16:42:37.827 2096 2096 V WindowManagerShell: KidsModeTaskOrganizer init took 1ms
06-19 16:42:37.827 2096 2096 D ShellBackPreview: Back animation enabled=false
06-19 16:42:37.828 2096 2096 V WindowManagerShell: Adding external interface from BackAnimationController with key extra_shell_back_animation
06-19 16:42:37.828 2096 2096 V WindowManagerShell: BackAnimationController init took 1ms
06-19 16:42:37.841 1694 1770 W ActivityManager: Slow operation: 190ms so far, now at startProcess: returned from zygote!
06-19 16:42:37.841 1694 1770 W ActivityManager: Slow operation: 190ms so far, now at startProcess: done updating battery stats
06-19 16:42:37.841 1694 1770 I am_proc_start: [0,2150,1037,WebViewLoader-armeabi-v7a,,]
06-19 16:42:37.841 1694 1770 W ActivityManager: Slow operation: 190ms so far, now at startProcess: building log message
06-19 16:42:37.841 1694 1770 I ActivityManager: Start proc 2150:WebViewLoader-armeabi-v7a/1037 [android.webkit.WebViewLibraryLoader$RelroFileCreator] for
06-19 16:42:37.841 1694 1770 W ActivityManager: Slow operation: 191ms so far, now at startProcess: starting to update pids map
06-19 16:42:37.841 1694 1770 W ActivityManager: Slow operation: 191ms so far, now at startProcess: done updating pids map
06-19 16:42:37.841 1694 1770 W ActivityManager: Slow operation: 190ms so far, now at startProcess: asking zygote to start proc
06-19 16:42:37.845 1694 1770 W ActivityManager: Slow operation: 193ms so far, now at startProcess: returned from zygote!
06-19 16:42:37.845 1694 1770 W ActivityManager: Slow operation: 193ms so far, now at startProcess: done updating battery stats
06-19 16:42:37.845 1694 1770 I am_proc_start: [0,2152,1037,WebViewLoader-arm64-v8a,,]
06-19 16:42:37.845 1694 1770 W ActivityManager: Slow operation: 194ms so far, now at startProcess: building log message
06-19 16:42:37.845 1694 1770 I ActivityManager: Start proc 2152:WebViewLoader-arm64-v8a/1037 [android.webkit.WebViewLibraryLoader$RelroFileCreator] for
06-19 16:42:37.845 1694 1770 W ActivityManager: Slow operation: 194ms so far, now at startProcess: starting to update pids map
06-19 16:42:37.846 1694 1770 W ActivityManager: Slow operation: 194ms so far, now at startProcess: done updating pids map
06-19 16:42:37.846 1694 1770 W ActivityManager: Slow operation: 143ms so far, now at startProcess: asking zygote to start proc
06-19 16:42:37.850 1694 1770 W ActivityManager: Slow operation: 147ms so far, now at startProcess: returned from zygote!
06-19 16:42:37.850 1694 1770 W ActivityManager: Slow operation: 147ms so far, now at startProcess: done updating battery stats
06-19 16:42:37.850 1694 1770 I am_proc_start: [0,2153,1073,com.android.networkstack.process,service,{com.android.networkstack/com.android.server.NetworkStackService}]
06-19 16:42:37.850 1694 1770 W ActivityManager: Slow operation: 147ms so far, now at startProcess: building log message
06-19 16:42:37.850 1694 1770 I ActivityManager: Start proc 2153:com.android.networkstack.process/1073 for service {com.android.networkstack/com.android.server.NetworkStackService}
06-19 16:42:37.850 1694 1770 W ActivityManager: Slow operation: 147ms so far, now at startProcess: starting to update pids map
06-19 16:42:37.851 1694 1770 W ActivityManager: Slow operation: 148ms so far, now at startProcess: done updating pids map
06-19 16:42:37.851 1694 1770 W ActivityManager: Slow operation: 125ms so far, now at startProcess: asking zygote to start proc
06-19 16:42:37.855 1694 1770 W ActivityManager: Slow operation: 129ms so far, now at startProcess: returned from zygote!
06-19 16:42:37.856 1694 1770 W ActivityManager: Slow operation: 130ms so far, now at startProcess: done updating battery stats
06-19 16:42:37.856 1694 1770 I am_proc_start: [0,2156,1002,com.android.bluetooth,service,{com.android.bluetooth/com.android.bluetooth.btservice.AdapterService}]
06-19 16:42:37.856 1694 1770 W ActivityManager: Slow operation: 130ms so far, now at startProcess: building log message
06-19 16:42:37.856 1694 1770 I ActivityManager: Start proc 2156:com.android.bluetooth/1002 for service {com.android.bluetooth/com.android.bluetooth.btservice.AdapterService}
06-19 16:42:37.856 1694 1770 W ActivityManager: Slow operation: 130ms so far, now at startProcess: starting to update pids map
06-19 16:42:37.857 1694 1770 W ActivityManager: Slow operation: 131ms so far, now at startProcess: done updating pids map
06-19 16:42:37.857 1694 1770 W ActivityManager: Slow operation: 117ms so far, now at startProcess: asking zygote to start proc
06-19 16:42:37.865 1694 2087 I am_proc_bound: [0,2150,WebViewLoader-armeabi-v7a]
06-19 16:42:37.868 1694 1760 D WindowManager: framework set brightness value = NaN
06-19 16:42:37.868 1694 2087 I am_uid_active: 1037
06-19 16:42:37.869 1694 1728 I am_proc_bound: [0,2156,com.android.bluetooth]
06-19 16:42:37.869 1694 1728 D CompatibilityChangeReporter: Compat change id reported: 168419799; UID 1002; state: DISABLED
06-19 16:42:37.869 1694 1728 D CompatibilityChangeReporter: Compat change id reported: 273564678; UID 1002; state: DISABLED
06-19 16:42:37.870 1694 1728 D CompatibilityChangeReporter: Compat change id reported: 181136395; UID 1000; state: DISABLED
06-19 16:42:37.870 1694 1728 D CompatibilityChangeReporter: Compat change id reported: 174042936; UID 1000; state: DISABLED
06-19 16:42:37.870 1694 1728 I am_uid_active: 1002
06-19 16:42:37.871 1694 1729 I am_proc_bound: [0,2153,com.android.networkstack.process]
06-19 16:42:37.871 1694 1923 I commit_sys_config_file: [settings-0-0,1]
06-19 16:42:37.871 1694 1729 D CompatibilityChangeReporter: Compat change id reported: 168419799; UID 1073; state: DISABLED
06-19 16:42:37.871 1694 1729 D CompatibilityChangeReporter: Compat change id reported: 273564678; UID 1073; state: DISABLED
06-19 16:42:37.871 1694 1729 I am_uid_active: 1073
06-19 16:42:37.872 1694 1729 D CompatibilityChangeReporter: Compat change id reported: 168419799; UID 1073; state: DISABLED
06-19 16:42:37.872 1694 1729 D CompatibilityChangeReporter: Compat change id reported: 273564678; UID 1073; state: DISABLED
06-19 16:42:37.874 1694 1770 W ActivityManager: Slow operation: 134ms so far, now at startProcess: returned from zygote!
06-19 16:42:37.874 1694 1770 W ActivityManager: Slow operation: 134ms so far, now at startProcess: done updating battery stats
06-19 16:42:37.874 1694 1770 I am_proc_start: [0,2220,1001,.dataservices,added application,.dataservices]
06-19 16:42:37.874 1694 1770 W ActivityManager: Slow operation: 134ms so far, now at startProcess: building log message
06-19 16:42:37.874 1694 1770 I ActivityManager: Start proc 2220:.dataservices/1001 for added application .dataservices
06-19 16:42:37.874 1694 1770 W ActivityManager: Slow operation: 134ms so far, now at startProcess: starting to update pids map
06-19 16:42:37.874 1694 1770 W ActivityManager: Slow operation: 134ms so far, now at startProcess: done updating pids map
06-19 16:42:37.874 1694 1770 W ActivityManager: Slow operation: 135ms so far, now at startProcess: asking zygote to start proc
06-19 16:42:37.875 1694 1770 D CompatibilityChangeReporter: Compat change id reported: 143937733; UID 10116; state: ENABLED
06-19 16:42:37.878 1694 1729 W PackageManager: Loading a package that does not exist for the calling user. package=null, user=0
06-19 16:42:37.879 1694 1728 I am_proc_bound: [0,2152,WebViewLoader-arm64-v8a]
06-19 16:42:37.894 1694 2225 I am_proc_bound: [0,2220,.dataservices]
06-19 16:42:37.894 1694 2225 D CompatibilityChangeReporter: Compat change id reported: 168419799; UID 1001; state: DISABLED
06-19 16:42:37.894 1694 2225 D CompatibilityChangeReporter: Compat change id reported: 273564678; UID 1001; state: DISABLED
06-19 16:42:37.895 1694 2225 I am_uid_active: 1001
06-19 16:42:37.897 1694 2225 W PackageManager: Loading a package that does not exist for the calling user. package=null, user=0
06-19 16:42:37.902 1694 1770 W ActivityManager: Slow operation: 162ms so far, now at startProcess: returned from zygote!
06-19 16:42:37.902 1694 1770 W ActivityManager: Slow operation: 162ms so far, now at startProcess: done updating battery stats
06-19 16:42:37.902 1694 1770 I am_proc_start: [0,2245,10116,com.qualcomm.qtil.aptxacu,added application,com.qualcomm.qtil.aptxacu]
06-19 16:42:37.902 1694 1770 W ActivityManager: Slow operation: 162ms so far, now at startProcess: building log message
06-19 16:42:37.902 1694 1770 I ActivityManager: Start proc 2245:com.qualcomm.qtil.aptxacu/u0a116 for added application com.qualcomm.qtil.aptxacu
06-19 16:42:37.902 1694 1770 W ActivityManager: Slow operation: 162ms so far, now at startProcess: starting to update pids map
06-19 16:42:37.902 1694 1770 W ActivityManager: Slow operation: 162ms so far, now at startProcess: done updating pids map
06-19 16:42:37.902 1694 1770 W ActivityManager: Slow operation: 161ms so far, now at startProcess: asking zygote to start proc
06-19 16:42:37.902 1694 1770 D CompatibilityChangeReporter: Compat change id reported: 143937733; UID 10099; state: ENABLED
06-19 16:42:37.907 1694 1729 D CompatibilityChangeReporter: Compat change id reported: 194532703; UID 1073; state: ENABLED
06-19 16:42:37.908 1694 1770 W ActivityManager: Slow operation: 167ms so far, now at startProcess: returned from zygote!
06-19 16:42:37.908 1694 1770 W ActivityManager: Slow operation: 167ms so far, now at startProcess: done updating battery stats
06-19 16:42:37.908 1694 1770 I am_proc_start: [0,2251,10099,com.qualcomm.qtil.aptxals,added application,com.qualcomm.qtil.aptxals]
06-19 16:42:37.908 1694 1770 W ActivityManager: Slow operation: 167ms so far, now at startProcess: building log message
06-19 16:42:37.908 1694 1770 I ActivityManager: Start proc 2251:com.qualcomm.qtil.aptxals/u0a99 for added application com.qualcomm.qtil.aptxals
06-19 16:42:37.908 1694 1770 W ActivityManager: Slow operation: 167ms so far, now at startProcess: starting to update pids map
06-19 16:42:37.909 1694 1770 W ActivityManager: Slow operation: 168ms so far, now at startProcess: done updating pids map
06-19 16:42:37.909 1694 1770 W ActivityManager: Slow operation: 168ms so far, now at startProcess: asking zygote to start proc
06-19 16:42:37.914 1694 1770 W ActivityManager: Slow operation: 173ms so far, now at startProcess: returned from zygote!
06-19 16:42:37.914 1694 1770 W ActivityManager: Slow operation: 173ms so far, now at startProcess: done updating battery stats
06-19 16:42:37.914 1694 1770 I am_proc_start: [0,2254,1000,vendor.qti.qesdk.sysservice,added application,vendor.qti.qesdk.sysservice]
06-19 16:42:37.914 1694 1770 W ActivityManager: Slow operation: 173ms so far, now at startProcess: building log message
06-19 16:42:37.914 1694 1770 I ActivityManager: Start proc 2254:vendor.qti.qesdk.sysservice/1000 for added application vendor.qti.qesdk.sysservice
06-19 16:42:37.914 1694 1770 W ActivityManager: Slow operation: 173ms so far, now at startProcess: starting to update pids map
06-19 16:42:37.914 1694 2225 D TelephonyRegistry: listen oscl: mHasNotifySubscriptionInfoChangedOccurred==false no callback
06-19 16:42:37.915 1694 1770 W ActivityManager: Slow operation: 174ms so far, now at startProcess: done updating pids map
06-19 16:42:37.915 1694 1770 W ActivityManager: Slow operation: 173ms so far, now at startProcess: asking zygote to start proc
06-19 16:42:37.919 1694 1770 W ActivityManager: Slow operation: 178ms so far, now at startProcess: returned from zygote!
06-19 16:42:37.921 1694 1770 W ActivityManager: Slow operation: 179ms so far, now at startProcess: done updating battery stats
06-19 16:42:37.921 1694 1770 I am_proc_start: [0,2257,1068,com.android.se,added application,com.android.se]
06-19 16:42:37.921 1694 1770 W ActivityManager: Slow operation: 179ms so far, now at startProcess: building log message
06-19 16:42:37.921 1694 1770 I ActivityManager: Start proc 2257:com.android.se/1068 for added application com.android.se
06-19 16:42:37.921 1694 1770 W ActivityManager: Slow operation: 179ms so far, now at startProcess: starting to update pids map
06-19 16:42:37.922 1694 1770 W ActivityManager: Slow operation: 180ms so far, now at startProcess: done updating pids map
06-19 16:42:37.922 1694 1770 W ActivityManager: Slow operation: 180ms so far, now at startProcess: asking zygote to start proc
06-19 16:42:37.922 1694 1770 D CompatibilityChangeReporter: Compat change id reported: 143937733; UID 10112; state: ENABLED
06-19 16:42:37.932 1694 2225 I ActivityManager: Process WebViewLoader-armeabi-v7a (pid 2150) has died: psvc PER
06-19 16:42:37.932 1694 2225 I am_proc_died: [0,2150,WebViewLoader-armeabi-v7a,-700,0]
06-19 16:42:37.933 1694 2225 I am_low_memory: 6
06-19 16:42:37.934 1694 1905 I am_proc_bound: [0,2245,com.qualcomm.qtil.aptxacu]
06-19 16:42:37.934 1694 1905 D CompatibilityChangeReporter: Compat change id reported: 168419799; UID 10116; state: DISABLED
06-19 16:42:37.934 1694 1905 D CompatibilityChangeReporter: Compat change id reported: 273564678; UID 10116; state: DISABLED
06-19 16:42:37.935 1694 1905 I am_uid_active: 10116
06-19 16:42:37.936 1694 2225 I am_proc_bound: [0,2254,vendor.qti.qesdk.sysservice]
06-19 16:42:37.936 1694 2225 D CompatibilityChangeReporter: Compat change id reported: 168419799; UID 1000; state: DISABLED
06-19 16:42:37.937 1694 2225 D CompatibilityChangeReporter: Compat change id reported: 273564678; UID 1000; state: DISABLED
06-19 16:42:37.943 1694 1905 D CompatibilityChangeReporter: Compat change id reported: 157233955; UID 10110; state: ENABLED
06-19 16:42:37.947 1694 2225 D CompatibilityChangeReporter: Compat change id reported: 161145287; UID 1002; state: DISABLED
06-19 16:42:37.947 1694 1770 W ActivityManager: Slow operation: 205ms so far, now at startProcess: returned from zygote!
06-19 16:42:37.947 1694 1770 W ActivityManager: Slow operation: 205ms so far, now at startProcess: done updating battery stats
06-19 16:42:37.947 1694 1770 I am_proc_start: [0,2299,10112,com.qti.phone,added application,com.qti.phone]
06-19 16:42:37.947 1694 1770 W ActivityManager: Slow operation: 205ms so far, now at startProcess: building log message
06-19 16:42:37.947 1694 1770 I ActivityManager: Start proc 2299:com.qti.phone/u0a112 for added application com.qti.phone
06-19 16:42:37.947 1694 1770 W ActivityManager: Slow operation: 205ms so far, now at startProcess: starting to update pids map
06-19 16:42:37.947 1694 1770 W ActivityManager: Slow operation: 206ms so far, now at startProcess: done updating pids map
06-19 16:42:37.948 1694 1770 W ActivityManager: Slow operation: 205ms so far, now at startProcess: asking zygote to start proc
06-19 16:42:37.948 1694 1728 I am_proc_bound: [0,2251,com.qualcomm.qtil.aptxals]
06-19 16:42:37.948 1694 1770 D CompatibilityChangeReporter: Compat change id reported: 143937733; UID 10124; state: ENABLED
06-19 16:42:37.948 1694 1728 D CompatibilityChangeReporter: Compat change id reported: 168419799; UID 10099; state: DISABLED
06-19 16:42:37.948 1694 1728 D CompatibilityChangeReporter: Compat change id reported: 273564678; UID 10099; state: DISABLED
06-19 16:42:37.949 1694 1728 I am_uid_active: 10099
06-19 16:42:37.952 1694 2225 D CompatibilityChangeReporter: Compat change id reported: 161145287; UID 1073; state: DISABLED
06-19 16:42:37.991 8 8 I lt9611_helper_read_edid: Reading edid.
06-19 16:42:37.957 2153 2153 W CarrierConfigManager: Error getting config for subId -1 ICarrierConfigLoader is null
06-19 16:42:37.955 2153 2153 I auditd : type=1400 audit(0.0:449): avc: granted { read } for comm="rkstack.process" name="psched" dev="proc" ino=4026532002 scontext=u:r:network_stack:s0 tcontext=u:object_r:proc_net:s0 tclass=file
06-19 16:42:37.955 2153 2153 I auditd : type=1400 audit(0.0:450): avc: granted { read open } for comm="rkstack.process" path="/proc/2153/net/psched" dev="proc" ino=4026532002 scontext=u:r:network_stack:s0 tcontext=u:object_r:proc_net:s0 tclass=file
06-19 16:42:37.955 2153 2153 I auditd : type=1400 audit(0.0:451): avc: granted { getattr } for comm="rkstack.process" path="/proc/2153/net/psched" dev="proc" ino=4026532002 scontext=u:r:network_stack:s0 tcontext=u:object_r:proc_net:s0 tclass=file
06-19 16:42:38.001 199 199 I spss_utils [spss_parse_dt]: iar_buf_addr [0x8be00000].
06-19 16:42:37.966 1694 1905 D CompatibilityChangeReporter: Compat change id reported: 182478738; UID 1073; state: ENABLED
06-19 16:42:38.009 364 364 I qrtr : announce_servers(): Avoiding duplicate announce for NODE ID 7
06-19 16:42:37.969 1694 1905 I am_proc_bound: [0,2257,com.android.se]
06-19 16:42:37.969 1694 1905 D CompatibilityChangeReporter: Compat change id reported: 168419799; UID 1068; state: DISABLED
06-19 16:42:37.970 1694 1905 D CompatibilityChangeReporter: Compat change id reported: 273564678; UID 1068; state: DISABLED
06-19 16:42:37.970 1694 1905 I am_uid_active: 1068
06-19 16:42:38.011 199 199 I spss_utils [spss_parse_dt]: iar_buf_addr [0x8be00000].
06-19 16:42:38.016 1464 1464 I cnss-daemon: pm_release_vote: pm_handle is NULL
06-19 16:42:38.016 1464 1464 I cnss-daemon: pm_release_vote: pm_handle is NULL
06-19 16:42:38.017 199 199 I cnss : QMI WLFW service connected, state: 0x6c00141
06-19 16:42:37.975 1694 2225 I am_proc_bound: [0,2299,com.qti.phone]
06-19 16:42:37.975 1694 2225 D CompatibilityChangeReporter: Compat change id reported: 168419799; UID 10112; state: DISABLED
06-19 16:42:37.975 1694 2225 D CompatibilityChangeReporter: Compat change id reported: 273564678; UID 10112; state: DISABLED
06-19 16:42:37.978 1694 2225 I am_uid_active: 10112
06-19 16:42:37.983 1694 1770 W ActivityManager: Slow operation: 240ms so far, now at startProcess: returned from zygote!
06-19 16:42:37.984 1694 1770 W ActivityManager: Slow operation: 241ms so far, now at startProcess: done updating battery stats
06-19 16:42:37.984 1694 1770 I am_proc_start: [0,2355,10124,com.qti.qcc,added application,com.qti.qcc]
06-19 16:42:37.984 1694 1770 W ActivityManager: Slow operation: 241ms so far, now at startProcess: building log message
06-19 16:42:37.984 1694 1770 I ActivityManager: Start proc 2355:com.qti.qcc/u0a124 for added application com.qti.qcc
06-19 16:42:37.984 1694 1770 W ActivityManager: Slow operation: 241ms so far, now at startProcess: starting to update pids map
06-19 16:42:37.984 1694 1770 W ActivityManager: Slow operation: 241ms so far, now at startProcess: done updating pids map
06-19 16:42:37.984 1694 1770 W ActivityManager: Slow operation: 198ms so far, now at startProcess: asking zygote to start proc
06-19 16:42:38.028 8 8 I lt9611_get_edid_block: get edid block: block=0, len=128
06-19 16:42:38.028 8 8 I lt9611_get_edid_block: get edid block: block=1, len=128
06-19 16:42:37.995 1694 2124 D CompatibilityChangeReporter: Compat change id reported: 135634846; UID 10080; state: DISABLED
06-19 16:42:37.995 1694 2124 D CompatibilityChangeReporter: Compat change id reported: 177438394; UID 10080; state: DISABLED
06-19 16:42:37.996 1694 2124 D CompatibilityChangeReporter: Compat change id reported: 135772972; UID 10080; state: DISABLED
06-19 16:42:37.996 1694 2124 D CompatibilityChangeReporter: Compat change id reported: 135754954; UID 10080; state: ENABLED
06-19 16:42:37.996 1694 2124 D CompatibilityChangeReporter: Compat change id reported: 207557677; UID 10080; state: ENABLED
06-19 16:42:38.000 1694 1729 I ActivityManager: Process WebViewLoader-arm64-v8a (pid 2152) has died: psvc PER
06-19 16:42:38.000 1694 1729 I am_proc_died: [0,2152,WebViewLoader-arm64-v8a,-700,0]
06-19 16:42:38.000 1694 1729 I am_uid_stopped: 1037
06-19 16:42:38.002 1694 1729 I am_low_memory: 10
06-19 16:42:38.007 1694 1759 I DropBoxManagerService: add tag=system_app_strictmode isTagEnabled=true flags=0x2
06-19 16:42:38.008 1694 1759 I DropBoxManagerService: add tag=system_app_strictmode isTagEnabled=true flags=0x2
06-19 16:42:38.009 1694 1759 I DropBoxManagerService: add tag=system_app_strictmode isTagEnabled=true flags=0x2
06-19 16:42:38.010 1694 1759 I DropBoxManagerService: add tag=system_app_strictmode isTagEnabled=true flags=0x2
06-19 16:42:38.015 1694 1770 W ActivityManager: Slow operation: 229ms so far, now at startProcess: returned from zygote!
06-19 16:42:38.015 1694 1770 W ActivityManager: Slow operation: 230ms so far, now at startProcess: done updating battery stats
06-19 16:42:38.015 1694 1770 I am_proc_start: [0,2368,1000,com.android.settings,top-activity,{com.android.settings/com.android.settings.FallbackHome}]
06-19 16:42:38.015 1694 1770 W ActivityManager: Slow operation: 230ms so far, now at startProcess: building log message
06-19 16:42:38.016 1694 1770 I ActivityManager: Start proc 2368:com.android.settings/1000 for top-activity {com.android.settings/com.android.settings.FallbackHome}
06-19 16:42:38.016 1694 1770 W ActivityManager: Slow operation: 230ms so far, now at startProcess: starting to update pids map
06-19 16:42:38.017 1694 1770 W ActivityManager: Slow operation: 231ms so far, now at startProcess: done updating pids map
06-19 16:42:38.064 2404 2404 I ueventd : firmware: loading 'qca6390/regdb.bin' for '/devices/platform/soc/b0000000.qcom,cnss-qca6390/firmware/qca6390!regdb.bin'
06-19 16:42:38.065 2404 2404 I ueventd : loading /devices/platform/soc/b0000000.qcom,cnss-qca6390/firmware/qca6390!regdb.bin took 1ms
06-19 16:42:38.027 1694 2364 D CompatibilityChangeReporter: Compat change id reported: 161145287; UID 1068; state: DISABLED
06-19 16:42:38.027 1694 1905 I am_proc_bound: [0,2368,com.android.settings]
06-19 16:42:38.028 1694 1905 D CompatibilityChangeReporter: Compat change id reported: 168419799; UID 1000; state: DISABLED
06-19 16:42:38.028 1694 1905 D CompatibilityChangeReporter: Compat change id reported: 273564678; UID 1000; state: DISABLED
06-19 16:42:38.029 1694 1905 I wm_restart_activity: [0,165858576,2,com.android.settings/.FallbackHome]
06-19 16:42:38.029 1694 1905 I wm_set_resumed_activity: [0,com.android.settings/.FallbackHome,minimalResumeActivityLocked - onActivityStateChanged]
06-19 16:42:38.032 1694 1729 I dvm_lock_sample: [system_server,1,binder:1694_2,7,ActivityManagerService.java,5164,void com.android.server.am.ActivityManagerService.attachApplication(android.app.IApplicationThread, long),,0,null,1]
06-19 16:42:38.032 1694 1729 I am_proc_bound: [0,2355,com.qti.qcc]
06-19 16:42:38.034 1694 1729 D CompatibilityChangeReporter: Compat change id reported: 168419799; UID 10124; state: DISABLED
06-19 16:42:38.034 1694 1729 D CompatibilityChangeReporter: Compat change id reported: 273564678; UID 10124; state: DISABLED
06-19 16:42:38.035 1694 1729 I am_uid_active: 10124
06-19 16:42:38.036 1694 1760 D WindowManager: framework set brightness value = NaN
06-19 16:42:38.036 1694 1760 D WindowManager: framework set brightness value = NaN
06-19 16:42:38.039 1694 1728 D CompatibilityChangeReporter: Compat change id reported: 161145287; UID 10099; state: DISABLED
06-19 16:42:38.088 2421 2421 I ueventd : firmware: loading 'wlan-connection-roaming.ini' for '/devices/platform/soc/b0000000.qcom,cnss-qca6390/firmware/wlan-connection-roaming.ini'
06-19 16:42:38.088 2421 2421 E ueventd : firmware: could not find firmware for wlan-connection-roaming.ini
06-19 16:42:38.088 2421 2421 E ueventd : firmware: attempted /etc/firmware/wlan-connection-roaming.ini, open failed: No such file or directory
06-19 16:42:38.088 2421 2421 E ueventd : firmware: attempted /odm/firmware/wlan-connection-roaming.ini, open failed: No such file or directory
06-19 16:42:38.052 1694 1728 D CompatibilityChangeReporter: Compat change id reported: 161252188; UID 10099; state: DISABLED
06-19 16:42:38.053 1694 1728 D CompatibilityChangeReporter: Compat change id reported: 168419799; UID 10099; state: DISABLED
06-19 16:42:38.053 1694 1728 D CompatibilityChangeReporter: Compat change id reported: 273564678; UID 10099; state: DISABLED
06-19 16:42:38.070 2156 2429 I bt_config_source: 1
06-19 16:42:38.071 2156 2429 I bt_config_source: 3
06-19 16:42:38.093 2355 2355 I [1000004]: [-754446326,32821703,-1543660784,68682682,387061024,1129387274,1883332419,1667853424,1869182049,1951620974,7631457]
06-19 16:42:38.140 199 199 I cnss : Processing FW Init Done..
06-19 16:42:38.143 199 199 E cnss : Qmi fail: respons with error:57
06-19 16:42:38.143 199 199 E cnss : Qmi fail: request rejected, req 55, ret -1
06-19 16:42:38.143 199 199 E cnss : pcss recovery setting failed with ret -1
06-19 16:42:38.143 199 199 E cnss : DMS QMI connection not established
06-19 16:42:38.145 199 199 I [kworke][0x1bb2e34f][16:42:38.104872] wlan: [199:I:HIF] hif_pci_enable_bus: con_mode = 0x0, WLAN_SOC_device_id = 0x1101
06-19 16:42:38.145 199 199 I [kworke][0x1bb2e44a][16:42:38.104885] wlan: [199:I:HIF] hif_pci_get_soc_info_pld: hif_pci_get_soc_info_pld: fam num 4 dev ver 10 maj ver 2 min ver 0
06-19 16:42:38.145 199 199 I [kworke][0x1bb2e49b][16:42:38.104889] wlan: [199:I:HIF] hif_pci_enable_bus: hif_enable_pci done
06-19 16:42:38.145 199 199 I [kworke][0x1bb2edd8][16:42:38.105013] wlan: [199:I:HIF] hif_get_device_type: *********** QCA6390 *************
06-19 16:42:38.145 199 199 I [kworke][0x1bb2ee28][16:42:38.105017] wlan: [199:I:HIF] hif_pci_enable_bus: hif_type = 0x12, target_type = 0x17
06-19 16:42:38.145 199 199 I [kworke][0x1bb2ee82][16:42:38.105021] wlan: [199:I:HIF] hif_register_tbl_attach: HIF_TYPE_QCA6390
06-19 16:42:38.145 199 199 I [kworke][0x1bb2eed3][16:42:38.105026] wlan: [199:I:HIF] hif_target_register_tbl_attach: TARGET_TYPE_QCA6390
06-19 16:42:38.145 199 199 I [kworke][0x1bb2ef18][16:42:38.105029] wlan: [199:I:HIF] hif_pci_enable_bus: Skip tgt_wake up for srng devices
06-19 16:42:38.145 199 199 E [kworke][0x1bb2f43f][16:42:38.105098] wlan: [199:E:TXRX] hif_print_hal_shadow_register_cfg: num_config 26
06-19 16:42:38.145 199 199 I [kworke][0x1bb2f4b4][16:42:38.105104] wlan: [199:I:TXRX] hif_print_hal_shadow_register_cfg: i 0, val a3b034
06-19 16:42:38.145 199 199 I [kworke][0x1bb2f4db][16:42:38.105106] wlan: [199:I:TXRX] hif_print_hal_shadow_register_cfg: i 1, val a3b03c
06-19 16:42:38.145 199 199 I [kworke][0x1bb2f4fa][16:42:38.105108] wlan: [199:I:TXRX] hif_print_hal_shadow_register_cfg: i 2, val a3b044
06-19 16:42:38.145 199 199 I [kworke][0x1bb2f518][16:42:38.105109] wlan: [199:I:TXRX] hif_print_hal_shadow_register_cfg: i 3, val a3b04c
06-19 16:42:38.145 199 199 I [kworke][0x1bb2f536][16:42:38.105111] wlan: [199:I:TXRX] hif_print_hal_shadow_register_cfg: i 4, val a3b054
06-19 16:42:38.145 199 199 I [kworke][0x1bb2f553][16:42:38.105112] wlan: [199:I:TXRX] hif_print_hal_shadow_register_cfg: i 5, val a3b028
06-19 16:42:38.145 199 199 I [kworke][0x1bb2f570][16:42:38.105114] wlan: [199:I:TXRX] hif_print_hal_shadow_register_cfg: i 6, val a3b020
06-19 16:42:38.145 199 199 I [kworke][0x1bb2f5f2][16:42:38.105121] wlan: [199:I:TXRX] hif_print_hal_shadow_register_cfg: i 7, val a3b06c
06-19 16:42:38.145 199 199 I [kworke][0x1bb2f613][16:42:38.105122] wlan: [199:I:TXRX] hif_print_hal_shadow_register_cfg: i 8, val a46000
06-19 16:42:38.145 199 199 I [kworke][0x1bb2f630][16:42:38.105124] wlan: [199:I:TXRX] hif_print_hal_shadow_register_cfg: i 9, val a46008
06-19 16:42:38.145 199 199 I [kworke][0x1bb2f64e][16:42:38.105125] wlan: [199:I:TXRX] hif_print_hal_shadow_register_cfg: i 10, val a46010
06-19 16:42:38.145 199 199 I [kworke][0x1bb2f66d][16:42:38.105127] wlan: [199:I:TXRX] hif_print_hal_shadow_register_cfg: i 11, val a46018
06-19 16:42:38.145 199 199 I [kworke][0x1bb2f68b][16:42:38.105129] wlan: [199:I:TXRX] hif_print_hal_shadow_register_cfg: i 12, val a46034
06-19 16:42:38.145 199 199 I [kworke][0x1bb2f6aa][16:42:38.105130] wlan: [199:I:TXRX] hif_print_hal_shadow_register_cfg: i 13, val a370b0
06-19 16:42:38.145 199 199 I [kworke][0x1bb2f6c9][16:42:38.105132] wlan: [199:I:TXRX] hif_print_hal_shadow_register_cfg: i 14, val a37018
06-19 16:42:38.145 199 199 I [kworke][0x1bb2f6e7][16:42:38.105133] wlan: [199:I:TXRX] hif_print_hal_shadow_register_cfg: i 15, val a370c4
06-19 16:42:38.145 199 199 I [kworke][0x1bb2f705][16:42:38.105135] wlan: [199:I:TXRX] hif_print_hal_shadow_register_cfg: i 16, val a370cc
06-19 16:42:38.145 199 199 I [kworke][0x1bb2f725][16:42:38.105137] wlan: [199:I:TXRX] hif_print_hal_shadow_register_cfg: i 17, val a370d4
06-19 16:42:38.145 199 199 I [kworke][0x1bb2f742][16:42:38.105138] wlan: [199:I:TXRX] hif_print_hal_shadow_register_cfg: i 18, val a370dc
06-19 16:42:38.145 199 199 I [kworke][0x1bb2f760][16:42:38.105140] wlan: [199:I:TXRX] hif_print_hal_shadow_register_cfg: i 19, val a00400
06-19 16:42:38.145 199 199 I [kworke][0x1bb2f77d][16:42:38.105141] wlan: [199:I:TXRX] hif_print_hal_shadow_register_cfg: i 20, val a03400
06-19 16:42:38.145 199 199 I [kworke][0x1bb2f79a][16:42:38.105143] wlan: [199:I:TXRX] hif_print_hal_shadow_register_cfg: i 21, val a0340c
06-19 16:42:38.145 199 199 I [kworke][0x1bb2f7b9][16:42:38.105144] wlan: [199:I:TXRX] hif_print_hal_shadow_register_cfg: i 22, val a05400
06-19 16:42:38.145 199 199 I [kworke][0x1bb2f7da][16:42:38.105146] wlan: [199:I:TXRX] hif_print_hal_shadow_register_cfg: i 23, val a0540c
06-19 16:42:38.145 199 199 I [kworke][0x1bb2f7f8][16:42:38.105148] wlan: [199:I:TXRX] hif_print_hal_shadow_register_cfg: i 24, val a06400
06-19 16:42:38.145 199 199 I [kworke][0x1bb2f840][16:42:38.105151] wlan: [199:I:TXRX] hif_print_hal_shadow_register_cfg: i 25, val a08400
06-19 16:42:38.107 1694 1729 D CompatibilityChangeReporter: Compat change id reported: 161145287; UID 10124; state: DISABLED
06-19 16:42:38.117 1694 1905 I MR2ServiceImpl: registerManager | uid: 10110, pid: 2096, package: com.android.systemui, user: 0
06-19 16:42:38.169 199 199 I [kworke][0x1bb9d826][16:42:38.128617] wlan: [199:I:HIF] hif_configure_irq: E
06-19 16:42:38.169 199 199 E wlan_pld: pld_is_ipa_offload_disabled:2692:: Not supported on type 0
06-19 16:42:38.169 199 199 E [kworke][0x1bb9e4a1][16:42:38.128783] wlan: [199:E:POLICY_MGR] policy_mgr_init_cfg: max_conc_cxns 3 non-nan
06-19 16:42:38.169 199 199 E [kworke][0x1bb9ecb1][16:42:38.128890] wlan: [199:E:QDF] __cds_get_context: Module ID 66 context is Null (via hdd_update_ol_config)
06-19 16:42:38.134 2355 2355 I [1000004]: [-754446838,32821703,-237063408,68682391,18]
06-19 16:42:38.176 199 199 E [kworke][0x1bbbef22][16:42:38.135750] wlan: [199:E:QDF] __cds_get_context: Module ID 66 context is Null (via cds_open)
06-19 16:42:38.176 199 199 F [kworke][0x1bbc0f5b][16:42:38.136179] wlan: [199:F:WMA] WMA --> wmi_unified_attach - success
06-19 16:42:38.178 199 199 E [kworke][0x1bbc83e3][16:42:38.137733] wlan: [199:E:QDF] htc_wait_target: Target Ready! TX resource : 1 size:2176, MaxMsgsPerHTCBundle = 1
06-19 16:42:38.178 199 199 E [kworke][0x1bbc84e6][16:42:38.137747] wlan: [199:E:QDF] htc_setup_target_buffer_assignments: SVS Index : 1 TX : 0x100 : alloc:1
06-19 16:42:38.178 199 199 I [kworke][0x1bbc8fd4][16:42:38.137892] wlan: [199:I:DP] dp_soc_tx_desc_sw_pools_alloc Tx Desc Alloc num_pool = 6, descs = 4096
06-19 16:42:38.185 199 199 I [kworke][0x1bbe74e8][16:42:38.144360] wlan: [199:I:DP] Peer pool init
06-19 16:42:38.147 1694 1729 D CompatibilityChangeReporter: Compat change id reported: 197654537; UID 1000; state: ENABLED
06-19 16:42:38.152 1694 2087 D CompatibilityChangeReporter: Compat change id reported: 161145287; UID 1000; state: DISABLED
06-19 16:42:38.153 2368 2368 I wm_on_create_called: [165858576,com.android.settings.FallbackHome,performCreate]
06-19 16:42:38.153 2368 2368 I wm_on_start_called: [165858576,com.android.settings.FallbackHome,handleStartActivity]
06-19 16:42:38.154 2368 2368 I wm_on_resume_called: [165858576,com.android.settings.FallbackHome,RESUME_ACTIVITY]
06-19 16:42:38.201 199 199 I [kworke][0x1bc34c1f][16:42:38.160883] wlan: [199:I:HIF] hif_event_history_init: SRNG events history initialized for group: 0
06-19 16:42:38.201 199 199 I [kworke][0x1bc34e40][16:42:38.160911] wlan: [199:I:HIF] hif_event_history_init: SRNG events history initialized for group: 1
06-19 16:42:38.201 199 199 I [kworke][0x1bc34f70][16:42:38.160927] wlan: [199:I:HIF] hif_event_history_init: SRNG events history initialized for group: 2
06-19 16:42:38.201 199 199 I [kworke][0x1bc35059][16:42:38.160939] wlan: [199:I:HIF] hif_event_history_init: SRNG events history initialized for group: 3
06-19 16:42:38.201 199 199 I [kworke][0x1bc35121][16:42:38.160950] wlan: [199:I:HIF] hif_event_history_init: SRNG events history initialized for group: 4
06-19 16:42:38.201 199 199 I [kworke][0x1bc351e2][16:42:38.160960] wlan: [199:I:HIF] hif_event_history_init: SRNG events history initialized for group: 5
06-19 16:42:38.201 199 199 I [kworke][0x1bc35364][16:42:38.160980] wlan: [199:I:HIF] hif_event_history_init: SRNG events history initialized for group: 6
06-19 16:42:38.203 8 8 I [kworke][0x1bc3c3c8][16:42:38.162478] wlan: [8:I:WMA] wma_rx_service_ready_event: Firmware build version : 10230123
06-19 16:42:38.203 8 8 I [kworke][0x1bc3c44c][16:42:38.162485] wlan: [8:I:WMA] wma_rx_service_ready_event: Board id: 0, Board version: 8 0 0 0 1
06-19 16:42:38.203 8 8 I [kworke][0x1bc3ee57][16:42:38.163046] wlan: [8:I:WMA] wma_is_dbs_mandatory: MAC0 does not support both bands 2 DBS is mandatory
06-19 16:42:38.203 8 8 I [kworke][0x1bc3efcb][16:42:38.163065] wlan: [8:I:WMI] extract_hw_bdf_status: BDF VER is 0, FW and BDF ver check skipped
06-19 16:42:38.203 8 8 E [kworke][0x1bc3f030][16:42:38.163070] wlan: [8:E:TIF] init_deinit_populate_twt_cap_ext2: Extraction of twt capability failed
06-19 16:42:38.203 8 8 E [kworke][0x1bc3f098][16:42:38.163076] wlan: [8:E:TIF] init_deinit_populate_dbs_or_sbs_cap_ext2: Extraction of twt capability failed
06-19 16:42:38.203 8 8 E [kworke][0x1bc3f100][16:42:38.163081] wlan: [8:E:TIF] init_deinit_populate_sap_coex_capability: Extraction of sap_coex_chan_pref cap failed
06-19 16:42:38.203 8 8 I [kworke][0x1bc3f184][16:42:38.163088] wlan: [8:I:WMA] wma_is_dbs_mandatory: MAC0 does not support both bands 2 DBS is mandatory
06-19 16:42:38.174 1694 1729 D CompatibilityChangeReporter: Compat change id reported: 171306433; UID 1000; state: ENABLED
06-19 16:42:38.174 1694 1729 D CompatibilityChangeReporter: Compat change id reported: 218533173; UID 1000; state: ENABLED
06-19 16:42:38.182 2368 2368 I wm_on_top_resumed_gained_called: [165858576,com.android.settings.FallbackHome,topStateChangedWhenResumed]
06-19 16:42:38.189 1694 1759 I DropBoxManagerService: add tag=system_server_strictmode isTagEnabled=true flags=0x2
06-19 16:42:38.191 1694 1759 I DropBoxManagerService: add tag=system_server_strictmode isTagEnabled=true flags=0x2
06-19 16:42:38.192 1694 2364 D CoreBackPreview: Window{34cc917 u0 com.android.settings/com.android.settings.FallbackHome}: Setting back callback OnBackInvokedCallbackInfo{mCallback=android.window.IOnBackInvokedCallback$Stub$Proxy@11c2607, mPriority=-1}
06-19 16:42:38.194 1694 1760 D WindowManager: framework set brightness value = NaN
06-19 16:42:38.194 1694 1761 I input_focus: [Focus request 34cc917 com.android.settings/com.android.settings.FallbackHome,reason=UpdateInputWindows]
06-19 16:42:38.197 1694 1760 D WindowManager: framework set brightness value = NaN
06-19 16:42:38.217 1694 1760 I boot_progress_enable_screen: 12879
06-19 16:42:38.218 1694 1760 I screen_toggled: 1
06-19 16:42:38.218 1694 1760 W KeyguardServiceDelegate: onScreenTurningOn(): no keyguard service!
06-19 16:42:38.218 1694 1760 D WindowManager: framework set brightness value = NaN
06-19 16:42:38.218 1694 1760 D WindowManager: framework set brightness value = NaN
06-19 16:42:38.218 1694 1760 D WindowManager: framework set brightness value = NaN
06-19 16:42:38.221 1694 2364 I am_uid_running: 10102
06-19 16:42:38.221 1694 2364 D CompatibilityChangeReporter: Compat change id reported: 135634846; UID 10102; state: DISABLED
06-19 16:42:38.221 1694 2364 D CompatibilityChangeReporter: Compat change id reported: 177438394; UID 10102; state: DISABLED
06-19 16:42:38.221 1694 2364 D CompatibilityChangeReporter: Compat change id reported: 135772972; UID 10102; state: DISABLED
06-19 16:42:38.222 1694 2364 D CompatibilityChangeReporter: Compat change id reported: 135754954; UID 10102; state: ENABLED
06-19 16:42:38.222 1694 1770 D CompatibilityChangeReporter: Compat change id reported: 143937733; UID 10102; state: ENABLED
06-19 16:42:38.227 1694 1770 I am_proc_start: [0,2508,10102,com.android.launcher3,service,{com.android.launcher3/com.android.quickstep.TouchInteractionService}]
06-19 16:42:38.227 1694 1770 I ActivityManager: Start proc 2508:com.android.launcher3/u0a102 for service {com.android.launcher3/com.android.quickstep.TouchInteractionService}
06-19 16:42:38.232 1694 2225 D CoreBackPreview: Window{d7eacd5 u0 ScreenDecorOverlay}: Setting back callback OnBackInvokedCallbackInfo{mCallback=android.window.IOnBackInvokedCallback$Stub$Proxy@51d9ab7, mPriority=0}
06-19 16:42:38.233 1694 1760 D WindowManager: framework set brightness value = NaN
06-19 16:42:38.235 1694 1729 D CoreBackPreview: Window{64dbd8e u0 ScreenDecorOverlayBottom}: Setting back callback OnBackInvokedCallbackInfo{mCallback=android.window.IOnBackInvokedCallback$Stub$Proxy@da241bc, mPriority=0}
06-19 16:42:38.242 1694 1760 D WindowManager: framework set brightness value = NaN
06-19 16:42:38.243 1694 2225 I am_proc_bound: [0,2508,com.android.launcher3]
06-19 16:42:38.243 1694 2225 D CompatibilityChangeReporter: Compat change id reported: 168419799; UID 10102; state: DISABLED
06-19 16:42:38.243 1694 2225 D CompatibilityChangeReporter: Compat change id reported: 273564678; UID 10102; state: DISABLED
06-19 16:42:38.244 1694 1760 D WindowManager: framework set brightness value = NaN
06-19 16:42:38.244 1694 1760 D WindowManager: framework set brightness value = NaN
06-19 16:42:38.245 1694 2225 I am_uid_active: 10102
06-19 16:42:38.246 1694 1760 D WindowManager: framework set brightness value = NaN
06-19 16:42:38.253 2096 2096 W CarrierConfigManager: Error getting config for subId -1 ICarrierConfigLoader is null
06-19 16:42:38.262 1694 2364 D TelephonyRegistry: listen oscl: mHasNotifySubscriptionInfoChangedOccurred==false no callback
06-19 16:42:38.295 1694 1759 I DropBoxManagerService: add tag=system_app_strictmode isTagEnabled=true flags=0x2
06-19 16:42:38.296 1694 1759 I DropBoxManagerService: add tag=system_app_strictmode isTagEnabled=true flags=0x2
06-19 16:42:38.297 1694 1759 I DropBoxManagerService: add tag=system_app_strictmode isTagEnabled=true flags=0x2
06-19 16:42:38.299 1694 1759 I DropBoxManagerService: add tag=system_app_strictmode isTagEnabled=true flags=0x2
06-19 16:42:38.310 2096 2530 I sysui_multi_action: [757,213,758,4,759,-1]
06-19 16:42:38.376 8 8 E [kworke][0x1bf68769][16:42:38.335753] wlan: [8:E:QDF] ready_extract_init_status_tlv: ready_extract_init_status_tlv:0
06-19 16:42:38.376 8 8 I [kworke][0x1bf6a300][16:42:38.336121] wlan: [8:I:dfs] WLAN_DEBUG_DFS_ALWAYS : wlan_dfs_pdev_obj_create_notification: dfs_offload 1
06-19 16:42:38.376 8 8 I [kworke][0x1bf6a34a][16:42:38.336125] wlan: [8:I:dfs] WLAN_DEBUG_DFS_ALWAYS : wlan_dfs_pdev_obj_create_notification: dfs_bangradar_320_support 0
06-19 16:42:38.376 8 8 I [kworke][0x1bf6a3f8][16:42:38.336134] wlan: [8:I:SPECTRAL] null_get_capability: SPECTRAL : get_capability not registered
06-19 16:42:38.376 8 8 I [kworke][0x1bf6a41b][16:42:38.336136] wlan: [8:I:SPECTRAL] target_if_pdev_spectral_init: HAL_CAP_PHYDIAG : Capable
06-19 16:42:38.376 8 8 I [kworke][0x1bf6a453][16:42:38.336139] wlan: [8:I:SPECTRAL] null_get_capability: SPECTRAL : get_capability not registered
06-19 16:42:38.376 8 8 I [kworke][0x1bf6a46d][16:42:38.336140] wlan: [8:I:SPECTRAL] target_if_pdev_spectral_init: HAL_CAP_RADAR : Capable
06-19 16:42:38.376 8 8 I [kworke][0x1bf6a487][16:42:38.336142] wlan: [8:I:SPECTRAL] null_get_capability: SPECTRAL : get_capability not registered
06-19 16:42:38.376 8 8 I [kworke][0x1bf6a4a4][16:42:38.336143] wlan: [8:I:SPECTRAL] target_if_pdev_spectral_init: HAL_CAP_SPECTRAL_SCAN : Capable
06-19 16:42:38.376 8 8 I [kworke][0x1bf6a4ca][16:42:38.336145] wlan: [8:I:SPECTRAL] null_get_tsf64: SPECTRAL : get_tsf64 not registered
06-19 16:42:38.376 8 8 I [kworke][0x1bf6a560][16:42:38.336153] wlan: [8:I:GREEN_AP] wlan_green_ap_pdev_obj_create_notification: Green AP creation successful, green ap ctx: 0000000009d6ee7d, pdev: 0000000049edfe6a
06-19 16:42:38.376 8 8 I [kworke][0x1bf6a8fc][16:42:38.336201] wlan: [8:I:REGULATORY] reg_set_band: set band bitmap: 3
06-19 16:42:38.376 8 8 I [kworke][0x1bf6a95d][16:42:38.336206] wlan: [8:I:HDD] hdd_intersect_igmp_offload_setting: fw cap to handle igmp 1 igmp_offload_enable ini 0
06-19 16:42:38.377 8 8 I [kworke][0x1bf6ae2f][16:42:38.336270] wlan: [8:I:GREEN_AP] target_if_green_ap_register_egap_event_handler: Set the Enhance Green AP event handler
06-19 16:42:38.377 199 199 I [kworke][0x1bf6b17c][16:42:38.336315] wlan: [199:I:WMA] wma_wait_for_ready_event: FW ready event received
06-19 16:42:38.378 199 199 I [kworke][0x1bf73865][16:42:38.338113] wlan: [199:I:SYS] Creating periodic timer for OLBC UPDATE CACHE TIMEOUT
06-19 16:42:38.379 199 199 E [kworke][0x1bf74242][16:42:38.338245] wlan: [199:E:DP] dp_rxdma_ring_config: pdev_id 0 max_mac_rings 2
06-19 16:42:38.379 199 199 E [kworke][0x1bf7433a][16:42:38.338258] wlan: [199:E:TXRX] dp_rxdma_ring_config: mac_id 0
06-19 16:42:38.379 199 199 E [kworke][0x1bf74a0d][16:42:38.338349] wlan: [199:E:TXRX] dp_rxdma_ring_config: mac_id 1
06-19 16:42:38.379 199 199 I [kworke][0x1bf75d59][16:42:38.338606] wlan: [199:I:HAL] hal_reo_set_err_dst_remap_6390: HWIO_REO_R0_ERROR_DESTINATION_MAPPING_IX_0 0x28005b6d
06-19 16:42:38.379 199 199 I [kworke][0x1bf765ec][16:42:38.338720] wlan: [199:I:DIRECT_BUF_RX] target_if_direct_buf_rx_register_events: DBR Handler Context 1
06-19 16:42:38.339 1694 1905 D CompatibilityChangeReporter: Compat change id reported: 161145287; UID 10102; state: DISABLED
06-19 16:42:38.380 199 199 E [kworke][0x1bf796a7][16:42:38.339370] wlan: [199:E:WMI] send_action_oui_cmd_tlv: Invalid action id
06-19 16:42:38.380 199 199 E [kworke][0x1bf798b6][16:42:38.339397] wlan: [199:E:action_oui] action_oui_send_config: Failed to send: 7
06-19 16:42:38.380 199 199 E [kworke][0x1bf799b4][16:42:38.339411] wlan: [199:E:WMI] send_action_oui_cmd_tlv: Invalid action id
06-19 16:42:38.380 199 199 E [kworke][0x1bf79abd][16:42:38.339424] wlan: [199:E:action_oui] action_oui_send_config: Failed to send: 8
06-19 16:42:38.367 1694 1759 I DropBoxManagerService: add tag=system_app_strictmode isTagEnabled=true flags=0x2
06-19 16:42:38.406 199 199 E [kworke][0x1bff5ac8][16:42:38.365879] wlan: [199:E:fwol] ucfg_fwol_send_get_thermal_stats_cmd: Command Disabled in Ini gThermalStatsTempOffset 5 or not enabled in FW 0
06-19 16:42:38.406 199 199 E [kworke][0x1bff5db6][16:42:38.365918] wlan: [199:E:OSIF] os_if_fwol_get_thermal_stats_req: Failed to send get thermal stats cmd to FW, 4
06-19 16:42:38.407 1125 1125 I [wifi@1][0x1bff8a1f][16:42:38.366510] wlan: [1125:I:DP] 00000000: 85 fc 2d 63 f8 be 2f f1 14 fd 4b ee 21 94 30 12
06-19 16:42:38.407 1125 1125 I [wifi@1][0x1bff8a87][16:42:38.366515] wlan: [1125:I:DP] 00000010: d3 b2 9a 17
06-19 16:42:38.407 1125 1125 I [wifi@1][0x1bff8ac2][16:42:38.366518] wlan: [1125:I:DP] 00000000: 6e f8 ce f8 0c 76 22 4b f1 6f a6 c0 1a eb d4 bd
06-19 16:42:38.407 1125 1125 I [wifi@1][0x1bff8ae3][16:42:38.366520] wlan: [1125:I:DP] 00000010: e1 5c 47 47 a5 1e 27 3c e7 91 71 b4 79 b9 23 e9
06-19 16:42:38.407 1125 1125 I [wifi@1][0x1bff8b05][16:42:38.366522] wlan: [1125:I:DP] 00000020: b1 44 1a 00 12 2e 08 f7 d5 7b 1f 1d
06-19 16:42:38.407 1125 1125 E [wifi@1][0x1bffb7bf][16:42:38.367118] wlan: [1125:E:PMO] pmo_register_wow_default_patterns: ptrn_match is disable for vdev 0
06-19 16:42:38.408 1125 1125 E [wifi@1][0x1bffde66][16:42:38.367634] wlan: [1125:E:HDD] hdd_sysfs_bmiss_create: could not create bmiss sysfs file
06-19 16:42:38.408 1125 1125 E [wifi@1][0x1c000200][16:42:38.368108] wlan: [1125:E:TWT] wlan_twt_is_setup_done: Peer object not found 00:00:00:00:00:00
06-19 16:42:38.371 1125 1125 I android.hardware.wifi@1.0-service: Adding interface handle for wifi-aware0
06-19 16:42:38.371 1125 1125 I android.hardware.wifi@1.0-service: Adding interface handle for p2p0
06-19 16:42:38.371 1125 1125 I android.hardware.wifi@1.0-service: Adding interface handle for wlan0
06-19 16:42:38.371 1125 1125 W android.hardware.wifi@1.0-service: No active wlan interfaces in use! Using default
06-19 16:42:38.371 1125 1125 W android.hardware.wifi@1.0-service: No active wlan interfaces in use! Using default
06-19 16:42:38.372 1125 1125 I android.hardware.wifi@1.0-service: Reloading iface concurrency combination from driver
06-19 16:42:38.373 1125 1125 I android.hardware.wifi@1.0-service: Configured chip in mode 3
06-19 16:42:38.373 1125 1125 W android.hardware.wifi@1.0-service: No active wlan interfaces in use! Using default
06-19 16:42:38.374 1694 1759 I DropBoxManagerService: add tag=system_app_strictmode isTagEnabled=true flags=0x2
06-19 16:42:38.374 1125 1125 I android.hardware.wifi@1.0-service: Adding interface handle for wifi-aware0
06-19 16:42:38.374 1125 1125 I android.hardware.wifi@1.0-service: Adding interface handle for p2p0
06-19 16:42:38.374 1125 1125 I android.hardware.wifi@1.0-service: Adding interface handle for wlan0
