01-01 00:09:40.872 423 423 E qcom_q6v5_pas 9800000.remoteproc-npu: IRQ stop-ack not found
01-01 00:09:40.872 423 423 W qcom_q6v5_pas 9800000.remoteproc-npu: stop_irq not found int dt
01-01 00:09:40.872 423 423 I remoteproc3: 9800000.remoteproc-npu is available
01-01 00:09:40.876 8 8 I msm-dwc3 a800000.ssusb: dwc3 msm iommu fault handler registered
01-01 00:09:40.877 447 447 I coresight-remote-etm soc: ssc_etm0: Remote ETM initialized
01-01 00:09:40.878 619 619 I xhci-hcd.2.auto: xHCI Host Controller
01-01 00:09:40.878 619 619 I xhci-hcd.2.auto: new USB bus registered, assigned bus number 1
01-01 00:09:40.878 619 619 I xhci-hcd.2.auto: hcc params 0x0230ffe5 hci version 0x110 quirks 0x0000008000010810
01-01 00:09:40.878 346 346 I fastrpc soc: qcom,msm_fastrpc:qcom,msm_fastrpc_compute_cb12: Adding to iommu group 34
01-01 00:09:40.878 619 619 I xhci-hcd.2.auto: irq 425, io mem 0x0a800000
01-01 00:09:40.878 619 619 I xhci-hcd.2.auto: xHCI Host Controller
01-01 00:09:40.878 619 619 I xhci-hcd.2.auto: new USB bus registered, assigned bus number 2
01-01 00:09:40.878 619 619 I xhci-hcd.2.auto: Host supports USB 3.1 Enhanced SuperSpeed
01-01 00:09:40.878 619 619 I usb1 : New USB device found, idVendor=1d6b, idProduct=0002, bcdDevice= 5.15
01-01 00:09:40.878 619 619 I usb1 : New USB device strings: Mfr=3, Product=2, SerialNumber=1
01-01 00:09:40.878 619 619 I usb1 : Product: xHCI Host Controller
01-01 00:09:40.878 619 619 I usb1 : Manufacturer: Linux 5.15.149-android13-8-gf487541b81d6-dirty-ab3744 xhci-hcd
01-01 00:09:40.878 619 619 I usb1 : SerialNumber: xhci-hcd.2.auto
01-01 00:09:40.878 506 506 I msm_cam_smmu soc: qcom,cam_smmu:msm_cam_smmu_jpeg: Adding to iommu group 35
01-01 00:09:40.878 619 619 I hub 1-0 : 1.0: USB hub found
01-01 00:09:40.878 619 619 I hub 1-0 : 1.0: 1 port detected
01-01 00:09:40.878 493 493 E OF : /soc/clock-controller@abf0000: #clock-cells = 1 found 0
01-01 00:09:40.878 493 493 E OF : /soc/clock-controller@ad00000: #clock-cells = 1 found 0
01-01 00:09:40.879 507 507 I msm_cvp ab00000.qcom,cvp: cvp_non_secure_cb: Adding to iommu group 36
01-01 00:09:40.879 493 493 E OF : /soc/clock-controller@abf0000: #clock-cells = 1 found 0
01-01 00:09:40.879 493 493 E OF : /soc/clock-controller@ad00000: #clock-cells = 1 found 0
01-01 00:09:40.879 493 493 E OF : /soc/clock-controller@abf0000: #clock-cells = 1 found 0
01-01 00:09:40.879 493 493 E OF : /soc/clock-controller@ad00000: #clock-cells = 1 found 0
01-01 00:09:40.879 493 493 E OF : /soc/clock-controller@abf0000: #clock-cells = 1 found 0
01-01 00:09:40.879 493 493 E OF : /soc/clock-controller@ad00000: #clock-cells = 1 found 0
01-01 00:09:40.879 493 493 E OF : /soc/clock-controller@abf0000: #clock-cells = 1 found 0
01-01 00:09:40.879 493 493 E OF : /soc/clock-controller@ad00000: #clock-cells = 1 found 0
01-01 00:09:40.879 493 493 E OF : /soc/clock-controller@abf0000: #clock-cells = 1 found 0
01-01 00:09:40.879 493 493 E OF : /soc/clock-controller@ad00000: #clock-cells = 1 found 0
01-01 00:09:40.879 346 346 I fastrpc soc: qcom,msm_fastrpc:qcom,msm_fastrpc_compute_cb13: Adding to iommu group 37
01-01 00:09:40.879 619 619 I usb2 : New USB device found, idVendor=1d6b, idProduct=0003, bcdDevice= 5.15
01-01 00:09:40.879 619 619 I usb2 : New USB device strings: Mfr=3, Product=2, SerialNumber=1
01-01 00:09:40.879 619 619 I usb2 : Product: xHCI Host Controller
01-01 00:09:40.879 619 619 I usb2 : Manufacturer: Linux 5.15.149-android13-8-gf487541b81d6-dirty-ab3744 xhci-hcd
01-01 00:09:40.879 619 619 I usb2 : SerialNumber: xhci-hcd.2.auto
01-01 00:09:40.879 493 493 E OF : /soc/clock-controller@abf0000: #clock-cells = 1 found 0
01-01 00:09:40.879 493 493 E OF : /soc/clock-controller@ad00000: #clock-cells = 1 found 0
01-01 00:09:40.879 619 619 I hub 2-0 : 1.0: USB hub found
01-01 00:09:40.879 619 619 I hub 2-0 : 1.0: 1 port detected
01-01 00:09:40.880 493 493 E OF : /soc/clock-controller@abf0000: #clock-cells = 1 found 0
01-01 00:09:40.880 493 493 E OF : /soc/clock-controller@ad00000: #clock-cells = 1 found 0
01-01 00:09:40.880 346 346 I fastrpc soc: qcom,msm_fastrpc:qcom,msm_fastrpc_compute_cb14: Adding to iommu group 38
01-01 00:09:40.880 493 493 E OF : /soc/clock-controller@abf0000: #clock-cells = 1 found 0
01-01 00:09:40.880 493 493 E OF : /soc/clock-controller@ad00000: #clock-cells = 1 found 0
01-01 00:09:40.880 346 346 I fastrpc soc: qcom,msm_fastrpc:qcom,msm_fastrpc_compute_cb15: Adding to iommu group 39
01-01 00:09:40.880 493 493 E OF : /soc/clock-controller@abf0000: #clock-cells = 1 found 0
01-01 00:09:40.880 493 493 E OF : /soc/clock-controller@ad00000: #clock-cells = 1 found 0
01-01 00:09:40.881 493 493 E OF : /soc/clock-controller@abf0000: #clock-cells = 1 found 0
01-01 00:09:40.881 493 493 E OF : /soc/clock-controller@ad00000: #clock-cells = 1 found 0
01-01 00:09:40.881 493 493 E OF : /soc/clock-controller@abf0000: #clock-cells = 1 found 0
01-01 00:09:40.881 493 493 E OF : /soc/clock-controller@ad00000: #clock-cells = 1 found 0
01-01 00:09:40.881 493 493 E OF : /soc/clock-controller@abf0000: #clock-cells = 1 found 0
01-01 00:09:40.881 493 493 E OF : /soc/clock-controller@ad00000: #clock-cells = 1 found 0
01-01 00:09:40.881 346 346 I adsprpc : fastrpc_device_init: SSR notifier registered for lpass
01-01 00:09:40.881 346 346 I adsprpc : fastrpc_device_init: SSR notifier registered for mpss
01-01 00:09:40.881 346 346 I adsprpc : fastrpc_device_init: SSR notifier registered for dsps
01-01 00:09:40.882 493 493 E OF : /soc/clock-controller@abf0000: #clock-cells = 1 found 0
01-01 00:09:40.882 493 493 E OF : /soc/clock-controller@ad00000: #clock-cells = 1 found 0
01-01 00:09:40.883 506 506 I msm_cam_smmu soc: qcom,cam_smmu:msm_cam_smmu_icp: Adding to iommu group 40
01-01 00:09:40.890 507 507 I msm_cvp ab00000.qcom,cvp: cvp_secure_nonpixel_cb: Adding to iommu group 41
01-01 00:09:40.891 390 390 D tlv320adc3140 1-004d: GPIO lookup for consumer reset
01-01 00:09:40.891 390 390 D tlv320adc3140 1-004d: using device tree for GPIO lookup
01-01 00:09:40.891 390 390 D of_get_named_gpiod_flags: parsed 'reset-gpios' property of node '/soc/qcom,qupv3_0_geni_se@9c0000/i2c@984000/tlv320@4d[0]' - status (0)
01-01 00:09:40.891 390 390 D gpio-408 (reset): gpiod_request: status -16
01-01 00:09:40.891 390 390 I tlv320adc3140 1-004d: Reset GPIO not defined
01-01 00:09:40.891 390 390 I tlv320adc3140 1-004d: adc id = 1, ptr = 0000000027120558
01-01 00:09:40.891 390 390 I tlv320adc3140 1-004d: adcx140_enable_1
01-01 00:09:40.892 507 507 I msm_cvp ab00000.qcom,cvp: cvp_secure_pixel_cb: Adding to iommu group 42
01-01 00:09:40.896 507 507 I msm_cvp ab00000.qcom,cvp: qcom,msm-cvp,mem_cdsp: assigned reserved memory node cdsp_region
01-01 00:09:40.896 507 507 I msm_cvp : err: VA_Minidump is NOT enabled!
01-01 00:09:40.902 506 506 I CAM_INFO: CAM-SMMU: cam_smmu_get_memory_regions_info: 3925 [icp] : Discard region specified [0xdff00000 0xe0200000] in [0x10c00000 0xfef00000]
01-01 00:09:40.903 346 346 I adsprpc : fastrpc_device_init: SSR notifier registered for cdsp
01-01 00:09:40.903 346 346 I adsprpc : fastrpc_device_init: SSR notifier registered for cdsp1
01-01 00:09:40.903 346 346 I adsprpc : fastrpc_device_init: SSR notifier registered for gpdsp0
01-01 00:09:40.903 346 346 I adsprpc : fastrpc_device_init: SSR notifier registered for gpdsp1
01-01 00:09:40.912 335 335 I region0 : seg_start 0x240000000 len 0x140000000 granule 0x200 seg_start_offset 0x0 seg_start_idx 0x0
01-01 00:09:40.912 335 335 I mem-offline: num_ddr_regions 1 num_segments 10
01-01 00:09:40.912 335 335 I mem-offline: Added memory blocks ranging from mem72 - mem111
01-01 00:09:40.916 506 506 I msm_cam_smmu soc: qcom,cam_smmu:msm_cam_smmu_cpas_cdm: Adding to iommu group 43
01-01 00:09:40.918 487 487 I cnss_prealloc: assign cnss pool for device id 0x1101
01-01 00:09:40.918 487 487 I cnss_prealloc: created mempool cnss-pool-8k of min size 16 * 8192
01-01 00:09:40.918 487 487 I cnss_prealloc: created mempool cnss-pool-16k of min size 16 * 16384
01-01 00:09:40.918 102 102 E qcom,qpnp-smb5 c440000.qcom,spmi: qcom,pm8150b@2:qcom,qpnp-smb5: cp_parallel_output_mode channel unavailable, -19
01-01 00:09:40.918 102 102 E qcom,qpnp-smb5 c440000.qcom,spmi: qcom,pm8150b@2:qcom,qpnp-smb5: Failed to get channels, rc=-19
01-01 00:09:40.919 487 487 I cnss_prealloc: created mempool cnss-pool-32k of min size 22 * 32768
01-01 00:09:40.919 102 102 E pm8150b_charger: smblib_eval_chg_termination: Couldn't read SOC value, rc=-19
01-01 00:09:40.919 506 506 I msm_cam_smmu soc: qcom,cam_smmu:msm_cam_smmu_fd: Adding to iommu group 44
01-01 00:09:40.919 487 487 I cnss_prealloc: created mempool cnss-pool-64k of min size 38 * 65536
01-01 00:09:40.919 506 506 I sm8250-videocc abf0000.clock-controller: sync-state
01-01 00:09:40.919 487 487 I cnss_prealloc: created mempool cnss-pool-128k of min size 10 * 131072
01-01 00:09:40.920 506 506 I sm8250-npucc 9800000.clock-controller: sync-state
01-01 00:09:40.920 487 487 E cnss : Failed to get qmp
01-01 00:09:40.921 510 510 I kgsl-iommu 3da0000.qcom,kgsl-iommu: gfx3d_user: Adding to iommu group 45
01-01 00:09:40.923 510 510 I kgsl-iommu 3da0000.qcom,kgsl-iommu: gfx3d_secure: Adding to iommu group 46
01-01 00:09:40.923 88 88 E pm8150b_charger: jeita_update_work: Batterydata not available
01-01 00:09:40.931 487 487 D of_get_named_gpiod_flags: parsed 'wlan-en-gpio' property of node '/soc/qcom,cnss-qca6390@b0000000[0]' - status (0)
01-01 00:09:40.932 487 487 D of_get_named_gpiod_flags: parsed 'qcom,bt-en-gpio' property of node '/soc/qcom,cnss-qca6390@b0000000[0]' - status (0)
01-01 00:09:40.933 487 487 D of_get_named_gpiod_flags: parsed 'qcom,sw-ctrl-gpio' property of node '/soc/qcom,cnss-qca6390@b0000000[0]' - status (0)
01-01 00:09:40.934 487 487 D of_get_named_gpiod_flags: can't parse 'wlan-dev-sol-gpio' property of node '/soc/qcom,cnss-qca6390@b0000000[0]'
01-01 00:09:40.934 487 487 D of_get_named_gpiod_flags: can't parse 'wlan-host-sol-gpio' property of node '/soc/qcom,cnss-qca6390@b0000000[0]'
01-01 00:09:40.936 510 510 I adreno-a6xx-gmu 3d6a000.qcom,gmu: Adding to iommu group 47
01-01 00:09:40.937 487 487 I msm_pcie_enable: PCIe: Assert the reset of endpoint of RC0.
01-01 00:09:40.938 508 508 I [sde_rsc_hw:rsc_hw_init_v3:540]: sde rsc init successfully done
01-01 00:09:40.938 508 508 I [sde_rsc:sde_rsc_probe:1830]: sde rsc index:0 probed successfully
01-01 00:09:40.940 510 510 W socinfo : Feature code is not supported by bootloaders
01-01 00:09:40.940 487 487 I msm_pcie_enable: PCIe: RC0: PCIE20_PARF_INT_ALL_MASK: 0x7f80d202
01-01 00:09:40.941 506 506 E videodev: __video_register_device:[debug_v4l2] nr = 0, =name is cam-cpas
01-01 00:09:40.942 508 508 I msmdrm_smmu soc: qcom,smmu_sde_unsec_cb: Adding to iommu group 48
01-01 00:09:40.942 487 487 I pcie_phy_init: PCIe RC0 PHY is ready!
01-01 00:09:40.943 508 508 I : [drm] probing device qcom,smmu_sde_unsec
01-01 00:09:40.943 508 508 I : [drm] Created domain mdp_ns, secure=0
01-01 00:09:40.943 510 510 I kgsl-3d 3d00000.qcom,kgsl-3d0: bound 3da0000.qcom,kgsl-iommu (ops kgsl_mmu_component_ops [msm_kgsl])
01-01 00:09:40.946 102 102 I : SMB5 status - usb:present=1 type=4 batt:present = 1 health = 1 charge = 1
01-01 00:09:40.946 102 102 I : QPNP SMB5 probed successfully
01-01 00:09:40.946 510 510 I kgsl-3d 3d00000.qcom,kgsl-3d0: bound 3da0000.qcom,kgsl-iommu:gfx3d_user (ops kgsl_mmu_cb_component_ops [msm_kgsl])
01-01 00:09:40.947 102 102 I spss_utils [spss_parse_dt]: iar_buf_addr [0x8be00000].
01-01 00:09:40.947 510 510 I kgsl-3d 3d00000.qcom,kgsl-3d0: bound 3da0000.qcom,kgsl-iommu:gfx3d_secure (ops kgsl_mmu_cb_component_ops [msm_kgsl])
01-01 00:09:40.948 102 102 I audio_notifier_reg_service: service PDR_ADSP is in use
01-01 00:09:40.949 102 102 W msm-cdc-pinctrl soc: msm_cdc_pinctrl_quin: deferred probe timeout, ignoring dependency
01-01 00:09:40.950 102 102 W msm-cdc-pinctrl soc: msm_cdc_pinctrl_sen: deferred probe timeout, ignoring dependency
01-01 00:09:40.950 510 510 I kgsl-3d 3d00000.qcom,kgsl-3d0: bound 3d6a000.qcom,gmu (ops a6xx_gmu_component_ops [msm_kgsl])
01-01 00:09:40.951 102 102 I spss_utils [spss_parse_dt]: iar_buf_addr [0x8be00000].
01-01 00:09:40.952 102 102 W msm-cdc-pinctrl soc: msm_cdc_pinctrl_quin: deferred probe timeout, ignoring dependency
01-01 00:09:40.952 487 487 I msm_pcie_enable: PCIe: Release the reset of endpoint of RC0.
01-01 00:09:40.953 102 102 W msm-cdc-pinctrl soc: msm_cdc_pinctrl_sen: deferred probe timeout, ignoring dependency
01-01 00:09:40.954 508 508 I msmdrm_smmu soc: qcom,smmu_sde_sec_cb: Adding to iommu group 49
01-01 00:09:40.954 102 102 I spss_utils [spss_parse_dt]: iar_buf_addr [0x8be00000].
01-01 00:09:40.955 102 102 W msm-cdc-pinctrl soc: msm_cdc_pinctrl_quin: deferred probe timeout, ignoring dependency
01-01 00:09:40.956 508 508 I : [drm] probing device qcom,smmu_sde_sec
01-01 00:09:40.956 508 508 I : [drm] Created domain mdp_s, secure=1
01-01 00:09:40.956 102 102 W msm-cdc-pinctrl soc: msm_cdc_pinctrl_sen: deferred probe timeout, ignoring dependency
01-01 00:09:40.957 102 102 I spss_utils [spss_parse_dt]: iar_buf_addr [0x8be00000].
01-01 00:09:40.958 102 102 W msm-cdc-pinctrl soc: msm_cdc_pinctrl_quin: deferred probe timeout, ignoring dependency
01-01 00:09:40.958 102 102 W msm-cdc-pinctrl soc: msm_cdc_pinctrl_sen: deferred probe timeout, ignoring dependency
01-01 00:09:40.960 102 102 I spss_utils [spss_parse_dt]: iar_buf_addr [0x8be00000].
01-01 00:09:40.962 102 102 W msm-cdc-pinctrl soc: msm_cdc_pinctrl_quin: deferred probe timeout, ignoring dependency
01-01 00:09:40.962 508 508 E va-minidump: qcom_va_md_register: qcom va minidump driver is not initialized
01-01 00:09:40.963 508 508 I [drm:sde_dbg_init:2672] evtlog_status: enable:11, panic:1, dump:2
01-01 00:09:40.963 102 102 W msm-cdc-pinctrl soc: msm_cdc_pinctrl_sen: deferred probe timeout, ignoring dependency
01-01 00:09:40.963 490 490 I sm8250-gpucc 3d90000.clock-controller: sync-state
01-01 00:09:40.964 102 102 I spss_utils [spss_parse_dt]: iar_buf_addr [0x8be00000].
01-01 00:09:40.965 102 102 W msm-cdc-pinctrl soc: msm_cdc_pinctrl_quin: deferred probe timeout, ignoring dependency
01-01 00:09:40.965 508 508 W dsi_phy ae94900.qcom,mdss_dsi_phy0: supply gdsc not found, using dummy regulator
01-01 00:09:40.965 102 102 W msm-cdc-pinctrl soc: msm_cdc_pinctrl_sen: deferred probe timeout, ignoring dependency
01-01 00:09:40.965 508 508 I [drm:dsi_pll_init [msm_drm]] [msm-dsi-info]: DSI_PLL_0: DSI pll label = dsi_pll_5nm
01-01 00:09:40.968 508 508 I dsi_pll_init: PLL base=000000001f4dffef
01-01 00:09:40.969 508 508 E OF : /soc/clock-controller@abf0000: #clock-cells = 1 found 0
01-01 00:09:40.969 508 508 E OF : /soc/clock-controller@ad00000: #clock-cells = 1 found 0
01-01 00:09:40.969 487 487 I msm_pcie_link_train: PCIe RC0 link initialized
01-01 00:09:40.969 487 487 I pci-msm 1c00000.qcom,pcie: host bridge /soc/qcom,pcie@1c00000 ranges:
01-01 00:09:40.969 487 487 I pci-msm 1c00000.qcom,pcie: No bus range found for /soc/qcom,pcie@1c00000, using [bus 00-ff]
01-01 00:09:40.969 508 508 E OF : /soc/clock-controller@abf0000: #clock-cells = 1 found 0
01-01 00:09:40.969 487 487 I pci-msm 1c00000.qcom,pcie: MEM 0x0060200000..0x0063ffffff -> 0x0060200000
01-01 00:09:40.969 508 508 E OF : /soc/clock-controller@ad00000: #clock-cells = 1 found 0
01-01 00:09:40.969 487 487 I pci-msm 1c00000.qcom,pcie: MSI: qgic controller is present
01-01 00:09:40.969 508 508 E OF : /soc/clock-controller@abf0000: #clock-cells = 1 found 0
01-01 00:09:40.969 508 508 E OF : /soc/clock-controller@ad00000: #clock-cells = 1 found 0
01-01 00:09:40.969 487 487 I pci-msm 1c00000.qcom,pcie: PCI host bridge to bus 0000:00
01-01 00:09:40.970 487 487 I pci_bus 0000: 00: root bus resource [bus 00-ff]
01-01 00:09:40.970 487 487 I pci_bus 0000: 00: root bus resource [mem 0x60200000-0x63ffffff]
01-01 00:09:40.970 487 487 I pci 0000: 00:00.0: [17cb:010b] type 01 class 0x060400
01-01 00:09:40.970 487 487 I pci 0000: 00:00.0: reg 0x10: [mem 0x00000000-0x00000fff 64bit]
01-01 00:09:40.970 487 487 I pci 0000: 00:00.0: PME# supported from D0 D3hot D3cold
01-01 00:09:40.969 508 508 I [drm:dsi_pll_clock_register_5nm [msm_drm]] [msm-dsi-info]: DSI_PLL_0: Registered clocks successfully
01-01 00:09:40.972 508 508 I [drm:dsi_phy_driver_probe [msm_drm]] [msm-dsi-info]: DSI_0: Probe successful
01-01 00:09:40.977 487 487 I pci 0000: 00:00.0: bridge configuration invalid ([bus 00-00]), reconfiguring
01-01 00:09:40.977 487 487 I pci 0000: 01:00.0: [17cb:1101] type 00 class 0x028000
01-01 00:09:40.977 508 508 W dsi_phy ae96900.qcom,mdss_dsi_phy1: supply gdsc not found, using dummy regulator
01-01 00:09:40.977 487 487 I pci 0000: 01:00.0: reg 0x10: [mem 0x00000000-0x000fffff 64bit]
01-01 00:09:40.977 487 487 I pci 0000: 01:00.0: PME# supported from D0 D3hot D3cold
01-01 00:09:40.977 508 508 I [drm:dsi_pll_init [msm_drm]] [msm-dsi-info]: DSI_PLL_0: DSI pll label = dsi_pll_5nm
01-01 00:09:40.978 102 102 I spss_utils [spss_parse_dt]: iar_buf_addr [0x8be00000].
01-01 00:09:40.978 102 102 W msm-cdc-pinctrl soc: msm_cdc_pinctrl_quin: deferred probe timeout, ignoring dependency
01-01 00:09:40.978 508 508 I dsi_pll_init: PLL base=000000006bcba1df
01-01 00:09:40.979 508 508 E OF : /soc/clock-controller@abf0000: #clock-cells = 1 found 0
01-01 00:09:40.979 508 508 E OF : /soc/clock-controller@ad00000: #clock-cells = 1 found 0
01-01 00:09:40.979 508 508 E OF : /soc/clock-controller@abf0000: #clock-cells = 1 found 0
01-01 00:09:40.979 508 508 E OF : /soc/clock-controller@ad00000: #clock-cells = 1 found 0
01-01 00:09:40.979 102 102 W msm-cdc-pinctrl soc: msm_cdc_pinctrl_sen: deferred probe timeout, ignoring dependency
01-01 00:09:40.981 102 102 I spss_utils [spss_parse_dt]: iar_buf_addr [0x8be00000].
01-01 00:09:40.981 102 102 W msm-cdc-pinctrl soc: msm_cdc_pinctrl_quin: deferred probe timeout, ignoring dependency
01-01 00:09:40.982 102 102 W msm-cdc-pinctrl soc: msm_cdc_pinctrl_sen: deferred probe timeout, ignoring dependency
01-01 00:09:40.982 508 508 E OF : /soc/clock-controller@abf0000: #clock-cells = 1 found 0
01-01 00:09:40.982 508 508 E OF : /soc/clock-controller@ad00000: #clock-cells = 1 found 0
01-01 00:09:40.982 508 508 I [drm:dsi_pll_clock_register_5nm [msm_drm]] [msm-dsi-info]: DSI_PLL_1: Registered clocks successfully
01-01 00:09:40.983 508 508 I [drm:dsi_phy_driver_probe [msm_drm]] [msm-dsi-info]: DSI_1: Probe successful
01-01 00:09:40.985 506 506 I CAM_INFO: CAM-ISP: cam_vfe_bus_ver3_init_hw: 3642 Overriding clock gating at bus input
01-01 00:09:40.985 506 506 I CAM_INFO: CAM-ISP: cam_vfe_top_ver3_init_hw: 230 Disable clock gating at IFE top
01-01 00:09:40.989 487 487 I pci_bus 0000: 01: busn_res: [bus 01-ff] end is updated to 01
01-01 00:09:40.989 487 487 I pci 0000: 00:00.0: BAR 14: assigned [mem 0x60200000-0x603fffff]
01-01 00:09:40.989 487 487 I pci 0000: 00:00.0: BAR 15: assigned [mem 0x60400000-0x605fffff 64bit pref]
01-01 00:09:40.989 487 487 I pci 0000: 00:00.0: BAR 0: assigned [mem 0x60600000-0x60600fff 64bit]
01-01 00:09:40.989 487 487 I pci 0000: 00:00.0: BAR 13: no space for [io size 0x1000]
01-01 00:09:40.989 487 487 I pci 0000: 00:00.0: BAR 13: failed to assign [io size 0x1000]
01-01 00:09:40.989 487 487 I pci 0000: 01:00.0: BAR 0: assigned [mem 0x60200000-0x602fffff 64bit]
01-01 00:09:40.989 487 487 I pci 0000: 00:00.0: PCI bridge to [bus 01]
01-01 00:09:40.989 487 487 I pci 0000: 00:00.0: bridge window [mem 0x60200000-0x603fffff]
01-01 00:09:40.989 487 487 I pci 0000: 00:00.0: bridge window [mem 0x60400000-0x605fffff 64bit pref]
01-01 00:09:40.989 487 487 I pci-msm-rc 0000: 00:00.0: Adding to iommu group 50
01-01 00:09:40.990 508 508 I [drm:dsi_ctrl_dev_probe [msm_drm]] [msm-dsi-info]: dsi-ctrl-0: Probe successful
01-01 00:09:40.990 506 506 I CAM_INFO: CAM-ISP: cam_vfe_bus_ver3_init_hw: 3642 Overriding clock gating at bus input
01-01 00:09:40.990 506 506 I CAM_INFO: CAM-ISP: cam_vfe_top_ver3_init_hw: 230 Disable clock gating at IFE top
01-01 00:09:40.990 487 487 E msm_pcie_enumerate: PCIe: RC0: Did not find PCIe switch.
01-01 00:09:40.990 508 508 I [drm:dsi_ctrl_dev_probe [msm_drm]] [msm-dsi-info]: dsi-ctrl-1: Probe successful
01-01 00:09:40.990 573 573 E msm_pcie_enumerate: PCIe: RC0: has already been enumerated.
01-01 00:09:40.991 487 487 I cnss_pci 0000: 01:00.0: Adding to iommu group 51
01-01 00:09:40.991 506 506 I CAM_INFO: CAM-UTIL: cam_soc_util_get_option_clk_by_name: 559 No clk data for ife_dsp_clk
01-01 00:09:40.991 506 506 I CAM_WARN: CAM-ISP: cam_vfe_init_soc_resources: 151 Option clk get failed with rc -22
01-01 00:09:40.992 506 506 I CAM_INFO: CAM-ISP: cam_vfe_bus_ver3_init_hw: 3642 Overriding clock gating at bus input
01-01 00:09:40.992 506 506 I CAM_INFO: CAM-ISP: cam_vfe_top_ver3_init_hw: 230 Disable clock gating at IFE top
01-01 00:09:40.992 506 506 I CAM_INFO: CAM-UTIL: cam_soc_util_get_option_clk_by_name: 559 No clk data for ife_dsp_clk
01-01 00:09:40.992 506 506 I CAM_WARN: CAM-ISP: cam_vfe_init_soc_resources: 151 Option clk get failed with rc -22
01-01 00:09:40.993 506 506 I CAM_INFO: CAM-ISP: cam_vfe_bus_ver3_init_hw: 3642 Overriding clock gating at bus input
01-01 00:09:40.993 506 506 I CAM_INFO: CAM-ISP: cam_vfe_top_ver3_init_hw: 230 Disable clock gating at IFE top
01-01 00:09:40.994 508 508 I : [dp_hpd] dp_hpd_chr_create enter!
01-01 00:09:40.994 508 508 I : [dp_hpd] Major = 473,minor = 0
01-01 00:09:40.994 487 487 I cnss_pci 0000: 01:00.0: assigned reserved memory node cnss_wlan_region
01-01 00:09:40.994 508 508 I disp_cc-sm8250 af00000.clock-controller: sync-state
01-01 00:09:40.994 487 487 I cnss_pci 0000: 01:00.0: BAR 0: assigned [mem 0x60200000-0x602fffff 64bit]
01-01 00:09:40.994 487 487 I cnss_pci 0000: 01:00.0: enabling device (0000 -> 0002)
01-01 00:09:40.994 506 506 I CAM_INFO: CAM-UTIL: cam_soc_util_get_option_clk_by_name: 559 No clk data for ife_dsp_clk
01-01 00:09:40.994 506 506 I CAM_WARN: CAM-ISP: cam_vfe_init_soc_resources: 151 Option clk get failed with rc -22
01-01 00:09:40.995 506 506 I CAM_INFO: CAM-ISP: cam_vfe_bus_ver3_init_hw: 3642 Overriding clock gating at bus input
01-01 00:09:40.995 506 506 I CAM_INFO: CAM-ISP: cam_vfe_top_ver3_init_hw: 230 Disable clock gating at IFE top
01-01 00:09:40.995 506 506 I CAM_INFO: CAM-UTIL: cam_soc_util_get_option_clk_by_name: 559 No clk data for ife_dsp_clk
01-01 00:09:40.995 506 506 I CAM_WARN: CAM-ISP: cam_vfe_init_soc_resources: 151 Option clk get failed with rc -22
01-01 00:09:40.996 506 506 I CAM_INFO: CAM-ISP: cam_vfe_bus_ver3_init_hw: 3642 Overriding clock gating at bus input
01-01 00:09:40.996 506 506 I CAM_INFO: CAM-ISP: cam_vfe_top_ver3_init_hw: 230 Disable clock gating at IFE top
01-01 00:09:40.996 506 506 I CAM_INFO: CAM-UTIL: cam_soc_util_get_option_clk_by_name: 559 No clk data for ife_dsp_clk
01-01 00:09:40.996 506 506 I CAM_WARN: CAM-ISP: cam_vfe_init_soc_resources: 151 Option clk get failed with rc -22
01-01 00:09:40.997 506 506 I CAM_INFO: CAM-ISP: cam_vfe_bus_ver3_init_hw: 3642 Overriding clock gating at bus input
01-01 00:09:40.997 506 506 I CAM_INFO: CAM-ISP: cam_vfe_top_ver3_init_hw: 230 Disable clock gating at IFE top
01-01 00:09:40.998 506 506 E videodev: __video_register_device:[debug_v4l2] nr = 1, =name is cam-isp
01-01 00:09:40.998 506 506 I CAM_ERR : CAM-ISP: cam_ife_hw_mgr_init: 8266 Offline IFE thresholds max 720000000 nom 576000000 min350000000
01-01 00:09:40.998 506 506 I CAM_ERR : CAM-ISP: cam_ife_hw_mgr_init: 8266 Offline IFE thresholds max 720000000 nom 576000000 min350000000
01-01 00:09:40.998 506 506 E debugfs : Directory 'camera_isp_ctx' with parent '/' already present!
01-01 00:09:40.998 506 506 E debugfs : Directory 'camera_isp_ctx' with parent '/' already present!
01-01 00:09:40.998 506 506 E debugfs : Directory 'camera_isp_ctx' with parent '/' already present!
01-01 00:09:40.998 506 506 E debugfs : Directory 'camera_isp_ctx' with parent '/' already present!
01-01 00:09:40.998 506 506 E debugfs : Directory 'camera_isp_ctx' with parent '/' already present!
01-01 00:09:40.998 506 506 E debugfs : Directory 'camera_isp_ctx' with parent '/' already present!
01-01 00:09:40.998 506 506 E debugfs : Directory 'camera_isp_ctx' with parent '/' already present!
01-01 00:09:40.998 506 506 I CAM_INFO: CAM-ISP: cam_isp_dev_probe: 211 Camera ISP probe complete
01-01 00:09:40.999 506 506 I CAM_INFO: CAM: cam_res_mgr_probe: 686 Enable shared gpio support.
01-01 00:09:40.999 506 506 D of_get_named_gpiod_flags: parsed 'gpios' property of node '/soc/qcom,cci@ac4f000[0]' - status (0)
01-01 00:09:40.999 506 506 D of_get_named_gpiod_flags: parsed 'gpios' property of node '/soc/qcom,cci@ac4f000[1]' - status (0)
01-01 00:09:40.999 506 506 D of_get_named_gpiod_flags: parsed 'gpios' property of node '/soc/qcom,cci@ac4f000[2]' - status (0)
01-01 00:09:40.999 506 506 D of_get_named_gpiod_flags: parsed 'gpios' property of node '/soc/qcom,cci@ac4f000[3]' - status (0)
01-01 00:09:41.002 506 506 I CAM_INFO: CAM-CCI: cam_cci_platform_probe: 491 Device Type :0
01-01 00:09:41.002 506 506 D of_get_named_gpiod_flags: parsed 'gpios' property of node '/soc/qcom,cci@ac50000[0]' - status (0)
01-01 00:09:41.002 506 506 D of_get_named_gpiod_flags: parsed 'gpios' property of node '/soc/qcom,cci@ac50000[1]' - status (0)
01-01 00:09:41.002 506 506 D of_get_named_gpiod_flags: parsed 'gpios' property of node '/soc/qcom,cci@ac50000[2]' - status (0)
01-01 00:09:41.002 506 506 D of_get_named_gpiod_flags: parsed 'gpios' property of node '/soc/qcom,cci@ac50000[3]' - status (0)
01-01 00:09:41.004 102 102 I spss_utils [spss_parse_dt]: iar_buf_addr [0x8be00000].
01-01 00:09:41.004 506 506 I CAM_INFO: CAM-CCI: cam_cci_platform_probe: 491 Device Type :1
01-01 00:09:41.004 698 698 I logd.auditd: start
01-01 00:09:41.005 102 102 W msm-cdc-pinctrl soc: msm_cdc_pinctrl_quin: deferred probe timeout, ignoring dependency
01-01 00:09:41.005 102 102 W msm-cdc-pinctrl soc: msm_cdc_pinctrl_sen: deferred probe timeout, ignoring dependency
01-01 00:09:41.006 506 506 E videodev: __video_register_device:[debug_v4l2] nr = 2, =name is cam-csiphy-driver
01-01 00:09:41.006 506 506 E videodev: __video_register_device:[debug_v4l2] nr = 3, =name is cam-csiphy-driver
01-01 00:09:41.007 506 506 E videodev: __video_register_device:[debug_v4l2] nr = 4, =name is cam-csiphy-driver
01-01 00:09:41.007 506 506 E videodev: __video_register_device:[debug_v4l2] nr = 5, =name is cam-csiphy-driver
01-01 00:09:41.007 506 506 E videodev: __video_register_device:[debug_v4l2] nr = 6, =name is cam-csiphy-driver
01-01 00:09:41.007 506 506 E videodev: __video_register_device:[debug_v4l2] nr = 7, =name is cam-csiphy-driver
01-01 00:09:41.008 102 102 I spss_utils [spss_parse_dt]: iar_buf_addr [0x8be00000].
01-01 00:09:41.008 506 506 I CAM_INFO: CAM-ACTUATOR: cam_actuator_parse_dt: 60 No GPIO found
01-01 00:09:41.008 506 506 E videodev: __video_register_device:[debug_v4l2] nr = 8, =name is cam-actuator-driver
01-01 00:09:41.008 506 506 I CAM_INFO: CAM-ACTUATOR: cam_actuator_parse_dt: 60 No GPIO found
01-01 00:09:41.008 506 506 E videodev: __video_register_device:[debug_v4l2] nr = 9, =name is cam-actuator-driver
01-01 00:09:41.008 506 506 I CAM_INFO: CAM-ACTUATOR: cam_actuator_parse_dt: 60 No GPIO found
01-01 00:09:41.008 506 506 E videodev: __video_register_device:[debug_v4l2] nr = 10, =name is cam-actuator-driver
01-01 00:09:41.008 506 506 I CAM_INFO: CAM-ACTUATOR: cam_actuator_parse_dt: 60 No GPIO found
01-01 00:09:41.008 506 506 E videodev: __video_register_device:[debug_v4l2] nr = 11, =name is cam-actuator-driver
01-01 00:09:41.008 506 506 I CAM_INFO: CAM-ACTUATOR: cam_actuator_parse_dt: 60 No GPIO found
01-01 00:09:41.008 102 102 W msm-cdc-pinctrl soc: msm_cdc_pinctrl_quin: deferred probe timeout, ignoring dependency
01-01 00:09:41.008 506 506 E videodev: __video_register_device:[debug_v4l2] nr = 12, =name is cam-actuator-driver
01-01 00:09:41.009 102 102 W msm-cdc-pinctrl soc: msm_cdc_pinctrl_sen: deferred probe timeout, ignoring dependency
01-01 00:09:41.010 506 506 D of_get_named_gpiod_flags: parsed 'gpios' property of node '/soc/qcom,cci@ac4f000/qcom,cam-sensor0[0]' - status (0)
01-01 00:09:41.010 506 506 D of_get_named_gpiod_flags: parsed 'gpios' property of node '/soc/qcom,cci@ac4f000/qcom,cam-sensor0[1]' - status (0)
01-01 00:09:41.010 506 506 D of_get_named_gpiod_flags: parsed 'gpios' property of node '/soc/qcom,cci@ac4f000/qcom,cam-sensor0[2]' - status (0)
01-01 00:09:41.010 506 506 D of_get_named_gpiod_flags: parsed 'gpios' property of node '/soc/qcom,cci@ac4f000/qcom,cam-sensor0[3]' - status (0)
01-01 00:09:41.010 506 506 E videodev: __video_register_device:[debug_v4l2] nr = 13, =name is cam-sensor-driver
01-01 00:09:41.010 506 506 D of_get_named_gpiod_flags: parsed 'gpios' property of node '/soc/qcom,cci@ac4f000/qcom,cam-sensor1[0]' - status (0)
01-01 00:09:41.010 506 506 D of_get_named_gpiod_flags: parsed 'gpios' property of node '/soc/qcom,cci@ac4f000/qcom,cam-sensor1[1]' - status (0)
01-01 00:09:41.010 506 506 D of_get_named_gpiod_flags: parsed 'gpios' property of node '/soc/qcom,cci@ac4f000/qcom,cam-sensor1[2]' - status (0)
01-01 00:09:41.010 506 506 D of_get_named_gpiod_flags: parsed 'gpios' property of node '/soc/qcom,cci@ac4f000/qcom,cam-sensor1[3]' - status (0)
01-01 00:09:41.010 506 506 D of_get_named_gpiod_flags: parsed 'gpios' property of node '/soc/qcom,cci@ac4f000/qcom,cam-sensor1[4]' - status (0)
01-01 00:09:41.010 506 506 D of_get_named_gpiod_flags: parsed 'gpios' property of node '/soc/qcom,cci@ac4f000/qcom,cam-sensor1[5]' - status (0)
01-01 00:09:41.010 506 506 E videodev: __video_register_device:[debug_v4l2] nr = 14, =name is cam-sensor-driver
01-01 00:09:41.010 506 506 D of_get_named_gpiod_flags: parsed 'gpios' property of node '/soc/qcom,cci@ac50000/qcom,cam-sensor2[0]' - status (0)
01-01 00:09:41.011 506 506 D of_get_named_gpiod_flags: parsed 'gpios' property of node '/soc/qcom,cci@ac50000/qcom,cam-sensor2[1]' - status (0)
01-01 00:09:41.011 506 506 D of_get_named_gpiod_flags: parsed 'gpios' property of node '/soc/qcom,cci@ac50000/qcom,cam-sensor2[2]' - status (0)
01-01 00:09:41.011 506 506 D of_get_named_gpiod_flags: parsed 'gpios' property of node '/soc/qcom,cci@ac50000/qcom,cam-sensor2[3]' - status (0)
01-01 00:09:41.011 506 506 E videodev: __video_register_device:[debug_v4l2] nr = 15, =name is cam-sensor-driver
01-01 00:09:41.011 506 506 D of_get_named_gpiod_flags: parsed 'gpios' property of node '/soc/qcom,cci@ac50000/qcom,cam-sensor3[0]' - status (0)
01-01 00:09:41.011 506 506 D of_get_named_gpiod_flags: parsed 'gpios' property of node '/soc/qcom,cci@ac50000/qcom,cam-sensor3[1]' - status (0)
01-01 00:09:41.011 506 506 D of_get_named_gpiod_flags: parsed 'gpios' property of node '/soc/qcom,cci@ac50000/qcom,cam-sensor3[2]' - status (0)
01-01 00:09:41.011 506 506 D of_get_named_gpiod_flags: parsed 'gpios' property of node '/soc/qcom,cci@ac50000/qcom,cam-sensor3[3]' - status (0)
01-01 00:09:41.011 506 506 E videodev: __video_register_device:[debug_v4l2] nr = 16, =name is cam-sensor-driver
01-01 00:09:41.011 506 506 W : SPI driver qcom_eeprom has no spi_device_id for qcom,eeprom
01-01 00:09:41.012 102 102 I spss_utils [spss_parse_dt]: iar_buf_addr [0x8be00000].
01-01 00:09:41.012 506 506 I : [HDMI_IN] Default VERSION -> ZOOM
01-01 00:09:41.012 506 506 I : [HDMI_IN] hdmi_bdg_dev_init enter
01-01 00:09:41.012 506 506 D of_get_named_gpiod_flags: parsed 'hdmi_bdg_irq_pin1' property of node '/soc/hdmi_bdg_irq_handler[0]' - status (0)
01-01 00:09:41.012 506 506 D gpiochip0: (f000000.pinctrl): allocate IRQ 525, hwirq 67
01-01 00:09:41.012 506 506 D gpiochip0: (f000000.pinctrl): found parent hwirq 4294967295
01-01 00:09:41.012 506 506 D gpiochip0: (f000000.pinctrl): alloc_irqs_parent for 525 parent hwirq -1
01-01 00:09:41.012 506 506 I irq : IRQ525: trimming hierarchy from :soc:interrupt-controller@b220000-9
01-01 00:09:41.012 102 102 W msm-cdc-pinctrl soc: msm_cdc_pinctrl_quin: deferred probe timeout, ignoring dependency
01-01 00:09:41.013 102 102 W msm-cdc-pinctrl soc: msm_cdc_pinctrl_sen: deferred probe timeout, ignoring dependency
01-01 00:09:41.014 506 506 I CAM_WARN: CAM-ICP: cam_a5_get_dt_properties: 46 QoS need not be set
01-01 00:09:41.015 102 102 I spss_utils [spss_parse_dt]: iar_buf_addr [0x8be00000].
01-01 00:09:41.015 102 102 W msm-cdc-pinctrl soc: msm_cdc_pinctrl_quin: deferred probe timeout, ignoring dependency
01-01 00:09:41.016 102 102 W msm-cdc-pinctrl soc: msm_cdc_pinctrl_sen: deferred probe timeout, ignoring dependency
01-01 00:09:41.017 506 506 E videodev: __video_register_device:[debug_v4l2] nr = 17, =name is cam-icp
01-01 00:09:41.019 102 102 I spss_utils [spss_parse_dt]: iar_buf_addr [0x8be00000].
01-01 00:09:41.019 102 102 W msm-cdc-pinctrl soc: msm_cdc_pinctrl_quin: deferred probe timeout, ignoring dependency
01-01 00:09:41.020 102 102 W msm-cdc-pinctrl soc: msm_cdc_pinctrl_sen: deferred probe timeout, ignoring dependency
01-01 00:09:41.020 506 506 E videodev: __video_register_device:[debug_v4l2] nr = 18, =name is cam-jpeg
01-01 00:09:41.021 506 506 I CAM_INFO: CAM-JPEG: cam_jpeg_dev_probe: 164 Camera JPEG probe complete
01-01 00:09:41.022 102 102 I spss_utils [spss_parse_dt]: iar_buf_addr [0x8be00000].
01-01 00:09:41.023 102 102 W msm-cdc-pinctrl soc: msm_cdc_pinctrl_quin: deferred probe timeout, ignoring dependency
01-01 00:09:41.023 102 102 W msm-cdc-pinctrl soc: msm_cdc_pinctrl_sen: deferred probe timeout, ignoring dependency
01-01 00:09:41.023 698 698 I logd : Loaded bug_map file: /system_ext/etc/selinux/bug_map
01-01 00:09:41.023 698 698 I logd : Loaded bug_map file: /vendor/etc/selinux/selinux_denial_metadata
01-01 00:09:41.023 506 506 E videodev: __video_register_device:[debug_v4l2] nr = 19, =name is cam-fd
01-01 00:09:41.024 698 698 I logd : Loaded bug_map file: /system/etc/selinux/bug_map
01-01 00:09:41.024 506 506 I CAM_INFO: CAM-UTIL: camera_init: 274 Spectra camera driver initialized!
01-01 00:09:41.026 102 102 I spss_utils [spss_parse_dt]: iar_buf_addr [0x8be00000].
01-01 00:09:41.026 506 506 I : modprobe (506) used greatest stack depth: 8864 bytes left
01-01 00:09:41.026 102 102 W msm-cdc-pinctrl soc: msm_cdc_pinctrl_quin: deferred probe timeout, ignoring dependency
01-01 00:09:41.026 102 102 W msm-cdc-pinctrl soc: msm_cdc_pinctrl_sen: deferred probe timeout, ignoring dependency
01-01 00:09:41.095 244 244 I init : wait for '/dev/block/platform/soc/1d84000.ufshc' took 0ms
01-01 00:09:41.097 390 390 D tlv320adc3140 1-004e: GPIO lookup for consumer reset
01-01 00:09:41.097 390 390 D tlv320adc3140 1-004e: using device tree for GPIO lookup
01-01 00:09:41.097 390 390 D of_get_named_gpiod_flags: parsed 'reset-gpios' property of node '/soc/qcom,qupv3_0_geni_se@9c0000/i2c@984000/tlv320@4e[0]' - status (0)
01-01 00:09:41.097 390 390 D gpio-408 (reset): gpiod_request: status -16
01-01 00:09:41.097 390 390 I tlv320adc3140 1-004e: Reset GPIO not defined
01-01 00:09:41.097 390 390 I tlv320adc3140 1-004e: adc id = 2, ptr = 0000000089b2c95e
01-01 00:09:41.097 390 390 I tlv320adc3140 1-004e: adcx140_enable_2
01-01 00:09:41.097 102 102 I spss_utils [spss_parse_dt]: iar_buf_addr [0x8be00000].
01-01 00:09:41.097 102 102 W msm-cdc-pinctrl soc: msm_cdc_pinctrl_quin: deferred probe timeout, ignoring dependency
01-01 00:09:41.097 102 102 W msm-cdc-pinctrl soc: msm_cdc_pinctrl_sen: deferred probe timeout, ignoring dependency
01-01 00:09:41.113 487 487 I msm_pcie_disable: PCIe: Assert the reset of endpoint of RC0.
01-01 00:09:41.114 487 487 I cnss : Platform driver probed successfully.
01-01 00:09:41.115 102 102 I spss_utils [spss_parse_dt]: iar_buf_addr [0x8be00000].
01-01 00:09:41.115 102 102 W msm-cdc-pinctrl soc: msm_cdc_pinctrl_quin: deferred probe timeout, ignoring dependency
01-01 00:09:41.115 102 102 W msm-cdc-pinctrl soc: msm_cdc_pinctrl_sen: deferred probe timeout, ignoring dependency
01-01 00:09:41.115 651 651 I usb 1-1 : new high-speed USB device number 2 using xhci-hcd
01-01 00:09:41.167 1 1 I EXT4-fs (sda2): mounted filesystem with ordered data mode. Opts: barrier=1. Quota mode: none.
01-01 00:09:41.169 1 1 I EXT4-fs (sda15): mounted filesystem without journal. Opts: . Quota mode: none.
01-01 00:09:41.171 1 1 I EXT4-fs (sda16): mounted filesystem without journal. Opts: . Quota mode: none.
01-01 00:09:41.176 1 1 I EXT4-fs (sda17): mounted filesystem with ordered data mode. Opts: . Quota mode: none.
01-01 00:09:41.180 1 1 I EXT4-fs (sde9): mounted filesystem with ordered data mode. Opts: barrier=1. Quota mode: none. --------- beginning of system
01-01 00:09:41.149 756 776 I QISL : QSEE Interrupt Service Listener Thread is started
01-01 00:09:41.150 756 776 I QISL : QSEE Interrupt Service Listener was activated successfully
01-01 00:09:41.152 756 756 D SPL : Call QSEECom_register_listener()
01-01 00:09:41.152 756 756 D SPL : Registered listener sucessfully!
01-01 00:09:41.152 756 756 D SPL : pipe read-fd [28] write-fd [30]
01-01 00:09:41.152 756 756 D SPL : Create thread
01-01 00:09:41.152 756 756 D SPL : Thread created sucessfully.
01-01 00:09:41.152 756 778 D SPL : spl_dispatch() started
01-01 00:09:41.152 756 778 D SPL : ==== Wait For Request ======
01-01 00:09:41.175 760 760 I vold : Vold 3.0 (the awakening) firing up
01-01 00:09:41.175 760 760 D vold : Detected support for: ext4 f2fs vfat
01-01 00:09:41.180 760 760 D vold : Tearing down stale mount /mnt/shm
01-01 00:09:41.181 760 760 I vold : [libfs_mgr]dt_fstab: Skip disabled entry for partition vendor
01-01 00:09:41.220 390 390 D tlv320adc3140 1-004c: GPIO lookup for consumer reset
01-01 00:09:41.182 760 760 D vold : VoldNativeService::start() completed OK
01-01 00:09:41.220 390 390 D tlv320adc3140 1-004c: using device tree for GPIO lookup
01-01 00:09:41.220 390 390 D of_get_named_gpiod_flags: parsed 'reset-gpios' property of node '/soc/qcom,qupv3_0_geni_se@9c0000/i2c@984000/tlv320@4c[0]' - status (0)
01-01 00:09:41.220 390 390 D gpio-408 (reset): gpiod_request: status -16
01-01 00:09:41.220 390 390 I tlv320adc3140 1-004c: Reset GPIO not defined
01-01 00:09:41.220 390 390 I tlv320adc3140 1-004c: adc id = 3, ptr = 000000001fd0ad47
01-01 00:09:41.220 390 390 I tlv320adc3140 1-004c: adcx140_enable_3
01-01 00:09:41.222 102 102 I spss_utils [spss_parse_dt]: iar_buf_addr [0x8be00000].
01-01 00:09:41.223 102 102 W msm-cdc-pinctrl soc: msm_cdc_pinctrl_quin: deferred probe timeout, ignoring dependency
01-01 00:09:41.223 102 102 W msm-cdc-pinctrl soc: msm_cdc_pinctrl_sen: deferred probe timeout, ignoring dependency
01-01 00:09:41.227 780 780 D vdc : Waited 20ms for vold
01-01 00:09:41.247 486 486 E wlan : Loading driver v5.2.1.60K +PANIC_ON_BUG; cld:; cmn:; dev:qca6390
01-01 00:09:41.247 486 486 E va-minidump: qcom_va_md_register: qcom va minidump driver is not initialized
01-01 00:09:41.249 102 102 I msm_pcie_enable: PCIe: Assert the reset of endpoint of RC0.
01-01 00:09:41.253 102 102 I msm_pcie_enable: PCIe: RC0: PCIE20_PARF_INT_ALL_MASK: 0x7f80d202
01-01 00:09:41.255 102 102 I pcie_phy_init: PCIe RC0 PHY is ready!
01-01 00:09:41.257 651 651 I usb 1-1 : New USB device found, idVendor=05e3, idProduct=0610, bcdDevice=94.05
01-01 00:09:41.257 651 651 I usb 1-1 : New USB device strings: Mfr=1, Product=2, SerialNumber=0
01-01 00:09:41.257 651 651 I usb 1-1 : Product: USB2.1 Hub
01-01 00:09:41.257 651 651 I usb 1-1 : Manufacturer: GenesysLogic
01-01 00:09:41.265 102 102 I msm_pcie_enable: PCIe: Release the reset of endpoint of RC0.
01-01 00:09:41.281 102 102 I msm_pcie_link_train: PCIe RC0 link initialized
01-01 00:09:41.283 87 87 I remoteproc0: powering up 17300000.remoteproc-adsp
01-01 00:09:41.283 87 87 I remoteproc0: Booting fw image adsp.mdt, size 8220
01-01 00:09:41.284 87 87 I adsprpc : fastrpc_restart_notifier_cb: subsystem lpass is about to start
01-01 00:09:41.284 87 87 W qcom_q6v5_pas 17300000.remoteproc-adsp: Direct firmware load for adsp.b01 failed with error -2
01-01 00:09:41.284 87 87 W qcom_q6v5_pas 17300000.remoteproc-adsp: Falling back to sysfs fallback for: adsp.b01
01-01 00:09:41.296 651 651 I hub 1-1 : 1.0: USB hub found
01-01 00:09:41.297 651 651 I hub 1-1 : 1.0: 4 ports detected
01-01 00:09:41.299 755 755 W cnss_pci 0000: 01:00.0: Direct firmware load for qca6390/amss20.bin failed with error -2
01-01 00:09:41.299 755 755 W cnss_pci 0000: 01:00.0: Falling back to sysfs fallback for: qca6390/amss20.bin
01-01 00:09:41.306 586 586 I remoteproc1: powering up 8300000.remoteproc-cdsp
01-01 00:09:41.306 586 586 I remoteproc1: Booting fw image cdsp.mdt, size 7660
01-01 00:09:41.307 586 586 I adsprpc : fastrpc_restart_notifier_cb: subsystem cdsp is about to start
01-01 00:09:41.307 586 586 W qcom_q6v5_pas 8300000.remoteproc-cdsp: Direct firmware load for cdsp.b01 failed with error -2
01-01 00:09:41.307 586 586 W qcom_q6v5_pas 8300000.remoteproc-cdsp: Falling back to sysfs fallback for: cdsp.b01
01-01 00:09:41.363 10 10 I spss_utils [spss_parse_dt]: iar_buf_addr [0x8be00000].
01-01 00:09:41.363 10 10 W msm-cdc-pinctrl soc: msm_cdc_pinctrl_quin: deferred probe timeout, ignoring dependency
01-01 00:09:41.363 10 10 W msm-cdc-pinctrl soc: msm_cdc_pinctrl_sen: deferred probe timeout, ignoring dependency
01-01 00:09:41.371 396 396 I usb 2-1 : new SuperSpeed USB device number 2 using xhci-hcd
01-01 00:09:41.390 396 396 I usb 2-1 : New USB device found, idVendor=05e3, idProduct=0625, bcdDevice=94.05
01-01 00:09:41.390 396 396 I usb 2-1 : New USB device strings: Mfr=1, Product=2, SerialNumber=0
01-01 00:09:41.390 396 396 I usb 2-1 : Product: USB3.2 Hub
01-01 00:09:41.390 396 396 I usb 2-1 : Manufacturer: GenesysLogic
01-01 00:09:41.425 390 390 I i2c_geni 984000.i2c: I2C probed
01-01 00:09:41.426 390 390 I i2c_geni 994000.i2c: Bus frequency is set to 100000Hz.
01-01 00:09:41.426 10 10 I spss_utils [spss_parse_dt]: iar_buf_addr [0x8be00000].
01-01 00:09:41.426 10 10 W msm-cdc-pinctrl soc: msm_cdc_pinctrl_quin: deferred probe timeout, ignoring dependency
01-01 00:09:41.426 10 10 W msm-cdc-pinctrl soc: msm_cdc_pinctrl_sen: deferred probe timeout, ignoring dependency
01-01 00:09:41.427 390 390 I i2c 2-002b: Fixing up cyclic dependency with soc:qcom,dsi-display-primary
01-01 00:09:41.428 390 390 D gpiochip0: (f000000.pinctrl): allocate IRQ 526, hwirq 63
01-01 00:09:41.428 390 390 D gpiochip0: (f000000.pinctrl): found parent hwirq 4294967295
01-01 00:09:41.428 390 390 D gpiochip0: (f000000.pinctrl): alloc_irqs_parent for 526 parent hwirq -1
01-01 00:09:41.428 390 390 I irq : IRQ526: trimming hierarchy from :soc:interrupt-controller@b220000-9
01-01 00:09:41.428 390 390 I : [lt9611] lt9611_probe ++++
01-01 00:09:41.428 390 390 I : [lt9611] ->preferred-mode = 1920x1080
01-01 00:09:41.428 390 390 D of_get_named_gpiod_flags: parsed 'lt,vddio-en-gpio-8711' property of node '/soc/qcom,qupv3_0_geni_se@9c0000/i2c@994000/lt,lt9611@2b[0]' - status (0)
01-01 00:09:41.428 390 390 D of_get_named_gpiod_flags: parsed 'lt,rst-gpio-8711' property of node '/soc/qcom,qupv3_0_geni_se@9c0000/i2c@994000/lt,lt9611@2b[0]' - status (0)
01-01 00:09:41.428 390 390 D of_get_named_gpiod_flags: parsed 'lt,irq-gpio' property of node '/soc/qcom,qupv3_0_geni_se@9c0000/i2c@994000/lt,lt9611@2b[0]' - status (0)
01-01 00:09:41.428 390 390 I : [lt9611] irq_gpio=394
01-01 00:09:41.428 390 390 D of_get_named_gpiod_flags: can't parse 'lt,writable-gpio' property of node '/soc/qcom,qupv3_0_geni_se@9c0000/i2c@994000/lt,lt9611@2b[0]'
01-01 00:09:41.428 390 390 I lt9611_parse_dt: writable gpio not specified
01-01 00:09:41.428 390 390 D of_get_named_gpiod_flags: parsed 'lt,reset-gpio' property of node '/soc/qcom,qupv3_0_geni_se@9c0000/i2c@994000/lt,lt9611@2b[0]' - status (0)
01-01 00:09:41.428 390 390 I : [lt9611] reset_gpio=387
01-01 00:09:41.428 390 390 D of_get_named_gpiod_flags: can't parse 'lt,hdmi-ps-gpio' property of node '/soc/qcom,qupv3_0_geni_se@9c0000/i2c@994000/lt,lt9611@2b[0]'
01-01 00:09:41.428 390 390 I : [lt9611] hdmi ps gpio not specified
01-01 00:09:41.428 390 390 D of_get_named_gpiod_flags: can't parse 'lt,hdmi-en-gpio' property of node '/soc/qcom,qupv3_0_geni_se@9c0000/i2c@994000/lt,lt9611@2b[0]'
01-01 00:09:41.428 390 390 I : [lt9611] hdmi en gpio not specified
01-01 00:09:41.428 390 390 D of_get_named_gpiod_flags: parsed 'lt,hdmi-3p3-en' property of node '/soc/qcom,qupv3_0_geni_se@9c0000/i2c@994000/lt,lt9611@2b[0]' - status (0)
01-01 00:09:41.428 390 390 D of_get_named_gpiod_flags: parsed 'lt,hdmi-1p2-en' property of node '/soc/qcom,qupv3_0_geni_se@9c0000/i2c@994000/lt,lt9611@2b[0]' - status (0)
01-01 00:09:41.428 390 390 I : [lt9611] ac_mode=0
01-01 00:09:41.428 390 390 I : [lt9611] non_pluggable = 1
01-01 00:09:41.428 390 390 I : [lt9611] audio support = 0
01-01 00:09:41.428 390 390 I : [lt9611] HW cec support 1
01-01 00:09:41.428 390 390 I : [lt9611] vreg found. count=1
01-01 00:09:41.428 390 390 I : [lt9611] vdd min=3300000, max=3300000, enable=857000, disable=0
01-01 00:09:41.440 396 396 I hub 2-1 : 1.0: USB hub found
01-01 00:09:41.440 396 396 I hub 2-1 : 1.0: 4 ports detected
01-01 00:09:41.442 10 10 I spss_utils [spss_parse_dt]: iar_buf_addr [0x8be00000].
01-01 00:09:41.442 10 10 W msm-cdc-pinctrl soc: msm_cdc_pinctrl_quin: deferred probe timeout, ignoring dependency
01-01 00:09:41.442 10 10 W msm-cdc-pinctrl soc: msm_cdc_pinctrl_sen: deferred probe timeout, ignoring dependency
01-01 00:09:41.443 10 10 D of_get_named_gpiod_flags: parsed 'qcom,platform-te-gpio' property of node '/soc/qcom,dsi-display-primary[0]' - status (0)
01-01 00:09:41.443 10 10 W [drm] [msm-dsi-warn]: [ext video mode dsi bridge 1080p] fallback to default te-pin-select
01-01 00:09:41.443 10 10 D of_get_named_gpiod_flags: can't parse 'qcom,platform-reset-gpio' property of node '/soc/qcom,mdss_mdp@ae00000/qcom,mdss_dsi_ext_bridge_1080p[0]'
01-01 00:09:41.443 10 10 D of_get_named_gpiod_flags: can't parse 'qcom,5v-boost-gpio' property of node '/soc/qcom,mdss_mdp@ae00000/qcom,mdss_dsi_ext_bridge_1080p[0]'
01-01 00:09:41.443 10 10 D of_get_named_gpiod_flags: can't parse 'qcom,platform-en-gpio' property of node '/soc/qcom,mdss_mdp@ae00000/qcom,mdss_dsi_ext_bridge_1080p[0]'
01-01 00:09:41.443 10 10 D of_get_named_gpiod_flags: can't parse 'qcom,panel-mode-gpio' property of node '/soc/qcom,mdss_mdp@ae00000/qcom,mdss_dsi_ext_bridge_1080p[0]'
01-01 00:09:41.443 10 10 D of_get_named_gpiod_flags: can't parse 'qcom,mdss-dsi-panel-test-pin' property of node '/soc/qcom,mdss_mdp@ae00000/qcom,mdss_dsi_ext_bridge_1080p[0]'
01-01 00:09:41.443 10 10 D of_get_named_gpiod_flags: can't parse 'qcom,platform-bklight-en-gpio' property of node '/soc/qcom,mdss_mdp@ae00000/qcom,mdss_dsi_ext_bridge_1080p[0]'
01-01 00:09:41.443 10 10 I spss_utils [spss_parse_dt]: iar_buf_addr [0x8be00000].
01-01 00:09:41.444 10 10 W msm-cdc-pinctrl soc: msm_cdc_pinctrl_quin: deferred probe timeout, ignoring dependency
01-01 00:09:41.444 10 10 W msm-cdc-pinctrl soc: msm_cdc_pinctrl_sen: deferred probe timeout, ignoring dependency
01-01 00:09:41.675 396 396 I usb 1-1.2: new low-speed USB device number 3 using xhci-hcd
01-01 00:09:41.804 396 396 I usb 1-1.2: New USB device found, idVendor=413c, idProduct=301a, bcdDevice= 1.00
01-01 00:09:41.804 396 396 I usb 1-1.2: New USB device strings: Mfr=1, Product=2, SerialNumber=0
01-01 00:09:41.804 396 396 I usb 1-1.2: Product: Dell MS116 USB Optical Mouse
01-01 00:09:41.804 396 396 I usb 1-1.2: Manufacturer: PixArt
01-01 00:09:41.846 396 396 I input : PixArt Dell MS116 USB Optical Mouse as /devices/platform/soc/a800000.ssusb/a800000.dwc3/xhci-hcd.2.auto/usb1/1-1/1-1.2/1-1.2:1.0/0003:413C:301A.0001/input/input2
01-01 00:09:41.846 396 396 I hid-generic 0003: 413C:301A.0001: input,hidraw0: USB HID v1.11 Mouse [PixArt Dell MS116 USB Optical Mouse] on usb-xhci-hcd.2.auto-1.2/input0
01-01 00:09:41.847 199 199 I spss_utils [spss_parse_dt]: iar_buf_addr [0x8be00000].
01-01 00:09:41.848 199 199 W msm-cdc-pinctrl soc: msm_cdc_pinctrl_quin: deferred probe timeout, ignoring dependency
01-01 00:09:41.848 199 199 W msm-cdc-pinctrl soc: msm_cdc_pinctrl_sen: deferred probe timeout, ignoring dependency
01-01 00:09:41.860 87 87 W qcom_q6v5_pas 17300000.remoteproc-adsp: Direct firmware load for adsp.b02 failed with error -2
01-01 00:09:41.860 87 87 W qcom_q6v5_pas 17300000.remoteproc-adsp: Falling back to sysfs fallback for: adsp.b02
01-01 00:09:41.863 586 586 W qcom_q6v5_pas 8300000.remoteproc-cdsp: Direct firmware load for cdsp.b02 failed with error -2
01-01 00:09:41.863 586 586 W qcom_q6v5_pas 8300000.remoteproc-cdsp: Falling back to sysfs fallback for: cdsp.b02
01-01 00:09:41.874 87 87 W qcom_q6v5_pas 17300000.remoteproc-adsp: Direct firmware load for adsp.b03 failed with error -2
01-01 00:09:41.874 87 87 W qcom_q6v5_pas 17300000.remoteproc-adsp: Falling back to sysfs fallback for: adsp.b03
01-01 00:09:41.875 586 586 W qcom_q6v5_pas 8300000.remoteproc-cdsp: Direct firmware load for cdsp.b03 failed with error -2
01-01 00:09:41.875 586 586 W qcom_q6v5_pas 8300000.remoteproc-cdsp: Falling back to sysfs fallback for: cdsp.b03
01-01 00:09:41.876 87 87 W qcom_q6v5_pas 17300000.remoteproc-adsp: Direct firmware load for adsp.b04 failed with error -2
01-01 00:09:41.876 87 87 W qcom_q6v5_pas 17300000.remoteproc-adsp: Falling back to sysfs fallback for: adsp.b04
01-01 00:09:41.878 586 586 W qcom_q6v5_pas 8300000.remoteproc-cdsp: Direct firmware load for cdsp.b04 failed with error -2
01-01 00:09:41.878 586 586 W qcom_q6v5_pas 8300000.remoteproc-cdsp: Falling back to sysfs fallback for: cdsp.b04
01-01 00:09:41.879 586 586 W qcom_q6v5_pas 8300000.remoteproc-cdsp: Direct firmware load for cdsp.b05 failed with error -2
01-01 00:09:41.879 586 586 W qcom_q6v5_pas 8300000.remoteproc-cdsp: Falling back to sysfs fallback for: cdsp.b05
01-01 00:09:41.882 87 87 W qcom_q6v5_pas 17300000.remoteproc-adsp: Direct firmware load for adsp.b05 failed with error -2
01-01 00:09:41.882 87 87 W qcom_q6v5_pas 17300000.remoteproc-adsp: Falling back to sysfs fallback for: adsp.b05
01-01 00:09:41.883 586 586 W qcom_q6v5_pas 8300000.remoteproc-cdsp: Direct firmware load for cdsp.b06 failed with error -2
01-01 00:09:41.883 586 586 W qcom_q6v5_pas 8300000.remoteproc-cdsp: Falling back to sysfs fallback for: cdsp.b06
