06-23 02:18:36.658 5839 5839 I ntpsec : INIT: Command line: /system/bin/ntpsec -c /dev/shm/ntp/ntp.conf -g -N -n -p /dev/shm/ntpSyncp
06-23 02:18:36.661 5839 5839 I ntpsec : INIT: precision = 0.260 usec (-22)
06-23 02:18:36.665 5839 5839 I ntpsec : INIT: successfully locked into RAM
06-23 02:18:36.665 5839 5839 I ntpsec : CONFIG: readconfig: parsing file: /dev/shm/ntp/ntp.conf
06-23 02:18:36.666 5839 5839 I ntpsec : LOG: switching logging to file /dev/null
06-23 02:18:36.674 4466 4466 I CEUDaemon: CEUConfigStatus = 2
06-23 02:18:36.674 4466 4466 I CEUDaemon:
06-23 02:18:36.674 4466 4466 I CEUDaemon: SetCresstoreServer: Wait on adapter config Complete
06-23 02:18:36.674 4466 4466 I CEUDaemon:
06-23 02:18:36.674 4466 4466 I CEUDaemon:
06-23 02:18:36.675 4466 4466 I CEUDaemon: CEUDaemon(5): calling sendInitialEthConfig()
06-23 02:18:36.675 4466 4466 I CEUDaemon: sendInitialEthConfig: Begin: Times called=1
06-23 02:18:36.677 4466 4466 I CEUDaemon: CEUDaemon: DEV = 0 - DHCPState|DHCP: ON|
06-23 02:18:36.677 4466 4466 I CEUDaemon:
06-23 02:18:36.677 4466 4466 I CEUDaemon: EthGetMacAddr: Device 0; name eth0
06-23 02:18:36.678 4466 4466 I CEUDaemon: CEUDaemon: EthernetInitialConfig - Index|0| DHCPState|1|
06-23 02:18:36.685 1357 1357 I crestInit.sh: ip6tables: Bad rule (does a matching rule exist in that chain?).
06-23 02:18:36.706 1357 1357 I crestInit.sh: net.ipv4.ip_local_reserved_ports = 1298,6379,6380,7011,7100,7200,7201,7236,7250,7300,7878,8554,9010-9020,9872-9876,40000-40020,40100-40120,40200-40220,40234-40236,41002,41004,41006,41008,41792-41799,42872-42874,47000,47010,49202,49925,49300-49330,50000-50099,55200,55537,56030,56041,57008,58887
06-23 02:18:36.706 1357 1357 I crestInit.sh:
06-23 02:18:36.706 1357 1357 I crestInit.sh: In sendInitialEthConfigToFwApp
06-23 02:18:36.706 1357 1357 I crestInit.sh:
06-23 02:18:36.706 1357 1357 I crestInit.sh: In sendInitialEthAuxConfigToFwApp
06-23 02:18:36.706 1357 1357 I crestInit.sh:
06-23 02:18:36.706 1357 1357 I crestInit.sh: In sendInitialWifiConfigToFwApp
06-19 16:42:57.354 1 1 I init : starting service 'a_console'...
06-19 16:42:57.356 1 1 I init : Control message: Processed ctl.start for 'a_console' from pid: 5874 (start a_console)
06-23 02:18:36.755 4466 4466 I CEUDaemon: EthGetMacAddr: Device 1; name wlan0
06-23 02:18:36.756 4466 4466 I CEUDaemon: CEUDaemon: EthernetInitialConfig - Index|1| DHCPState|1|
06-23 02:18:36.756 4466 4466 I CEUDaemon: sendInitialEthConfig: I/F 1; IP was 0, 0 retries left
06-19 16:42:57.373 1 1 I init : starting service 'ctpd'...
06-19 16:42:57.376 1 1 I init : Control message: Processed ctl.start for 'ctpd' from pid: 5884 (/system/bin/start ctpd)
06-23 02:18:36.786 1357 1357 I crestInit.sh: /vendor/bin/crestInit.sh: line 681: /system/bin/shipWithAndOOTB.sh: No such file or directory
06-23 02:18:36.816 3856 4719 D SSLServer: poll count: 0
06-19 16:42:57.504 1 1 I init : Control message: Processed ctl.stop for 'ftpd' from pid: 5984 (/system/bin/stop ftpd)
06-23 02:18:36.939 1694 1769 D OomAdjuster: Not killing cached processes
06-23 02:18:36.943 3269 3269 D CrestronPlatformService: Received Intent :com.crestron.platform.SET_TIMEZONE
06-23 02:18:36.944 3269 3269 D CrestronPlatformService: timezone match found, Setting to:GMT
06-23 02:18:36.944 1694 2585 D AlarmManagerService: Kernel timezone updated to 0 minutes west of GMT
06-23 02:18:36.949 1694 1767 I am_pss : [3269,10062,com.crestron.home,36221952,19660800,0,122687488,0,4,7]
06-23 02:18:36.982 6058 6058 W libc : Unable to set property "ctl.stop" to "crestFileMtr": error code: 0x20
06-23 02:18:37.003 6022 6022 I sshd : Server listening on :: port 6022.
06-23 02:18:37.004 6022 6022 I sshd : Server listening on 0.0.0.0 port 6022.
06-23 02:18:37.004 6022 6022 E sshd : error: Couldn't create pid file "/var/run/sshd.pid": No such file or directory
06-23 02:18:37.069 2732 2732 I logBootComplete.sh: Broadcasting: Intent { act=com.crestron.action.FIRST_BOOT flg=0x400000 (has extras) }
06-23 02:18:37.070 4034 4034 I VendorServiceStub: mFirstBootReceiver com.crestron.action.FIRST_BOOT
06-23 02:18:37.070 4034 4034 I VendorServiceStub: firstBootValue first_boot=0
06-23 02:18:37.070 4034 4034 I VendorServiceStub: Stop led blinking and setting LED to RED
06-23 02:18:37.070 4034 4034 D CresLedManager: getLed
06-23 02:18:37.070 1694 2364 I system_server: android_server_cres_led_service_getLed.....
06-23 02:18:37.072 1069 1069 I android.hardware.cresled@1.0-service: success to get ICresShutter service in android hal
06-23 02:18:37.072 1069 1069 I android.hardware.cresled@1.0-service: CresShutter::getState get succeed
06-23 02:18:37.073 1069 1069 D android.hardware.cresled@1.0-service: buf is 255
06-23 02:18:37.073 1069 1069 D android.hardware.cresled@1.0-service:
06-23 02:18:37.074 1069 1069 D android.hardware.cresled@1.0-service: buf1 is 0
06-23 02:18:37.074 1069 1069 D android.hardware.cresled@1.0-service:
06-23 02:18:37.074 1069 1069 I android.hardware.cresled@1.0-service: value of white = 255
06-23 02:18:37.074 1069 1069 I android.hardware.cresled@1.0-service: value of red = 0
06-23 02:18:37.074 1069 1069 D android.hardware.cresled@1.0-service: get led state : white is on and red is closed
06-23 02:18:37.074 1694 2364 I system_server: success to get ICresLed service and ret = 1
06-23 02:18:37.074 1694 2364 D CresLedService: CresLedService getLed()...1
06-23 02:18:37.075 4034 4034 D CresLedManager: setLed
06-23 02:18:37.075 1694 2364 D CresLedService: CresLedService setLed()...
06-23 02:18:37.075 1694 2364 I system_server: android_server_cres_led_service_setLed.....
06-23 02:18:37.076 1694 2364 I system_server: success to get ICresLed service
06-23 02:18:37.076 1694 1767 I am_pss : [4034,10055,com.crestron.vendor,30909440,19353600,0,101818368,0,4,6]
06-23 02:18:37.077 6105 6105 I auditd : type=1400 audit(0.0:2363): avc: denied { open } for comm="find" path="/data/system/security" dev="dm-14" ino=3588 scontext=u:r:vendor_qti_init_shell:s0 tcontext=u:object_r:system_data_file:s0 tclass=dir permissive=1
06-23 02:18:37.077 6105 6105 I find : type=1400 audit(0.0:2363): avc: denied { open } for path="/data/system/security" dev="dm-14" ino=3588 scontext=u:r:vendor_qti_init_shell:s0 tcontext=u:object_r:system_data_file:s0 tclass=dir permissive=1
06-19 16:42:57.698 6107 6107 I : [BLED] Set trigger 0
06-23 02:18:37.109 1069 1069 D android.hardware.cresled@1.0-service: turn off LED flashing
06-23 02:18:37.110 4034 4034 I VendorService|LedImpl: Current state for LED 1 Setting LED to new state 4 response 0
06-23 02:18:37.110 4034 4034 D CresLedManager: getLed
06-23 02:18:37.110 1694 2364 I system_server: android_server_cres_led_service_getLed.....
06-23 02:18:37.111 1069 1069 I android.hardware.cresled@1.0-service: success to get ICresShutter service in android hal
06-23 02:18:37.111 1069 1069 I android.hardware.cresled@1.0-service: CresShutter::getState get succeed
06-23 02:18:37.113 1069 1069 D android.hardware.cresled@1.0-service: buf is 0
06-23 02:18:37.113 1069 1069 D android.hardware.cresled@1.0-service:
06-23 02:18:37.114 1069 1069 D android.hardware.cresled@1.0-service: buf1 is 0
06-23 02:18:37.114 1069 1069 D android.hardware.cresled@1.0-service:
06-23 02:18:37.114 1069 1069 I android.hardware.cresled@1.0-service: value of white = 0
06-23 02:18:37.114 1069 1069 I android.hardware.cresled@1.0-service: value of red = 0
06-23 02:18:37.114 1069 1069 D android.hardware.cresled@1.0-service: get led state : white is closed and red is closed
06-23 02:18:37.114 1694 2364 I system_server: success to get ICresLed service and ret = 0
06-23 02:18:37.114 1694 2364 D CresLedService: CresLedService getLed()...0
06-23 02:18:37.114 4034 4034 I VendorService|LedImpl: Set led to red state currentState = 0
06-23 02:18:37.114 4034 4034 D CresLedManager: getLed
06-23 02:18:37.114 1694 2364 I system_server: android_server_cres_led_service_getLed.....
06-23 02:18:37.115 1069 1069 I android.hardware.cresled@1.0-service: success to get ICresShutter service in android hal
06-23 02:18:37.115 1069 1069 I android.hardware.cresled@1.0-service: CresShutter::getState get succeed
06-23 02:18:37.116 1069 1069 D android.hardware.cresled@1.0-service: buf is 0
06-23 02:18:37.116 1069 1069 D android.hardware.cresled@1.0-service:
06-23 02:18:37.117 1069 1069 D android.hardware.cresled@1.0-service: buf1 is 0
06-23 02:18:37.117 1069 1069 D android.hardware.cresled@1.0-service:
06-23 02:18:37.117 1069 1069 I android.hardware.cresled@1.0-service: value of white = 0
06-23 02:18:37.117 1069 1069 I android.hardware.cresled@1.0-service: value of red = 0
06-23 02:18:37.117 1069 1069 D android.hardware.cresled@1.0-service: get led state : white is closed and red is closed
06-23 02:18:37.118 1694 2364 I system_server: success to get ICresLed service and ret = 0
06-23 02:18:37.118 1694 2364 D CresLedService: CresLedService getLed()...0
06-23 02:18:37.118 4034 4034 D CresLedManager: setLed
06-23 02:18:37.118 1694 2364 D CresLedService: CresLedService setLed()...
06-23 02:18:37.118 1694 2364 I system_server: android_server_cres_led_service_setLed.....
06-23 02:18:37.119 1694 2364 I system_server: success to get ICresLed service
06-19 16:42:57.741 6116 6116 I : [BLED] Set Red Pwm 255
06-23 02:18:37.142 1069 1069 D android.hardware.cresled@1.0-service: set led state to open the red led
06-23 02:18:37.143 4034 4034 I VendorService|LedImpl: Current state for LED 0 Setting LED to new state 1 response 0
06-23 02:18:37.143 4034 4034 I VendorServiceStub: micpod instance not null
06-23 02:18:37.143 4034 4034 I VendorService|MicPodManager: set first boot flag to false
06-23 02:18:37.144 2732 2732 I logBootComplete.sh: Broadcast completed: result=0
06-23 02:18:37.169 2732 2732 I logBootComplete.sh: 1920x1080
06-23 02:18:37.176 6133 6133 W libc : Unable to set property "ctl.start" to "recoverHydMgr": error code: 0x20
06-23 02:18:37.176 1357 1357 I crestInit.sh: Unable to start service 'recoverHydMgr'
06-23 02:18:37.176 1357 1357 I crestInit.sh: See dmesg for error reason.
06-23 02:18:37.180 1357 1357 I crestInit.sh: + CONFIGFILE=/data/crestron/config/rc.conf
06-23 02:18:37.180 1357 1357 I crestInit.sh: + '[' -e /data/crestron/config/rc.conf ']'
06-23 02:18:37.181 1357 1357 I crestInit.sh: ++ cat /data/crestron/config/rc.conf
06-23 02:18:37.181 1357 1357 I crestInit.sh: ++ grep WEBMANAGEMENTPORT
06-23 02:18:37.181 1357 1357 I crestInit.sh: ++ busybox cut -d '"' -f 2
06-23 02:18:37.197 1357 1357 I crestInit.sh: + WEBMANAGEMENTPORT=
06-23 02:18:37.197 1357 1357 I crestInit.sh: + '[' -z '' ']'
06-23 02:18:37.197 1357 1357 I crestInit.sh: + WEBMANAGEMENTPORT=0
06-23 02:18:37.197 1357 1357 I crestInit.sh: + CRESTRON_WEBDIGESTFILE=/data/crestron/webdigest
06-23 02:18:37.197 1357 1357 I crestInit.sh: + CRESTRON_TEMPDIGEST=/data/crestron/webdigest.temp
06-23 02:18:37.197 1357 1357 I crestInit.sh: + CRESTINITLOG=/dev/shm/crestInitboot.log
06-23 02:18:37.197 1357 1357 I crestInit.sh: + CRESTRON_WEBSERVER_TEMP_CONFIGFOLDER_LOC=/data/web/tmp
06-23 02:18:37.197 1357 1357 I crestInit.sh: + CRESTRON_WEBSERVER_TEMP_LOC=/mnt/sdcard/webtmp
06-23 02:18:37.197 1357 1357 I crestInit.sh: + CONTROL_SYSTEM_FILE=/dev/shm/IAmControlSystem
06-23 02:18:37.197 1357 1357 I crestInit.sh: + WEBSERVER_CONF_FILE=/data/web/conf/webserver-common.conf
06-23 02:18:37.197 1357 1357 I crestInit.sh: + WEBSERVER_PROG0_CONF_FILE=/data/web/conf/authlocations_prog0.conf
06-23 02:18:37.198 1357 1357 I crestInit.sh: + WEBSERVER_AUTHLOCATION_CONF_FILE=/data/web/conf/authlocations_airmediaoff.conf
06-23 02:18:37.198 1357 1357 I crestInit.sh: + WEBSERVER_REDIRECT_CONF_FILE=/data/web/conf/redirect-http.conf
06-23 02:18:37.198 1357 1357 I crestInit.sh: + WEBSERVER_CSRF_CONF_FILE=/data/web/conf/webserver-csrf.conf
06-23 02:18:37.198 1357 1357 I crestInit.sh: + WEBSERVER_AUTHOFF_CONF_FILE=/data/web/conf/webserver-authoff.conf
06-23 02:18:37.198 1357 1357 I crestInit.sh: ++ grep -c PRODUCT_ID=0020 /proc/product/prodID
06-23 02:18:37.198 1694 1923 I commit_sys_config_file: [settings-2-0,3]
06-23 02:18:37.202 1357 1357 I crestInit.sh: grep: /proc/product/prodID: No such file or directory
06-23 02:18:37.202 1357 1357 I crestInit.sh: + MERCURY=
06-23 02:18:37.202 1357 1357 I crestInit.sh: + PREVENTWEBUILOGONFILE=/dev/shm/preventWebUILogOn
06-23 02:18:37.203 1357 1357 I crestInit.sh: ++ SoftwareFeatureCli FEAT_AVFCONFIG_AS_SETUP_PAGE_SUPPORT
06-23 02:18:37.257 6181 6181 I auditd : type=1400 audit(0.0:2364): avc: denied { setattr } for comm="chmod" name="import_root_certs.dat" dev="dm-14" ino=4348 scontext=u:r:vendor_qti_init_shell:s0 tcontext=u:object_r:system_data_file:s0 tclass=file permissive=1
06-23 02:18:37.257 6181 6181 I chmod : type=1400 audit(0.0:2364): avc: denied { setattr } for name="import_root_certs.dat" dev="dm-14" ino=4348 scontext=u:r:vendor_qti_init_shell:s0 tcontext=u:object_r:system_data_file:s0 tclass=file permissive=1
06-23 02:18:37.297 1357 1357 I crestInit.sh: + IS_AVFCONFIG_AS_SETUPAGE_SUPPORT=0
06-23 02:18:37.298 1357 1357 I crestInit.sh: ++ SoftwareFeatureCli FEAT_CCUI_AS_SETUP_PROJECT
06-23 02:18:37.386 6216 6216 W libc : Unable to set property "ctl.start" to "lldpd": error code: 0x20
06-23 02:18:37.388 1357 1357 I crestInit.sh: + IS_CCUI_AS_SETUP_PROJECT=0
06-23 02:18:37.388 1357 1357 I crestInit.sh: ++ SoftwareFeatureCli FEAT_2FA_SUPPORT
06-19 16:42:57.994 1 1 E init : Control message: Could not find 'lldpd' for ctl.start from pid: 6216 (start lldpd)
06-23 02:18:37.488 1357 1357 I crestInit.sh: ERROR: invalid feature: 'FEAT_2FA_SUPPORT'
06-23 02:18:37.489 1357 1357 I crestInit.sh: + IS_2FA_SUPPORT_ENABLED=
06-23 02:18:37.490 1357 1357 I crestInit.sh: ++ SoftwareFeatureCli FEAT_PROMPT
06-23 02:18:37.547 6149 6149 D CresNextSerializer: CresNextSerializer::CresNextSerializer entry
06-23 02:18:37.547 6149 6149 I CresStore: CresStore: setting log level to 3
06-23 02:18:37.547 6149 6149 I CresNextSerializer: CresNextSerializer: CreateNewThreadSerializer return status: 0
06-23 02:18:37.547 6149 6149 D CresNextSerializer: CresNextSerializer::CresNextSerializer exit, g_CresNextSerializerLogLevel = 3
06-23 02:18:37.547 6149 6305 D CresNextSerializer: CresNextSerializer::ThreadEntryFuncSerializer
06-23 02:18:37.547 6149 6305 I CresNextSerializer: ThreadEntrySerializer: entering...
06-23 02:18:37.547 6149 6149 D CresNextSerializer: [external/crestron/CresNextSerializer/cresNextMsgHandler.cpp:94] CresNxtMsgHandler: CresNxtMsgHandler exit
06-23 02:18:37.547 6149 6149 D CresNextSerializer: logLevel = 0 in setLogLevel
06-23 02:18:37.565 3269 3269 I CrestronPlatformService: onDestroy
06-23 02:18:37.568 1357 1357 I crestInit.sh: ++ SoftwareFeatureCli FEAT_DONOT_REDIRECT_ASSETS_URL
06-23 02:18:37.579 1694 2350 D CompatibilityInfo: mCompatibilityFlags - 4
06-23 02:18:37.579 1694 2350 D CompatibilityInfo: applicationDensity - 160
06-23 02:18:37.579 1694 2350 D CompatibilityInfo: applicationScale - 1.0
06-23 02:18:37.582 3801 3885 D TrafficStats: tagSocket(5) with statsTag=0xffffffff, statsUid=-1
06-23 02:18:37.582 3801 3885 D SplashSocketThread: Accepted Connection from Platform, socket is bound
06-23 02:18:37.587 3269 3269 D CrestronPlatformService: timezoneFromSystem = GMT, timezoneFromFile=GMT
06-23 02:18:37.638 1357 1357 I crestInit.sh: + PREVENT_REDIRECT_ASSETS_URL=0
06-23 02:18:37.639 1357 1357 I crestInit.sh: + CREATE_ADMIN_USER=1
06-23 02:18:37.639 1357 1357 I crestInit.sh: + ADJUST_PINPOINT=0
06-23 02:18:37.639 1357 1357 I crestInit.sh: ++ cat /proc/product/prodID
06-23 02:18:37.639 1357 1357 I crestInit.sh: ++ grep MODEL_NAME
06-23 02:18:37.639 1357 1357 I crestInit.sh: ++ cut -d = -f 2
06-23 02:18:37.653 1357 1357 I crestInit.sh: cat: /proc/product/prodID: No such file or directory
06-23 02:18:37.655 1357 1357 I crestInit.sh: + PRODUCT_NAME=
06-23 02:18:37.655 1357 1357 I crestInit.sh: + echo PRODUCT_NAME=
06-23 02:18:37.655 1357 1357 I crestInit.sh: PRODUCT_NAME=
06-23 02:18:37.655 1357 1357 I crestInit.sh: + '[' 1 -eq 0 ']'
06-23 02:18:37.655 1357 1357 I crestInit.sh: + '[' 1 -eq 1 ']'
06-23 02:18:37.655 1357 1357 I crestInit.sh: + CREATE_ADMIN_USER=0
06-23 02:18:37.655 1357 1357 I crestInit.sh: + ADJUST_PINPOINT=0
06-23 02:18:37.655 1357 1357 I crestInit.sh: + '[' '!' -e /data/crestron/webdigest ']'
06-23 02:18:37.655 1357 1357 I crestInit.sh: + '[' '!' -e /data/web/conf ']'
06-23 02:18:37.655 1357 1357 I crestInit.sh: + '[' '!' -e /data/web/certs ']'
06-23 02:18:37.657 1357 1357 I crestInit.sh: + cp -f /system/crestron/webserver/sdcard/web/conf/Mobility_authoff.conf /system/crestron/webserver/sdcard/web/conf/Mobility_authon.conf /system/crestron/webserver/sdcard/web/conf/auth_prog0.conf /system/crestron/webserver/sdcard/web/conf/authlocations_airmediaoff.conf /system/crestron/webserver/sdcard/web/conf/authlocations_airmediaon.conf /system/crestron/webserver/sdcard/web/conf/authlocations_authon_prog0.conf /system/crestron/webserver/sdcard/web/conf/authlocations_nonuc.conf /system/crestron/webserver/sdcard/web/conf/authlocations_prog0.conf /system/crestron/webserver/sdcard/web/conf/redirect-http.conf /system/crestron/webserver/sdcard/web/conf/webserver-authoff.conf /system/crestron/webserver/sdcard/web/conf/webserver-authon-common.conf /system/crestron/webserver/sdcard/web/conf/webserver-authon.conf /system/crestron/webserver/sdcard/web/conf/webserver-common.conf /system/crestron/webserver/sdcard/web/conf/webserver-csrf.conf /system/crestron/webserver/sdcard/web/conf/webserver-fcgihandler.conf /syste
06-23 02:18:37.665 1357 1357 I crestInit.sh: + mkdir -p /data/web/conf/mgmt_conf /data/web/conf/user_conf
06-23 02:18:37.671 1357 1357 I crestInit.sh: + cp -f /system/crestron/webserver/sdcard/web/conf/mgmt_conf/Mobility_authon_mgmt.conf /system/crestron/webserver/sdcard/web/conf/mgmt_conf/auth_prog0.conf /system/crestron/webserver/sdcard/web/conf/mgmt_conf/authlocations_airmediaoff_mgmt.conf /system/crestron/webserver/sdcard/web/conf/mgmt_conf/authlocations_airmediaon_mgmt.conf /system/crestron/webserver/sdcard/web/conf/mgmt_conf/authlocations_prog0.conf /system/crestron/webserver/sdcard/web/conf/mgmt_conf/redirect-http-mgmt.conf /system/crestron/webserver/sdcard/web/conf/mgmt_conf/webserver-authon-common-mgmt.conf /system/crestron/webserver/sdcard/web/conf/mgmt_conf/webserver-authon-mgmt.conf /system/crestron/webserver/sdcard/web/conf/mgmt_conf/webserver-common-mgmt.conf /system/crestron/webserver/sdcard/web/conf/mgmt_conf/webserver-csrf.conf /system/crestron/webserver/sdcard/web/conf/mgmt_conf/webserver-fcgihandler_mgmt.conf /data/web/conf/mgmt_conf
06-23 02:18:37.677 1357 1357 I crestInit.sh: + cp -f /system/crestron/webserver/sdcard/web/conf/user_conf/Mobility_authon.conf /system/crestron/webserver/sdcard/web/conf/user_conf/auth_prog0.conf /system/crestron/webserver/sdcard/web/conf/user_conf/authlocations_airmediaoff.conf /system/crestron/webserver/sdcard/web/conf/user_conf/authlocations_airmediaon.conf /system/crestron/webserver/sdcard/web/conf/user_conf/authlocations_prog0.conf /system/crestron/webserver/sdcard/web/conf/user_conf/redirect-http.conf /system/crestron/webserver/sdcard/web/conf/user_conf/webserver-authon-common.conf /system/crestron/webserver/sdcard/web/conf/user_conf/webserver-authon.conf /system/crestron/webserver/sdcard/web/conf/user_conf/webserver-common.conf /system/crestron/webserver/sdcard/web/conf/user_conf/webserver-fcgihandler.conf /data/web/conf/user_conf
06-23 02:18:37.697 1357 1357 I crestInit.sh: + [[ '' == 1 ]]
06-23 02:18:37.697 1357 1357 I crestInit.sh: + cp -fr /system/homepage/resources /sdcard/ROMDISK/ftp/html/
06-23 02:18:37.701 1357 1357 I crestInit.sh: cp: /sdcard/ROMDISK/ftp/html/: No such file or directory
06-23 02:18:37.702 1357 1357 I crestInit.sh: + '[' '' == ZUM-HUB4 ']'
06-23 02:18:37.702 1357 1357 I crestInit.sh: + cp -f /system/homepage/userlogin.html /sdcard/ROMDISK/ftp/html/
06-23 02:18:37.706 1357 1357 I crestInit.sh: cp: /sdcard/ROMDISK/ftp/html/: No such file or directory
06-23 02:18:37.706 1357 1357 I crestInit.sh: + cp -f /system/homepage/index_loginInfo.html /sdcard/ROMDISK/ftp/html/
06-23 02:18:37.711 1357 1357 I crestInit.sh: cp: /sdcard/ROMDISK/ftp/html/: No such file or directory
06-23 02:18:37.711 1357 1357 I crestInit.sh: + mkdir -p /dev/shm/web/logs/
06-23 02:18:37.715 1357 1357 I crestInit.sh: + rm /data/web/certs/test.pem
06-23 02:18:37.720 1357 1357 I crestInit.sh: rm: /data/web/certs/test.pem: No such file or directory
06-23 02:18:37.720 1357 1357 I crestInit.sh: + rm /data/web/certs/server.pem
06-23 02:18:37.724 1357 1357 I crestInit.sh: rm: /data/web/certs/server.pem: No such file or directory
06-23 02:18:37.725 1357 1357 I crestInit.sh: ++ grep -c PRODUCT_ID=0x79 /data/crestron/systemId
06-23 02:18:37.740 1357 1357 I crestInit.sh: + TSWX70=0
06-23 02:18:37.740 1357 1357 I crestInit.sh: ++ grep -c PRODUCT_ID=0x81 /data/crestron/systemId
06-23 02:18:37.745 1357 1357 I crestInit.sh: + AIOP=1
06-23 02:18:37.745 1357 1357 I crestInit.sh: + [[ 1 -eq 1 ]]
06-23 02:18:37.745 1357 1357 I crestInit.sh: ++ mount
06-23 02:18:37.745 1357 1357 I crestInit.sh: ++ awk 'BEGIN {err = 1} /\/ROMDISK\/firmware/ {err = 0} END {print err; exit err}'
06-23 02:18:37.760 1357 1357 I crestInit.sh: + is_mounted=0
06-23 02:18:37.760 1357 1357 I crestInit.sh: + '[' 0 -ne 0 ']'
06-23 02:18:37.760 1357 1357 I crestInit.sh: + echo_cr '/sdcard/ROMDISK/firmware is already mounted'
06-23 02:18:37.760 1357 1357 I crestInit.sh: ++ cut -f1 -d ' ' /proc/uptime
06-23 02:18:37.765 1357 1357 I crestInit.sh: + echo '[32.99]' /sdcard/ROMDISK/firmware is already mounted
06-23 02:18:37.765 1357 1357 I crestInit.sh: + [[ 0 -eq 1 ]]
06-23 02:18:37.765 1357 1357 I crestInit.sh: + [[ 1 -eq 1 ]]
06-23 02:18:37.765 1357 1357 I crestInit.sh: + rm -rf /data/web/tmp
06-23 02:18:37.766 6149 6149 I MSG : CRESTRON_LEVEL_ERROR: # 02:18:37 6-23-2025 # Unable to read the features. Value read is 0x450425 and of size 4
06-23 02:18:37.766 6149 6149 I MSG :
06-23 02:18:37.766 6149 6149 I MSG : CRESTRON_LEVEL_ERROR: # 02:18:37 6-23-2025 # Could not get the Feature Mask from creston\system. error = 0xfffffffc. Defaulting Feature Mask to 0x450425
06-23 02:18:37.766 6149 6149 I MSG :
06-23 02:18:37.770 1357 1357 I crestInit.sh: rm: deviceconfig: Device or resource busy
06-23 02:18:37.770 1357 1357 I crestInit.sh: + mkdir -p /data/web/tmp
06-23 02:18:37.775 1357 1357 I crestInit.sh: + echo_cr 'Remove /data/web/tmp symlink'
06-23 02:18:37.775 1357 1357 I crestInit.sh: ++ cut -f1 -d ' ' /proc/uptime
06-23 02:18:37.779 1357 1357 I crestInit.sh: + echo '[33.00]' Remove /data/web/tmp symlink
06-23 02:18:37.779 1357 1357 I crestInit.sh: + rm -rf '/data/web/tmp/webserver-upload*'
06-23 02:18:37.784 1357 1357 I crestInit.sh: + rm -rf '/data/web/tmp/*-upload*'
06-23 02:18:37.788 1357 1357 I crestInit.sh: + cat /data/crestron/systemId
06-23 02:18:37.789 4466 4466 I CEUDaemon: CEU_sendMsgCresStore: (1) sending NetworkAdapters CEU_DATA
06-23 02:18:37.794 4466 4466 I CEUDaemon: sendInitialEthConfig: End: number of adapters present is 2
06-23 02:18:37.794 4466 4466 I CEUDaemon: sendInitialEthConfig: Publishing CEU Ethernet Object to CresStore
06-23 02:18:37.801 4466 4466 I CEUDaemon: CEUDaemon(5): calling sendInitialNetworkAdaptersConfig()
06-23 02:18:37.801 4466 4466 I CEUDaemon: sendInitialNetworkAdaptersConfig
06-23 02:18:37.801 4466 4466 I CEUDaemon: NetworkAdapters\
06-23 02:18:37.801 4466 4466 I CEUDaemon: EthernetLan
06-23 02:18:37.801 4466 4466 I CEUDaemon:
06-23 02:18:37.801 4466 4466 I CEUDaemon: Wifi
06-23 02:18:37.801 4466 4466 I CEUDaemon:
06-23 02:18:37.801 4466 4466 I CEUDaemon:
06-23 02:18:37.803 4466 4466 I CEUDaemon: sendInitialNetworkAdaptersConfig: Adapter EthernetLan
06-23 02:18:37.803 4466 4466 I CEUDaemon: sendInitialNetworkAdaptersConfig: Adapter Wifi
06-23 02:18:37.803 4466 4466 I CEUDaemon: sendInitialNetworkAdaptersConfig: Adapter
06-23 02:18:37.803 4466 4466 I CEUDaemon: sendInitialNetworkAdaptersConfig: Adapter
06-23 02:18:37.803 4466 4466 I CEUDaemon: sendInitialNetworkAdaptersConfig: Adapter
06-23 02:18:37.803 4466 4466 I CEUDaemon: sendInitialNetworkAdaptersConfig: Adapter
06-23 02:18:37.803 4466 4466 I CEUDaemon: sendInitialNetworkAdaptersConfig: Adapter
06-23 02:18:37.803 4466 4466 I CEUDaemon: sendInitialNetworkAdaptersConfig: Adapter
06-23 02:18:37.803 4466 4466 I CEUDaemon: sendInitialNetworkAdaptersConfig: Adapter 0, Name 'eth0', Display Name 'FEC1', Count 0
06-23 02:18:37.803 4466 4466 I CEUDaemon: sendInitialNetworkAdaptersConfig: Adapter EthernetLan already exists
06-23 02:18:37.803 4466 4466 I CEUDaemon: CEUDaemon: DEV = 0 - DHCPState|DHCP: ON|
06-23 02:18:37.803 4466 4466 I CEUDaemon:
06-23 02:18:37.806 4466 4466 I CEUDaemon: EthGetMacAddr: Device 0; name eth0
06-23 02:18:37.806 4466 4466 I CEUDaemon: SingleIpModeState: |0|
06-23 02:18:37.806 4466 4466 I CEUDaemon:
06-23 02:18:37.806 4466 4466 I CEUDaemon: sendInitialNetworkAdaptersConfig: Index|0| DHCPState|1|
06-23 02:18:37.806 1357 1357 I crestInit.sh: ++ grep -cs PRODUCT_ID=0x74 /proc/product/prodID
06-23 02:18:37.811 1357 1357 I crestInit.sh: ++ grep -c PRODUCT_ID=0x74 /data/crestron/systemId
06-23 02:18:37.816 1357 1357 I crestInit.sh: + AM3XXX=0
06-23 02:18:37.816 1357 1357 I crestInit.sh: ++ grep -cs PRODUCT_ID=0x71 /proc/product/prodID
06-23 02:18:37.820 1357 1357 I crestInit.sh: ++ grep -c PRODUCT_ID=0x71 /data/crestron/systemId
06-23 02:18:37.825 1357 1357 I crestInit.sh: + TST1080=0
06-23 02:18:37.825 1357 1357 I crestInit.sh: ++ grep -cs PRODUCT_ID=0x80 /proc/product/prodID
06-23 02:18:37.830 1357 1357 I crestInit.sh: ++ grep -c PRODUCT_ID=0x80 /data/crestron/systemId
06-23 02:18:37.834 1357 1357 I crestInit.sh: + DGE1000=0
06-23 02:18:37.834 1357 1357 I crestInit.sh: + [[ 0 = \1 ]]
06-23 02:18:37.834 1357 1357 I crestInit.sh: + [[ 0 = \1 ]]
06-23 02:18:37.834 1357 1357 I crestInit.sh: + [[ 0 = \1 ]]
06-23 02:18:37.835 1357 1357 I crestInit.sh: + setup_firmware
06-23 02:18:37.835 1357 1357 I crestInit.sh: ++ readlink /data/web/tmp/firmware
06-23 02:18:37.839 1357 1357 I crestInit.sh: + local fw_link=
06-23 02:18:37.839 1357 1357 I crestInit.sh: + '[' -L /sdcard/ROMDISK/firmware/firmware ']'
06-23 02:18:37.839 1357 1357 I crestInit.sh: + '[' '' = /sdcard/ROMDISK/firmware ']'
06-23 02:18:37.839 1357 1357 I crestInit.sh: + echo_cr 'Creating symbolic link'
06-23 02:18:37.840 1357 1357 I crestInit.sh: ++ cut -f1 -d ' ' /proc/uptime
06-23 02:18:37.844 1357 1357 I crestInit.sh: + echo '[33.07]' Creating symbolic link
06-23 02:18:37.844 1357 1357 I crestInit.sh: + [[ 0 = \1 ]]
06-23 02:18:37.844 1357 1357 I crestInit.sh: + [[ 0 = \1 ]]
06-23 02:18:37.844 1357 1357 I crestInit.sh: + [[ 0 = \1 ]]
06-23 02:18:37.844 1357 1357 I crestInit.sh: + rm -fr /data/web/tmp/firmware
06-23 02:18:37.849 1357 1357 I crestInit.sh: + ln -s /sdcard/ROMDISK/firmware /data/web/tmp/firmware
06-23 02:18:37.853 1357 1357 I crestInit.sh: ++ readlink /data/web/tmp/edid
06-23 02:18:37.856 4466 4466 I CEUDaemon: sendInitialNetworkAdaptersConfig: EthernetLan is active, setting to active
06-23 02:18:37.856 4466 4466 I CEUDaemon: sendInitialNetworkAdaptersConfig: Adapter 1, Name 'wlan0', Display Name 'WLAN0', Count 0
06-23 02:18:37.856 4466 4466 I CEUDaemon: sendInitialNetworkAdaptersConfig: Adapter Wifi already exists
06-23 02:18:37.857 4466 4466 I CEUDaemon: CEUDaemon: DEV = 0 - DHCPState|DHCP: ON|
06-23 02:18:37.857 4466 4466 I CEUDaemon:
06-23 02:18:37.857 4466 4466 I CEUDaemon: EthGetMacAddr: Device 1; name wlan0
06-23 02:18:37.858 4466 4466 I CEUDaemon: SingleIpModeState: |0|
06-23 02:18:37.858 4466 4466 I CEUDaemon:
06-23 02:18:37.858 4466 4466 I CEUDaemon: sendInitialNetworkAdaptersConfig: Index|1| DHCPState|1|
06-23 02:18:37.858 1357 1357 I crestInit.sh: + EDIDLINK=
06-23 02:18:37.858 1357 1357 I crestInit.sh: + '[' '' = /sdcard/ROMDISK/edid ']'
06-23 02:18:37.858 1357 1357 I crestInit.sh: + rm /data/web/tmp/edid
06-23 02:18:37.858 4466 4466 I CEUDaemon: sendInitialNetworkAdaptersConfig: Adapter Wifi IP was 0, 0 retries left
06-23 02:18:37.862 1357 1357 I crestInit.sh: rm: /data/web/tmp/edid: No such file or directory
06-23 02:18:37.863 1357 1357 I crestInit.sh: + echo_cr 'Creating edid link'
06-23 02:18:37.863 1357 1357 I crestInit.sh: ++ cut -f1 -d ' ' /proc/uptime
06-23 02:18:37.867 1357 1357 I crestInit.sh: + echo '[33.09]' Creating edid link
06-23 02:18:37.867 1357 1357 I crestInit.sh: + [[ 0 = \1 ]]
06-23 02:18:37.868 1357 1357 I crestInit.sh: + ln -s /sdcard/ROMDISK/edid /data/web/tmp/edid
06-23 02:18:37.872 1357 1357 I crestInit.sh: + '[' -d /data/web/tmp/display ']'
06-23 02:18:37.872 1357 1357 I crestInit.sh: + echo_cr 'Creating display link'
06-23 02:18:37.872 1357 1357 I crestInit.sh: ++ cut -f1 -d ' ' /proc/uptime
06-23 02:18:37.877 1357 1357 I crestInit.sh: + echo '[33.10]' Creating display link
06-23 02:18:37.877 1357 1357 I crestInit.sh: + ln -s /sdcard/ROMDISK/display /data/web/tmp/display
06-23 02:18:37.881 1357 1357 I crestInit.sh: + '[' -d /data/web/tmp/sys ']'
06-23 02:18:37.881 1357 1357 I crestInit.sh: + echo_cr 'Creating sys link'
06-23 02:18:37.881 1357 1357 I crestInit.sh: ++ cut -f1 -d ' ' /proc/uptime
06-23 02:18:37.885 1357 1357 I crestInit.sh: + echo '[33.11]' Creating sys link
06-23 02:18:37.885 1357 1357 I crestInit.sh: + ln -s /sdcard/ROMDISK/SYS /data/web/tmp/sys
06-23 02:18:37.890 1357 1357 I crestInit.sh: ++ readlink /data/web/tmp/Cert
06-23 02:18:37.895 1357 1357 I crestInit.sh: + CERTLINK=
06-23 02:18:37.895 1357 1357 I crestInit.sh: + '[' '' = /sdcard/ROMDISK/User/Cert ']'
06-23 02:18:37.895 1357 1357 I crestInit.sh: + echo_cr 'Creating Cert link'
06-23 02:18:37.895 1357 1357 I crestInit.sh: ++ cut -f1 -d ' ' /proc/uptime
06-23 02:18:37.899 1357 1357 I crestInit.sh: + echo '[33.12]' Creating Cert link
06-23 02:18:37.899 1357 1357 I crestInit.sh: + [[ 0 = \1 ]]
06-23 02:18:37.899 1357 1357 I crestInit.sh: + [[ 0 = \1 ]]
06-23 02:18:37.899 1357 1357 I crestInit.sh: + rm -f /data/web/tmp/Cert
06-23 02:18:37.903 1357 1357 I crestInit.sh: + ln -s /sdcard/ROMDISK/User/Cert /data/web/tmp/Cert
06-23 02:18:37.908 1357 1357 I crestInit.sh: + [[ -f /system/bin/webserverscripts/adjust_pinpoint_sidemenu.sh ]]
06-23 02:18:37.908 1357 1357 I crestInit.sh: + [[ 0 -eq 1 ]]
06-23 02:18:37.908 1357 1357 I crestInit.sh: + '[' -f /system/bin/webserverscripts/airmedia_config.sh ']'
06-23 02:18:37.908 1357 1357 I crestInit.sh: + /system/bin/webserverscripts/airmedia_config.sh
06-23 02:18:38.462 4466 4466 I CEUDaemon: CEU_sendMsgCresStore: (1) sending NetworkAdapters CEU_DATA
06-23 02:18:38.524 1030 1090 E sec_channel : Modemcomm: Init Instance on handle:0 failed with -3
06-23 02:18:38.524 1030 1090 E sec_channel : Modemcomm: Failed to get handle of SSGQMSCA service
06-23 02:18:38.906 1694 1767 I am_pss : [4535,10054,com.crestron.byod.display,44910592,29016064,0,126242816,0,2,7]
06-23 02:18:38.906 4466 4466 I CEUDaemon: sendInitialNetworkAdaptersConfig: Wifi is not active, setting to not active
06-23 02:18:38.907 4466 4466 I CEUDaemon: populateNetworkAdaptersDnsIpv4: Setting lDSIdx=0 (was 0)
06-23 02:18:38.907 4466 4466 I CEUDaemon:
06-23 02:18:38.914 4466 4466 I CEUDaemon: populateNetworkAdaptersDnsIpv4: 2 GetDNSServer(1) interface |0| returns |192.168.124.1 | DHCP ||
06-23 02:18:38.914 4466 4466 I CEUDaemon: GetStaticDNSServerStr:0.0.0.0
06-23 02:18:38.914 4466 4466 I CEUDaemon: populateNetworkAdaptersDnsIpv4: GetStaticDNSServerStr |0.0.0.0|
06-23 02:18:38.914 4466 4466 I CEUDaemon: populateNetworkAdaptersDnsIpv4: -------------------------------------------------- 2
06-23 02:18:38.914 4466 4466 I CEUDaemon: populateNetworkAdaptersDnsIpv4: -------------------------------------------------- 3
06-23 02:18:38.914 4466 4466 I CEUDaemon: populateNetworkAdaptersDnsIpv4: -------------------------------------------------- 5
06-23 02:18:38.923 4466 4466 I CEUDaemon: populateNetworkAdaptersDnsIpv4: 2 GetDNSServer(2) returns err -1
06-23 02:18:38.923 4466 4466 I CEUDaemon:
06-23 02:18:38.923 4466 4466 I CEUDaemon: populateNetworkAdaptersDnsIpv4: 2 GetDNSServer(2) interface |0| returns |
06-23 02:18:38.923 4466 4466 I CEUDaemon: | DHCP ||
06-23 02:18:38.923 4466 4466 I CEUDaemon: populateNetworkAdaptersDnsIpv4: -------------------------------------------------- static
06-23 02:18:38.923 4466 4466 I CEUDaemon: GetStaticDNSServerStr:0.0.0.0
06-23 02:18:38.923 4466 4466 I CEUDaemon: populateNetworkAdaptersDnsIpv4: GetStaticDNSServerStr |0.0.0.0|
06-23 02:18:38.923 4466 4466 I CEUDaemon: populateNetworkAdaptersDnsIpv4: -------------------------------------------------- 2
06-23 02:18:38.923 4466 4466 I CEUDaemon: SingleIpModeState: |0|
06-23 02:18:38.923 4466 4466 I CEUDaemon:
06-23 02:18:38.923 4466 4466 I CEUDaemon: sendInitialNetworkAdaptersConfig: Publishing CEU Network Adapters Object to CresStore
06-23 02:18:38.923 4466 4466 I CEUDaemon: CresNext Object: Device\
06-23 02:18:38.923 4466 4466 I CEUDaemon:
06-23 02:18:38.923 4466 4466 I CEUDaemon: dumpCresNextObject:
06-23 02:18:38.923 4466 4466 I CEUDaemon: '{
06-23 02:18:38.923 4466 4466 I CEUDaemon: "Device": {
06-23 02:18:38.923 4466 4466 I CEUDaemon: "NetworkAdapters": {
06-23 02:18:38.923 4466 4466 I CEUDaemon: "IsIcmpPingEnabled": true,
06-23 02:18:38.923 4466 4466 I CEUDaemon: "HostName": "UC-SB2-CAM-A-DEADBEEF1234",
06-23 02:18:38.923 4466 4466 I CEUDaemon: "IgmpVersion": "v0",
06-23 02:18:38.923 4466 4466 I CEUDaemon: "AddressSchema": "IPv4",
06-23 02:18:38.923 4466 4466 I CEUDaemon: "IPv6": {
06-23 02:18:38.923 4466 4466 I CEUDaemon: "IsSupported": false,
06-23 02:18:38.923 4466 4466 I CEUDaemon: "IsIcmpPingEnabled": false,
06-23 02:18:38.923 4466 4466 I CEUDaemon: "IsMulticastProxyEnabled": true
06-23 02:18:38.923 4466 4466 I CEUDaemon: },
06-23 02:18:38.923 4466 4466 I CEUDaemon: "Adapters": {
06-23 02:18:38.923 4466 4466 I CEUDaemon: "EthernetLan": {
06-23 02:18:38.923 4466 4466 I CEUDaemon: "DomainName": "localdomain",
06-23 02:18:38.923 4466 4466 I CEUDaemon: "IsAdapterReadOnly": false,
06-23 02:18:38.923 4466 4466 I CEUDaemon: "Name": "eth0",
06-23 02:18:38.923 4466 4466 I CEUDaemon: "MacAddress": "de.ad.be.ef.12.34",
06-23 02:18:38.923 4466 4466 I CEUDaemon: "AddressSchema": "IPv4",
06-23 02:18:38.923 4466 4466 I CEUDaemon: "IsAutoNegotiationEnabled": false,
06-23 02:18:38.923 4466 4466 I CEUDaemon: "AutoNegotiation": "On",
06-23 02:18:38.923 4466 4466 I CEUDaemon: "IsAdapterEnabled": true,
06-23 02:18:38.923 4466 4466 I CEUDaemon: "IsActive": true,
06-23 02:18:38.923 4466 4466 I CEUDaemon: "LinkStatus": true,
06-23 02:18:38.923 4466 4466 I CEUDaemon: "IPv4": {
06-23 02:18:38.923 4466 4466 I CEUDaemon: "Addresses": [
06-23 02:18:38.923 4466 4466 I CEUDaemon: {
06-23 02:18:38.923 4466 4466 I CEUDaemon: "Address": "192.168.124.4",
06-23 02:18:38.923 4466 4466 I CEUDaemon: "SubnetMask": "255.255.255.0"
06-23 02:18:38.923 4466 4466 I CEUDaemon: }
06-23 02:18:38.923 4466 4466 I CEUDaemon: ],
06-23 02:18:38.923 4466 4466 I CEUDaemon: "StaticAddresses": [
06-23 02:18:38.923 4466 4466 I CEUDaemon: {
06-23 02:18:38.923 4466 4466 I CEUDaemon: "Address": "0.0.0.0",
06-23 02:18:38.923 4466 4466 I CEUDaemon: "SubnetMask": "0.0.0.0"
06-23 02:18:38.923 4466 4466 I CEUDaemon: }
06-23 02:18:38.923 4466 4466 I CEUDaemon: ],
06-23 02:18:38.923 4466 4466 I CEUDaemon: "StaticDefaultGateway": "0.0.0.0",
06-23 02:18:38.923 4466 4466 I CEUDaemon: "DefaultGateway": "192.168.124.1",
06-23 02:18:38.923 4466 4466 I CEUDaemon: "IsDhcpEnabled": true
06-23 02:18:38.923 4466 4466 I CEUDaemon: }
06-23 02:18:38.923 4466 4466 I CEUDaemon: },
06-23 02:18:38.923 4466 4466 I CEUDaemon: "Wifi": {
06-23 02:18:38.923 4466 4466 I CEUDaemon: "DomainName": "localdomain",
06-23 02:18:38.923 4466 4466 I CEUDaemon: "IsAdapterReadOnly": false,
06-23 02:18:38.923 4466 4466 I CEUDaemon: "Name": "wlan0",
06-23 02:18:38.923 4466 4466 I CEUDaemon: "MacAddress": "f0.74.e4.42.fc.dc",
06-23 02:18:38.923 4466 4466 I CEUDaemon: "AddressSchema": "IPv4",
06-23 02:18:38.923 4466 4466 I CEUDaemon: "IsAutoNegotiationEnabled": false,
06-23 02:18:38.923 4466 4466 I CEUDaemon: "AutoNegotiation": "On",
06-23 02:18:38.923 4466 4466 I CEUDaemon: "IsAdapterEnabled": true,
06-23 02:18:38.923 4466 4466 I CEUDaemon: "IsActive": false,
06-23 02:18:38.923 4466 4466 I CEUDaemon: "LinkStatus": false,
06-23 02:18:38.923 4466 4466 I CEUDaemon: "IPv4": {
06-23 02:18:38.923 4466 4466 I CEUDaemon: "Addresses": [
06-23 02:18:38.923 4466 4466 I CEUDaemon: {
06-23 02:18:38.923 4466 4466 I CEUDaemon: "Address": "0.0.0.0",
06-23 02:18:38.923 4466 4466 I CEUDaemon: "SubnetMask": "0.0.0.0"
06-23 02:18:38.923 4466 4466 I CEUDaemon: }
06-23 02:18:38.923 4466 4466 I CEUDaemon: ],
06-23 02:18:38.923 4466 4466 I CEUDaemon: "StaticAddresses": [
06-23 02:18:38.923 4466 4466 I CEUDaemon: {
06-23 02:18:38.923 4466 4466 I CEUDaemon: "Address": "0.0.0.0",
06-23 02:18:38.923 4466 4466 I CEUDaemon: "SubnetMask": "0.0.0.0"
06-23 02:18:38.923 4466 4466 I CEUDaemon: }
06-23 02:18:38.923 4466 4466 I CEUDaemon: ],
06-23 02:18:38.923 4466 4466 I CEUDaemon: "StaticDefaultGateway": "0.0.0.0",
06-23 02:18:38.923 4466 4466 I CEUDaemon: "DefaultGateway": "0.0.0.0",
06-23 02:18:38.923 4466 4466 I CEUDaemon: "IsDhcpEnabled": true
06-23 02:18:38.923 4466 4466 I CEUDaemon: }
06-23 02:18:38.923 4466 4466 I CEUDaemon: }
06-23 02:18:38.923 4466 4466 I CEUDaemon: },
06-23 02:18:38.923 4466 4466 I CEUDaemon: "DnsSettings": {
06-23 02:18:38.923 4466 4466 I CEUDaemon: "IPv4": {
06-23 02:18:38.923 4466 4466 I CEUDaemon: "DnsServers": [
06-23 02:18:38.923 4466 4466 I CEUDaemon: "192.168.124.1(DHCP)",
06-23 02:18:38.923 4466 4466 I CEUDaemon: ""
06-23 02:18:38.923 4466 4466 I CEUDaemon: ],
06-23 02:18:38.923 4466 4466 I CEUDaemon: "StaticDns": [
06-23 02:18:38.923 4466 4466 I CEUDaemon: "",
06-23 02:18:38.923 4466 4466 I CEUDaemon: ""
06-23 02:18:38.923 4466 4466 I CEUDaemon: ]
06-23 02:18:38.923 4466 4466 I CEUDaemon: },
06-23 02:18:38.923 4466 4466 I CEUDaemon: "StaticDns": {
06-23 02:18:38.923 4466 4466 I CEUDaemon: "InitializationEntry": {
06-23 02:18:38.923 4466 4466 I CEUDaemon: "Address": "::"
06-23 02:18:38.923 4466 4466 I CEUDaemon: }
06-23 02:18:38.923 4466 4466 I CEUDaemon: }
06-23 02:18:38.923 4466 4466 I CEUDaemon: },
06-23 02:18:38.923 4466 4466 I CEUDaemon: "Version": "3.0.3"
06-23 02:18:38.923 4466 4466 I CEUDaemon: }
06-23 02:18:38.923 4466 4466 I CEUDaemon: }
06-23 02:18:38.923 4466 4466 I CEUDaemon: }'
06-23 02:18:38.923 4466 4466 I CEUDaemon:
06-23 02:18:38.924 4466 4466 I CEUDaemon: CEUDaemon(5): calling sendInitialWiFiConfig()
06-23 02:18:38.924 4466 4466 I CEUDaemon: sendInitialWiFiConfig: Begin: Times called=1
06-23 02:18:38.924 4466 4466 I CEUDaemon: sendInitialWiFiConfig: Setting value IsEnabled
06-23 02:18:38.924 4466 4466 I CEUDaemon: sendInitialWiFiConfig: Setting value t
06-23 02:18:38.925 4466 4466 I CEUDaemon: sendInitialWiFiConfig: Checking null WiFiMode
06-23 02:18:38.925 4466 4466 I CEUDaemon: sendInitialWiFiConfig: Setting value WiFiMode to Client
06-23 02:18:38.925 4466 4466 I CEUDaemon: sendInitialWiFiConfig: Setting value t
06-23 02:18:38.925 4466 4466 I CEUDaemon: sendInitialWiFiConfig: Checking null/false ShareApInfoToConnectedDevice
06-23 02:18:38.925 4466 4466 I CEUDaemon: sendInitialWiFiConfig: Setting value ScanAccessPoints
06-23 02:18:38.925 4466 4466 I CEUDaemon: sendInitialWiFiConfig: Setting value t
06-23 02:18:38.925 4466 4466 I CEUDaemon: sendInitialWiFiConfig: Setting value ExtraAccessPointValidation
06-23 02:18:38.925 4466 4466 I CEUDaemon: sendInitialWiFiConfig: Setting value t
06-23 02:18:38.925 4466 4466 I CEUDaemon: sendInitialWiFiConfig: Checking null PreferredAccessPoint
06-23 02:18:38.925 4466 4466 I CEUDaemon:
06-23 02:18:38.925 4466 4466 I CEUDaemon: Opening interface /data/vendor/wifi/wpa/sockets/wlan0
06-23 02:18:38.925 4466 4466 I CEUDaemon: sendInitialWiFiConfig: Setting ActiveAccessPoint
06-23 02:18:38.925 4466 4466 I CEUDaemon: sendInitialWiFiConfig: Setting value t
06-23 02:18:38.925 4466 4466 I CEUDaemon: sendInitialWiFiConfig: Adding default AccessPoints InitializationEntry
06-23 02:18:38.926 1125 2586 I WifiHAL : event received NL80211_CMD_VENDOR, vendor_id = 0x1374, subcmd = 0x6a
06-23 02:18:38.926 1418 1418 I cnss-daemon: nl80211 response handler invoked
06-23 02:18:38.926 1418 1418 I cnss-daemon: nl80211_response_handler: cmd 103, vendorID 4980, subcmd 106 received
06-23 02:18:38.929 1694 1767 I am_pss : [3730,10060,.SplashWindow,38066176,33325056,0,145506304,0,2,7]
06-19 16:42:59.534 594 594 E cnss_pci 0000: 01:00.0: can't change power state from D3cold to D0 (config space inaccessible)
06-19 16:42:59.540 594 594 I [kworke][0x342ee2e4][02:18:38.931857] wlan: [594:I:PMO] pmo_core_psoc_send_host_wakeup_ind_to_fw: Host wakeup indication sent to fw
06-23 02:18:38.936 1694 1767 I am_pss : [2919,10136,com.android.permissioncontroller,15589376,13578240,0,107962368,0,6,7]
06-23 02:18:38.942 1694 1767 I am_pss : [2997,10118,com.qualcomm.qti.performancemode,5185536,3596288,0,91308032,0,19,5]
06-23 02:18:38.950 1694 1767 I am_pss : [3856,10059,com.crestron.oemconnector,12656640,10256384,0,105246720,0,4,6]
06-23 02:18:38.957 1694 1767 I am_pss : [2752,10086,com.android.inputmethod.latin,14283776,11067392,0,117874688,0,7,7]
06-19 16:42:59.603 2467 2467 I [schedu][0x34415901][02:18:38.994872] wlan: [2467:I:OSIF] scan start scan id 40964
06-23 02:18:39.237 4034 5551 I CameraManager: update from CresStore {"Device":{"DeviceInfo":{"BuildDate":"Thu Jun 19 11:42:36 CDT 2025 (3.0.3744)","Category":"TouchPanel","DeviceId":"@E-deadbeef1234","DeviceVersion":"3.0.3744","Devicekey":"No SystemKey Server","MacAddress":"de.ad.be.ef.12.34","Manufacturer":"Crestron","Model":"UC-SB2-CAM-A","ModelId":"0x8100","Name":"UC-SB2-CAM-A-DEADBEEF1234","PufVersion":"Unknown","RebootReason":"manual","SerialNumber":"2100SPE00000","Version":"2.3.1"}}}
06-23 02:18:39.239 4034 5551 V AIOPInternalCamera: updateState for camera: 5
06-23 02:18:39.239 4034 5551 V AIOPInternalCamera: Incoming iv features: null
06-23 02:18:39.239 4034 5551 V AIOPInternalCamera: All intelligent video features: {Auto Framing=true, Speaker Focus Preference=with Auto-Framing PiP, Speaker Focus Enabled=false}
06-23 02:18:39.348 1694 1767 I am_pss : [2368,1000,com.android.settings,29597696,18501632,0,145215488,0,19,7]
06-23 02:18:39.354 1694 1767 I am_pss : [3181,1000,com.android.keychain,9404416,7725056,0,97439744,0,19,5]
06-23 02:18:39.359 1694 1767 I am_pss : [3226,10115,com.qualcomm.qti.powersavemode,5137408,3559424,0,91201536,0,19,5]
06-23 02:18:39.431 1694 1767 I am_pss : [3374,10125,com.qualcomm.qtil.aptxui,7774208,6148096,0,94461952,0,19,5]
06-23 02:18:39.438 1694 1767 I am_pss : [2645,10139,android.ext.services,8998912,6025216,0,105881600,0,5,5]
06-23 02:18:39.447 1694 1767 I am_pss : [2508,10102,com.android.launcher3,45701120,33996800,0,173035520,0,5,8]
06-23 02:18:39.644 1694 1767 I am_pss : [3496,1000,com.qualcomm.qti.qmmi,6850560,5214208,0,93769728,0,19,5]
06-23 02:18:39.651 1694 1767 I am_pss : [3453,10052,com.android.traceur,11566080,9785344,0,101421056,0,19,5]
06-23 02:18:39.809 4466 4466 I CEUDaemon: CEUConfigStatus = 2
06-23 02:18:39.809 4466 4466 I CEUDaemon:
06-23 02:18:39.810 4466 4466 I CEUDaemon: SingleIpModeState: |0|
06-23 02:18:39.810 4466 4466 I CEUDaemon:
06-23 02:18:39.811 4466 4466 I CEUDaemon: Environment from message:
06-23 02:18:39.811 4466 4466 I CEUDaemon:
06-23 02:18:39.811 4466 4466 I CEUDaemon: RUNNING = UP
06-23 02:18:39.811 4466 4466 I CEUDaemon:
06-23 02:18:39.811 4466 4466 I CEUDaemon: LOWLEVEL_STATE = UP
06-23 02:18:39.811 4466 4466 I CEUDaemon:
06-23 02:18:39.811 4466 4466 I CEUDaemon: TYPE = LINKCHANGE
06-23 02:18:39.811 4466 4466 I CEUDaemon:
06-23 02:18:39.811 4466 4466 I CEUDaemon: IFNAME = eth0
06-23 02:18:39.811 4466 4466 I CEUDaemon:
06-23 02:18:39.811 4466 4466 I CEUDaemon: old/new state: 00000000 -> 00000000
06-23 02:18:39.811 4466 4466 I CEUDaemon: CEUDaemon: GetNetlinkAdapterIndex - |p2p0| |-1|
06-23 02:18:39.811 4466 4466 I CEUDaemon: Environment from message:
06-23 02:18:39.811 4466 4466 I CEUDaemon:
06-23 02:18:39.811 4466 4466 I CEUDaemon: TYPE = LINKNEW
06-23 02:18:39.811 4466 4466 I CEUDaemon:
06-23 02:18:39.811 4466 4466 I CEUDaemon: IFNAME = p2p0
06-23 02:18:39.811 4466 4466 I CEUDaemon:
06-23 02:18:39.811 4466 4466 I CEUDaemon: old/new state: 00000000 -> 00000000
06-23 02:18:39.811 4466 4466 I CEUDaemon: CEUDaemon: GetNetlinkAdapterIndex - |wifi-aware0| |-1|
06-23 02:18:39.811 4466 4466 I CEUDaemon: Environment from message:
06-23 02:18:39.811 4466 4466 I CEUDaemon:
06-23 02:18:39.811 4466 4466 I CEUDaemon: TYPE = LINKNEW
06-23 02:18:39.811 4466 4466 I CEUDaemon:
06-23 02:18:39.811 4466 4466 I CEUDaemon: IFNAME = wifi-aware0
06-23 02:18:39.811 4466 4466 I CEUDaemon:
06-23 02:18:39.811 4466 4466 I CEUDaemon: CEUConfigStatus = 2
06-23 02:18:39.811 4466 4466 I CEUDaemon:
06-23 02:18:39.811 4466 4466 I CEUDaemon: processAddrEvent: ------------- RTM_NEWADDR ------------- IFNAME=eth0
06-23 02:18:39.811 4466 4466 I CEUDaemon: processAddrEvent: ------------- IFNAME=eth0, IPADDR=192.168.124.4
06-23 02:18:39.811 4466 4466 I CEUDaemon: updateAddressMap: Adding IP Address 192.168.124.4
06-23 02:18:39.811 4466 4466 I CEUDaemon: updateAddressMap: Index 0, size 2
06-23 02:18:39.812 4466 4466 I CEUDaemon: processAddrEvent: ------------- AF_INET
06-23 02:18:39.812 4466 4466 I CEUDaemon: CEUDaemon: Calling CEU_sendMsgCresStore(CS_RENEW_DHCP_NOW)
06-23 02:18:39.812 4466 4466 I CEUDaemon: CEU_sendMsgCresStore: (1) sending Ethernet CEU_DATA
06-23 02:18:40.184 1694 1939 W InputDispatcher: Not sending touch gesture to 2c7b6f1 ActivityRecordInputSink com.crestron.byod.display/.MainActivity because it is not responsive
06-23 02:18:40.184 1694 1939 I InputDispatcher: Dropping event because there is no touched window on display 0 to receive it: MotionEvent(deviceId=3, eventTime=35396793000, source=MOUSE, displayId=0, action=HOVER_MOVE, actionButton=0x00000000, flags=0x00000000, metaState=0x00000000, buttonState=0x00000000, classification=NONE, edgeFlags=0x00000000, xPrecision=1.0, yPrecision=1.0, xCursorPosition=965.5, yCursorPosition=541.5, pointers=[0: (965.5, 541.5)]), policyFlags=0x62000001
06-23 02:18:40.185 1694 1939 W InputDispatcher: Not sending touch gesture to 2c7b6f1 ActivityRecordInputSink com.crestron.byod.display/.MainActivity because it is not responsive
06-23 02:18:40.185 1694 1939 I InputDispatcher: Dropping event because there is no touched window on display 0 to receive it: MotionEvent(deviceId=3, eventTime=35404778000, source=MOUSE, displayId=0, action=HOVER_MOVE, actionButton=0x00000000, flags=0x00000000, metaState=0x00000000, buttonState=0x00000000, classification=NONE, edgeFlags=0x00000000, xPrecision=1.0, yPrecision=1.0, xCursorPosition=973.1, yCursorPosition=545.3, pointers=[0: (973.1, 545.3)]), policyFlags=0x62000001
06-23 02:18:40.185 1694 1939 W InputDispatcher: Not sending touch gesture to 2c7b6f1 ActivityRecordInputSink com.crestron.byod.display/.MainActivity because it is not responsive
06-23 02:18:40.185 1694 1939 I InputDispatcher: Dropping event because there is no touched window on display 0 to receive it: MotionEvent(deviceId=3, eventTime=35412764000, source=MOUSE, displayId=0, action=HOVER_MOVE, actionButton=0x00000000, flags=0x00000000, metaState=0x00000000, buttonState=0x00000000, classification=NONE, edgeFlags=0x00000000, xPrecision=1.0, yPrecision=1.0, xCursorPosition=986.0, yCursorPosition=551.7, pointers=[0: (986.0, 551.7)]), policyFlags=0x62000001
06-23 02:18:40.190 1694 1939 W InputDispatcher: Not sending touch gesture to 2c7b6f1 ActivityRecordInputSink com.crestron.byod.display/.MainActivity because it is not responsive
06-23 02:18:40.190 1694 1939 I InputDispatcher: Dropping event because there is no touched window on display 0 to receive it: MotionEvent(deviceId=3, eventTime=35420790000, source=MOUSE, displayId=0, action=HOVER_MOVE, actionButton=0x00000000, flags=0x00000000, metaState=0x00000000, buttonState=0x00000000, classification=NONE, edgeFlags=0x00000000, xPrecision=1.0, yPrecision=1.0, xCursorPosition=996.5, yCursorPosition=557.7, pointers=[0: (996.5, 557.7)]), policyFlags=0x62000001
06-23 02:18:40.192 700 700 I servicemanager: Could not find android.hardware.graphics.allocator.IAllocator/default in the VINTF manifest.
06-23 02:18:40.198 1694 1939 W InputDispatcher: Not sending touch gesture to 2c7b6f1 ActivityRecordInputSink com.crestron.byod.display/.MainActivity because it is not responsive
06-23 02:18:40.198 1694 1939 I InputDispatcher: Dropping event because there is no touched window on display 0 to receive it: MotionEvent(deviceId=3, eventTime=35428787000, source=MOUSE, displayId=0, action=HOVER_MOVE, actionButton=0x00000000, flags=0x00000000, metaState=0x00000000, buttonState=0x00000000, classification=NONE, edgeFlags=0x00000000, xPrecision=1.0, yPrecision=1.0, xCursorPosition=1014.7, yCursorPosition=572.3, pointers=[0: (1014.7, 572.3)]), policyFlags=0x62000001
06-23 02:18:40.206 1694 1939 W InputDispatcher: Not sending touch gesture to 2c7b6f1 ActivityRecordInputSink com.crestron.byod.display/.MainActivity because it is not responsive
06-23 02:18:40.206 1694 1939 I InputDispatcher: Dropping event because there is no touched window on display 0 to receive it: MotionEvent(deviceId=3, eventTime=35436766000, source=MOUSE, displayId=0, action=HOVER_MOVE, actionButton=0x00000000, flags=0x00000000, metaState=0x00000000, buttonState=0x00000000, classification=NONE, edgeFlags=0x00000000, xPrecision=1.0, yPrecision=1.0, xCursorPosition=1029.4, yCursorPosition=583.3, pointers=[0: (1029.4, 583.3)]), policyFlags=0x62000001
06-23 02:18:40.214 1694 1939 W InputDispatcher: Not sending touch gesture to 2c7b6f1 ActivityRecordInputSink com.crestron.byod.display/.MainActivity because it is not responsive
