01-01 00:09:39.595 10 10 E OF : /soc/clock-controller@abf0000: #clock-cells = 1 found 0
01-01 00:09:39.595 10 10 E OF : /soc/clock-controller@ad00000: #clock-cells = 1 found 0
01-01 00:09:39.595 10 10 I sm8250-videocc abf0000.clock-controller: Registered VIDEO CC clocks
01-01 00:09:39.596 10 10 W disp_cc-sm8250 af00000.clock-controller: supply mmcx not found, using dummy regulator
01-01 00:09:39.596 10 10 E OF : /soc/clock-controller@abf0000: #clock-cells = 1 found 0
01-01 00:09:39.596 10 10 E OF : /soc/clock-controller@ad00000: #clock-cells = 1 found 0
01-01 00:09:39.596 10 10 E OF : /soc/clock-controller@abf0000: #clock-cells = 1 found 0
01-01 00:09:39.596 10 10 E OF : /soc/clock-controller@ad00000: #clock-cells = 1 found 0
01-01 00:09:39.596 10 10 E OF : /soc/clock-controller@abf0000: #clock-cells = 1 found 0
01-01 00:09:39.596 10 10 E OF : /soc/clock-controller@ad00000: #clock-cells = 1 found 0
01-01 00:09:39.596 10 10 E OF : /soc/clock-controller@abf0000: #clock-cells = 1 found 0
01-01 00:09:39.596 10 10 E OF : /soc/clock-controller@ad00000: #clock-cells = 1 found 0
01-01 00:09:39.596 10 10 E OF : /soc/clock-controller@abf0000: #clock-cells = 1 found 0
01-01 00:09:39.596 10 10 E OF : /soc/clock-controller@ad00000: #clock-cells = 1 found 0
01-01 00:09:39.596 10 10 E OF : /soc/clock-controller@abf0000: #clock-cells = 1 found 0
01-01 00:09:39.596 10 10 E OF : /soc/clock-controller@ad00000: #clock-cells = 1 found 0
01-01 00:09:39.596 10 10 E OF : /soc/clock-controller@abf0000: #clock-cells = 1 found 0
01-01 00:09:39.596 10 10 E OF : /soc/clock-controller@ad00000: #clock-cells = 1 found 0
01-01 00:09:39.596 10 10 E OF : /soc/clock-controller@abf0000: #clock-cells = 1 found 0
01-01 00:09:39.596 10 10 E OF : /soc/clock-controller@ad00000: #clock-cells = 1 found 0
01-01 00:09:39.596 10 10 E OF : /soc/clock-controller@abf0000: #clock-cells = 1 found 0
01-01 00:09:39.596 10 10 E OF : /soc/clock-controller@ad00000: #clock-cells = 1 found 0
01-01 00:09:39.596 10 10 E OF : /soc/clock-controller@abf0000: #clock-cells = 1 found 0
01-01 00:09:39.596 10 10 E OF : /soc/clock-controller@ad00000: #clock-cells = 1 found 0
01-01 00:09:39.596 10 10 E OF : /soc/clock-controller@abf0000: #clock-cells = 1 found 0
01-01 00:09:39.596 10 10 E OF : /soc/clock-controller@ad00000: #clock-cells = 1 found 0
01-01 00:09:39.596 10 10 E OF : /soc/clock-controller@abf0000: #clock-cells = 1 found 0
01-01 00:09:39.596 10 10 E OF : /soc/clock-controller@ad00000: #clock-cells = 1 found 0
01-01 00:09:39.596 156 156 I qcom_system_heap_create: DMA-BUF Heap: Created 'qcom,system'
01-01 00:09:39.596 10 10 E OF : /soc/clock-controller@abf0000: #clock-cells = 1 found 0
01-01 00:09:39.596 10 10 E OF : /soc/clock-controller@ad00000: #clock-cells = 1 found 0
01-01 00:09:39.596 156 156 I qcom_system_heap_create: DMA-BUF Heap: Created 'system'
01-01 00:09:39.596 10 10 E OF : /soc/clock-controller@abf0000: #clock-cells = 1 found 0
01-01 00:09:39.596 10 10 E OF : /soc/clock-controller@ad00000: #clock-cells = 1 found 0
01-01 00:09:39.596 10 10 E OF : /soc/clock-controller@abf0000: #clock-cells = 1 found 0
01-01 00:09:39.596 10 10 E OF : /soc/clock-controller@ad00000: #clock-cells = 1 found 0
01-01 00:09:39.596 10 10 E OF : /soc/clock-controller@abf0000: #clock-cells = 1 found 0
01-01 00:09:39.596 10 10 E OF : /soc/clock-controller@ad00000: #clock-cells = 1 found 0
01-01 00:09:39.596 10 10 E OF : /soc/clock-controller@abf0000: #clock-cells = 1 found 0
01-01 00:09:39.596 10 10 E OF : /soc/clock-controller@ad00000: #clock-cells = 1 found 0
01-01 00:09:39.596 10 10 E OF : /soc/clock-controller@abf0000: #clock-cells = 1 found 0
01-01 00:09:39.596 10 10 E OF : /soc/clock-controller@ad00000: #clock-cells = 1 found 0
01-01 00:09:39.597 160 160 I msm_watchdog 17c10000.qcom,wdt: QCOM Apps Watchdog Initialized
01-01 00:09:39.597 10 10 E OF : /soc/clock-controller@abf0000: #clock-cells = 1 found 0
01-01 00:09:39.597 10 10 E OF : /soc/clock-controller@ad00000: #clock-cells = 1 found 0
01-01 00:09:39.597 10 10 E OF : /soc/clock-controller@abf0000: #clock-cells = 1 found 0
01-01 00:09:39.597 10 10 E OF : /soc/clock-controller@ad00000: #clock-cells = 1 found 0
01-01 00:09:39.597 10 10 E OF : /soc/clock-controller@abf0000: #clock-cells = 1 found 0
01-01 00:09:39.597 10 10 E OF : /soc/clock-controller@ad00000: #clock-cells = 1 found 0
01-01 00:09:39.597 10 10 E OF : /soc/clock-controller@abf0000: #clock-cells = 1 found 0
01-01 00:09:39.597 10 10 E OF : /soc/clock-controller@ad00000: #clock-cells = 1 found 0
01-01 00:09:39.597 10 10 E OF : /soc/clock-controller@abf0000: #clock-cells = 1 found 0
01-01 00:09:39.597 10 10 E OF : /soc/clock-controller@ad00000: #clock-cells = 1 found 0
01-01 00:09:39.597 10 10 E OF : /soc/clock-controller@abf0000: #clock-cells = 1 found 0
01-01 00:09:39.597 10 10 E OF : /soc/clock-controller@ad00000: #clock-cells = 1 found 0
01-01 00:09:39.597 10 10 E OF : /soc/clock-controller@abf0000: #clock-cells = 1 found 0
01-01 00:09:39.597 10 10 E OF : /soc/clock-controller@ad00000: #clock-cells = 1 found 0
01-01 00:09:39.597 10 10 E OF : /soc/clock-controller@abf0000: #clock-cells = 1 found 0
01-01 00:09:39.597 10 10 E OF : /soc/clock-controller@ad00000: #clock-cells = 1 found 0
01-01 00:09:39.597 156 156 I qcom_system_heap_create: DMA-BUF Heap: Created 'qcom,system-uncached'
01-01 00:09:39.597 156 156 I qcom_secure_system_heap_create: DMA-BUF Heap: Created 'qcom,secure-pixel'
01-01 00:09:39.597 156 156 I qcom_secure_system_heap_create: DMA-BUF Heap: Created 'qcom,secure-non-pixel'
01-01 00:09:39.597 10 10 E OF : /soc/clock-controller@abf0000: #clock-cells = 1 found 0
01-01 00:09:39.597 10 10 E OF : /soc/clock-controller@ad00000: #clock-cells = 1 found 0
01-01 00:09:39.598 10 10 E OF : /soc/clock-controller@abf0000: #clock-cells = 1 found 0
01-01 00:09:39.598 10 10 E OF : /soc/clock-controller@ad00000: #clock-cells = 1 found 0
01-01 00:09:39.598 156 156 I platform soc: qcom,dma-heaps:qcom,adsp: assigned reserved memory node sdsp_region
01-01 00:09:39.598 10 10 E OF : /soc/clock-controller@abf0000: #clock-cells = 1 found 0
01-01 00:09:39.598 10 10 E OF : /soc/clock-controller@ad00000: #clock-cells = 1 found 0
01-01 00:09:39.598 155 155 I qseecom 82400000.qseecom: assigned reserved memory node qseecom_region
01-01 00:09:39.598 155 155 I QSEECOM : qseecom_init_control: qseecom.qsee_version = 0x1402000
01-01 00:09:39.598 10 10 E OF : /soc/clock-controller@abf0000: #clock-cells = 1 found 0
01-01 00:09:39.598 10 10 E OF : /soc/clock-controller@ad00000: #clock-cells = 1 found 0
01-01 00:09:39.598 155 155 W QSEECOM : qseecom_retrieve_ce_data: Device does not support PFE
01-01 00:09:39.598 156 156 I platform soc: qcom,dma-heaps:qcom,sp_hlos: assigned reserved memory node sp_region
01-01 00:09:39.598 10 10 E OF : /soc/clock-controller@abf0000: #clock-cells = 1 found 0
01-01 00:09:39.598 10 10 E OF : /soc/clock-controller@ad00000: #clock-cells = 1 found 0
01-01 00:09:39.598 10 10 E OF : /soc/clock-controller@abf0000: #clock-cells = 1 found 0
01-01 00:09:39.598 156 156 I platform soc: qcom,dma-heaps:qcom,user_contig: assigned reserved memory node user_contig_region
01-01 00:09:39.598 10 10 E OF : /soc/clock-controller@ad00000: #clock-cells = 1 found 0
01-01 00:09:39.599 156 156 I platform soc: qcom,dma-heaps:qcom,qseecom: assigned reserved memory node qseecom_region
01-01 00:09:39.599 10 10 E OF : /soc/clock-controller@abf0000: #clock-cells = 1 found 0
01-01 00:09:39.599 10 10 E OF : /soc/clock-controller@ad00000: #clock-cells = 1 found 0
01-01 00:09:39.599 156 156 I platform soc: qcom,dma-heaps:qcom,qseecom_ta: assigned reserved memory node qseecom_ta_region
01-01 00:09:39.599 156 156 I platform soc: qcom,dma-heaps:qcom,display: assigned reserved memory node secure_display_region
01-01 00:09:39.599 10 10 E OF : /soc/clock-controller@abf0000: #clock-cells = 1 found 0
01-01 00:09:39.599 10 10 E OF : /soc/clock-controller@ad00000: #clock-cells = 1 found 0
01-01 00:09:39.599 156 156 I qcom_dma_heap_probe: DMA-BUF Heap: Created qcom,adsp
01-01 00:09:39.599 10 10 E OF : /soc/clock-controller@abf0000: #clock-cells = 1 found 0
01-01 00:09:39.599 10 10 E OF : /soc/clock-controller@ad00000: #clock-cells = 1 found 0
01-01 00:09:39.599 10 10 E OF : /soc/clock-controller@abf0000: #clock-cells = 1 found 0
01-01 00:09:39.599 10 10 E OF : /soc/clock-controller@ad00000: #clock-cells = 1 found 0
01-01 00:09:39.600 10 10 E OF : /soc/clock-controller@abf0000: #clock-cells = 1 found 0
01-01 00:09:39.600 10 10 E OF : /soc/clock-controller@ad00000: #clock-cells = 1 found 0
01-01 00:09:39.600 10 10 E OF : /soc/clock-controller@abf0000: #clock-cells = 1 found 0
01-01 00:09:39.600 10 10 E OF : /soc/clock-controller@ad00000: #clock-cells = 1 found 0
01-01 00:09:39.600 10 10 E OF : /soc/clock-controller@abf0000: #clock-cells = 1 found 0
01-01 00:09:39.600 10 10 E OF : /soc/clock-controller@ad00000: #clock-cells = 1 found 0
01-01 00:09:39.601 10 10 E OF : /soc/clock-controller@abf0000: #clock-cells = 1 found 0
01-01 00:09:39.601 10 10 E OF : /soc/clock-controller@ad00000: #clock-cells = 1 found 0
01-01 00:09:39.601 10 10 E OF : /soc/clock-controller@abf0000: #clock-cells = 1 found 0
01-01 00:09:39.601 10 10 E OF : /soc/clock-controller@ad00000: #clock-cells = 1 found 0
01-01 00:09:39.601 10 10 E OF : /soc/clock-controller@abf0000: #clock-cells = 1 found 0
01-01 00:09:39.601 10 10 E OF : /soc/clock-controller@ad00000: #clock-cells = 1 found 0
01-01 00:09:39.601 10 10 E OF : /soc/clock-controller@abf0000: #clock-cells = 1 found 0
01-01 00:09:39.601 10 10 E OF : /soc/clock-controller@ad00000: #clock-cells = 1 found 0
01-01 00:09:39.602 10 10 E OF : /soc/clock-controller@abf0000: #clock-cells = 1 found 0
01-01 00:09:39.602 10 10 E OF : /soc/clock-controller@ad00000: #clock-cells = 1 found 0
01-01 00:09:39.602 10 10 E OF : /soc/clock-controller@abf0000: #clock-cells = 1 found 0
01-01 00:09:39.602 10 10 E OF : /soc/clock-controller@ad00000: #clock-cells = 1 found 0
01-01 00:09:39.602 10 10 E OF : /soc/clock-controller@abf0000: #clock-cells = 1 found 0
01-01 00:09:39.602 10 10 E OF : /soc/clock-controller@ad00000: #clock-cells = 1 found 0
01-01 00:09:39.603 10 10 E OF : /soc/clock-controller@abf0000: #clock-cells = 1 found 0
01-01 00:09:39.603 10 10 E OF : /soc/clock-controller@ad00000: #clock-cells = 1 found 0
01-01 00:09:39.603 10 10 E OF : /soc/clock-controller@abf0000: #clock-cells = 1 found 0
01-01 00:09:39.603 10 10 E OF : /soc/clock-controller@ad00000: #clock-cells = 1 found 0
01-01 00:09:39.603 162 162 I arm-smmu 3da0000.kgsl-smmu: probing hardware configuration...
01-01 00:09:39.603 162 162 I arm-smmu 3da0000.kgsl-smmu: SMMUv2 with:
01-01 00:09:39.603 162 162 I arm-smmu 3da0000.kgsl-smmu: stage 1 translation
01-01 00:09:39.603 162 162 I arm-smmu 3da0000.kgsl-smmu: non-coherent table walk
01-01 00:09:39.603 162 162 I arm-smmu 3da0000.kgsl-smmu: (IDR0.CTTW overridden by FW configuration)
01-01 00:09:39.603 162 162 I arm-smmu 3da0000.kgsl-smmu: stream matching with 6 register groups
01-01 00:09:39.603 162 162 I arm-smmu 3da0000.kgsl-smmu: 5 context banks (0 stage-2 only)
01-01 00:09:39.603 162 162 I arm-smmu 3da0000.kgsl-smmu: Supported page sizes: 0x61311000
01-01 00:09:39.603 162 162 I arm-smmu 3da0000.kgsl-smmu: Stage-1: 48-bit VA -> 36-bit IPA
01-01 00:09:39.604 10 10 E OF : /soc/clock-controller@abf0000: #clock-cells = 1 found 0
01-01 00:09:39.604 10 10 E OF : /soc/clock-controller@ad00000: #clock-cells = 1 found 0
01-01 00:09:39.604 10 10 E OF : /soc/clock-controller@abf0000: #clock-cells = 1 found 0
01-01 00:09:39.604 10 10 E OF : /soc/clock-controller@ad00000: #clock-cells = 1 found 0
01-01 00:09:39.604 10 10 E OF : /soc/clock-controller@abf0000: #clock-cells = 1 found 0
01-01 00:09:39.604 10 10 E OF : /soc/clock-controller@ad00000: #clock-cells = 1 found 0
01-01 00:09:39.605 10 10 E OF : /soc/clock-controller@abf0000: #clock-cells = 1 found 0
01-01 00:09:39.605 10 10 E OF : /soc/clock-controller@ad00000: #clock-cells = 1 found 0
01-01 00:09:39.605 10 10 E OF : /soc/clock-controller@abf0000: #clock-cells = 1 found 0
01-01 00:09:39.605 10 10 E OF : /soc/clock-controller@ad00000: #clock-cells = 1 found 0
01-01 00:09:39.605 10 10 E OF : /soc/clock-controller@abf0000: #clock-cells = 1 found 0
01-01 00:09:39.605 10 10 E OF : /soc/clock-controller@ad00000: #clock-cells = 1 found 0
01-01 00:09:39.605 10 10 E OF : /soc/clock-controller@abf0000: #clock-cells = 1 found 0
01-01 00:09:39.605 10 10 E OF : /soc/clock-controller@ad00000: #clock-cells = 1 found 0
01-01 00:09:39.606 10 10 E OF : /soc/clock-controller@abf0000: #clock-cells = 1 found 0
01-01 00:09:39.606 10 10 E OF : /soc/clock-controller@ad00000: #clock-cells = 1 found 0
01-01 00:09:39.606 10 10 E OF : /soc/clock-controller@abf0000: #clock-cells = 1 found 0
01-01 00:09:39.606 10 10 E OF : /soc/clock-controller@ad00000: #clock-cells = 1 found 0
01-01 00:09:39.606 10 10 E OF : /soc/clock-controller@abf0000: #clock-cells = 1 found 0
01-01 00:09:39.606 10 10 E OF : /soc/clock-controller@ad00000: #clock-cells = 1 found 0
01-01 00:09:39.607 10 10 E OF : /soc/clock-controller@abf0000: #clock-cells = 1 found 0
01-01 00:09:39.607 10 10 E OF : /soc/clock-controller@ad00000: #clock-cells = 1 found 0
01-01 00:09:39.607 10 10 E OF : /soc/clock-controller@abf0000: #clock-cells = 1 found 0
01-01 00:09:39.607 10 10 E OF : /soc/clock-controller@ad00000: #clock-cells = 1 found 0
01-01 00:09:39.607 10 10 E OF : /soc/clock-controller@abf0000: #clock-cells = 1 found 0
01-01 00:09:39.607 10 10 E OF : /soc/clock-controller@ad00000: #clock-cells = 1 found 0
01-01 00:09:39.608 10 10 E OF : /soc/clock-controller@abf0000: #clock-cells = 1 found 0
01-01 00:09:39.608 10 10 E OF : /soc/clock-controller@ad00000: #clock-cells = 1 found 0
01-01 00:09:39.608 10 10 I disp_cc-sm8250 af00000.clock-controller: Registered DISP CC clocks
01-01 00:09:39.608 10 10 I ife_0_gdsc: supplied by pm8150a_s4_level
01-01 00:09:39.611 10 10 I cpu0 : EM: created perf domain
01-01 00:09:39.613 10 10 I cpu4 : EM: created perf domain
01-01 00:09:39.616 10 10 I cpu7 : EM: created perf domain
01-01 00:09:39.617 10 10 I ife_1_gdsc: supplied by pm8150a_s4_level
01-01 00:09:39.617 10 10 I qcom_ice 1d90000.ufsice: Proxy probing
01-01 00:09:39.617 10 10 I ipe_0_gdsc: supplied by pm8150a_s4_level
01-01 00:09:39.617 10 10 I sbi_gdsc: supplied by pm8150a_s4_level
01-01 00:09:39.618 10 10 I titan_top_gdsc: supplied by pm8150a_s4_level
01-01 00:09:39.619 10 10 I mdss_core_gdsc: supplied by pm8150a_s4_level
01-01 00:09:39.638 156 156 I qcom_dma_heap_probe: DMA-BUF Heap: Created qcom,secure-cdsp
01-01 00:09:39.638 156 156 I qcom_dma_heap_probe: DMA-BUF Heap: Created qcom,sp-hlos
01-01 00:09:39.638 156 156 I qcom_dma_heap_probe: DMA-BUF Heap: Created qcom,user-contig
01-01 00:09:39.638 156 156 I qcom_dma_heap_probe: DMA-BUF Heap: Created qcom,qseecom
01-01 00:09:39.638 156 156 I qcom_dma_heap_probe: DMA-BUF Heap: Created qcom,qseecom-ta
01-01 00:09:39.638 156 156 I qcom_dma_heap_probe: DMA-BUF Heap: Created qcom,display
01-01 00:09:39.645 179 179 I qnoc-kona 16e0000.interconnect: Registered ICC provider
01-01 00:09:39.646 179 179 I qnoc-kona 1700000.interconnect: Registered ICC provider
01-01 00:09:39.646 179 179 I qnoc-kona 1500000.interconnect: Registered ICC provider
01-01 00:09:39.646 179 179 I qnoc-kona 90c0000.interconnect: Registered ICC provider
01-01 00:09:39.647 179 179 I qnoc-kona soc: interconnect@1: Registered ICC provider
01-01 00:09:39.648 179 179 I qnoc-kona soc: interconnect@2: Registered ICC provider
01-01 00:09:39.649 179 179 I qnoc-kona 9100000.interconnect: Registered ICC provider
01-01 00:09:39.650 179 179 I qnoc-kona 1740000.interconnect: Registered ICC provider
01-01 00:09:39.650 179 179 I qnoc-kona 1620000.interconnect: Registered ICC provider
01-01 00:09:39.651 179 179 I qnoc-kona soc: interconnect@3: Registered ICC provider
01-01 00:09:39.651 179 179 I qnoc-kona 9990000.interconnect: Registered ICC provider
01-01 00:09:39.652 10 10 I arm-smmu 15000000.apps-smmu: probing hardware configuration...
01-01 00:09:39.652 10 10 I arm-smmu 15000000.apps-smmu: SMMUv2 with:
01-01 00:09:39.652 10 10 I arm-smmu 15000000.apps-smmu: stage 1 translation
01-01 00:09:39.652 10 10 I arm-smmu 15000000.apps-smmu: non-coherent table walk
01-01 00:09:39.652 10 10 I arm-smmu 15000000.apps-smmu: (IDR0.CTTW overridden by FW configuration)
01-01 00:09:39.652 10 10 I arm-smmu 15000000.apps-smmu: stream matching with 87 register groups
01-01 00:09:39.652 10 10 I arm-smmu 15000000.apps-smmu: 74 context banks (0 stage-2 only)
01-01 00:09:39.652 10 10 I arm-smmu 15000000.apps-smmu: Supported page sizes: 0x61311000
01-01 00:09:39.652 10 10 I arm-smmu 15000000.apps-smmu: Stage-1: 36-bit VA -> 36-bit IPA
01-01 00:09:39.655 10 10 I ufshcd-qcom 1d84000.ufshc: Adding to iommu group 0
01-01 00:09:39.655 10 10 I ufshcd-qcom 1d84000.ufshc: ufshcd_populate_vreg: unable to find vdd-hba-max-microamp
01-01 00:09:39.655 10 10 D ufshcd-qcom 1d84000.ufshc: GPIO lookup for consumer reset
01-01 00:09:39.655 10 10 D ufshcd-qcom 1d84000.ufshc: using device tree for GPIO lookup
01-01 00:09:39.655 10 10 D of_get_named_gpiod_flags: parsed 'reset-gpios' property of node '/soc/ufshc@1d84000[0]' - status (0)
01-01 00:09:39.655 10 10 D gpiochip0: Persistence not supported for GPIO 180
01-01 00:09:39.656 10 10 E ufs_qcom_phy_qmp_v4_kona 1d87000.ufsphy_mem: ufs_qcom_phy_init_clks: null clock
01-01 00:09:39.656 10 10 I ufshcd-qcom 1d84000.ufshc: Found QC Inline Crypto Engine (ICE) v3.1.81
01-01 00:09:39.657 10 10 I scsi host0: ufshcd
01-01 00:09:39.667 10 10 I geni_se_qup 9c0000.qcom,qupv3_0_geni_se: Adding to iommu group 1
01-01 00:09:39.670 10 10 D gpiochip0: (f000000.pinctrl): allocate IRQ 396, hwirq 19
01-01 00:09:39.670 10 10 D gpiochip0: (f000000.pinctrl): found parent hwirq 4294967295
01-01 00:09:39.670 10 10 D gpiochip0: (f000000.pinctrl): alloc_irqs_parent for 396 parent hwirq -1
01-01 00:09:39.670 10 10 I irq : IRQ396: trimming hierarchy from :soc:interrupt-controller@b220000-9
01-01 00:09:39.672 10 10 I geni_se_qup ac0000.qcom,qupv3_1_geni_se: Adding to iommu group 2
01-01 00:09:39.676 10 10 E qcom_geni_serial a90000.qcom,qup_uart: qcom_geni_serial_probe, Console Disabled
01-01 00:09:39.677 10 10 I geni_se_qup 8c0000.qcom,qupv3_2_geni_se: Adding to iommu group 3
01-01 00:09:39.719 8 8 E ufshcd-qcom 1d84000.ufshc: ufshpb_get_dev_info: HPB 103 version is not supported.
01-01 00:09:39.720 8 8 E ufshcd-qcom 1d84000.ufshc: ufshcd_query_flag: Sending flag query for idn 18 failed, err = 253
01-01 00:09:39.721 8 8 E ufshcd-qcom 1d84000.ufshc: ufshcd_query_flag: Sending flag query for idn 18 failed, err = 253
01-01 00:09:39.722 8 8 E ufshcd-qcom 1d84000.ufshc: ufshcd_query_flag: Sending flag query for idn 18 failed, err = 253
01-01 00:09:39.722 8 8 E ufshcd-qcom 1d84000.ufshc: ufshcd_query_flag_retry: query attribute, opcode 5, idn 18, failed with error 253 after 3 retires
01-01 00:09:39.739 8 8 I scsi 0 : 0:0:49488: Well-known LUN SKhynix HN8T05BZGKX015 A002 PQ: 0 ANSI: 6
01-01 00:09:39.740 8 8 I scsi 0 : 0:0:49476: Well-known LUN SKhynix HN8T05BZGKX015 A002 PQ: 0 ANSI: 6
01-01 00:09:39.740 8 8 I scsi 0 : 0:0:49456: Well-known LUN SKhynix HN8T05BZGKX015 A002 PQ: 0 ANSI: 6
01-01 00:09:39.741 8 8 I scsi 0 : 0:0:0: Direct-Access SKhynix HN8T05BZGKX015 A002 PQ: 0 ANSI: 6
01-01 00:09:39.742 8 8 I scsi 0 : 0:0:1: Direct-Access SKhynix HN8T05BZGKX015 A002 PQ: 0 ANSI: 6
01-01 00:09:39.742 10 10 I sd 0 : 0:0:0: [sda] 30693376 4096-byte logical blocks: (126 GB/117 GiB)
01-01 00:09:39.742 10 10 I sd 0 : 0:0:0: [sda] Write Protect is off
01-01 00:09:39.742 10 10 D sd 0 : 0:0:0: [sda] Mode Sense: 00 32 00 10
01-01 00:09:39.742 10 10 I sd 0 : 0:0:0: [sda] Disabling FUA
01-01 00:09:39.742 10 10 I sd 0 : 0:0:0: [sda] Write cache: enabled, read cache: enabled, doesn't support DPO or FUA
01-01 00:09:39.742 10 10 I sd 0 : 0:0:0: [sda] Optimal transfer size 524288 bytes
01-01 00:09:39.742 8 8 I scsi 0 : 0:0:2: Direct-Access SKhynix HN8T05BZGKX015 A002 PQ: 0 ANSI: 6
01-01 00:09:39.743 143 143 I sd 0 : 0:0:1: [sdb] 2048 4096-byte logical blocks: (8.39 MB/8.00 MiB)
01-01 00:09:39.743 143 143 I sd 0 : 0:0:1: [sdb] Write Protect is off
01-01 00:09:39.743 143 143 D sd 0 : 0:0:1: [sdb] Mode Sense: 00 32 00 10
01-01 00:09:39.743 143 143 I sd 0 : 0:0:1: [sdb] Disabling FUA
01-01 00:09:39.743 143 143 I sd 0 : 0:0:1: [sdb] Write cache: enabled, read cache: enabled, doesn't support DPO or FUA
01-01 00:09:39.743 143 143 I sd 0 : 0:0:1: [sdb] Optimal transfer size 524288 bytes
01-01 00:09:39.743 8 8 I scsi 0 : 0:0:3: Direct-Access SKhynix HN8T05BZGKX015 A002 PQ: 0 ANSI: 6
01-01 00:09:39.744 199 199 I sd 0 : 0:0:2: [sdc] 2048 4096-byte logical blocks: (8.39 MB/8.00 MiB)
01-01 00:09:39.744 199 199 I sd 0 : 0:0:2: [sdc] Write Protect is off
01-01 00:09:39.744 199 199 D sd 0 : 0:0:2: [sdc] Mode Sense: 00 32 00 10
01-01 00:09:39.744 199 199 I sd 0 : 0:0:2: [sdc] Disabling FUA
01-01 00:09:39.744 199 199 I sd 0 : 0:0:2: [sdc] Write cache: enabled, read cache: enabled, doesn't support DPO or FUA
01-01 00:09:39.744 199 199 I sd 0 : 0:0:2: [sdc] Optimal transfer size 524288 bytes
01-01 00:09:39.744 8 8 I scsi 0 : 0:0:4: Direct-Access SKhynix HN8T05BZGKX015 A002 PQ: 0 ANSI: 6
01-01 00:09:39.744 200 200 I sd 0 : 0:0:3: [sdd] 8192 4096-byte logical blocks: (33.6 MB/32.0 MiB)
01-01 00:09:39.744 200 200 I sd 0 : 0:0:3: [sdd] Write Protect is off
01-01 00:09:39.744 200 200 D sd 0 : 0:0:3: [sdd] Mode Sense: 00 32 00 10
01-01 00:09:39.744 200 200 I sd 0 : 0:0:3: [sdd] Disabling FUA
01-01 00:09:39.744 200 200 I sd 0 : 0:0:3: [sdd] Write cache: enabled, read cache: enabled, doesn't support DPO or FUA
01-01 00:09:39.744 200 200 I sd 0 : 0:0:3: [sdd] Optimal transfer size 524288 bytes
01-01 00:09:39.745 8 8 I scsi 0 : 0:0:5: Direct-Access SKhynix HN8T05BZGKX015 A002 PQ: 0 ANSI: 6
01-01 00:09:39.745 199 199 I sdc : sdc1 sdc2
01-01 00:09:39.745 143 143 I sdb : sdb1 sdb2
01-01 00:09:39.745 199 199 I sd 0 : 0:0:2: [sdc] Attached SCSI disk
01-01 00:09:39.745 10 10 I sda : sda1 sda2 sda3 sda4 sda5 sda6 sda7 sda8 sda9 sda10 sda11 sda12 sda13 sda14 sda15 sda16 sda17 sda18
01-01 00:09:39.745 102 102 I sd 0 : 0:0:4: [sde] 524288 4096-byte logical blocks: (2.15 GB/2.00 GiB)
01-01 00:09:39.746 102 102 I sd 0 : 0:0:4: [sde] Write Protect is off
01-01 00:09:39.746 102 102 D sd 0 : 0:0:4: [sde] Mode Sense: 00 32 00 10
01-01 00:09:39.746 8 8 I sd 0 : 0:0:5: [sdf] 8192 4096-byte logical blocks: (33.6 MB/32.0 MiB)
01-01 00:09:39.746 102 102 I sd 0 : 0:0:4: [sde] Disabling FUA
01-01 00:09:39.746 102 102 I sd 0 : 0:0:4: [sde] Write cache: enabled, read cache: enabled, doesn't support DPO or FUA
01-01 00:09:39.746 102 102 I sd 0 : 0:0:4: [sde] Optimal transfer size 524288 bytes
01-01 00:09:39.746 8 8 I sd 0 : 0:0:5: [sdf] Write Protect is off
01-01 00:09:39.746 8 8 D sd 0 : 0:0:5: [sdf] Mode Sense: 00 32 00 10
01-01 00:09:39.746 143 143 I sd 0 : 0:0:1: [sdb] Attached SCSI disk
01-01 00:09:39.746 8 8 I sd 0 : 0:0:5: [sdf] Disabling FUA
01-01 00:09:39.746 8 8 I sd 0 : 0:0:5: [sdf] Write cache: enabled, read cache: enabled, doesn't support DPO or FUA
01-01 00:09:39.746 8 8 I sd 0 : 0:0:5: [sdf] Optimal transfer size 524288 bytes
01-01 00:09:39.746 200 200 I sdd : sdd1 sdd2 sdd3 sdd4
01-01 00:09:39.747 102 102 I sde : sde1 sde2 sde3 sde4 sde5 sde6 sde7 sde8 sde9 sde10 sde11 sde12 sde13 sde14 sde15 sde16 sde17 sde18 sde19 sde20 sde21 sde22 sde23 sde24 sde25 sde26 sde27 sde28 sde29 sde30 sde31 sde32 sde33 sde34 sde35 sde36 sde37 sde38 sde39 sde40 sde41 sde42 sde43 sde44 sde45 sde46 sde47 sde48 sde49 sde50 sde51 sde52 sde53 sde54 sde55 sde56 sde57 sde58 sde59 sde60 sde61 sde62 sde63 sde64
01-01 00:09:39.747 200 200 I sd 0 : 0:0:3: [sdd] Attached SCSI disk
01-01 00:09:39.748 8 8 I sdf : sdf1 sdf2 sdf3 sdf4 sdf5 sdf6 sdf7 sdf8 sdf9
01-01 00:09:39.748 10 10 I sd 0 : 0:0:0: [sda] Attached SCSI disk
01-01 00:09:39.748 102 102 I sd 0 : 0:0:4: [sde] Attached SCSI disk
01-01 00:09:39.751 8 8 I sd 0 : 0:0:5: [sdf] Attached SCSI disk
01-01 00:09:39.752 1 1 W EXT4-fs (sda11): Ignoring removed nomblk_io_submit option
01-01 00:09:39.754 1 1 I EXT4-fs (sda11): mounted filesystem with ordered data mode. Opts: errors=remount-ro,nomblk_io_submit. Quota mode: none.
01-01 00:09:39.759 1 1 I EXT4-fs (sda11): mounted filesystem with ordered data mode. Opts: discard. Quota mode: none.
01-01 00:09:39.768 1 1 I device-mapper: verity: sha256 using implementation "sha256-ce"
01-01 00:09:39.770 1 1 W EXT4-fs (dm-7): mounting with "discard" option, but the device does not support discard
01-01 00:09:39.770 1 1 I EXT4-fs (dm-7): mounted filesystem without journal. Opts: barrier=1,discard. Quota mode: none.
01-01 00:09:39.773 1 1 I device-mapper: verity: sha256 using implementation "sha256-ce"
01-01 00:09:39.775 1 1 W EXT4-fs (dm-8): mounting with "discard" option, but the device does not support discard
01-01 00:09:39.775 1 1 I EXT4-fs (dm-8): mounted filesystem without journal. Opts: barrier=1,discard. Quota mode: none.
01-01 00:09:39.776 1 1 I device-mapper: verity: sha256 using implementation "sha256-ce"
01-01 00:09:39.778 1 1 W EXT4-fs (dm-9): mounting with "discard" option, but the device does not support discard
01-01 00:09:39.778 1 1 I EXT4-fs (dm-9): mounted filesystem without journal. Opts: barrier=1,discard. Quota mode: none.
01-01 00:09:39.779 1 1 I device-mapper: verity: sha256 using implementation "sha256-ce"
01-01 00:09:39.781 1 1 W EXT4-fs (dm-10): mounting with "discard" option, but the device does not support discard
01-01 00:09:39.781 1 1 I EXT4-fs (dm-10): mounted filesystem without journal. Opts: barrier=1,discard. Quota mode: none.
01-01 00:09:39.782 1 1 I device-mapper: verity: sha256 using implementation "sha256-ce"
01-01 00:09:39.785 1 1 W EXT4-fs (dm-11): mounting with "discard" option, but the device does not support discard
01-01 00:09:39.785 1 1 I EXT4-fs (dm-11): mounted filesystem without journal. Opts: barrier=1,discard. Quota mode: none.
01-01 00:09:39.785 1 1 I device-mapper: verity: sha256 using implementation "sha256-ce"
01-01 00:09:39.788 1 1 W EXT4-fs (dm-12): mounting with "discard" option, but the device does not support discard
01-01 00:09:39.788 1 1 I EXT4-fs (dm-12): mounted filesystem without journal. Opts: barrier=1,discard. Quota mode: none.
01-01 00:09:39.789 1 1 I device-mapper: verity: sha256 using implementation "sha256-ce"
01-01 00:09:39.791 1 1 W EXT4-fs (dm-13): mounting with "discard" option, but the device does not support discard
01-01 00:09:39.791 1 1 I EXT4-fs (dm-13): mounted filesystem without journal. Opts: barrier=1,discard. Quota mode: none.
01-01 00:09:39.804 1 1 W printk : init: 178 output lines suppressed due to ratelimiting
01-01 00:09:39.846 1 1 I init : [libfs_mgr]dt_fstab: Skip disabled entry for partition vendor
01-01 00:09:39.849 1 1 I init : Opening SELinux policy
01-01 00:09:39.850 1 1 I init : Falling back to standard signature check. TODO implementent support for fsverity SEPolicy.
01-01 00:09:39.850 1 1 I init : Error: Apex SEPolicy failed signature check
01-01 00:09:39.850 1 1 I init : Loading APEX Sepolicy from /system/etc/selinux/apex/SEPolicy.zip
01-01 00:09:39.850 1 1 E init : Failed to open package /system/etc/selinux/apex/SEPolicy.zip: No such file or directory
01-01 00:09:39.856 1 1 I init : Loading SELinux policy
01-01 00:09:39.865 1 1 I SELinux : Permission bpf in class capability2 not defined in policy.
01-01 00:09:39.865 1 1 I SELinux : Permission checkpoint_restore in class capability2 not defined in policy.
01-01 00:09:39.865 1 1 I SELinux : Permission bpf in class cap2_userns not defined in policy.
01-01 00:09:39.865 1 1 I SELinux : Permission checkpoint_restore in class cap2_userns not defined in policy.
01-01 00:09:39.865 1 1 I SELinux : Class mctp_socket not defined in policy.
01-01 00:09:39.865 1 1 I SELinux : the above unknown classes and permissions will be denied
01-01 00:09:39.867 1 1 I SELinux : policy capability network_peer_controls=1
01-01 00:09:39.867 1 1 I SELinux : policy capability open_perms=1
01-01 00:09:39.867 1 1 I SELinux : policy capability extended_socket_class=1
01-01 00:09:39.867 1 1 I SELinux : policy capability always_check_network=0
01-01 00:09:39.867 1 1 I SELinux : policy capability cgroup_seclabel=0
01-01 00:09:39.867 1 1 I SELinux : policy capability nnp_nosuid_transition=1
01-01 00:09:39.867 1 1 I SELinux : policy capability genfs_seclabel_symlinks=0
01-01 00:09:39.867 1 1 I SELinux : policy capability ioctl_skip_cloexec=0
01-01 00:09:39.899 698 698 I auditd : type=1403 audit(0.0:2): auid=4294967295 ses=4294967295 lsm=selinux res=1
01-01 00:09:39.948 1 1 I selinux : SELinux: Loaded file_contexts
01-01 00:09:39.948 1 1 I selinux :
01-01 00:09:39.955 1 1 I init : init second stage started!
01-01 00:09:39.968 1 1 I init : Using Android DT directory /proc/device-tree/firmware/android/
01-01 00:09:39.968 1 1 E init : Init cannot set 'ro.boot.eth0mac' to 'F074E442FB56': Read-only property was already set
01-01 00:09:39.968 1 1 E init : Init cannot set 'ro.boot.productnumber' to 'zoom': Read-only property was already set
01-01 00:09:39.971 1 1 W init : Couldn't load property file '/vendor/default.prop': open() failed: No such file or directory: No such file or directory
01-01 00:09:39.972 1 1 W init : Overriding previous property 'persist.backup.ntpServer':'"0.pool.ntp.org"' with new value '0.pool.ntp.org'
01-01 00:09:39.972 1 1 W init : Overriding previous property 'dalvik.vm.heapsize':'36m' with new value '512m'
01-01 00:09:39.972 1 1 W init : Overriding previous property 'qemu.hw.mainkeys':'0' with new value '1'
01-01 00:09:39.973 1 1 W init : Overriding previous property 'debug.sf.enable_hwc_vds':'1' with new value '0'
01-01 00:09:39.973 1 1 W init : Overriding previous property 'debug.stagefright.ccodec':'1' with new value '4'
01-01 00:09:40.029 1 1 E cgroup : Unknown subsys name 'schedtune'
01-01 00:09:40.054 245 245 E linkerconfig: Unable to access VNDK APEX at path: /apex/com.android.vndk.v33: No such file or directory
01-01 00:09:40.054 245 245 E linkerconfig: Unable to access VNDK APEX at path: /apex/com.android.vndk.v33: No such file or directory
01-01 00:09:40.057 245 245 I : linkerconfig (245) used greatest stack depth: 9008 bytes left
01-01 00:09:40.088 246 246 I ueventd : ueventd started!
01-01 00:09:40.091 247 247 I apexd : Bootstrap subcommand detected
01-01 00:09:40.091 247 247 I apexd : ActivateFlattenedApex
01-01 00:09:40.091 247 247 I apexd : Scanning /system/apex
01-01 00:09:40.094 247 247 I apexd : Bind mounting /system/apex/com.android.adbd onto /apex/com.android.adbd
01-01 00:09:40.094 246 246 I selinux : SELinux: Loaded file_contexts
01-01 00:09:40.094 246 246 I selinux :
01-01 00:09:40.094 247 247 I apexd : Bind mounting /system/apex/com.android.adservices onto /apex/com.android.adservices
01-01 00:09:40.095 246 246 I ueventd : Parsing file /system/etc/ueventd.rc...
01-01 00:09:40.095 247 247 I apexd : Bind mounting /system/apex/com.android.appsearch onto /apex/com.android.appsearch
01-01 00:09:40.095 246 246 I ueventd : Added '/vendor/etc/ueventd.rc' to import list
01-01 00:09:40.095 246 246 I ueventd : Added '/odm/etc/ueventd.rc' to import list
01-01 00:09:40.095 247 247 I apexd : Bind mounting /system/apex/com.android.art onto /apex/com.android.art
01-01 00:09:40.096 247 247 I apexd : Bind mounting /system/apex/com.android.conscrypt onto /apex/com.android.conscrypt
01-01 00:09:40.097 246 246 I ueventd : Parsing file /vendor/etc/ueventd.rc...
01-01 00:09:40.097 247 247 I apexd : Bind mounting /system/apex/com.android.extservices onto /apex/com.android.extservices
01-01 00:09:40.097 247 247 I apexd : Bind mounting /system/apex/com.android.i18n onto /apex/com.android.i18n
01-01 00:09:40.097 246 246 E ueventd : /vendor/etc/ueventd.rc: 69: ignoring duplicate subsystem entry
01-01 00:09:40.098 246 246 E ueventd : /vendor/etc/ueventd.rc: 238: /sys/ lines must have 5 or 6 entries
01-01 00:09:40.099 246 246 E ueventd : /vendor/etc/ueventd.rc: 428: /sys/ lines must have 5 or 6 entries
01-01 00:09:40.125 247 247 W printk : apexd: 25 output lines suppressed due to ratelimiting
01-01 00:09:40.298 259 259 I /vendor/bin/system_dlkm_modprobe.sh[39]: [: /system_dlkm/lib/modules/5.15.149-android13-8-g778b79231e7d-dirty-ab3705/modules.load: unexpected operator/operand
01-01 00:09:40.355 283 283 I modprobe: alias lines in modules.alias must have 3 entries, not 4
01-01 00:09:40.355 283 283 E modprobe: alias lines in modules.alias must have 3 entries, not 4
01-01 00:09:40.356 283 283 I modprobe: Loading module /vendor/lib/modules/msm_show_resume_irq.ko with args ''
01-01 00:09:40.358 283 283 I modprobe: Loaded kernel module /vendor/lib/modules/msm_show_resume_irq.ko
01-01 00:09:40.368 284 284 I modprobe: malformed module name: /system_dlkm/lib/modules/5.15.149-android13-8-g778b79231e7d-dirty-ab3705/
01-01 00:09:40.368 284 284 E modprobe: malformed module name: /system_dlkm/lib/modules/5.15.149-android13-8-g778b79231e7d-dirty-ab3705/
01-01 00:09:40.368 284 284 I modprobe: LoadWithAliases was unable to load /system_dlkm/lib/modules/5.15.149-android13-8-g778b79231e7d-dirty-ab3705/
01-01 00:09:40.368 284 284 E modprobe: LoadWithAliases was unable to load /system_dlkm/lib/modules/5.15.149-android13-8-g778b79231e7d-dirty-ab3705/
01-01 00:09:40.368 284 284 I modprobe: Failed to load module /system_dlkm/lib/modules/5.15.149-android13-8-g778b79231e7d-dirty-ab3705/: No such file or directory
01-01 00:09:40.368 284 284 E modprobe: Failed to load module /system_dlkm/lib/modules/5.15.149-android13-8-g778b79231e7d-dirty-ab3705/: No such file or directory
01-01 00:09:40.368 284 284 I modprobe: malformed module name: /system_dlkm/lib/modules/5.15.149-android13-8-g778b79231e7d-dirty-ab3707/
01-01 00:09:40.368 284 284 E modprobe: malformed module name: /system_dlkm/lib/modules/5.15.149-android13-8-g778b79231e7d-dirty-ab3707/
01-01 00:09:40.368 284 284 I modprobe: LoadWithAliases was unable to load /system_dlkm/lib/modules/5.15.149-android13-8-g778b79231e7d-dirty-ab3707/
01-01 00:09:40.368 284 284 E modprobe: LoadWithAliases was unable to load /system_dlkm/lib/modules/5.15.149-android13-8-g778b79231e7d-dirty-ab3707/
01-01 00:09:40.368 284 284 I modprobe: Failed to load module /system_dlkm/lib/modules/5.15.149-android13-8-g778b79231e7d-dirty-ab3707/: No such file or directory
01-01 00:09:40.368 284 284 E modprobe: Failed to load module /system_dlkm/lib/modules/5.15.149-android13-8-g778b79231e7d-dirty-ab3707/: No such file or directory
01-01 00:09:40.368 284 284 I modprobe: malformed module name: /system_dlkm/lib/modules/5.15.149-android13-8-g97351f8512bb-dirty-ab3636/
01-01 00:09:40.368 284 284 E modprobe: malformed module name: /system_dlkm/lib/modules/5.15.149-android13-8-g97351f8512bb-dirty-ab3636/
01-01 00:09:40.368 284 284 I modprobe: LoadWithAliases was unable to load /system_dlkm/lib/modules/5.15.149-android13-8-g97351f8512bb-dirty-ab3636/
01-01 00:09:40.368 284 284 E modprobe: LoadWithAliases was unable to load /system_dlkm/lib/modules/5.15.149-android13-8-g97351f8512bb-dirty-ab3636/
01-01 00:09:40.368 284 284 I modprobe: Failed to load module /system_dlkm/lib/modules/5.15.149-android13-8-g97351f8512bb-dirty-ab3636/: No such file or directory
01-01 00:09:40.368 284 284 E modprobe: Failed to load module /system_dlkm/lib/modules/5.15.149-android13-8-g97351f8512bb-dirty-ab3636/: No such file or directory
01-01 00:09:40.368 284 284 E modprobe: malformed module name: /system_dlkm/lib/modules/5.15.149-android13-8-g97351f8512bb-dirty-ab3640/
01-01 00:09:40.374 284 284 W printk : modprobe: 67 output lines suppressed due to ratelimiting
01-01 00:09:40.375 259 259 W printk : system_dlkm_mod: 66 output lines suppressed due to ratelimiting
01-01 00:09:40.382 288 288 I modprobe: alias lines in modules.alias must have 3 entries, not 4
01-01 00:09:40.390 292 292 I modprobe: alias lines in modules.alias must have 3 entries, not 4
01-01 00:09:40.391 294 294 I modprobe: alias lines in modules.alias must have 3 entries, not 4
01-01 00:09:40.393 297 297 I modprobe: alias lines in modules.alias must have 3 entries, not 4
01-01 00:09:40.397 301 301 I modprobe: alias lines in modules.alias must have 3 entries, not 4
01-01 00:09:40.400 294 294 I pcie : pcie_init.
01-01 00:09:40.404 295 295 I modprobe: alias lines in modules.alias must have 3 entries, not 4
01-01 00:09:40.405 309 309 I modprobe: alias lines in modules.alias must have 3 entries, not 4
01-01 00:09:40.411 293 293 I modprobe: alias lines in modules.alias must have 3 entries, not 4
01-01 00:09:40.411 310 310 I modprobe: alias lines in modules.alias must have 3 entries, not 4
01-01 00:09:40.413 294 294 I pci-msm 1c00000.qcom,pcie: PCIe: msm_pcie_probe
01-01 00:09:40.413 294 294 E msm_pcie_get_reg: PCIe: RC0: no mhi resource found.
01-01 00:09:40.413 294 294 E msm_pcie_get_reg: PCIe: RC0: no tcsr resource found.
01-01 00:09:40.413 294 294 E msm_pcie_get_reg: PCIe: RC0: no rumi resource found.
01-01 00:09:40.413 294 294 E msm_pcie_get_vreg: PCIe: RC0 could not get realtek-vreg-3p3 in device tree
01-01 00:09:40.413 294 294 E msm_pcie_get_vreg: PCIe: RC0 could not get vreg-mx in device tree
01-01 00:09:40.413 294 294 E msm_pcie_get_vreg: PCIe: RC0 could not get vreg-qref in device tree
01-01 00:09:40.414 294 294 W pci-msm 1c00000.qcom,pcie: supply gdsc-phy-vdd not found, using dummy regulator
01-01 00:09:40.414 294 294 D of_get_named_gpiod_flags: parsed 'perst-gpio' property of node '/soc/qcom,pcie@1c00000[0]' - status (0)
01-01 00:09:40.414 294 294 D of_get_named_gpiod_flags: parsed 'wake-gpio' property of node '/soc/qcom,pcie@1c00000[0]' - status (0)
01-01 00:09:40.414 294 294 D of_get_named_gpiod_flags: can't parse 'qcom,ep-gpio' property of node '/soc/qcom,pcie@1c00000[0]'
01-01 00:09:40.414 294 294 D of_get_named_gpiod_flags: can't parse 'isolate-gpio' property of node '/soc/qcom,pcie@1c00000[0]'
01-01 00:09:40.414 294 294 D gpiochip0: (f000000.pinctrl): allocate IRQ 404, hwirq 81
01-01 00:09:40.414 294 294 D gpiochip0: (f000000.pinctrl): found parent hwirq 4294967295
01-01 00:09:40.414 294 294 D gpiochip0: (f000000.pinctrl): alloc_irqs_parent for 404 parent hwirq -1
01-01 00:09:40.414 294 294 I irq : IRQ404: trimming hierarchy from :soc:interrupt-controller@b220000-9
01-01 00:09:40.414 294 294 E msm_pcie_probe: PCIe: RC0 could not get pinctrl isolate state
01-01 00:09:40.421 310 310 I gpi_dma 900000.qcom,gpi-dma: Adding to iommu group 4
01-01 00:09:40.443 294 294 W genirq : irq_chip msmgpio did not update eff. affinity mask of irq 404
01-01 00:09:40.444 294 294 I pci-msm 1c10000.qcom,pcie: PCIe: msm_pcie_probe
01-01 00:09:40.444 294 294 E msm_pcie_get_reg: PCIe: RC2: no mhi resource found.
01-01 00:09:40.444 294 294 E msm_pcie_get_reg: PCIe: RC2: no tcsr resource found.
01-01 00:09:40.444 294 294 E msm_pcie_get_reg: PCIe: RC2: no rumi resource found.
01-01 00:09:40.444 294 294 E msm_pcie_get_vreg: PCIe: RC2 could not get vreg-1p2 in device tree
01-01 00:09:40.444 294 294 E msm_pcie_get_vreg: PCIe: RC2 could not get vreg-mx in device tree
01-01 00:09:40.444 294 294 E msm_pcie_get_vreg: PCIe: RC2 could not get vreg-qref in device tree
01-01 00:09:40.444 294 294 W pci-msm 1c10000.qcom,pcie: supply gdsc-phy-vdd not found, using dummy regulator
01-01 00:09:40.445 294 294 D of_get_named_gpiod_flags: parsed 'perst-gpio' property of node '/soc/qcom,pcie@1c10000[0]' - status (0)
01-01 00:09:40.445 294 294 D of_get_named_gpiod_flags: parsed 'wake-gpio' property of node '/soc/qcom,pcie@1c10000[0]' - status (0)
01-01 00:09:40.445 294 294 D of_get_named_gpiod_flags: can't parse 'qcom,ep-gpio' property of node '/soc/qcom,pcie@1c10000[0]'
01-01 00:09:40.445 294 294 D of_get_named_gpiod_flags: parsed 'isolate-gpio' property of node '/soc/qcom,pcie@1c10000[0]' - status (0)
01-01 00:09:40.445 294 294 D gpiochip0: (f000000.pinctrl): allocate IRQ 405, hwirq 87
01-01 00:09:40.445 294 294 D gpiochip0: (f000000.pinctrl): found parent hwirq 4294967295
01-01 00:09:40.445 294 294 D gpiochip0: (f000000.pinctrl): alloc_irqs_parent for 405 parent hwirq -1
01-01 00:09:40.445 294 294 I irq : IRQ405: trimming hierarchy from :soc:interrupt-controller@b220000-9
01-01 00:09:40.445 294 294 E msm_pcie_probe: PCIe: RC2 could not get pinctrl sleep state
01-01 00:09:40.447 310 310 I gpi_dma a00000.qcom,gpi-dma: Adding to iommu group 5
01-01 00:09:40.450 336 336 I msm_sps_probe: sps:sps is ready
01-01 00:09:40.453 308 308 E OF : /soc/clock-controller@abf0000: #clock-cells = 1 found 0
01-01 00:09:40.453 308 308 E OF : /soc/clock-controller@ad00000: #clock-cells = 1 found 0
01-01 00:09:40.453 308 308 E OF : /soc/clock-controller@abf0000: #clock-cells = 1 found 0
01-01 00:09:40.453 308 308 E OF : /soc/clock-controller@ad00000: #clock-cells = 1 found 0
01-01 00:09:40.453 308 308 E OF : /soc/clock-controller@abf0000: #clock-cells = 1 found 0
01-01 00:09:40.453 308 308 E OF : /soc/clock-controller@ad00000: #clock-cells = 1 found 0
01-01 00:09:40.454 308 308 E OF : /soc/clock-controller@abf0000: #clock-cells = 1 found 0
01-01 00:09:40.454 308 308 E OF : /soc/clock-controller@ad00000: #clock-cells = 1 found 0
01-01 00:09:40.454 308 308 E OF : /soc/clock-controller@abf0000: #clock-cells = 1 found 0
01-01 00:09:40.454 308 308 E OF : /soc/clock-controller@ad00000: #clock-cells = 1 found 0
01-01 00:09:40.454 308 308 E OF : /soc/clock-controller@abf0000: #clock-cells = 1 found 0
01-01 00:09:40.454 308 308 E OF : /soc/clock-controller@ad00000: #clock-cells = 1 found 0
01-01 00:09:40.454 308 308 E OF : /soc/clock-controller@abf0000: #clock-cells = 1 found 0
01-01 00:09:40.454 308 308 E OF : /soc/clock-controller@ad00000: #clock-cells = 1 found 0
01-01 00:09:40.454 308 308 E OF : /soc/clock-controller@abf0000: #clock-cells = 1 found 0
01-01 00:09:40.454 308 308 E OF : /soc/clock-controller@ad00000: #clock-cells = 1 found 0
01-01 00:09:40.454 308 308 E OF : /soc/clock-controller@abf0000: #clock-cells = 1 found 0
01-01 00:09:40.454 308 308 E OF : /soc/clock-controller@ad00000: #clock-cells = 1 found 0
01-01 00:09:40.454 308 308 E OF : /soc/clock-controller@abf0000: #clock-cells = 1 found 0
01-01 00:09:40.454 308 308 E OF : /soc/clock-controller@ad00000: #clock-cells = 1 found 0
01-01 00:09:40.454 308 308 E OF : /soc/clock-controller@abf0000: #clock-cells = 1 found 0
01-01 00:09:40.454 308 308 E OF : /soc/clock-controller@ad00000: #clock-cells = 1 found 0
01-01 00:09:40.454 308 308 E OF : /soc/clock-controller@abf0000: #clock-cells = 1 found 0
01-01 00:09:40.454 308 308 E OF : /soc/clock-controller@ad00000: #clock-cells = 1 found 0
01-01 00:09:40.455 308 308 E OF : /soc/clock-controller@abf0000: #clock-cells = 1 found 0
01-01 00:09:40.455 308 308 E OF : /soc/clock-controller@ad00000: #clock-cells = 1 found 0
01-01 00:09:40.455 308 308 E OF : /soc/clock-controller@abf0000: #clock-cells = 1 found 0
01-01 00:09:40.455 308 308 E OF : /soc/clock-controller@ad00000: #clock-cells = 1 found 0
01-01 00:09:40.455 308 308 E OF : /soc/clock-controller@abf0000: #clock-cells = 1 found 0
01-01 00:09:40.455 308 308 E OF : /soc/clock-controller@ad00000: #clock-cells = 1 found 0
01-01 00:09:40.455 308 308 E OF : /soc/clock-controller@abf0000: #clock-cells = 1 found 0
01-01 00:09:40.455 308 308 E OF : /soc/clock-controller@ad00000: #clock-cells = 1 found 0
01-01 00:09:40.455 308 308 E OF : /soc/clock-controller@abf0000: #clock-cells = 1 found 0
01-01 00:09:40.455 308 308 E OF : /soc/clock-controller@ad00000: #clock-cells = 1 found 0
01-01 00:09:40.456 308 308 E OF : /soc/clock-controller@abf0000: #clock-cells = 1 found 0
01-01 00:09:40.456 308 308 E OF : /soc/clock-controller@ad00000: #clock-cells = 1 found 0
01-01 00:09:40.456 308 308 E OF : /soc/clock-controller@abf0000: #clock-cells = 1 found 0
01-01 00:09:40.456 308 308 E OF : /soc/clock-controller@ad00000: #clock-cells = 1 found 0
01-01 00:09:40.456 308 308 E OF : /soc/clock-controller@abf0000: #clock-cells = 1 found 0
01-01 00:09:40.456 308 308 E OF : /soc/clock-controller@ad00000: #clock-cells = 1 found 0
01-01 00:09:40.456 308 308 E OF : /soc/clock-controller@abf0000: #clock-cells = 1 found 0
01-01 00:09:40.456 308 308 E OF : /soc/clock-controller@ad00000: #clock-cells = 1 found 0
01-01 00:09:40.456 308 308 E OF : /soc/clock-controller@abf0000: #clock-cells = 1 found 0
01-01 00:09:40.456 308 308 E OF : /soc/clock-controller@ad00000: #clock-cells = 1 found 0
01-01 00:09:40.456 308 308 E OF : /soc/clock-controller@abf0000: #clock-cells = 1 found 0
01-01 00:09:40.456 308 308 E OF : /soc/clock-controller@ad00000: #clock-cells = 1 found 0
01-01 00:09:40.456 308 308 E OF : /soc/clock-controller@abf0000: #clock-cells = 1 found 0
01-01 00:09:40.456 308 308 E OF : /soc/clock-controller@ad00000: #clock-cells = 1 found 0
01-01 00:09:40.456 308 308 E OF : /soc/clock-controller@abf0000: #clock-cells = 1 found 0
01-01 00:09:40.456 308 308 E OF : /soc/clock-controller@ad00000: #clock-cells = 1 found 0
01-01 00:09:40.456 308 308 E OF : /soc/clock-controller@abf0000: #clock-cells = 1 found 0
01-01 00:09:40.456 308 308 E OF : /soc/clock-controller@ad00000: #clock-cells = 1 found 0
01-01 00:09:40.456 308 308 E OF : /soc/clock-controller@abf0000: #clock-cells = 1 found 0
01-01 00:09:40.456 308 308 E OF : /soc/clock-controller@ad00000: #clock-cells = 1 found 0
01-01 00:09:40.457 308 308 E OF : /soc/clock-controller@abf0000: #clock-cells = 1 found 0
01-01 00:09:40.457 308 308 E OF : /soc/clock-controller@ad00000: #clock-cells = 1 found 0
01-01 00:09:40.457 308 308 E OF : /soc/clock-controller@abf0000: #clock-cells = 1 found 0
01-01 00:09:40.457 308 308 E OF : /soc/clock-controller@ad00000: #clock-cells = 1 found 0
01-01 00:09:40.457 308 308 E OF : /soc/clock-controller@abf0000: #clock-cells = 1 found 0
01-01 00:09:40.457 308 308 E OF : /soc/clock-controller@ad00000: #clock-cells = 1 found 0
01-01 00:09:40.457 308 308 E OF : /soc/clock-controller@abf0000: #clock-cells = 1 found 0
01-01 00:09:40.457 308 308 E OF : /soc/clock-controller@ad00000: #clock-cells = 1 found 0
01-01 00:09:40.457 308 308 E OF : /soc/clock-controller@abf0000: #clock-cells = 1 found 0
01-01 00:09:40.457 308 308 E OF : /soc/clock-controller@ad00000: #clock-cells = 1 found 0
01-01 00:09:40.457 308 308 E OF : /soc/clock-controller@abf0000: #clock-cells = 1 found 0
01-01 00:09:40.457 308 308 E OF : /soc/clock-controller@ad00000: #clock-cells = 1 found 0
01-01 00:09:40.457 308 308 E OF : /soc/clock-controller@abf0000: #clock-cells = 1 found 0
01-01 00:09:40.457 308 308 E OF : /soc/clock-controller@ad00000: #clock-cells = 1 found 0
01-01 00:09:40.457 308 308 E OF : /soc/clock-controller@abf0000: #clock-cells = 1 found 0
01-01 00:09:40.457 308 308 E OF : /soc/clock-controller@ad00000: #clock-cells = 1 found 0
01-01 00:09:40.458 308 308 E OF : /soc/clock-controller@abf0000: #clock-cells = 1 found 0
01-01 00:09:40.458 308 308 E OF : /soc/clock-controller@ad00000: #clock-cells = 1 found 0
01-01 00:09:40.458 308 308 E OF : /soc/clock-controller@abf0000: #clock-cells = 1 found 0
01-01 00:09:40.458 308 308 E OF : /soc/clock-controller@ad00000: #clock-cells = 1 found 0
01-01 00:09:40.458 308 308 E OF : /soc/clock-controller@abf0000: #clock-cells = 1 found 0
01-01 00:09:40.458 308 308 E OF : /soc/clock-controller@ad00000: #clock-cells = 1 found 0
01-01 00:09:40.458 308 308 E OF : /soc/clock-controller@abf0000: #clock-cells = 1 found 0
01-01 00:09:40.458 308 308 E OF : /soc/clock-controller@ad00000: #clock-cells = 1 found 0
01-01 00:09:40.458 308 308 E OF : /soc/clock-controller@abf0000: #clock-cells = 1 found 0
01-01 00:09:40.458 308 308 E OF : /soc/clock-controller@ad00000: #clock-cells = 1 found 0
01-01 00:09:40.458 308 308 E OF : /soc/clock-controller@abf0000: #clock-cells = 1 found 0
01-01 00:09:40.458 308 308 E OF : /soc/clock-controller@ad00000: #clock-cells = 1 found 0
01-01 00:09:40.458 308 308 E OF : /soc/clock-controller@abf0000: #clock-cells = 1 found 0
01-01 00:09:40.458 308 308 E OF : /soc/clock-controller@ad00000: #clock-cells = 1 found 0
01-01 00:09:40.458 308 308 E OF : /soc/clock-controller@abf0000: #clock-cells = 1 found 0
01-01 00:09:40.458 308 308 E OF : /soc/clock-controller@ad00000: #clock-cells = 1 found 0
01-01 00:09:40.458 308 308 I sm8250-npucc 9800000.clock-controller: Registered NPU CC clocks
01-01 00:09:40.462 312 312 I NET : Registered PF_QIPCRTR protocol family
01-01 00:09:40.462 294 294 I msm_pcie_enable: PCIe: Assert the reset of endpoint of RC2.
01-01 00:09:40.463 347 347 E rdbg : failed get smem state
01-01 00:09:40.463 347 347 E rdbg_probe: register_smp2p_out failed for rdbg_adsp
01-01 00:09:40.463 347 347 E rdbg : failed get smem state
01-01 00:09:40.463 347 347 E rdbg_probe: register_smp2p_out failed for rdbg_cdsp
01-01 00:09:40.468 307 307 E qcom,wled c440000.qcom,spmi: qcom,pm8150l@5:qcom,wled@d800: IRQ short not found
01-01 00:09:40.468 307 307 E qcom,wled c440000.qcom,spmi: qcom,pm8150l@5:qcom,wled@d800: IRQ ovp not found
01-01 00:09:40.468 342 342 I LCDB : qpnp_lcdb_regulator_probe: LCDB module: qcom,qpnp-lcdb-regulator successfully registered! lcdb_en=0 ldo_voltage=5400mV ncp_voltage=5400mV bst_voltage=5550mV
01-01 00:09:40.469 8 8 E rdbg : failed get smem state
01-01 00:09:40.469 8 8 E rdbg_probe: register_smp2p_out failed for rdbg_cdsp
01-01 00:09:40.470 345 345 I msm_geni_serial 998000.qcom,qup_uart: Wakeup byte 0xfd
01-01 00:09:40.472 8 8 E rdbg : failed get smem state
01-01 00:09:40.472 8 8 E rdbg_probe: register_smp2p_out failed for rdbg_cdsp
01-01 00:09:40.472 322 322 I 88e0000.qcom,msm-eud: ttyEUD0 at MMIO 0x0 (irq = 409, base_baud = 0) is a EUD UART
01-01 00:09:40.472 294 294 I msm_pcie_enable: PCIe: RC2: PCIE20_PARF_INT_ALL_MASK: 0x7f80d202
01-01 00:09:40.473 199 199 E rdbg : failed get smem state
01-01 00:09:40.473 199 199 E rdbg_probe: register_smp2p_out failed for rdbg_cdsp
01-01 00:09:40.474 345 345 I msm_geni_serial 998000.qcom,qup_uart: Serial port: 0 added.FifoSize: 64 is_console: 0
01-01 00:09:40.474 328 328 E msm_hang_detect_probe: Missing cluster-id.
01-01 00:09:40.474 199 199 E rdbg : failed get smem state
