06-19 16:42:41.496 1694 2225 D CompatibilityChangeReporter: Compat change id reported: 168419799; UID 10028; state: DISABLED
06-19 16:42:41.499 1694 2225 D CompatibilityChangeReporter: Compat change id reported: 273564678; UID 10028; state: DISABLED
06-19 16:42:41.505 1694 2585 W ActivityManager: Foreground service started from background can not have location/camera/microphone access: service com.crestron.vendor/.VendorModuleService
06-19 16:42:41.505 1694 2585 I am_foreground_service_start: [0,com.crestron.vendor/.VendorModuleService,0,SYSTEM_ALLOW_LISTED,33,33,0,0,0,1,UNKNOWN]
06-19 16:42:41.510 1694 2585 I am_proc_bound: [0,4186,com.android.dynsystem]
06-19 16:42:41.511 1694 2087 D PackageManager: Instant App installer not found with android.intent.action.INSTALL_INSTANT_APP_PACKAGE
06-19 16:42:41.511 1694 2087 D PackageManager: Clear ephemeral installer activity
06-19 16:42:41.519 1694 2585 D CompatibilityChangeReporter: Compat change id reported: 194532703; UID 10064; state: DISABLED
06-19 16:42:41.527 4220 4220 I auditd : type=1400 audit(0.0:1755): avc: denied { search } for comm="chmod" name="ota_reserved" dev="dm-14" ino=458 scontext=u:r:crestron_vendor:s0 tcontext=u:object_r:apex_ota_reserved_file:s0 tclass=dir permissive=1
06-19 16:42:41.539 4220 4220 I auditd : type=1400 audit(0.0:1756): avc: denied { search } for comm="chmod" name="bootanim" dev="dm-14" ino=597 scontext=u:r:crestron_vendor:s0 tcontext=u:object_r:bootanim_data_file:s0 tclass=dir permissive=1
06-19 16:42:41.539 4220 4220 I auditd : type=1400 audit(0.0:1757): avc: denied { search } for comm="chmod" name="com.android.providers.telephony" dev="dm-14" ino=2454 scontext=u:r:crestron_vendor:s0 tcontext=u:object_r:radio_data_file:s0 tclass=dir permissive=1
06-19 16:42:41.552 1694 2585 D CompatibilityChangeReporter: Compat change id reported: 135634846; UID 1000; state: DISABLED
06-19 16:42:41.552 1694 2585 D CompatibilityChangeReporter: Compat change id reported: 177438394; UID 1000; state: DISABLED
06-19 16:42:41.547 4220 4220 I auditd : type=1400 audit(0.0:1758): avc: denied { getattr } for comm="chmod" path="/data/data/com.qualcomm.qti.usta" dev="dm-14" ino=2876 scontext=u:r:crestron_vendor:s0 tcontext=u:object_r:vendor_usta_app_data_file:s0:c69,c256,c512,c768 tclass=dir permissive=1
06-19 16:42:41.547 4220 4220 I auditd : type=1400 audit(0.0:1759): avc: denied { setattr } for comm="chmod" name="com.qualcomm.qti.usta" dev="dm-14" ino=2876 scontext=u:r:crestron_vendor:s0 tcontext=u:object_r:vendor_usta_app_data_file:s0:c69,c256,c512,c768 tclass=dir permissive=1
06-19 16:42:41.552 1694 2585 D CompatibilityChangeReporter: Compat change id reported: 135772972; UID 1000; state: DISABLED
06-19 16:42:41.552 1694 2585 D CompatibilityChangeReporter: Compat change id reported: 135754954; UID 1000; state: ENABLED
06-19 16:42:41.592 4220 4220 W audit : audit_lost=1802 audit_rate_limit=5 audit_backlog_limit=64
06-19 16:42:41.592 4220 4220 E audit : rate limit exceeded
06-19 16:42:41.553 1694 2585 D CompatibilityChangeReporter: Compat change id reported: 168419799; UID 10086; state: DISABLED
06-19 16:42:41.553 1694 2585 D CompatibilityChangeReporter: Compat change id reported: 273564678; UID 10086; state: DISABLED
06-19 16:42:41.561 1694 2087 D CompatibilityChangeReporter: Compat change id reported: 161145287; UID 10027; state: DISABLED
06-19 16:42:41.561 1694 2087 I am_uid_running: 10071
06-19 16:42:41.562 1694 2087 D CompatibilityChangeReporter: Compat change id reported: 135634846; UID 10071; state: DISABLED
06-19 16:42:41.562 1694 2087 D CompatibilityChangeReporter: Compat change id reported: 177438394; UID 10071; state: DISABLED
06-19 16:42:41.562 1694 2087 D CompatibilityChangeReporter: Compat change id reported: 135772972; UID 10071; state: DISABLED
06-19 16:42:41.562 1694 2087 D CompatibilityChangeReporter: Compat change id reported: 135754954; UID 10071; state: ENABLED
06-19 16:42:41.568 1694 1770 I am_proc_start: [0,4235,1000,com.android.dynsystem:dynsystem,service,{com.android.dynsystem/com.android.dynsystem.DynamicSystemInstallationService}]
06-19 16:42:41.568 1694 1770 I ActivityManager: Start proc 4235:com.android.dynsystem:dynsystem/1000 for service {com.android.dynsystem/com.android.dynsystem.DynamicSystemInstallationService}
06-19 16:42:41.569 1694 1770 D CompatibilityChangeReporter: Compat change id reported: 143937733; UID 10071; state: ENABLED
06-19 16:42:41.581 1694 2087 I am_proc_bound: [0,4235,com.android.dynsystem:dynsystem]
06-19 16:42:41.583 1694 1770 I am_proc_start: [0,4253,10071,com.android.onetimeinitializer,broadcast,{com.android.onetimeinitializer/com.android.onetimeinitializer.OneTimeInitializerReceiver}]
06-19 16:42:41.583 1694 1770 I ActivityManager: Start proc 4253:com.android.onetimeinitializer/u0a71 for broadcast {com.android.onetimeinitializer/com.android.onetimeinitializer.OneTimeInitializerReceiver}
06-19 16:42:41.593 1694 2585 W JobScheduler: Job didn't exist in JobStore: f0002b #u0a64/6 com.microsoft.teams.ipphone.admin.agent/androidx.work.impl.background.systemjob.SystemJobService
06-19 16:42:41.595 1694 2087 I am_proc_bound: [0,4253,com.android.onetimeinitializer]
06-19 16:42:41.595 1694 2087 D CompatibilityChangeReporter: Compat change id reported: 168419799; UID 10071; state: DISABLED
06-19 16:42:41.595 1694 2087 D CompatibilityChangeReporter: Compat change id reported: 273564678; UID 10071; state: DISABLED
06-19 16:42:41.596 1694 2087 I am_uid_active: 10071
06-19 16:42:41.665 992 992 I br0 : port 1(eth0) entered blocking state
06-19 16:42:41.665 992 992 I br0 : port 1(eth0) entered disabled state
06-19 16:42:41.665 992 992 I : device eth0 entered promiscuous mode
06-19 16:42:41.665 992 992 I br0 : port 1(eth0) entered blocking state
06-19 16:42:41.665 992 992 I br0 : port 1(eth0) entered forwarding state
06-19 16:42:41.626 1694 2585 I DynamicSystemService: isInstalled(): false
06-19 16:42:41.645 1694 3074 D CompatibilityChangeReporter: Compat change id reported: 161252188; UID 10053; state: DISABLED
06-19 16:42:41.646 1694 3074 I am_uid_running: 10053
06-19 16:42:41.646 1694 3074 D CompatibilityChangeReporter: Compat change id reported: 135634846; UID 10053; state: DISABLED
06-19 16:42:41.646 1694 1770 D CompatibilityChangeReporter: Compat change id reported: 143937733; UID 10053; state: DISABLED
06-19 16:42:41.650 1694 1770 I am_proc_start: [0,4295,10053,com.microsoft.teams.ipphone.partner.agent,service,{com.microsoft.teams.ipphone.partner.agent/com.microsoft.teams.ipphone.partner.agent.ConfigurationService}]
06-19 16:42:41.650 1694 1770 I ActivityManager: Start proc 4295:com.microsoft.teams.ipphone.partner.agent/u0a53 for service {com.microsoft.teams.ipphone.partner.agent/com.microsoft.teams.ipphone.partner.agent.ConfigurationService}
06-19 16:42:41.652 1694 3074 I am_uid_running: 10038
06-19 16:42:41.652 1694 3074 I ActivityManager: com.android.packageinstaller is exempt from freezer
06-19 16:42:41.652 1694 3074 D CompatibilityChangeReporter: Compat change id reported: 135634846; UID 10038; state: DISABLED
06-19 16:42:41.652 1694 3074 D CompatibilityChangeReporter: Compat change id reported: 177438394; UID 10038; state: DISABLED
06-19 16:42:41.652 1694 3074 D CompatibilityChangeReporter: Compat change id reported: 135772972; UID 10038; state: DISABLED
06-19 16:42:41.652 1694 3074 D CompatibilityChangeReporter: Compat change id reported: 135754954; UID 10038; state: ENABLED
06-19 16:42:41.652 1694 1770 D CompatibilityChangeReporter: Compat change id reported: 143937733; UID 10038; state: ENABLED
06-19 16:42:41.661 1694 3074 I am_proc_bound: [0,4295,com.microsoft.teams.ipphone.partner.agent]
06-19 16:42:41.662 1694 3074 D CompatibilityChangeReporter: Compat change id reported: 168419799; UID 10053; state: DISABLED
06-19 16:42:41.662 1694 3074 D CompatibilityChangeReporter: Compat change id reported: 273564678; UID 10053; state: DISABLED
06-19 16:42:41.707 968 968 I br0 : port 2(eth1) entered blocking state
06-19 16:42:41.707 968 968 I br0 : port 2(eth1) entered disabled state
06-19 16:42:41.707 968 968 I : device eth1 entered promiscuous mode
06-19 16:42:41.668 1694 1923 I commit_sys_config_file: [settings-3-0,2]
06-19 16:42:41.670 1694 1770 I am_proc_start: [0,4316,10038,com.android.packageinstaller,broadcast,{com.android.packageinstaller/com.android.packageinstaller.TemporaryFileManager}]
06-19 16:42:41.670 1694 1770 I ActivityManager: Start proc 4316:com.android.packageinstaller/u0a38 for broadcast {com.android.packageinstaller/com.android.packageinstaller.TemporaryFileManager}
06-19 16:42:41.671 1694 1977 I netstats_mobile_sample: [0,0,0,0,0,0,0,0,0,0,0,0,1750351361671]
06-19 16:42:41.671 1694 1977 I netstats_wifi_sample: [0,0,0,0,0,0,0,0,0,0,0,0,1750351361671]
06-19 16:42:41.715 649 649 I [kworke][0x1fc8b83b][16:42:41.674644] wlan: [649:I:PMO] pmo_core_enable_wow_in_fw: drv wow is enabled
06-19 16:42:41.685 1694 3093 I am_proc_bound: [0,4316,com.android.packageinstaller]
06-19 16:42:41.686 1694 3093 D CompatibilityChangeReporter: Compat change id reported: 168419799; UID 10038; state: DISABLED
06-19 16:42:41.686 1694 3093 D CompatibilityChangeReporter: Compat change id reported: 273564678; UID 10038; state: DISABLED
06-19 16:42:41.687 1694 3093 I am_uid_active: 10038
06-19 16:42:41.693 1694 1759 I DropBoxManagerService: add tag=system_app_strictmode isTagEnabled=true flags=0x2
06-19 16:42:41.697 1694 1977 I netstats_mobile_sample: [0,0,0,0,0,0,0,0,0,0,0,0,1750351361697]
06-19 16:42:41.697 1694 1977 I netstats_wifi_sample: [0,0,0,0,0,0,0,0,0,0,0,0,1750351361697]
06-19 16:42:41.707 1694 1977 W ContextImpl: Calling a method in the system process without a qualified user: android.app.ContextImpl.sendStickyBroadcast:1586 com.android.server.ConnectivityService.sendStickyBroadcast:3081 com.android.server.ConnectivityService.sendGeneralBroadcast:3054 com.android.server.ConnectivityService.sendConnectedBroadcast:3027 com.android.server.ConnectivityService.sendLegacyNetworkBroadcast:9521
06-19 16:42:41.750 649 649 E cnss_pci 0000: 01:00.0: can't change power state from D0 to D3hot (config space inaccessible)
06-19 16:42:41.723 1694 3067 D CompatibilityChangeReporter: Compat change id reported: 161145287; UID 10053; state: DISABLED
06-19 16:42:41.745 1694 3067 D CompatibilityChangeReporter: Compat change id reported: 194532703; UID 10136; state: DISABLED
06-23 02:17:43.000 1694 1927 E LazyAlarmStore: Removed TIME_TICK alarm
06-23 02:17:43.000 1694 1769 I am_wtf : [0,1694,system_server,-1,LazyAlarmStore,Removed TIME_TICK alarm]
06-23 02:17:43.001 1694 1694 D DevicePolicyManager: updateSystemUpdateFreezePeriodsRecord
06-23 02:17:43.001 1694 1694 I JobScheduler: RTC now valid; recalculating persisted job windows
06-23 02:17:43.001 1694 2063 D CompatibilityChangeReporter: Compat change id reported: 171306433; UID 1000; state: ENABLED
06-23 02:17:43.001 1694 2063 D CompatibilityChangeReporter: Compat change id reported: 218533173; UID 1000; state: ENABLED
06-23 02:17:43.002 1694 1694 W SyncManager: Clock is valid now.
06-23 02:17:43.003 1694 1694 D ConditionProviders.SCP: onReceive android.intent.action.TIME_SET
06-23 02:17:43.003 1694 1694 D ConditionProviders.SCP: evaluateSubscriptionLocked cal=ScheduleCalendar[mDays={1, 2, 3, 4, 5, 6, 7}, mSchedule=ScheduleInfo{days=[1, 2, 3, 4, 5, 6, 7], startHour=22, startMinute=0, endHour=7, endMinute=0, exitAtAlarm=true, nextAlarm=Thu Jan 01 00:00:00 GMT 1970 (0)}], now=Mon Jun 23 02:17:43 GMT 2025 (1750645063003), nextUserAlarmTime=Thu Jan 01 00:00:00 GMT 1970 (0)
06-23 02:17:43.003 1694 1694 D ConditionProviders.SCP: notifyCondition condition://android/schedule?days=1.2.3.4.5.6.7&start=22.0&end=7.0&exitAtAlarm=true STATE_TRUE reason=meetsSchedule
06-23 02:17:43.003 1694 1988 I am_uid_running: 10032
06-23 02:17:43.003 1694 1988 D CompatibilityChangeReporter: Compat change id reported: 135634846; UID 10032; state: DISABLED
06-23 02:17:43.003 1694 1988 D CompatibilityChangeReporter: Compat change id reported: 177438394; UID 10032; state: DISABLED
06-23 02:17:43.003 1694 1988 D CompatibilityChangeReporter: Compat change id reported: 135772972; UID 10032; state: DISABLED
06-23 02:17:43.003 1694 1767 I UsageStatsService: Time changed in by 293701 seconds
06-23 02:17:43.003 1694 1988 D CompatibilityChangeReporter: Compat change id reported: 135754954; UID 10032; state: ENABLED
06-23 02:17:43.003 1694 1767 I UsageStatsService: User[0] Rolling over usage stats
06-23 02:17:43.003 1694 1770 D CompatibilityChangeReporter: Compat change id reported: 143937733; UID 10032; state: ENABLED
06-23 02:17:43.004 1694 1694 D ConditionProviders.SCP: Scheduling evaluate for Mon Jun 23 07:00:00 GMT 2025 (1750662000000), in +4h42m16s997ms, now=Mon Jun 23 02:17:43 GMT 2025 (1750645063003)
06-23 02:17:43.005 1694 1767 I UsageStatsService: User[0] Flushing usage stats to disk
06-23 02:17:43.012 1694 2087 I am_uid_active: 10032
06-23 02:17:43.019 1694 1770 I am_proc_start: [0,4377,10032,com.android.providers.calendar,content provider,{com.android.providers.calendar/com.android.providers.calendar.CalendarProvider2}]
06-23 02:17:43.019 1694 1770 I ActivityManager: Start proc 4377:com.android.providers.calendar/u0a32 for content provider {com.android.providers.calendar/com.android.providers.calendar.CalendarProvider2}
06-23 02:17:43.030 1694 2087 I am_proc_bound: [0,4377,com.android.providers.calendar]
06-23 02:17:43.031 1694 1759 I commit_sys_config_file: [notification-policy,5325]
06-23 02:17:43.031 1694 2087 D CompatibilityChangeReporter: Compat change id reported: 168419799; UID 10032; state: DISABLED
06-23 02:17:43.031 1694 2087 D CompatibilityChangeReporter: Compat change id reported: 273564678; UID 10032; state: DISABLED
06-19 16:42:41.837 1 1 I init : starting service 'redis'...
06-19 16:42:41.839 1 1 I init : Control message: Processed ctl.start for 'redis' from pid: 4401 (start redis)
06-23 02:17:43.050 1694 1767 I UsageStatsService: User[0] Rollover scheduled @ 2025-06-24 02:17:43(1750731463003)
06-23 02:17:43.051 1694 1767 I UsageStatsService: User[0] Flushing usage stats to disk
06-23 02:17:43.054 1694 2087 D CompatibilityChangeReporter: Compat change id reported: 161145287; UID 10032; state: DISABLED
06-19 16:42:41.843 1 1 I init : starting service 'cresterrlog'...
06-19 16:42:41.845 1 1 I init : Control message: Processed ctl.start for 'cresterrlog' from pid: 4403 (start cresterrlog)
06-23 02:17:43.060 1694 3067 D CompatibilityChangeReporter: Compat change id reported: 143231523; UID 10032; state: DISABLED
06-23 02:17:43.069 1694 1988 D CompatibilityChangeReporter: Compat change id reported: 143231523; UID 1000; state: DISABLED
06-23 02:17:43.072 1694 2364 D CompatibilityChangeReporter: Compat change id reported: 171306433; UID 10032; state: ENABLED
06-23 02:17:43.073 1694 2364 D CompatibilityChangeReporter: Compat change id reported: 218533173; UID 10032; state: ENABLED
06-19 16:42:41.872 968 968 I br0 : port 1(eth0) entered disabled state
06-19 16:42:41.874 968 968 I : device eth1 left promiscuous mode
06-19 16:42:41.874 968 968 I br0 : port 2(eth1) entered disabled state
06-23 02:17:43.088 1694 1767 I UsageStatsService: User[0] Rolling over usage stats complete. Took 84 milliseconds
06-19 16:42:41.878 968 968 I : device eth0 left promiscuous mode
06-19 16:42:41.878 968 968 I br0 : port 1(eth0) entered disabled state
06-23 02:17:43.098 1694 2087 I am_uid_running: 10094
06-23 02:17:43.100 1694 2087 D CompatibilityChangeReporter: Compat change id reported: 135634846; UID 10094; state: DISABLED
06-23 02:17:43.100 1694 2087 D CompatibilityChangeReporter: Compat change id reported: 177438394; UID 10094; state: DISABLED
06-23 02:17:43.100 1694 2087 D CompatibilityChangeReporter: Compat change id reported: 135772972; UID 10094; state: DISABLED
06-23 02:17:43.100 1694 2087 D CompatibilityChangeReporter: Compat change id reported: 135754954; UID 10094; state: ENABLED
06-23 02:17:43.100 1694 1770 D CompatibilityChangeReporter: Compat change id reported: 143937733; UID 10094; state: ENABLED
06-23 02:17:43.108 1694 1770 I am_proc_start: [0,4429,10094,com.android.remoteprovisioner,broadcast,{com.android.remoteprovisioner/com.android.remoteprovisioner.BootReceiver}]
06-23 02:17:43.108 1694 1770 I ActivityManager: Start proc 4429:com.android.remoteprovisioner/u0a94 for broadcast {com.android.remoteprovisioner/com.android.remoteprovisioner.BootReceiver}
06-23 02:17:43.116 1694 1767 I UsageStatsService: User[0] Time changed in by 293701 seconds
06-23 02:17:43.116 1694 1767 I UsageStatsService: User[0] Flushing usage stats to disk
06-23 02:17:43.124 1694 3074 I am_proc_bound: [0,4429,com.android.remoteprovisioner]
06-23 02:17:43.124 1694 3074 D CompatibilityChangeReporter: Compat change id reported: 168419799; UID 10094; state: DISABLED
06-23 02:17:43.124 1694 3074 D CompatibilityChangeReporter: Compat change id reported: 273564678; UID 10094; state: DISABLED
06-23 02:17:43.126 1694 3074 I am_uid_active: 10094
06-23 02:17:43.128 1694 1767 I UsageStatsDatabase: Time changed by +3d9h35m1s253ms. files deleted: 0 files moved: 5
06-23 02:17:43.134 1694 1767 I UsageStatsService: User[0] Rollover scheduled @ 2025-06-27 11:52:44(1751025164256)
06-19 16:42:41.924 1 1 E init : Control message: Could not find 'crestusbcons' for ctl.start from pid: 4444 (start crestusbcons)
06-23 02:17:43.144 1694 1977 I netstats_mobile_sample: [0,0,0,0,0,0,0,0,0,0,0,0,1750645063144]
06-23 02:17:43.144 1694 1977 I netstats_wifi_sample: [0,0,0,0,0,0,0,0,0,0,0,0,1750645063144]
06-23 02:17:43.145 1694 1977 W ContextImpl: Calling a method in the system process without a qualified user: android.app.ContextImpl.sendStickyBroadcast:1586 com.android.server.ConnectivityService.sendStickyBroadcast:3081 com.android.server.ConnectivityService.sendLegacyNetworkBroadcast:9549 com.android.server.ConnectivityService$LegacyTypeTracker.remove:1080 com.android.server.ConnectivityService$LegacyTypeTracker.remove:1097
06-19 16:42:41.943 1 1 I init : starting service 'CEUSystemdEthInit'...
06-19 16:42:41.945 1 1 I init : Control message: Processed ctl.start for 'CEUSystemdEthInit' from pid: 4458 (start CEUSystemdEthInit)
06-23 02:17:43.210 1694 1923 I commit_sys_config_file: [settings-0-0,1]
06-23 02:17:43.238 1694 2350 D CompatibilityChangeReporter: Compat change id reported: 194532703; UID 10094; state: ENABLED
06-23 02:17:43.242 1694 2350 D CompatibilityChangeReporter: Compat change id reported: 168419799; UID 1000; state: DISABLED
06-23 02:17:43.242 1694 2350 D CompatibilityChangeReporter: Compat change id reported: 273564678; UID 1000; state: DISABLED
06-23 02:17:43.257 1694 2350 I am_uid_running: 2000
06-23 02:17:43.258 1694 2350 I ActivityManager: com.android.shell is exempt from freezer
06-23 02:17:43.258 1694 2350 D CompatibilityChangeReporter: Compat change id reported: 135634846; UID 2000; state: DISABLED
06-23 02:17:43.258 1694 2350 D CompatibilityChangeReporter: Compat change id reported: 177438394; UID 2000; state: DISABLED
06-23 02:17:43.258 1694 2350 D CompatibilityChangeReporter: Compat change id reported: 135772972; UID 2000; state: DISABLED
06-23 02:17:43.258 1694 2350 D CompatibilityChangeReporter: Compat change id reported: 135754954; UID 2000; state: ENABLED
06-23 02:17:43.259 1694 1759 I commit_sys_config_file: [notification-policy,5554]
06-23 02:17:43.266 1694 1770 I am_proc_start: [0,4496,2000,com.android.shell,broadcast,{com.android.shell/com.android.shell.HeapDumpReceiver}]
06-23 02:17:43.266 1694 1770 I ActivityManager: Start proc 4496:com.android.shell/2000 for broadcast {com.android.shell/com.android.shell.HeapDumpReceiver}
06-23 02:17:43.295 1694 2350 I am_proc_bound: [0,4496,com.android.shell]
06-23 02:17:43.295 1694 2350 D CompatibilityChangeReporter: Compat change id reported: 168419799; UID 2000; state: DISABLED
06-23 02:17:43.295 1694 2350 D CompatibilityChangeReporter: Compat change id reported: 273564678; UID 2000; state: DISABLED
06-23 02:17:43.296 1694 2350 I am_uid_active: 2000
06-23 02:17:43.312 1694 1760 D ColorDisplayService: NightDisplayTintController Animation cancelled: false to matrix:
06-23 02:17:43.312 1694 1760 D ColorDisplayService: 1.000000 0.000000 0.000000 0.000000 0.000000 1.000000 0.000000 0.000000 0.000000 0.000000 1.000000 0.000000 0.000000 0.000000 0.000000 1.000000 min matrix coefficients:
06-23 02:17:43.312 1694 1760 D ColorDisplayService: 1.000000 0.000000 0.000000 0.000000 0.000000 1.000000 0.000000 0.000000 0.000000 0.000000 1.000000 0.000000 0.000000 0.000000 0.000000 1.000000 max matrix coefficients:
06-23 02:17:43.312 1694 1760 D ColorDisplayService: 1.000000 0.000000 0.000000 0.000000 0.000000 1.000000 0.000000 0.000000 0.000000 0.000000 1.000000 0.000000 0.000000 0.000000 0.000000 1.000000
06-23 02:17:43.330 1694 2350 I am_uid_running: 10054
06-23 02:17:43.330 1694 2350 D CompatibilityChangeReporter: Compat change id reported: 135634846; UID 10054; state: DISABLED
06-23 02:17:43.330 1694 1770 D CompatibilityChangeReporter: Compat change id reported: 143937733; UID 10054; state: ENABLED
06-23 02:17:43.342 1694 1770 I am_proc_start: [0,4535,10054,com.crestron.byod.display,broadcast,{com.crestron.byod.display/com.crestron.byod.display.BYODDisplayBroadcastReceiver}]
06-23 02:17:43.342 1694 1770 I ActivityManager: Start proc 4535:com.crestron.byod.display/u0a54 for broadcast {com.crestron.byod.display/com.crestron.byod.display.BYODDisplayBroadcastReceiver}
06-23 02:17:43.353 1694 2350 I am_proc_bound: [0,4535,com.crestron.byod.display]
06-23 02:17:43.354 1694 2350 D CompatibilityChangeReporter: Compat change id reported: 168419799; UID 10054; state: DISABLED
06-23 02:17:43.354 1694 2350 D CompatibilityChangeReporter: Compat change id reported: 273564678; UID 10054; state: DISABLED
06-23 02:17:43.355 1694 2350 I am_uid_active: 10054
06-23 02:17:43.565 1694 3074 I ActivityManager: Background started FGS: Allowed [callingPackage: com.crestron.oemconnector; callingUid: 10059; uidState: CEM ; intent: Intent { cmp=com.crestron.oemconnector/.PairingServiceTeam }; code:BOOT_COMPLETED; tempAllowListReason:; targetSdkVersion:29; callerTargetSdkVersion:29; startForegroundCount:0; bindFromPackage:null]
06-23 02:17:43.566 1694 3074 D CompatibilityChangeReporter: Compat change id reported: 168419799; UID 10059; state: DISABLED
06-23 02:17:43.566 1694 3074 D CompatibilityChangeReporter: Compat change id reported: 273564678; UID 10059; state: DISABLED
06-23 02:17:43.566 1694 1769 I am_wtf : [0,1694,system_server,-1,ActivityManager,Background started FGS: Allowed [callingPackage: com.crestron.oemconnector; callingUid: 10059; uidState: CEM ; intent: Intent { cmp=com.crestron.oemconnector/.PairingServiceTeam }; code:BOOT_COMPLETED; tempAllowListReason:; targetSdkVersion:29; callerTargetSdkVersion:29; startForegroundCount:0; bindFromPackage:null]]
06-23 02:17:43.587 1694 3074 D CompatibilityChangeReporter: Compat change id reported: 161145287; UID 10059; state: DISABLED
06-23 02:17:43.599 1694 3074 W ActivityManager: Foreground service started from background can not have location/camera/microphone access: service com.crestron.oemconnector/.PairingServiceTeam
06-23 02:17:43.600 1694 3074 I am_foreground_service_start: [0,com.crestron.oemconnector/.PairingServiceTeam,0,BOOT_COMPLETED,29,29,0,0,0,1,UNKNOWN]
06-23 02:17:43.600 1694 1769 I ActivityManager: Deferring FGS notification in legacy app com.crestron.oemconnector/u0a59 : Notification(channel=101 shortcut=null contentView=null vibrate=null sound=null defaults=0x0 flags=0x40 color=0x00000000 vis=PRIVATE)
06-23 02:17:43.644 1694 3074 I ActivityTaskManager: START u0 {flg=0x10000000 cmp=com.crestron.byod.display/.MainActivity} from uid 10054
06-23 02:17:43.644 1694 3074 W ActivityTaskManager: Background activity start for com.crestron.byod.display allowed because SYSTEM_ALERT_WINDOW permission is granted.
06-23 02:17:43.645 1694 3074 D CompatibilityChangeReporter: Compat change id reported: 265464455; UID 10054; state: DISABLED
06-23 02:17:43.645 1694 3074 D CompatibilityChangeReporter: Compat change id reported: 265452344; UID 10054; state: DISABLED
06-23 02:17:43.646 1694 3074 D CompatibilityChangeReporter: Compat change id reported: 266124927; UID 10054; state: DISABLED
06-23 02:17:43.646 1694 3074 D CompatibilityChangeReporter: Compat change id reported: 265451093; UID 10054; state: DISABLED
06-23 02:17:43.646 1694 3074 D CompatibilityChangeReporter: Compat change id reported: 265456536; UID 10054; state: DISABLED
06-23 02:17:43.646 1694 3074 D CompatibilityChangeReporter: Compat change id reported: 255940284; UID 10054; state: DISABLED
06-23 02:17:43.646 1694 3074 D CompatibilityChangeReporter: Compat change id reported: 236283604; UID 10054; state: DISABLED
06-23 02:17:43.646 1694 3074 D CompatibilityChangeReporter: Compat change id reported: 263959004; UID 10054; state: DISABLED
06-23 02:17:43.647 1694 3074 D CompatibilityChangeReporter: Compat change id reported: 264304459; UID 10054; state: DISABLED
06-23 02:17:43.647 1694 3074 D CompatibilityChangeReporter: Compat change id reported: 264301586; UID 10054; state: DISABLED
06-23 02:17:43.647 1694 3074 D CompatibilityChangeReporter: Compat change id reported: 254631730; UID 10054; state: DISABLED
06-23 02:17:43.647 1694 3074 D CompatibilityChangeReporter: Compat change id reported: 273509367; UID 10054; state: DISABLED
06-23 02:17:43.647 1694 3074 D CompatibilityChangeReporter: Compat change id reported: 263259275; UID 10054; state: DISABLED
06-23 02:17:43.652 1694 3074 D CompatibilityChangeReporter: Compat change id reported: 194480991; UID 10054; state: ENABLED
06-23 02:17:43.653 1694 3074 D CompatibilityChangeReporter: Compat change id reported: 174042980; UID 10054; state: DISABLED
06-23 02:17:43.654 1694 3074 I wm_task_created: [25,-1]
06-23 02:17:43.656 1694 3074 D CompatibilityChangeReporter: Compat change id reported: 184838306; UID 10054; state: DISABLED
06-23 02:17:43.656 1694 3074 D CompatibilityChangeReporter: Compat change id reported: 185004937; UID 10054; state: DISABLED
06-23 02:17:43.656 1694 3074 D CompatibilityChangeReporter: Compat change id reported: 181136395; UID 10054; state: DISABLED
06-23 02:17:43.656 1694 3074 D CompatibilityChangeReporter: Compat change id reported: 174042936; UID 10054; state: DISABLED
06-23 02:17:43.657 1694 3074 D CompatibilityChangeReporter: Compat change id reported: 197654537; UID 10054; state: DISABLED
06-23 02:17:43.657 1694 3074 I wm_task_moved: [25,1,3]
06-23 02:17:43.657 1694 3074 I wm_task_to_front: [0,25]
06-23 02:17:43.658 1694 3074 I wm_create_task: [0,25]
06-23 02:17:43.658 1694 3074 I wm_create_activity: [0,189134434,25,com.crestron.byod.display/.MainActivity,NULL,NULL,NULL,268435456]
06-23 02:17:43.658 3730 3730 I wm_on_top_resumed_lost_called: [248402598,com.crestron.splash.Splash,topStateChangedWhenResumed]
06-23 02:17:43.658 1694 3074 I wm_task_moved: [25,1,3]
06-23 02:17:43.659 1694 3074 I wm_pause_activity: [0,248402598,com.crestron.splash/.Splash,userLeaving=true,pauseBackTasks]
06-23 02:17:43.666 1694 1760 D WindowManager: framework set brightness value = NaN
06-23 02:17:43.667 1694 3074 D CompatibilityChangeReporter: Compat change id reported: 135634846; UID 10060; state: DISABLED
06-23 02:17:43.667 1694 3074 D CompatibilityChangeReporter: Compat change id reported: 177438394; UID 10060; state: DISABLED
06-23 02:17:43.667 1694 3074 D CompatibilityChangeReporter: Compat change id reported: 135772972; UID 10060; state: DISABLED
06-23 02:17:43.668 1694 3074 D CompatibilityChangeReporter: Compat change id reported: 135754954; UID 10060; state: DISABLED
06-23 02:17:43.668 1694 1770 D CompatibilityChangeReporter: Compat change id reported: 143937733; UID 10060; state: DISABLED
06-23 02:17:43.671 3730 3730 I wm_on_paused_called: [248402598,com.crestron.splash.Splash,performPause]
06-23 02:17:43.672 1694 2364 I ActivityTaskManager: The Process com.crestron.byod.display Already Exists in BG. So sending its PID: 4535
06-23 02:17:43.673 1694 2364 I wm_restart_activity: [0,189134434,25,com.crestron.byod.display/.MainActivity]
06-23 02:17:43.673 1694 2364 D CompatibilityChangeReporter: Compat change id reported: 168419799; UID 10054; state: DISABLED
06-23 02:17:43.673 1694 2364 D CompatibilityChangeReporter: Compat change id reported: 273564678; UID 10054; state: DISABLED
06-23 02:17:43.675 1694 1770 I am_proc_start: [0,4732,10060,com.crestron.splash,broadcast,{com.crestron.splash/com.crestron.splash.SplashServiceReceiver}]
06-23 02:17:43.675 1694 1770 I ActivityManager: Start proc 4732:com.crestron.splash/u0a60 for broadcast {com.crestron.splash/com.crestron.splash.SplashServiceReceiver}
06-23 02:17:43.676 1694 2364 I wm_set_resumed_activity: [0,com.crestron.byod.display/.MainActivity,minimalResumeActivityLocked - onActivityStateChanged]
06-23 02:17:43.677 1694 2364 D CompatibilityChangeReporter: Compat change id reported: 181136395; UID 10060; state: DISABLED
06-23 02:17:43.677 1694 2364 D CompatibilityChangeReporter: Compat change id reported: 174042936; UID 10060; state: DISABLED
06-23 02:17:43.677 1694 1757 I sysui_multi_action: [757,803,799,window_time_0,802,2]
06-23 02:17:43.679 1694 2364 D CompatibilityChangeReporter: Compat change id reported: 197654537; UID 10060; state: DISABLED
06-23 02:17:43.679 1694 1761 I input_focus: [Requesting to set focus to null window,reason=UpdateInputWindows]
06-23 02:17:43.688 1694 2364 D CompatibilityChangeReporter: Compat change id reported: 161145287; UID 10028; state: DISABLED
06-23 02:17:43.690 1694 3074 I am_proc_bound: [0,4732,com.crestron.splash]
06-23 02:17:43.692 1694 1760 D WindowManager: framework set brightness value = NaN
06-23 02:17:43.692 1694 3074 D CompatibilityChangeReporter: Compat change id reported: 168419799; UID 10060; state: DISABLED
06-23 02:17:43.693 1694 1767 I sysui_multi_action: [757,1717,758,1,759,0]
06-23 02:17:43.693 1694 1767 I sysui_multi_action: [757,1717,758,2,759,0]
06-23 02:17:43.693 1694 1767 I sysui_multi_action: [757,1717,758,3,759,0]
06-23 02:17:43.693 1694 3074 D CompatibilityChangeReporter: Compat change id reported: 273564678; UID 10060; state: DISABLED
06-23 02:17:43.697 1694 1939 I input_focus: [Focus leaving 132caf6 com.crestron.splash/com.crestron.splash.Splash (server),reason=Waiting for window because NOT_FOCUSABLE]
06-23 02:17:43.727 1694 2364 D CompatibilityChangeReporter: Compat change id reported: 161145287; UID 10054; state: DISABLED
06-23 02:17:43.734 4535 4535 I wm_on_create_called: [189134434,com.crestron.byod.display.MainActivity,performCreate]
06-23 02:17:43.734 4535 4535 I wm_on_start_called: [189134434,com.crestron.byod.display.MainActivity,handleStartActivity]
06-23 02:17:43.735 4535 4535 I wm_on_resume_called: [189134434,com.crestron.byod.display.MainActivity,RESUME_ACTIVITY]
06-23 02:17:43.741 1694 2364 D CoreBackPreview: Window{976cdc5 u0 com.crestron.byod.display/com.crestron.byod.display.MainActivity}: Setting back callback OnBackInvokedCallbackInfo{mCallback=android.window.IOnBackInvokedCallback$Stub$Proxy@e08fe4b, mPriority=0}
06-23 02:17:43.741 4535 4535 I wm_on_top_resumed_gained_called: [189134434,com.crestron.byod.display.MainActivity,topStateChangedWhenResumed]
06-23 02:17:43.748 1694 1760 D WindowManager: framework set brightness value = NaN
06-23 02:17:43.748 1694 1761 I input_focus: [Focus request 976cdc5 com.crestron.byod.display/com.crestron.byod.display.MainActivity,reason=UpdateInputWindows]
06-23 02:17:43.765 1694 2364 I am_uid_running: 10095
06-23 02:17:43.766 1694 2364 D CompatibilityChangeReporter: Compat change id reported: 135634846; UID 10095; state: DISABLED
06-23 02:17:43.766 1694 2364 D CompatibilityChangeReporter: Compat change id reported: 177438394; UID 10095; state: DISABLED
06-23 02:17:43.766 1694 2364 D CompatibilityChangeReporter: Compat change id reported: 135772972; UID 10095; state: DISABLED
06-23 02:17:43.766 1694 2364 D CompatibilityChangeReporter: Compat change id reported: 135754954; UID 10095; state: ENABLED
06-23 02:17:43.766 1694 1770 D CompatibilityChangeReporter: Compat change id reported: 143937733; UID 10095; state: ENABLED
06-23 02:17:43.773 1694 1770 I am_proc_start: [0,4792,10095,com.qti.ltebc,broadcast,{com.qti.ltebc/com.qualcomm.ltebc.LTEBroadcastBootReceiver}]
06-23 02:17:43.773 1694 1770 I ActivityManager: Start proc 4792:com.qti.ltebc/u0a95 for broadcast {com.qti.ltebc/com.qualcomm.ltebc.LTEBroadcastBootReceiver}
06-23 02:17:43.774 1694 1760 D WindowManager: framework set brightness value = NaN
06-23 02:17:43.774 1694 1760 D WindowManager: framework set brightness value = NaN
06-23 02:17:43.776 1694 1760 I am_uid_active: 10095
06-23 02:17:43.782 1694 1757 I sysui_multi_action: [319,129,322,129,325,17,757,761,758,8,759,2,806,com.crestron.byod.display,871,com.crestron.byod.display.MainActivity,904,com.crestron.byod.display,905,0,1320,4,1321,2]
06-23 02:17:43.782 1694 1939 I input_focus: [Focus entering 976cdc5 com.crestron.byod.display/com.crestron.byod.display.MainActivity (server),reason=setFocusedWindow]
06-23 02:17:43.782 1694 1757 I wm_activity_launch_time: [0,189134434,com.crestron.byod.display/.MainActivity,129]
06-23 02:17:43.783 1694 1760 D WindowManager: framework set brightness value = NaN
06-23 02:17:43.784 1694 3074 D CompatibilityChangeReporter: Compat change id reported: 214016041; UID 10054; state: DISABLED
06-23 02:17:43.785 1694 3074 I am_proc_bound: [0,4792,com.qti.ltebc]
06-23 02:17:43.785 1694 3074 D CompatibilityChangeReporter: Compat change id reported: 168419799; UID 10095; state: DISABLED
06-23 02:17:43.785 1694 3074 D CompatibilityChangeReporter: Compat change id reported: 273564678; UID 10095; state: DISABLED
06-23 02:17:43.789 1694 1760 D WindowManager: framework set brightness value = NaN
06-23 02:17:43.811 1694 2364 D CompatibilityChangeReporter: Compat change id reported: 161145287; UID 10055; state: DISABLED
06-23 02:17:43.819 1124 1124 I auditd : type=1400 audit(0.0:2347): avc: denied { read } for comm="videoout@1.0-se" name="u:object_r:init_service_status_private_prop:s0" dev="tmpfs" ino=233 scontext=u:r:hal_videoout_default:s0 tcontext=u:object_r:init_service_status_private_prop:s0 tclass=file permissive=1
06-23 02:17:43.819 1124 1124 I auditd : type=1400 audit(0.0:2348): avc: denied { open } for comm="videoout@1.0-se" path="/dev/__properties__/u:object_r:init_service_status_private_prop:s0" dev="tmpfs" ino=233 scontext=u:r:hal_videoout_default:s0 tcontext=u:object_r:init_service_status_private_prop:s0 tclass=file permissive=1
06-23 02:17:43.819 1124 1124 I auditd : type=1400 audit(0.0:2349): avc: denied { getattr } for comm="videoout@1.0-se" path="/dev/__properties__/u:object_r:init_service_status_private_prop:s0" dev="tmpfs" ino=233 scontext=u:r:hal_videoout_default:s0 tcontext=u:object_r:init_service_status_private_prop:s0 tclass=file permissive=1
06-23 02:17:43.819 1124 1124 I auditd : type=1400 audit(0.0:2350): avc: denied { map } for comm="videoout@1.0-se" path="/dev/__properties__/u:object_r:init_service_status_private_prop:s0" dev="tmpfs" ino=233 scontext=u:r:hal_videoout_default:s0 tcontext=u:object_r:init_service_status_private_prop:s0 tclass=file permissive=1
06-23 02:17:43.834 1694 3074 D CompatibilityChangeReporter: Compat change id reported: 168419799; UID 10066; state: DISABLED
06-23 02:17:43.834 1694 3074 D CompatibilityChangeReporter: Compat change id reported: 273564678; UID 10066; state: DISABLED
06-23 02:17:43.837 1694 2601 D CompatibilityChangeReporter: Compat change id reported: 161145287; UID 10066; state: DISABLED
06-23 02:17:43.840 1694 2364 I ActivityManager: Background started FGS: Allowed [callingPackage: com.crestron.home; callingUid: 10062; uidState: SVC ; intent: Intent { cmp=com.crestron.home/com.crestron.fwinterfaceservice.FwInterfaceService }; code:ACTIVITY_STARTER; tempAllowListReason:<,reasonCode:SYSTEM_ALLOW_LISTED,duration:9223372036854775807,callingUid:-1>; targetSdkVersion:33; callerTargetSdkVersion:33; startForegroundCount:0; bindFromPackage:null]
06-23 02:17:43.840 1694 2364 I am_foreground_service_start: [0,com.crestron.home/com.crestron.fwinterfaceservice.FwInterfaceService,1,ACTIVITY_STARTER,33,33,0,0,0,1,UNKNOWN]
06-23 02:17:43.842 1694 2601 I am_uid_running: 10127
06-23 02:17:43.842 1694 2601 D CompatibilityChangeReporter: Compat change id reported: 135634846; UID 10127; state: DISABLED
06-23 02:17:43.842 1694 2601 D CompatibilityChangeReporter: Compat change id reported: 177438394; UID 10127; state: DISABLED
06-23 02:17:43.843 1694 2601 D CompatibilityChangeReporter: Compat change id reported: 135772972; UID 10127; state: DISABLED
06-23 02:17:43.843 1694 2601 D CompatibilityChangeReporter: Compat change id reported: 135754954; UID 10127; state: ENABLED
06-23 02:17:43.843 1694 1770 D CompatibilityChangeReporter: Compat change id reported: 143937733; UID 10127; state: ENABLED
06-23 02:17:43.843 1694 1760 I am_uid_active: 10127
06-23 02:17:43.849 1694 2364 D CompatibilityChangeReporter: Compat change id reported: 171306433; UID 10095; state: ENABLED
06-23 02:17:43.849 1694 2364 D CompatibilityChangeReporter: Compat change id reported: 218533173; UID 10095; state: ENABLED
06-23 02:17:43.849 1694 2364 D CompatibilityChangeReporter: Compat change id reported: 226439802; UID 10095; state: DISABLED
06-23 02:17:43.849 1694 1770 I am_proc_start: [0,4817,10127,com.qualcomm.qct.dlt,broadcast,{com.qualcomm.qct.dlt/com.qualcomm.qct.dlt.proximity.ProximityBroadcastReceiver}]
06-23 02:17:43.849 1694 1770 I ActivityManager: Start proc 4817:com.qualcomm.qct.dlt/u0a127 for broadcast {com.qualcomm.qct.dlt/com.qualcomm.qct.dlt.proximity.ProximityBroadcastReceiver}
06-23 02:17:43.852 1694 1759 I commit_sys_config_file: [notification-policy,6147]
06-23 02:17:43.861 1694 2364 I am_proc_bound: [0,4817,com.qualcomm.qct.dlt]
06-23 02:17:43.861 1694 2364 D CompatibilityChangeReporter: Compat change id reported: 168419799; UID 10127; state: DISABLED
06-23 02:17:43.861 1694 2364 D CompatibilityChangeReporter: Compat change id reported: 273564678; UID 10127; state: DISABLED
06-23 02:17:43.873 1694 2364 I ActivityManager: Process com.qti.ltebc (pid 4792) has died: cch+5 CEM
06-23 02:17:43.873 1694 2364 I am_proc_died: [0,4792,com.qti.ltebc,905,19]
06-23 02:17:43.873 1694 2364 I am_uid_stopped: 10095
06-23 02:17:43.887 1694 1923 I commit_sys_config_file: [settings-3-0,1]
06-23 02:17:44.035 1694 1923 I commit_sys_config_file: [settings-2-0,2]
06-23 02:17:44.060 1694 2601 I sysui_multi_action: [757,856,758,1,806,com.microsoft.intune.aospagent,857,IMPORTANT,858,3]
06-23 02:17:44.060 1694 2601 I sysui_multi_action: [757,856,758,1,806,com.microsoft.intune.aospagent,857,ESSENTIAL,858,4]
06-23 02:17:44.074 1694 2601 D PackageManager: Instant App installer not found with android.intent.action.INSTALL_INSTANT_APP_PACKAGE
06-23 02:17:44.074 1694 2601 D PackageManager: Clear ephemeral installer activity
06-23 02:17:44.152 1694 2601 D PackageManager: Instant App installer not found with android.intent.action.INSTALL_INSTANT_APP_PACKAGE
06-23 02:17:44.152 1694 2601 D PackageManager: Clear ephemeral installer activity
06-23 02:17:44.159 1694 2601 D CompatibilityChangeReporter: Compat change id reported: 194532703; UID 10028; state: ENABLED
06-23 02:17:44.160 1694 2601 D CompatibilityChangeReporter: Compat change id reported: 168419799; UID 10028; state: DISABLED
06-23 02:17:44.160 1694 2601 D CompatibilityChangeReporter: Compat change id reported: 273564678; UID 10028; state: DISABLED
06-23 02:17:44.191 1694 2601 D CompatibilityChangeReporter: Compat change id reported: 168419799; UID 10118; state: DISABLED
06-23 02:17:44.191 1694 2601 D CompatibilityChangeReporter: Compat change id reported: 273564678; UID 10118; state: DISABLED
06-23 02:17:44.194 1694 2601 I am_uid_running: 10070
06-23 02:17:44.194 1694 2601 D CompatibilityChangeReporter: Compat change id reported: 135634846; UID 10070; state: DISABLED
06-23 02:17:44.194 1694 2601 D CompatibilityChangeReporter: Compat change id reported: 177438394; UID 10070; state: DISABLED
06-23 02:17:44.194 1694 2601 D CompatibilityChangeReporter: Compat change id reported: 135772972; UID 10070; state: DISABLED
06-23 02:17:44.194 1694 2601 D CompatibilityChangeReporter: Compat change id reported: 135754954; UID 10070; state: ENABLED
06-23 02:17:44.194 1694 1770 D CompatibilityChangeReporter: Compat change id reported: 143937733; UID 10070; state: ENABLED
06-23 02:17:44.201 1694 1770 I am_proc_start: [0,4863,10070,com.qualcomm.qti.qms.service.connectionsecurity,broadcast,{com.qualcomm.qti.qms.service.connectionsecurity/com.qualcomm.qti.qms.service.connectionsecurity.ConnSecBroadcastReceiver}]
06-23 02:17:44.201 1694 1770 I ActivityManager: Start proc 4863:com.qualcomm.qti.qms.service.connectionsecurity/u0a70 for broadcast {com.qualcomm.qti.qms.service.connectionsecurity/com.qualcomm.qti.qms.service.connectionsecurity.ConnSecBroadcastReceiver}
06-23 02:17:44.214 1694 2601 I am_proc_bound: [0,4863,com.qualcomm.qti.qms.service.connectionsecurity]
06-23 02:17:44.214 1694 2601 D CompatibilityChangeReporter: Compat change id reported: 168419799; UID 10070; state: DISABLED
06-23 02:17:44.214 1694 2601 D CompatibilityChangeReporter: Compat change id reported: 273564678; UID 10070; state: DISABLED
06-23 02:17:44.215 1694 2601 I am_uid_active: 10070
06-23 02:17:44.267 2153 2153 I auditd : type=1400 audit(0.0:2351): avc: denied { write } for comm="IpClient.eth0" name="property_service" dev="tmpfs" ino=491 scontext=u:r:network_stack:s0 tcontext=u:object_r:property_socket:s0 tclass=sock_file permissive=1
06-19 16:42:43.062 4464 4464 W audit : audit_lost=2389 audit_rate_limit=5 audit_backlog_limit=64
06-19 16:42:43.062 4464 4464 E audit : rate limit exceeded
06-19 16:42:43.071 4317 4317 I br0 : port 1(eth0) entered blocking state
06-19 16:42:43.071 4317 4317 I br0 : port 1(eth0) entered disabled state
06-19 16:42:43.071 4317 4317 I : device eth0 entered promiscuous mode
06-19 16:42:43.071 4317 4317 I br0 : port 1(eth0) entered blocking state
06-19 16:42:43.071 4317 4317 I br0 : port 1(eth0) entered forwarding state
06-23 02:17:44.301 1694 2364 I commit_sys_config_file: [package-user-0,2]
06-23 02:17:44.305 1694 1728 D CompatibilityChangeReporter: Compat change id reported: 168419799; UID 10094; state: DISABLED
06-23 02:17:44.305 1694 1728 D CompatibilityChangeReporter: Compat change id reported: 273564678; UID 10094; state: DISABLED
06-23 02:17:44.309 1694 2585 I am_uid_active: 10064
06-23 02:17:44.310 1694 2585 D CompatibilityChangeReporter: Compat change id reported: 168419799; UID 10064; state: DISABLED
06-23 02:17:44.310 1694 2585 D CompatibilityChangeReporter: Compat change id reported: 273564678; UID 10064; state: DISABLED
06-23 02:17:44.311 1694 1759 I commit_sys_config_file: [notification-policy,6606]
06-19 16:42:43.110 968 968 I br0 : port 2(eth1) entered blocking state
06-19 16:42:43.110 968 968 I br0 : port 2(eth1) entered disabled state
06-19 16:42:43.110 968 968 I : device eth1 entered promiscuous mode
06-23 02:17:44.323 1694 1977 I netstats_mobile_sample: [0,0,0,0,0,0,0,0,0,0,0,0,1750645064323]
06-23 02:17:44.323 1694 1977 I netstats_wifi_sample: [0,0,0,0,0,0,0,0,0,0,0,0,1750645064323]
06-23 02:17:44.339 1694 2350 D CompatibilityChangeReporter: Compat change id reported: 168419799; UID 10119; state: DISABLED
06-23 02:17:44.339 1694 2350 D CompatibilityChangeReporter: Compat change id reported: 273564678; UID 10119; state: DISABLED
06-23 02:17:44.343 1694 1977 I netstats_mobile_sample: [0,0,0,0,0,0,0,0,0,0,0,0,1750645064343]
06-23 02:17:44.343 1694 1977 I netstats_wifi_sample: [0,0,0,0,0,0,0,0,0,0,0,0,1750645064343]
06-23 02:17:44.346 1694 3074 D CompatibilityChangeReporter: Compat change id reported: 168419799; UID 10125; state: DISABLED
06-23 02:17:44.346 1694 3074 D CompatibilityChangeReporter: Compat change id reported: 273564678; UID 10125; state: DISABLED
06-23 02:17:44.347 1694 2350 I am_uid_running: 10088
06-23 02:17:44.347 1694 2350 D CompatibilityChangeReporter: Compat change id reported: 135634846; UID 10088; state: DISABLED
06-23 02:17:44.347 1694 2350 D CompatibilityChangeReporter: Compat change id reported: 177438394; UID 10088; state: DISABLED
06-23 02:17:44.347 1694 2350 D CompatibilityChangeReporter: Compat change id reported: 135772972; UID 10088; state: DISABLED
06-23 02:17:44.348 1694 2350 D CompatibilityChangeReporter: Compat change id reported: 135754954; UID 10088; state: ENABLED
06-23 02:17:44.348 1694 1770 D CompatibilityChangeReporter: Compat change id reported: 143937733; UID 10088; state: ENABLED
06-23 02:17:44.351 1694 1977 W ContextImpl: Calling a method in the system process without a qualified user: android.app.ContextImpl.sendStickyBroadcast:1586 com.android.server.ConnectivityService.sendStickyBroadcast:3081 com.android.server.ConnectivityService.sendGeneralBroadcast:3054 com.android.server.ConnectivityService.sendConnectedBroadcast:3027 com.android.server.ConnectivityService.sendLegacyNetworkBroadcast:9521
06-23 02:17:44.356 1694 1770 I am_proc_start: [0,4925,10088,com.quicinc.voice.activation,broadcast,{com.quicinc.voice.activation/com.quicinc.voice.activation.receiver.VoiceAssistReceiver}]
06-23 02:17:44.356 1694 1770 I ActivityManager: Start proc 4925:com.quicinc.voice.activation/u0a88 for broadcast {com.quicinc.voice.activation/com.quicinc.voice.activation.receiver.VoiceAssistReceiver}
06-23 02:17:44.357 1694 1728 D CompatibilityChangeReporter: Compat change id reported: 161145287; UID 10119; state: DISABLED
06-23 02:17:44.370 1694 3067 I am_proc_bound: [0,4925,com.quicinc.voice.activation]
06-23 02:17:44.371 1694 3067 D CompatibilityChangeReporter: Compat change id reported: 168419799; UID 10088; state: DISABLED
06-23 02:17:44.371 1694 3067 D CompatibilityChangeReporter: Compat change id reported: 273564678; UID 10088; state: DISABLED
06-23 02:17:44.374 1694 3067 D CompatibilityChangeReporter: Compat change id reported: 181136395; UID 10060; state: DISABLED
06-23 02:17:44.374 1694 3067 D CompatibilityChangeReporter: Compat change id reported: 174042936; UID 10060; state: DISABLED
06-23 02:17:44.375 1694 3067 I am_uid_active: 10088
06-19 16:42:43.183 2467 2467 E [schedu][0x2176c4bf][02:17:44.395135] wlan: [2467:E:DP] dp_rx_flush_rx_cached: txrx_peer NULL!! peer mac_addr(c2:d0:bf:58:ac:75)
06-19 16:42:43.183 2467 2467 E [schedu][0x2176c6ac][02:17:44.395161] wlan: [2467:E:DP] dp_tx_flow_pool_unmap_handler: flow pool id: 0 is inactive, ignore unmap
06-19 16:42:43.183 396 396 E cnss_pci 0000: 01:00.0: can't change power state from D3cold to D0 (config space inaccessible)
06-19 16:42:43.184 396 396 I [kworke][0x21773393][02:17:44.396613] wlan: [396:I:PMO] pmo_core_psoc_send_host_wakeup_ind_to_fw: Host wakeup indication sent to fw
06-23 02:17:44.432 1694 3067 D CompatibilityChangeReporter: Compat change id reported: 161145287; UID 10088; state: DISABLED
06-19 16:42:43.227 4965 4965 I [ifconf][0x2183d168][02:17:44.439677] wlan: [4965:I:HDD] vdev 0 destroyed successfully
06-19 16:42:43.238 4983 4983 E [ifconf][0x21870370][02:17:44.450584] wlan: [4983:E:PMO] pmo_register_wow_default_patterns: ptrn_match is disable for vdev 0
06-19 16:42:43.239 4983 4983 E [ifconf][0x218713dc][02:17:44.450803] wlan: [4983:E:HDD] hdd_sysfs_bmiss_create: could not create bmiss sysfs file
06-23 02:17:44.476 1694 3067 W BroadcastQueue: Permission Denial: receiving Intent { act=android.intent.action.BOOT_COMPLETED flg=0x89000010 (has extras) } to org.codeaurora.snapcam/com.android.camera.DisableCameraReceiver requires android.permission.RECEIVE_BOOT_COMPLETED due to sender null (uid 1000)
06-23 02:17:44.477 1694 3067 I ActivityManager: Finished processing BOOT_COMPLETED for u0
06-23 02:17:44.477 1694 3067 I BroadcastQueue: BOOT_COMPLETED_BROADCAST_COMPLETION_LATENCY_REPORTED action:android.intent.action.BOOT_COMPLETED dispatchLatency:600 completeLatency:3831 dispatchRealLatency:600 completeRealLatency:3831 receiversSize:56 userId:0 userType:android.os.usertype.full.SYSTEM
06-23 02:17:44.495 1694 3067 I ActivityManager: Process com.quicinc.voice.activation (pid 4925) has died: fg SVC
06-23 02:17:44.495 1694 3067 I am_proc_died: [0,4925,com.quicinc.voice.activation,0,10]
06-23 02:17:44.496 1694 3067 I am_uid_stopped: 10088
06-23 02:17:44.659 1694 1977 W ContextImpl: Calling a method in the system process without a qualified user: android.app.ContextImpl.sendStickyBroadcast:1586 com.android.server.ConnectivityService.sendStickyBroadcast:3081 com.android.server.ConnectivityService.sendGeneralBroadcast:3054 com.android.server.ConnectivityService.sendInetConditionBroadcast:3031 com.android.server.ConnectivityService.updateInetCondition:9253
06-23 02:17:44.661 1694 1694 I sysui_multi_action: [757,128,758,5,759,8,793,293703531,794,0,795,293703531,796,17303299,797,com.android.wifi,806,android,857,NETWORK_AVAILABLE,858,2,947,0,1500,293703330,1688,1]
06-23 02:17:44.661 1694 1694 I notification_canceled: [0|android|17303299|com.android.wifi|1000,8,293703531,293703531,0,-1,-1,NULL]
06-23 02:17:44.661 1694 1694 D CompatibilityChangeReporter: Compat change id reported: 175319604; UID 1000; state: ENABLED
06-23 02:17:44.661 1694 1694 D CompatibilityChangeReporter: Compat change id reported: 175319604; UID 1000; state: DISABLED
06-23 02:17:44.661 1694 1694 D CompatibilityChangeReporter: Compat change id reported: 195579280; UID 1000; state: ENABLED
06-23 02:17:44.662 1694 1694 D CompatibilityChangeReporter: Compat change id reported: 195579280; UID 1000; state: DISABLED
06-23 02:17:44.662 1694 1694 D CompatibilityChangeReporter: Compat change id reported: 175319604; UID 10110; state: ENABLED
06-23 02:17:44.662 1694 1694 D CompatibilityChangeReporter: Compat change id reported: 195579280; UID 10110; state: ENABLED
06-23 02:17:44.662 1694 1694 D CompatibilityChangeReporter: Compat change id reported: 175319604; UID 10139; state: ENABLED
06-23 02:17:44.662 1694 1694 D CompatibilityChangeReporter: Compat change id reported: 195579280; UID 10139; state: DISABLED
