01-01 00:09:41.885 586 586 W qcom_q6v5_pas 8300000.remoteproc-cdsp: Direct firmware load for cdsp.b08 failed with error -2
01-01 00:09:41.885 586 586 W qcom_q6v5_pas 8300000.remoteproc-cdsp: Falling back to sysfs fallback for: cdsp.b08
01-01 00:09:41.889 87 87 W qcom_q6v5_pas 17300000.remoteproc-adsp: Direct firmware load for adsp.b06 failed with error -2
01-01 00:09:41.889 87 87 W qcom_q6v5_pas 17300000.remoteproc-adsp: Falling back to sysfs fallback for: adsp.b06
01-01 00:09:41.890 586 586 W qcom_q6v5_pas 8300000.remoteproc-cdsp: Direct firmware load for cdsp.b09 failed with error -2
01-01 00:09:41.890 586 586 W qcom_q6v5_pas 8300000.remoteproc-cdsp: Falling back to sysfs fallback for: cdsp.b09
01-01 00:09:41.891 87 87 W qcom_q6v5_pas 17300000.remoteproc-adsp: Direct firmware load for adsp.b07 failed with error -2
01-01 00:09:41.891 87 87 W qcom_q6v5_pas 17300000.remoteproc-adsp: Falling back to sysfs fallback for: adsp.b07
01-01 00:09:41.892 586 586 W qcom_q6v5_pas 8300000.remoteproc-cdsp: Direct firmware load for cdsp.b11 failed with error -2
01-01 00:09:41.892 586 586 W qcom_q6v5_pas 8300000.remoteproc-cdsp: Falling back to sysfs fallback for: cdsp.b11
01-01 00:09:41.893 87 87 W qcom_q6v5_pas 17300000.remoteproc-adsp: Direct firmware load for adsp.b08 failed with error -2
01-01 00:09:41.893 87 87 W qcom_q6v5_pas 17300000.remoteproc-adsp: Falling back to sysfs fallback for: adsp.b08
01-01 00:09:41.907 87 87 W qcom_q6v5_pas 17300000.remoteproc-adsp: Direct firmware load for adsp.b09 failed with error -2
01-01 00:09:41.907 87 87 W qcom_q6v5_pas 17300000.remoteproc-adsp: Falling back to sysfs fallback for: adsp.b09
01-01 00:09:41.910 87 87 W qcom_q6v5_pas 17300000.remoteproc-adsp: Direct firmware load for adsp.b10 failed with error -2
01-01 00:09:41.910 87 87 W qcom_q6v5_pas 17300000.remoteproc-adsp: Falling back to sysfs fallback for: adsp.b10
01-01 00:09:41.913 87 87 W qcom_q6v5_pas 17300000.remoteproc-adsp: Direct firmware load for adsp.b11 failed with error -2
01-01 00:09:41.913 87 87 W qcom_q6v5_pas 17300000.remoteproc-adsp: Falling back to sysfs fallback for: adsp.b11
01-01 00:09:41.928 87 87 W qcom_q6v5_pas 17300000.remoteproc-adsp: Direct firmware load for adsp.b12 failed with error -2
01-01 00:09:41.928 87 87 W qcom_q6v5_pas 17300000.remoteproc-adsp: Falling back to sysfs fallback for: adsp.b12
01-01 00:09:41.932 87 87 W qcom_q6v5_pas 17300000.remoteproc-adsp: Direct firmware load for adsp.b13 failed with error -2
01-01 00:09:41.932 87 87 W qcom_q6v5_pas 17300000.remoteproc-adsp: Falling back to sysfs fallback for: adsp.b13
01-01 00:09:41.932 586 586 I adsprpc : fastrpc_restart_notifier_cb: cdsp subsystem is up
01-01 00:09:41.932 586 586 I remoteproc1: remote processor 8300000.remoteproc-cdsp is now up
01-01 00:09:41.933 248 248 I qcom_smd_qrtr_probe: SMD QRTR driver probed
01-01 00:09:41.933 242 242 I coresight-remote-etm soc: turing_etm0: Connection established between QMI handle and 13 service
01-01 00:09:41.933 87 87 W qcom_q6v5_pas 17300000.remoteproc-adsp: Direct firmware load for adsp.b14 failed with error -2
01-01 00:09:41.933 87 87 W qcom_q6v5_pas 17300000.remoteproc-adsp: Falling back to sysfs fallback for: adsp.b14
01-01 00:09:41.934 199 199 I spss_utils [spss_parse_dt]: iar_buf_addr [0x8be00000].
01-01 00:09:41.934 199 199 W msm-cdc-pinctrl soc: msm_cdc_pinctrl_quin: deferred probe timeout, ignoring dependency
01-01 00:09:41.934 199 199 W msm-cdc-pinctrl soc: msm_cdc_pinctrl_sen: deferred probe timeout, ignoring dependency
01-01 00:09:41.937 87 87 W qcom_q6v5_pas 17300000.remoteproc-adsp: Direct firmware load for adsp.b15 failed with error -2
01-01 00:09:41.937 87 87 W qcom_q6v5_pas 17300000.remoteproc-adsp: Falling back to sysfs fallback for: adsp.b15
01-01 00:09:41.937 199 199 I spss_utils [spss_parse_dt]: iar_buf_addr [0x8be00000].
01-01 00:09:41.937 199 199 W msm-cdc-pinctrl soc: msm_cdc_pinctrl_quin: deferred probe timeout, ignoring dependency
01-01 00:09:41.938 199 199 W msm-cdc-pinctrl soc: msm_cdc_pinctrl_sen: deferred probe timeout, ignoring dependency
01-01 00:09:41.938 248 248 I : Info: adsprpc (101): kworker/0:2H: fastrpc_rpmsg_probe: opened rpmsg channel for cdsp
01-01 00:09:41.938 199 199 I spss_utils [spss_parse_dt]: iar_buf_addr [0x8be00000].
01-01 00:09:41.938 199 199 W msm-cdc-pinctrl soc: msm_cdc_pinctrl_quin: deferred probe timeout, ignoring dependency
01-01 00:09:41.938 199 199 W msm-cdc-pinctrl soc: msm_cdc_pinctrl_sen: deferred probe timeout, ignoring dependency
01-01 00:09:41.939 199 199 I spss_utils [spss_parse_dt]: iar_buf_addr [0x8be00000].
01-01 00:09:41.939 199 199 W msm-cdc-pinctrl soc: msm_cdc_pinctrl_quin: deferred probe timeout, ignoring dependency
01-01 00:09:41.939 631 631 I msm_cvp : err: cvp_dsp_send_hfi_queue: DSP HFI queue released
01-01 00:09:41.939 199 199 W msm-cdc-pinctrl soc: msm_cdc_pinctrl_sen: deferred probe timeout, ignoring dependency
01-01 00:09:41.940 199 199 I spss_utils [spss_parse_dt]: iar_buf_addr [0x8be00000].
01-01 00:09:41.940 199 199 W msm-cdc-pinctrl soc: msm_cdc_pinctrl_quin: deferred probe timeout, ignoring dependency
01-01 00:09:41.943 87 87 W qcom_q6v5_pas 17300000.remoteproc-adsp: Direct firmware load for adsp.b16 failed with error -2
01-01 00:09:41.943 87 87 W qcom_q6v5_pas 17300000.remoteproc-adsp: Falling back to sysfs fallback for: adsp.b16
01-01 00:09:41.946 87 87 W qcom_q6v5_pas 17300000.remoteproc-adsp: Direct firmware load for adsp.b17 failed with error -2
01-01 00:09:41.946 87 87 W qcom_q6v5_pas 17300000.remoteproc-adsp: Falling back to sysfs fallback for: adsp.b17
01-01 00:09:41.950 87 87 W qcom_q6v5_pas 17300000.remoteproc-adsp: Direct firmware load for adsp.b18 failed with error -2
01-01 00:09:41.950 87 87 W qcom_q6v5_pas 17300000.remoteproc-adsp: Falling back to sysfs fallback for: adsp.b18
01-01 00:09:42.051 87 87 E qcom_q6v5_pas 8300000.remoteproc-cdsp: failed to receive adsp ssr after_powerup event. response result: 1
01-01 00:09:42.051 87 87 E qcom_q6v5_pas 8300000.remoteproc-cdsp: Retrying legacy EVENT_REQ
01-01 00:09:42.051 199 199 W msm-cdc-pinctrl soc: msm_cdc_pinctrl_sen: deferred probe timeout, ignoring dependency
01-01 00:09:42.052 87 87 I adsprpc : fastrpc_restart_notifier_cb: lpass subsystem is up
01-01 00:09:42.052 87 87 I remoteproc0: remote processor 17300000.remoteproc-adsp is now up
01-01 00:09:42.052 199 199 I spss_utils [spss_parse_dt]: iar_buf_addr [0x8be00000].
01-01 00:09:42.052 199 199 W msm-cdc-pinctrl soc: msm_cdc_pinctrl_quin: deferred probe timeout, ignoring dependency
01-01 00:09:42.052 199 199 W msm-cdc-pinctrl soc: msm_cdc_pinctrl_sen: deferred probe timeout, ignoring dependency
01-01 00:09:42.052 248 248 I qcom_smd_qrtr_probe: SMD QRTR driver probed
01-01 00:09:42.053 199 199 I spss_utils [spss_parse_dt]: iar_buf_addr [0x8be00000].
01-01 00:09:42.053 199 199 W msm-cdc-pinctrl soc: msm_cdc_pinctrl_quin: deferred probe timeout, ignoring dependency
01-01 00:09:42.053 199 199 W msm-cdc-pinctrl soc: msm_cdc_pinctrl_sen: deferred probe timeout, ignoring dependency
01-01 00:09:42.055 819 819 I coresight-remote-etm soc: audio_etm0: Connection established between QMI handle and 5 service
01-01 00:09:42.060 248 248 I : Info: adsprpc (101): kworker/0:2H: fastrpc_rpmsg_probe: opened rpmsg channel for lpass
01-01 00:09:42.060 199 199 I spss_utils [spss_parse_dt]: iar_buf_addr [0x8be00000].
01-01 00:09:42.060 199 199 W msm-cdc-pinctrl soc: msm_cdc_pinctrl_quin: deferred probe timeout, ignoring dependency
01-01 00:09:42.061 199 199 W msm-cdc-pinctrl soc: msm_cdc_pinctrl_sen: deferred probe timeout, ignoring dependency
01-01 00:09:42.061 248 248 I apr_tal_rpmsg 17300000.remoteproc-adsp: glink-edge.apr_audio_svc.-1.-1: apr_tal_rpmsg_probe: Channel[apr_audio_svc] state[Up]
01-01 00:09:42.062 199 199 I spss_utils [spss_parse_dt]: iar_buf_addr [0x8be00000].
01-01 00:09:42.062 199 199 W msm-cdc-pinctrl soc: msm_cdc_pinctrl_quin: deferred probe timeout, ignoring dependency
01-01 00:09:42.062 199 199 W msm-cdc-pinctrl soc: msm_cdc_pinctrl_sen: deferred probe timeout, ignoring dependency
01-01 00:09:42.121 390 390 I lt9611_read_device_id: [lt9611] id: 0x1704
01-01 00:09:42.277 486 486 I : wlan_hdd_state wlan major(471) initialized
01-01 00:09:42.284 102 102 I spss_utils [spss_parse_dt]: iar_buf_addr [0x8be00000].
01-01 00:09:42.285 102 102 W msm-cdc-pinctrl soc: msm_cdc_pinctrl_quin: deferred probe timeout, ignoring dependency
01-01 00:09:42.285 102 102 W msm-cdc-pinctrl soc: msm_cdc_pinctrl_sen: deferred probe timeout, ignoring dependency
01-01 00:09:42.286 102 102 I spss_utils [spss_parse_dt]: iar_buf_addr [0x8be00000].
01-01 00:09:42.299 102 102 I cnss : QMI WLFW service connected, state: 0x4c00011
01-01 00:09:42.382 390 390 I lt9611 revison: 0x5026
01-01 00:09:42.435 390 390 I lt9611_probe: [lt9611] lt9611 works, no need to upgrade FW
01-01 00:09:42.435 390 390 I : Registered IR keymap rc-cec
01-01 00:09:42.436 390 390 I rc0 : lt9611_cec as /devices/platform/soc/9c0000.qcom,qupv3_0_geni_se/994000.i2c/i2c-2/2-002b/rc/rc0
01-01 00:09:42.436 390 390 I input : lt9611_cec as /devices/platform/soc/9c0000.qcom,qupv3_0_geni_se/994000.i2c/i2c-2/2-002b/rc/rc0/input3
01-01 00:09:42.436 390 390 I lt9611_cec_adap_init: lt9611 CEC adapter registered successfully.
01-01 00:09:42.436 390 390 I lt9611_probe: lt9611 CEC initialize success.
01-01 00:09:42.436 390 390 I : [lt9611] lt9611_chr_create enter!
01-01 00:09:42.436 390 390 I : [lt9611] Major = 470,minor = 0
01-01 00:09:42.436 390 390 I : [lt9611] lt9611_probe ----
01-01 00:09:42.437 199 199 W msm-cdc-pinctrl soc: msm_cdc_pinctrl_quin: deferred probe timeout, ignoring dependency
01-01 00:09:42.438 199 199 W msm-cdc-pinctrl soc: msm_cdc_pinctrl_sen: deferred probe timeout, ignoring dependency
01-01 00:09:42.438 390 390 I : [8711] probe +++++
01-01 00:09:42.438 390 390 D of_get_named_gpiod_flags: parsed 'lt,rst-gpio' property of node '/soc/qcom,qupv3_0_geni_se@9c0000/i2c@994000/lt,lt8711@29[0]' - status (0)
01-01 00:09:42.438 390 390 I : [8711] rst_gpio = 337
01-01 00:09:42.438 390 390 D of_get_named_gpiod_flags: can't parse 'lt,irq-gpio' property of node '/soc/qcom,qupv3_0_geni_se@9c0000/i2c@994000/lt,lt8711@29[0]'
01-01 00:09:42.438 390 390 I : [8711] irq gpio not specified
01-01 00:09:42.438 390 390 D of_get_named_gpiod_flags: parsed 'lt,vdd-en-gpio' property of node '/soc/qcom,qupv3_0_geni_se@9c0000/i2c@994000/lt,lt8711@29[0]' - status (0)
01-01 00:09:42.438 390 390 I : [8711] vdd_en_gpio = 444
01-01 00:09:42.438 390 390 D of_get_named_gpiod_flags: parsed 'lt,vddio-en-gpio' property of node '/soc/qcom,qupv3_0_geni_se@9c0000/i2c@994000/lt,lt8711@29[0]' - status (0)
01-01 00:09:42.438 390 390 I : [8711] vddio_en_gpio = 443
01-01 00:09:42.439 390 390 E : lt8711 reset operate.
01-01 00:09:42.439 199 199 I spss_utils [spss_parse_dt]: iar_buf_addr [0x8be00000].
01-01 00:09:42.504 370 370 I r8168 0002: 01:00.0: Adding to iommu group 11
01-01 00:09:42.504 370 370 I : r8168 Gigabit Ethernet driver 8.049.02-NAPI loaded
01-01 00:09:42.504 370 370 I r8168 0002: 01:00.0: enabling device (0000 -> 0002)
01-01 00:09:42.504 370 370 I r8168 : Realtek PCIe GbE Family Controller mcfg = 0029
01-01 00:09:42.521 370 370 I r8168 : This product is covered by one or more of the following patents: US6,570,884, US6,115,776, and US6,327,625.
01-01 00:09:42.523 370 370 I : r8168 Copyright (C) 2021 Realtek NIC software team
01-01 00:09:42.523 370 370 I : This program comes with ABSOLUTELY NO WARRANTY; for details, please see .
01-01 00:09:42.523 370 370 I : This is free software, and you are welcome to redistribute it under certain conditions; see .
01-01 00:09:42.523 370 370 I r8168 0001: 01:00.0: Adding to iommu group 31
01-01 00:09:42.524 199 199 W msm-cdc-pinctrl soc: msm_cdc_pinctrl_quin: deferred probe timeout, ignoring dependency
01-01 00:09:42.524 370 370 I : r8168 Gigabit Ethernet driver 8.049.02-NAPI loaded
01-01 00:09:42.524 370 370 I r8168 0001: 01:00.0: enabling device (0000 -> 0002)
01-01 00:09:42.524 370 370 I r8168 : Realtek PCIe GbE Family Controller mcfg = 0029
01-01 00:09:42.524 199 199 W msm-cdc-pinctrl soc: msm_cdc_pinctrl_sen: deferred probe timeout, ignoring dependency
01-01 00:09:42.525 199 199 I spss_utils [spss_parse_dt]: iar_buf_addr [0x8be00000].
01-01 00:09:42.541 370 370 I r8168 : This product is covered by one or more of the following patents: US6,570,884, US6,115,776, and US6,327,625.
01-01 00:09:42.543 370 370 I : r8168 Copyright (C) 2021 Realtek NIC software team
01-01 00:09:42.543 370 370 I : This program comes with ABSOLUTELY NO WARRANTY; for details, please see .
01-01 00:09:42.543 370 370 I : This is free software, and you are welcome to redistribute it under certain conditions; see .
01-01 00:09:42.543 199 199 W msm-cdc-pinctrl soc: msm_cdc_pinctrl_quin: deferred probe timeout, ignoring dependency
01-01 00:09:42.543 199 199 W msm-cdc-pinctrl soc: msm_cdc_pinctrl_sen: deferred probe timeout, ignoring dependency
01-01 00:09:42.544 199 199 I spss_utils [spss_parse_dt]: iar_buf_addr [0x8be00000].
01-01 00:09:42.563 10 10 I lt9611_helper_read_edid: Reading edid.
01-01 00:09:42.592 10 10 I lt9611_get_edid_block: get edid block: block=0, len=128
01-01 00:09:42.592 10 10 I lt9611_get_edid_block: get edid block: block=1, len=128
01-01 00:09:42.592 10 10 I : [bdg] expand connector->name is NULL
01-01 00:09:42.645 390 390 I [8711] id: 0x1607
01-01 00:09:42.648 390 390 E LT8711 revison: 0x010a
01-01 00:09:42.703 390 390 E : [8711] LT8711 works, no need to upgrade FW
01-01 00:09:42.703 390 390 I : [8711] probe ----
01-01 00:09:42.703 390 390 E : lt8711 reset operate.
01-01 00:09:42.823 544 544 I ad2435w_i2c 1-0068: ad2435w_check_work set reset high
01-01 00:09:42.843 544 544 E ad2435w_i2c 1-0068: ad2435w_check_work wait for power end
01-01 00:09:42.843 544 544 I ad2435w_i2c 1-0068: a2b_bus_init enter
01-01 00:09:42.844 544 544 I ad2435w_i2c 1-0068: a2b_bus_init 1 BUS node founded raw_data = 0xe0 INT 0x 0 0xff 0x 0
01-01 00:09:42.912 390 390 I i2c_geni 994000.i2c: I2C probed
01-01 00:09:42.912 390 390 I i2c_geni a94000.i2c: Bus frequency is set to 100000Hz.
01-01 00:09:42.913 199 199 W msm-cdc-pinctrl soc: msm_cdc_pinctrl_quin: deferred probe timeout, ignoring dependency
01-01 00:09:42.913 199 199 W msm-cdc-pinctrl soc: msm_cdc_pinctrl_sen: deferred probe timeout, ignoring dependency
01-01 00:09:42.914 390 390 I i2c 3-002f: Fixing up cyclic dependency with soc:qcom,dsi-display-secondary
01-01 00:09:42.915 390 390 D gpiochip0: (f000000.pinctrl): allocate IRQ 531, hwirq 1
01-01 00:09:42.915 390 390 D gpiochip0: (f000000.pinctrl): found parent hwirq 4294967295
01-01 00:09:42.915 390 390 D gpiochip0: (f000000.pinctrl): alloc_irqs_parent for 531 parent hwirq -1
01-01 00:09:42.915 390 390 I irq : IRQ531: trimming hierarchy from :soc:interrupt-controller@b220000-9
01-01 00:09:42.915 390 390 I : [lt9611_1] lt9611_1_probe ++++
01-01 00:09:42.915 390 390 I : [lt9611_1] ->preferred-mode = 1920x1080
01-01 00:09:42.915 390 390 D of_get_named_gpiod_flags: parsed 'lt,irq-gpio' property of node '/soc/qcom,qupv3_1_geni_se@ac0000/i2c@a94000/lt,lt9611_1@2f[0]' - status (0)
01-01 00:09:42.915 390 390 I : [lt9611_1] irq_gpio=332
01-01 00:09:42.915 390 390 D of_get_named_gpiod_flags: parsed 'lt,reset-gpio' property of node '/soc/qcom,qupv3_1_geni_se@ac0000/i2c@a94000/lt,lt9611_1@2f[0]' - status (0)
01-01 00:09:42.915 390 390 I : [lt9611_1] reset_gpio=345
01-01 00:09:42.915 390 390 D of_get_named_gpiod_flags: can't parse 'lt,hdmi-ps-gpio' property of node '/soc/qcom,qupv3_1_geni_se@ac0000/i2c@a94000/lt,lt9611_1@2f[0]'
01-01 00:09:42.915 390 390 I : [lt9611_1] hdmi ps gpio not specified
01-01 00:09:42.915 390 390 D of_get_named_gpiod_flags: can't parse 'lt,hdmi-en-gpio' property of node '/soc/qcom,qupv3_1_geni_se@ac0000/i2c@a94000/lt,lt9611_1@2f[0]'
01-01 00:09:42.915 390 390 I : [lt9611_1] hdmi en gpio not specified
01-01 00:09:42.915 390 390 D of_get_named_gpiod_flags: parsed 'lt,hdmi-3p3-en' property of node '/soc/qcom,qupv3_1_geni_se@ac0000/i2c@a94000/lt,lt9611_1@2f[0]' - status (0)
01-01 00:09:42.915 390 390 D of_get_named_gpiod_flags: parsed 'lt,hdmi-1p2-en' property of node '/soc/qcom,qupv3_1_geni_se@ac0000/i2c@a94000/lt,lt9611_1@2f[0]' - status (0)
01-01 00:09:42.915 390 390 I : [lt9611_1] ac_mode=0
01-01 00:09:42.915 390 390 I : [lt9611_1] non_pluggable = 1
01-01 00:09:42.915 390 390 I : [lt9611_1] audio support = 0
01-01 00:09:42.915 390 390 I : [lt9611_1] HW cec support 1
01-01 00:09:42.916 199 199 D of_get_named_gpiod_flags: parsed 'qcom,platform-te-gpio' property of node '/soc/qcom,dsi-display-secondary[0]' - status (0)
01-01 00:09:42.916 390 390 I : [lt9611_1] vreg found. count=1
01-01 00:09:42.916 390 390 I : [lt9611_1] vdd min=3300000, max=3300000, enable=857000, disable=0
01-01 00:09:42.916 199 199 W [drm] [msm-dsi-warn]: [ext video mode dsi bridge 1080p 1] fallback to default te-pin-select
01-01 00:09:42.916 199 199 D of_get_named_gpiod_flags: can't parse 'qcom,platform-sec-reset-gpio' property of node '/soc/qcom,mdss_mdp@ae00000/qcom,mdss_dsi_ext_bridge_1080p_1[0]'
01-01 00:09:42.916 199 199 D of_get_named_gpiod_flags: can't parse 'qcom,5v-boost-gpio' property of node '/soc/qcom,mdss_mdp@ae00000/qcom,mdss_dsi_ext_bridge_1080p_1[0]'
01-01 00:09:42.916 199 199 D of_get_named_gpiod_flags: can't parse 'qcom,platform-en-gpio' property of node '/soc/qcom,mdss_mdp@ae00000/qcom,mdss_dsi_ext_bridge_1080p_1[0]'
01-01 00:09:42.916 199 199 D of_get_named_gpiod_flags: can't parse 'qcom,panel-sec-mode-gpio' property of node '/soc/qcom,mdss_mdp@ae00000/qcom,mdss_dsi_ext_bridge_1080p_1[0]'
01-01 00:09:42.916 199 199 D of_get_named_gpiod_flags: can't parse 'qcom,mdss-dsi-panel-test-pin' property of node '/soc/qcom,mdss_mdp@ae00000/qcom,mdss_dsi_ext_bridge_1080p_1[0]'
01-01 00:09:42.916 199 199 D of_get_named_gpiod_flags: can't parse 'qcom,platform-bklight-en-gpio' property of node '/soc/qcom,mdss_mdp@ae00000/qcom,mdss_dsi_ext_bridge_1080p_1[0]'
01-01 00:09:42.916 390 390 I : [lt9611_1] cont_splash_en is 0
01-01 00:09:42.948 544 544 I ad2435w_i2c 1-0068: a2b_bus_init 2 BUS node founded raw_data = 0xb1 INT 0x 0 0x18 0x 0
01-01 00:09:42.948 544 544 I ad2435w_i2c 1-0068: discovery_done
01-01 00:09:42.981 544 544 I ad2435w_i2c 1-0068: a2b_bus_init Max Node name is [Slave1]
01-01 00:09:42.981 544 544 I ad2435w_i2c 1-0068: a2b_bus_init exit Ojbk
01-01 00:09:42.981 544 544 E ad2435w_i2c 1-0068: ad2435w_check_work a2b bus init successful
01-01 00:09:42.981 544 544 I report_mic_event: 2
01-01 00:09:42.981 544 544 E ad2435w_i2c 1-0068: ad2435w_check_work: work end
01-01 00:09:43.593 390 390 I lt9611_1_read_device_id: [lt9611_1] id: 0x1704
01-01 00:09:43.854 390 390 I lt9611_1_get_version: l9611_1 revison: 0x5026
01-01 00:09:43.907 390 390 I lt9611_1_probe: lt9611_1 works, no need to upgrade FW
01-01 00:09:43.907 390 390 I : Registered IR keymap rc-cec
01-01 00:09:43.908 390 390 I rc1 : lt9611_1_cec as /devices/platform/soc/ac0000.qcom,qupv3_1_geni_se/a94000.i2c/i2c-3/3-002f/rc/rc1
01-01 00:09:43.908 390 390 I input : lt9611_1_cec as /devices/platform/soc/ac0000.qcom,qupv3_1_geni_se/a94000.i2c/i2c-3/3-002f/rc/rc1/input4
01-01 00:09:43.908 390 390 I lt9611_1_cec_adap_init: lt9611_1 CEC adapter registered successfully.
01-01 00:09:43.908 390 390 I lt9611_1_probe: lt9611_1 CEC initialize success.
01-01 00:09:43.908 390 390 I : [lt9611_1] lt9611_1_chr_create enter!
01-01 00:09:43.908 390 390 I : [lt9611_1] Major = 469,minor = 0
01-01 00:09:43.908 390 390 I : [lt9611_1] lt9611_1_probe ----
01-01 00:09:43.908 390 390 I i2c_geni a94000.i2c: I2C probed
01-01 00:09:43.909 390 390 I i2c_geni 884000.i2c: Bus frequency is set to 400000Hz.
01-01 00:09:43.910 390 390 E ssusb-redriver 5-001c: writing reg 0x00 failure
01-01 00:09:43.910 390 390 D of_get_named_gpiod_flags: can't parse 'gpios' property of node '/soc/qcom,qupv3_2_geni_se@8c0000/i2c@884000/redriver@1c[0]'
01-01 00:09:43.910 390 390 E ssusb-redriver 5-001c: Failed to get gpio
01-01 00:09:43.912 390 390 D of_get_named_gpiod_flags: parsed 'gpios' property of node '/soc/qcom,qupv3_2_geni_se@8c0000/i2c@884000/qcom,cam-sensor@56[0]' - status (0)
01-01 00:09:43.912 390 390 D of_get_named_gpiod_flags: parsed 'gpios' property of node '/soc/qcom,qupv3_2_geni_se@8c0000/i2c@884000/qcom,cam-sensor@56[1]' - status (0)
01-01 00:09:43.912 390 390 D of_get_named_gpiod_flags: parsed 'gpios' property of node '/soc/qcom,qupv3_2_geni_se@8c0000/i2c@884000/qcom,cam-sensor@56[2]' - status (0)
01-01 00:09:43.912 390 390 D of_get_named_gpiod_flags: parsed 'gpios' property of node '/soc/qcom,qupv3_2_geni_se@8c0000/i2c@884000/qcom,cam-sensor@56[3]' - status (0)
01-01 00:09:43.913 390 390 E videodev: __video_register_device:[debug_v4l2] nr = 20, =name is cam-sensor-driver
01-01 00:09:43.913 390 390 I i2c_geni 884000.i2c: I2C probed
01-01 00:09:43.913 390 390 I cam_cc-sm8250 ad00000.clock-controller: sync-state
01-01 00:09:43.915 573 573 E qcom,qpnp-smb5 c440000.qcom,spmi: qcom,pm8150b@2:qcom,qpnp-smb5: pl_input_suspend channel unavailable, -19
01-01 00:09:43.915 573 573 E qcom,qpnp-smb5 c440000.qcom,spmi: qcom,pm8150b@2:qcom,qpnp-smb5: Failed to get channels, -19
01-01 00:09:43.922 260 260 W printk : vendor_modprobe: 190 output lines suppressed due to ratelimiting
01-01 00:09:43.975 864 864 D vdc : Waited 0ms for vold
01-01 00:09:43.938 849 849 I keystore2: keystore2_main: Keystore2 is starting.
01-01 00:09:43.938 849 849 I keystore2: keystore2_main: Setting up sqlite logging for keystore2
01-01 00:09:43.938 849 849 W keystore2: keystore2::metrics_store: In update_keystore_crash_sysprop: Failed to read the existing system property due to: In read_keystore_crash_count: Property not set..Therefore, keystore crashes will not be logged.
01-01 00:09:43.939 849 849 I keystore2: keystore2_main: Starting thread pool now.
01-01 00:09:43.942 849 849 I keystore2: keystore2::globals: KeyMint device is current version (Some(200)) for security level: SecurityLevel(1)
01-01 00:09:43.982 859 859 E : Error: adsprpc (4513): sscrpcd: fastrpc_get_info_from_dsp: could not obtain dsp information, err val -19
01-01 00:09:43.946 849 866 I keystore2: keystore2::shared_secret_negotiation: Shared secret negotiation concluded successfully.
01-01 00:09:43.946 849 866 I keystore2: keystore2::shared_secret_negotiation: No StrongBox Keymint available, so no RoT transfer
01-01 00:09:43.946 849 849 I keystore2: keystore2_main: Successfully registered Keystore 2.0 service.
01-01 00:09:43.946 849 849 I keystore2: keystore2_main: Joining thread pool now.
01-01 00:09:43.955 760 760 D vold : fscrypt_mount_metadata_encrypted: /data encrypt: 0 format: 0 with null
01-01 00:09:43.955 760 760 D vold : metadata_key_dir/key: /metadata/vold/metadata_encryption/key
01-01 00:09:43.956 760 760 D vold : Key exists, using: /metadata/vold/metadata_encryption/key
01-01 00:09:43.957 849 849 I auditd : SELinux: Loaded keystore2_key_contexts from:
01-01 00:09:43.957 849 849 I auditd : /system/etc/selinux/plat_keystore2_key_contexts
01-01 00:09:43.996 865 865 D vdc : Waited 0ms for vold
01-01 00:09:43.967 760 760 D vold : Mounting metadata-encrypted filesystem:/data
01-01 00:09:43.971 760 760 I vold : [libfs_mgr]Running /system/bin/fsck.f2fs -a -c 10000 --debug-cache /dev/block/dm-14
01-01 00:09:44.015 8 8 I lt9611_helper_read_edid: Reading edid.
01-01 00:09:44.028 760 760 I fsck.f2fs: Info: Fix the reported corruption.
01-01 00:09:44.029 760 760 I fsck.f2fs: Info: not exist /proc/version!
01-01 00:09:44.029 760 760 I fsck.f2fs: Info: Segments per section = 1
01-01 00:09:44.029 760 760 I fsck.f2fs: Info: Sections per zone = 1
01-01 00:09:44.029 760 760 I fsck.f2fs: Info: sector size = 4096
01-01 00:09:44.029 760 760 I fsck.f2fs: Info: total sectors = 27295123 (106621 MB)
01-01 00:09:44.029 760 760 I fsck.f2fs: Info: MKFS version
01-01 00:09:44.029 760 760 I fsck.f2fs: "4.4.0-210-generic"
01-01 00:09:44.029 760 760 I fsck.f2fs: Info: FSCK version
01-01 00:09:44.029 760 760 I fsck.f2fs: from "5.15.149-android13-8-gf487541b81d6-dirty-ab3744"
01-01 00:09:44.044 8 8 I lt9611_get_edid_block: get edid block: block=0, len=128
01-01 00:09:44.044 8 8 I lt9611_get_edid_block: get edid block: block=1, len=128
01-01 00:09:44.044 8 8 I : [bdg] expand connector->name is NULL
01-01 00:09:44.105 760 760 I vold : [libfs_mgr]__mount(source=/dev/block/dm-14,target=/data,type=f2fs)=0: Success
01-01 00:09:44.105 760 760 D vold : Mounted /data
01-01 00:09:44.146 760 760 I F2FS-fs (dm-14): Mounted with checkpoint version = 4e72771c
01-01 00:09:44.132 760 760 I Checkpoint: cp_prepareCheckpoint called
01-01 00:09:44.173 877 877 D vdc : Waited 0ms for vold
01-01 00:09:44.154 760 760 I vold : fscrypt_initialize_systemwide_keys
01-01 00:09:44.154 760 760 D vold : Key exists, using: /data/unencrypted/key
01-01 00:09:44.195 878 878 D vdc : Waited 0ms for vold
01-01 00:09:44.163 760 760 D vold : Detected support for FS_IOC_ADD_ENCRYPTION_KEY
01-01 00:09:44.163 760 760 D vold : Installed fscrypt key with ref 6b467b6fb7c12287 to /data
01-01 00:09:44.163 760 760 D vold : Added fscrypt-provisioning key for 6b467b6fb7c12287 to session keyring
01-01 00:09:44.164 760 760 I vold : Wrote system DE key reference to:/data/unencrypted/ref
01-01 00:09:44.164 760 760 D vold : Generating wrapped storage key
01-01 00:09:44.205 752 752 I fscrypt : AES-256-CTS-CBC using implementation "cts-cbc-aes-ce"
01-01 00:09:44.173 760 760 D vold : Installed fscrypt key with ref ca0b4f5ba1d545fc to /data
01-01 00:09:44.173 760 760 D vold : Added fscrypt-provisioning key for ca0b4f5ba1d545fc to session keyring
01-01 00:09:44.174 760 760 I vold : Wrote per boot key reference to:/data/unencrypted/per_boot_ref
01-01 00:09:44.198 760 760 I incfs : Initial API level of the device: 29
01-01 00:09:44.198 760 760 I incfs : ro.incremental.enable: 1
01-01 00:09:44.198 760 760 I incfs : isFsAvailable: true
01-01 00:09:44.198 760 760 I incfs : isFsAvailable: true
01-01 00:09:44.198 760 760 I incfs : IncFs_Features: v2
01-01 00:09:44.238 880 880 D vdc : Waited 0ms for vold
01-01 00:09:44.199 849 849 I keystore2: keystore2::maintenance: In early_boot_ended.
01-01 00:09:44.208 849 849 I keystore2: keystore2::globals: Touching Keystore 2.0 database for this first time since boot.
01-01 00:09:44.208 849 849 I keystore2: keystore2::globals: Calling cleanup leftovers.
01-01 00:09:44.217 849 849 I keystore2: keystore2::super_key: Starting boot level watcher.
01-01 00:09:44.217 849 882 I keystore2: keystore2::super_key: Read keystore.boot_level value 30
01-01 00:09:44.217 849 882 I keystore2: keystore2::super_key: Read keystore.boot_level value 30
01-01 00:09:44.217 849 849 I keystore2: keystore2::maintenance: Call to earlyBootEnded succeeded for security level TRUSTED_ENVIRONMENT.
01-01 00:09:44.218 849 849 E keystore2: keystore2::maintenance: Call to earlyBootEnded failed for security level STRONGBOX: In call_with_watchdog: getting keymint device.
01-01 00:09:44.218 849 849 E keystore2: keystore2::error: In call_with_watchdog: getting keymint device
01-01 00:09:44.218 849 849 E keystore2:
01-01 00:09:44.218 849 849 E keystore2: Caused by:
01-01 00:09:44.218 849 849 E keystore2: 0: In get_keymint_device.
01-01 00:09:44.218 849 849 E keystore2: 1: In connect_keymint: Trying to get Legacy wrapper.
01-01 00:09:44.218 849 849 E keystore2: 2: Error::Km(ErrorCode(-68))
01-01 00:09:44.218 760 760 E vold : keystore2 Keystore earlyBootEnded returned service specific error: -68
01-01 00:09:44.259 760 760 E vold : keystore2 Keystore earlyBootEnded returned service specific error: -68
01-01 00:09:44.285 709 709 I logd : logd reinit
01-01 00:09:44.286 709 709 E logd : FrameworkListener: read() failed (Connection reset by peer)
01-01 00:09:44.289 884 884 I apexd : This device does not support updatable APEX. Exiting
01-01 00:09:44.289 884 884 I apexd : Marking APEXd as activated
01-01 00:09:44.350 760 760 D vold : fscrypt_init_user0
01-01 00:09:44.350 760 760 D vold : Preparing: /data/misc/vold/user_keys
01-01 00:09:44.350 760 760 D vold : Preparing: /data/misc/vold/user_keys/ce
01-01 00:09:44.351 760 760 D vold : Preparing: /data/misc/vold/user_keys/de
01-01 00:09:44.391 889 889 D vdc : Waited 0ms for vold
01-01 00:09:44.361 760 760 D vold : Installed fscrypt key with ref 7f40f8977d19ece8 to /data
01-01 00:09:44.361 760 760 D vold : Added fscrypt-provisioning key for 7f40f8977d19ece8 to session keyring
01-01 00:09:44.361 760 760 D vold : Installed de key for user 0
01-01 00:09:44.361 760 760 D vold : fscrypt_prepare_user_storage for volume null, user 0, serial 0, flags 1
01-01 00:09:44.361 760 760 D vold : Preparing: /data/system/users/0
01-01 00:09:44.361 760 760 D vold : Preparing: /data/misc/profiles/cur/0
01-01 00:09:44.362 760 760 D vold : Preparing: /data/system_de/0
01-01 00:09:44.362 760 760 D vold : Preparing: /data/vendor_de/0
01-01 00:09:44.362 760 760 D vold : Preparing: /data/misc_de/0
01-01 00:09:44.362 760 760 D vold : Preparing: /data/user_de/0
01-01 00:09:44.362 760 760 I vold : Verified that /data/system_de/0 has the encryption policy 7f40f8977d19ece8 v1 modes 127/4 flags 0x0
01-01 00:09:44.362 760 760 I vold : Verified that /data/vendor_de/0 has the encryption policy 7f40f8977d19ece8 v1 modes 127/4 flags 0x0
01-01 00:09:44.362 760 760 I vold : Verified that /data/misc_de/0 has the encryption policy 7f40f8977d19ece8 v1 modes 127/4 flags 0x0
01-01 00:09:44.362 760 760 I vold : Verified that /data/user_de/0 has the encryption policy 7f40f8977d19ece8 v1 modes 127/4 flags 0x0
01-01 00:09:44.362 760 760 D vold : /system/bin/vold_prepare_subdirs
01-01 00:09:44.362 760 760 D vold : prepare
01-01 00:09:44.362 760 760 D vold :
01-01 00:09:44.362 760 760 D vold : 0
01-01 00:09:44.362 760 760 D vold : 1
01-01 00:09:44.468 893 893 I odsign : Device doesn't support updatable APEX, exiting.
01-01 00:09:44.487 849 882 I keystore2: keystore2::super_key: keystore.boot_level 1000000000 hits maximum 1000000000, finishing.
01-01 00:09:44.552 895 895 I apexd : This device does not support updatable APEX. Exiting
01-01 00:09:44.552 895 895 I apexd : Marking APEXd as ready
01-01 00:09:44.605 244 244 I : Mass Storage Function, version: 2009/09/11
01-01 00:09:44.605 244 244 I LUN : removable file: (no medium)
01-01 00:09:44.609 244 244 I : file system registered
01-01 00:09:44.619 244 244 W : using random self ethernet address
01-01 00:09:44.619 244 244 W : using random host ethernet address
01-01 00:09:44.936 199 199 I msm_drm ae00000.qcom,mdss_mdp: bound soc:qcom,smmu_sde_unsec_cb (ops msm_smmu_comp_ops [msm_drm])
01-01 00:09:44.936 199 199 I msm_drm ae00000.qcom,mdss_mdp: bound soc:qcom,smmu_sde_sec_cb (ops msm_smmu_comp_ops [msm_drm])
01-01 00:09:44.937 199 199 I msm_drm ae00000.qcom,mdss_mdp: bound soc:qcom,wb-display@0 (ops sde_wb_comp_ops [msm_drm])
01-01 00:09:44.939 199 199 I [drm:dsi_display_bind [msm_drm]] [msm-dsi-info]: Successfully bind display panel 'qcom,mdss_dsi_ext_bridge_1080p '
01-01 00:09:44.939 199 199 I msm_drm ae00000.qcom,mdss_mdp: bound soc:qcom,dsi-display-primary (ops dsi_display_comp_ops [msm_drm])
01-01 00:09:44.940 199 199 I [drm:dsi_display_bind [msm_drm]] [msm-dsi-info]: Successfully bind display panel 'qcom,mdss_dsi_ext_bridge_1080p_1 '
01-01 00:09:44.941 199 199 I msm_drm ae00000.qcom,mdss_mdp: bound soc:qcom,dsi-display-secondary (ops dsi_display_comp_ops [msm_drm])
01-01 00:09:44.942 199 199 I msm_drm ae00000.qcom,mdss_mdp: bound ae90000.qcom,dp_display (ops dp_display_comp_ops [msm_drm])
01-01 00:09:44.943 199 199 I msm_drm ae00000.qcom,mdss_mdp: bound af20000.qcom,sde_rscc (ops sde_rsc_comp_ops [msm_drm])
01-01 00:09:44.944 199 199 I : [drm] mapped mdp address space @0000000085519b51
01-01 00:09:44.947 199 199 I [drm:_sde_lm_noise_parse_dt:2839] noise: prop doesnt exist 0 0
01-01 00:09:44.948 199 199 E : [drm:_sde_vbif_populate_qos_parsing:3656] [sde error]invalid qos table for client:0, prop:9
01-01 00:09:44.948 199 199 E : [drm:_sde_vbif_populate_qos_parsing:3656] [sde error]invalid qos table for client:1, prop:10
01-01 00:09:44.948 199 199 E : [drm:_sde_vbif_populate_qos_parsing:3656] [sde error]invalid qos table for client:2, prop:11
01-01 00:09:44.948 199 199 E : [drm:_sde_vbif_populate_qos_parsing:3656] [sde error]invalid qos table for client:3, prop:12
01-01 00:09:44.948 199 199 I : [drm:_sde_kms_hw_init_blocks:4910] sde hardware revision:0x60000000
01-01 00:09:44.950 199 199 I : [drm:sde_backlight_setup:267] Failed to register backlight cdev: -19
01-01 00:09:44.950 199 199 E : [drm:sde_connector_get_modes:2657] [sde error]conn57 failed to get modes
01-01 00:09:44.950 199 199 I : [drm:sde_backlight_setup:267] Failed to register backlight cdev: -19
01-01 00:09:44.950 199 199 E : [drm:sde_connector_get_modes:2657] [sde error]conn68 failed to get modes
01-01 00:09:44.951 199 199 D of_get_named_gpiod_flags: can't parse 'qcom,aux-en-gpio' property of node '/soc/qcom,dp_display@ae90000[0]'
01-01 00:09:44.951 199 199 D of_get_named_gpiod_flags: can't parse 'qcom,aux-sel-gpio' property of node '/soc/qcom,dp_display@ae90000[0]'
01-01 00:09:44.951 199 199 D of_get_named_gpiod_flags: can't parse 'qcom,usbplug-cc-gpio' property of node '/soc/qcom,dp_display@ae90000[0]'
01-01 00:09:44.954 199 199 E OF : /soc/clock-controller@abf0000: #clock-cells = 1 found 0
01-01 00:09:44.954 199 199 E OF : /soc/clock-controller@ad00000: #clock-cells = 1 found 0
01-01 00:09:44.954 199 199 E OF : /soc/clock-controller@abf0000: #clock-cells = 1 found 0
01-01 00:09:44.954 199 199 E OF : /soc/clock-controller@ad00000: #clock-cells = 1 found 0
01-01 00:09:44.954 199 199 E OF : /soc/clock-controller@abf0000: #clock-cells = 1 found 0
01-01 00:09:44.954 199 199 E OF : /soc/clock-controller@ad00000: #clock-cells = 1 found 0
01-01 00:09:44.954 199 199 I : [drm:dp_pll_get][msm-dp-info][199 ]revision=DP_PLL_7NM, ssc_en=0, bonding_en=0
01-01 00:09:44.954 199 199 W msm-dp-display ae90000.qcom,dp_display: supply dp_phy_gdsc not found, using dummy regulator
01-01 00:09:44.956 199 199 D of_get_named_gpiod_flags: parsed 'qcom,dp-hpd-gpio' property of node '/soc/qcom,dp_display@ae90000[0]' - status (0)
01-01 00:09:44.956 199 199 D gpiochip0: (f000000.pinctrl): allocate IRQ 533, hwirq 0
01-01 00:09:44.956 199 199 D gpiochip0: (f000000.pinctrl): found parent hwirq 4294967295
01-01 00:09:44.956 199 199 D gpiochip0: (f000000.pinctrl): alloc_irqs_parent for 533 parent hwirq -1
01-01 00:09:44.956 199 199 I irq : IRQ533: trimming hierarchy from :soc:interrupt-controller@b220000-9
01-01 00:09:44.957 199 199 I : [drm:dp_mst_init][msm-dp-info][199 ]dp drm mst topology manager init completed
01-01 00:09:44.965 1 1 I init : Service 'exec 17 (/vendor/bin/init.qcom.usb.sh)' (pid 897) exited with status 0 waiting took 0.321000 seconds
01-01 00:09:44.965 1 1 I init : Sending signal 9 to service 'exec 17 (/vendor/bin/init.qcom.usb.sh)' (pid 897) process group...
01-01 00:09:44.965 1 1 I libprocessgroup: Successfully killed process cgroup uid 0 pid 897 in 0ms
01-01 00:09:44.966 199 199 I : [drm] Initialized msm_drm 1.4.0 20130625 for ae00000.qcom,mdss_mdp on minor 0
01-01 00:09:44.966 199 199 I : [drm] cont_splash feature not enabled
01-01 00:09:44.967 1 1 I init : processing action (vendor.usb.use_ffs_mtp=1 && post-fs-data) from (/vendor/etc/init/hw/init.qcom.usb.rc:160)
01-01 00:09:44.969 199 199 I spss_utils [spss_parse_dt]: iar_buf_addr [0x8be00000].
01-01 00:09:44.970 199 199 W msm-cdc-pinctrl soc: msm_cdc_pinctrl_quin: deferred probe timeout, ignoring dependency
01-01 00:09:44.970 1 1 I init : processing action (post-fs-data) from (/vendor/etc/init/hw/init.qcom.test.rc:32)
01-01 00:09:44.970 199 199 W msm-cdc-pinctrl soc: msm_cdc_pinctrl_sen: deferred probe timeout, ignoring dependency
01-01 00:09:44.970 199 199 E msm-dwc3 a600000.ssusb: IRQ hs_phy_irq not found
01-01 00:09:44.971 1 1 I init : processing action (post-fs-data) from (/vendor/etc/init/hw/init.target.rc:93)
01-01 00:09:44.972 199 199 E msm-dwc3 a600000.ssusb: Unable to get vbus regulator err: -19
01-01 00:09:44.973 1 1 I init : processing action (post-fs-data) from (/vendor/etc/init/hw/init.crestron.rc:24)
01-01 00:09:44.973 199 199 I spss_utils [spss_parse_dt]: iar_buf_addr [0x8be00000].
01-01 00:09:44.974 10 10 I msm-dwc3 a600000.ssusb: DWC3 exited from low power mode
01-01 00:09:44.974 199 199 W msm-cdc-pinctrl soc: msm_cdc_pinctrl_quin: deferred probe timeout, ignoring dependency
01-01 00:09:44.974 1 1 I init : Command 'mkdir /data/media/0/ROMDISK 0777 root system' action=post-fs-data (/vendor/etc/init/hw/init.crestron.rc:25) took 1ms and failed: mkdir() failed on /data/media/0/ROMDISK: Required key not available
01-01 00:09:44.974 1 1 I init : Command 'rm /data/misc/wifi/WifiConfigStore.xml' action=post-fs-data (/vendor/etc/init/hw/init.crestron.rc:26) took 0ms and failed: unlink() failed: No such file or directory
01-01 00:09:44.974 1 1 I init : processing action (post-fs-data) from (/vendor/etc/init/hw/init.qti.kernel.rc:125)
01-01 00:09:44.974 10 10 I dwc3 a600000.dwc3: Adding to iommu group 52
01-01 00:09:44.975 199 199 W msm-cdc-pinctrl soc: msm_cdc_pinctrl_sen: deferred probe timeout, ignoring dependency
01-01 00:09:44.975 10 10 E msm-usb-ssphy-qmp 88e8000.ssphy: USB DP QMP PHY: NO SW PORTSELECT
01-01 00:09:45.017 1 1 E : WARNING: Unprivileged eBPF is enabled, data leaks possible via Spectre v2 BHB attacks!
01-01 00:09:45.033 199 199 I spss_utils [spss_parse_dt]: iar_buf_addr [0x8be00000].
01-01 00:09:45.033 199 199 W msm-cdc-pinctrl soc: msm_cdc_pinctrl_quin: deferred probe timeout, ignoring dependency
01-01 00:09:45.033 199 199 W msm-cdc-pinctrl soc: msm_cdc_pinctrl_sen: deferred probe timeout, ignoring dependency
01-01 00:09:45.033 10 10 I sps_register_bam_device: sps:BAM 0x000000000a704000 is registered
01-01 00:09:45.034 10 10 I msm-dwc3 a600000.ssusb: dwc3 msm iommu fault handler registered
01-01 00:09:45.034 199 199 I spss_utils [spss_parse_dt]: iar_buf_addr [0x8be00000].
01-01 00:09:45.035 199 199 W msm-cdc-pinctrl soc: msm_cdc_pinctrl_quin: deferred probe timeout, ignoring dependency
01-01 00:09:45.035 199 199 W msm-cdc-pinctrl soc: msm_cdc_pinctrl_sen: deferred probe timeout, ignoring dependency
01-01 00:09:45.035 956 956 D LibBpfLoader: Loading optional ELF object /apex/com.android.tethering/etc/bpf/test.o with license Apache 2.0
01-01 00:09:45.035 956 956 I LibBpfLoader: Section bpfloader_min_ver value is 2 [0x2]
01-01 00:09:45.035 956 956 I LibBpfLoader: Section bpfloader_max_ver value is 65536 [0x10000]
01-01 00:09:45.035 956 956 I LibBpfLoader: Section size_of_bpf_map_def value is 116 [0x74]
01-01 00:09:45.035 956 956 I LibBpfLoader: Section size_of_bpf_prog_def value is 92 [0x5c]
01-01 00:09:45.035 956 956 I LibBpfLoader: BpfLoader version 0x00013 processing ELF object /apex/com.android.tethering/etc/bpf/test.o with ver [0x00002,0x10000)
01-01 00:09:45.036 956 956 D LibBpfLoader: Loaded code section 3 (xdp_drop_ipv4_udp_ether)
01-01 00:09:45.036 956 956 D LibBpfLoader: Adding section 3 to cs list
01-01 00:09:45.037 956 956 D LibBpfLoader: Couldn't find section btf_min_bpfloader_ver (defaulting to 0 [0x0]).
01-01 00:09:45.037 956 956 D LibBpfLoader: Couldn't find section btf_min_kernel_ver (defaulting to 0 [0x0]).
01-01 00:09:45.092 10 10 E ssusb-redriver 5-001c: writing reg 0x00 failure
01-01 00:09:45.092 10 10 E ssusb-redriver 5-001c: writing reg 0x01 failure
01-01 00:09:45.092 10 10 E ssusb-redriver 5-001c: channel parameters update failure(-107).
01-01 00:09:45.094 10 10 I dwc3_otg_sm_work: sent uevent USB_STATE=CONNECTED
01-01 00:09:45.280 956 956 W printk : bpfloader: 1650 output lines suppressed due to ratelimiting
01-01 00:09:45.305 966 966 I update_verifier: Started with arg 1: nonencrypted
01-01 00:09:45.306 966 966 I update_verifier: Booting slot 0: isSlotMarkedSuccessful=1
01-01 00:09:45.306 966 966 I update_verifier: Leaving update_verifier.
01-01 00:09:45.339 792 792 E ueventd : firmware: could not find firmware for regulatory.db
01-01 00:09:45.339 792 792 E ueventd : firmware: attempted /etc/firmware/regulatory.db, open failed: No such file or directory
01-01 00:09:45.339 792 792 E ueventd : firmware: attempted /odm/firmware/regulatory.db, open failed: No such file or directory
01-01 00:09:45.339 792 792 E ueventd : firmware: attempted /vendor/firmware/regulatory.db, open failed: No such file or directory
01-01 00:09:45.339 792 792 E ueventd : firmware: attempted /firmware/image/regulatory.db, open failed: No such file or directory
01-01 00:09:45.339 792 792 E ueventd : firmware: attempted /vendor/firmware_mnt/image/regulatory.db, open failed: No such file or directory
01-01 00:09:45.339 792 792 I ueventd : loading /devices/platform/regulatory.0/firmware/regulatory.db took 4020ms
01-01 00:09:45.339 187 187 I cfg80211: failed to load regulatory.db
01-01 00:09:45.351 829 829 E ueventd : firmware: could not find firmware for wlan-connection-roaming.ini
01-01 00:09:45.351 829 829 E ueventd : firmware: attempted /etc/firmware/wlan-connection-roaming.ini, open failed: No such file or directory
01-01 00:09:45.351 829 829 E ueventd : firmware: attempted /odm/firmware/wlan-connection-roaming.ini, open failed: No such file or directory
01-01 00:09:45.384 971 971 I : [lt9611] hpd status 3
01-01 00:09:45.390 102 102 I cnss : Processing FW Init Done..
01-01 00:09:45.394 102 102 E cnss : Qmi fail: respons with error:57
01-01 00:09:45.394 102 102 E cnss : Qmi fail: request rejected, req 55, ret -1
01-01 00:09:45.394 102 102 E cnss : pcss recovery setting failed with ret -1
01-01 00:09:45.394 102 102 E cnss : DMS QMI connection not established
01-01 00:09:45.438 102 102 I [kworke][0x145c4851][00:09:44.423536] wlan: [102:I:HIF] hif_pci_enable_bus: con_mode = 0x0, WLAN_SOC_device_id = 0x1101
01-01 00:09:45.438 102 102 I [kworke][0x145c4a2d][00:09:44.423561] wlan: [102:I:HIF] hif_pci_get_soc_info_pld: hif_pci_get_soc_info_pld: fam num 4 dev ver 10 maj ver 2 min ver 0
01-01 00:09:45.438 102 102 I [kworke][0x145c4abf][00:09:44.423569] wlan: [102:I:HIF] hif_pci_enable_bus: hif_enable_pci done
01-01 00:09:45.438 102 102 I [kworke][0x145c51b0][00:09:44.423661] wlan: [102:I:HIF] hif_get_device_type: *********** QCA6390 *************
01-01 00:09:45.438 102 102 I [kworke][0x145c524f][00:09:44.423669] wlan: [102:I:HIF] hif_pci_enable_bus: hif_type = 0x12, target_type = 0x17
01-01 00:09:45.438 102 102 I [kworke][0x145c52e9][00:09:44.423677] wlan: [102:I:HIF] hif_register_tbl_attach: HIF_TYPE_QCA6390
01-01 00:09:45.438 102 102 I [kworke][0x145c538b][00:09:44.423686] wlan: [102:I:HIF] hif_target_register_tbl_attach: TARGET_TYPE_QCA6390
01-01 00:09:45.438 102 102 I [kworke][0x145c540d][00:09:44.423693] wlan: [102:I:HIF] hif_pci_enable_bus: Skip tgt_wake up for srng devices
01-01 00:09:45.438 102 102 E [kworke][0x145c5abb][00:09:44.423782] wlan: [102:E:TXRX] hif_print_hal_shadow_register_cfg: num_config 26
01-01 00:09:45.438 102 102 I [kworke][0x145c5bd4][00:09:44.423796] wlan: [102:I:TXRX] hif_print_hal_shadow_register_cfg: i 0, val a3b034
01-01 00:09:45.438 102 102 I [kworke][0x145c5c5e][00:09:44.423804] wlan: [102:I:TXRX] hif_print_hal_shadow_register_cfg: i 1, val a3b03c
01-01 00:09:45.438 102 102 I [kworke][0x145c5ce3][00:09:44.423810] wlan: [102:I:TXRX] hif_print_hal_shadow_register_cfg: i 2, val a3b044
01-01 00:09:45.438 102 102 I [kworke][0x145c5d64][00:09:44.423817] wlan: [102:I:TXRX] hif_print_hal_shadow_register_cfg: i 3, val a3b04c
01-01 00:09:45.438 102 102 I [kworke][0x145c5dea][00:09:44.423824] wlan: [102:I:TXRX] hif_print_hal_shadow_register_cfg: i 4, val a3b054
01-01 00:09:45.438 102 102 I [kworke][0x145c5e6e][00:09:44.423831] wlan: [102:I:TXRX] hif_print_hal_shadow_register_cfg: i 5, val a3b028
01-01 00:09:45.438 102 102 I [kworke][0x145c5eee][00:09:44.423838] wlan: [102:I:TXRX] hif_print_hal_shadow_register_cfg: i 6, val a3b020
01-01 00:09:45.438 102 102 I [kworke][0x145c5f70][00:09:44.423844] wlan: [102:I:TXRX] hif_print_hal_shadow_register_cfg: i 7, val a3b06c
01-01 00:09:45.438 102 102 I [kworke][0x145c5ff0][00:09:44.423851] wlan: [102:I:TXRX] hif_print_hal_shadow_register_cfg: i 8, val a46000
01-01 00:09:45.438 102 102 I [kworke][0x145c606b][00:09:44.423858] wlan: [102:I:TXRX] hif_print_hal_shadow_register_cfg: i 9, val a46008
01-01 00:09:45.438 102 102 I [kworke][0x145c60e4][00:09:44.423864] wlan: [102:I:TXRX] hif_print_hal_shadow_register_cfg: i 10, val a46010
01-01 00:09:45.438 102 102 I [kworke][0x145c615e][00:09:44.423870] wlan: [102:I:TXRX] hif_print_hal_shadow_register_cfg: i 11, val a46018
01-01 00:09:45.438 102 102 I [kworke][0x145c61db][00:09:44.423877] wlan: [102:I:TXRX] hif_print_hal_shadow_register_cfg: i 12, val a46034
01-01 00:09:45.438 102 102 I [kworke][0x145c62a5][00:09:44.423887] wlan: [102:I:TXRX] hif_print_hal_shadow_register_cfg: i 13, val a370b0
01-01 00:09:45.438 102 102 I [kworke][0x145c6324][00:09:44.423894] wlan: [102:I:TXRX] hif_print_hal_shadow_register_cfg: i 14, val a37018
01-01 00:09:45.438 102 102 I [kworke][0x145c63a1][00:09:44.423900] wlan: [102:I:TXRX] hif_print_hal_shadow_register_cfg: i 15, val a370c4
01-01 00:09:45.438 102 102 I [kworke][0x145c641d][00:09:44.423907] wlan: [102:I:TXRX] hif_print_hal_shadow_register_cfg: i 16, val a370cc
01-01 00:09:45.438 102 102 I [kworke][0x145c649c][00:09:44.423913] wlan: [102:I:TXRX] hif_print_hal_shadow_register_cfg: i 17, val a370d4
01-01 00:09:45.438 102 102 I [kworke][0x145c651d][00:09:44.423920] wlan: [102:I:TXRX] hif_print_hal_shadow_register_cfg: i 18, val a370dc
01-01 00:09:45.438 102 102 I [kworke][0x145c659f][00:09:44.423927] wlan: [102:I:TXRX] hif_print_hal_shadow_register_cfg: i 19, val a00400
01-01 00:09:45.438 102 102 I [kworke][0x145c6624][00:09:44.423934] wlan: [102:I:TXRX] hif_print_hal_shadow_register_cfg: i 20, val a03400
01-01 00:09:45.438 102 102 I [kworke][0x145c669f][00:09:44.423940] wlan: [102:I:TXRX] hif_print_hal_shadow_register_cfg: i 21, val a0340c
01-01 00:09:45.438 102 102 I [kworke][0x145c6719][00:09:44.423947] wlan: [102:I:TXRX] hif_print_hal_shadow_register_cfg: i 22, val a05400
01-01 00:09:45.438 102 102 I [kworke][0x145c6792][00:09:44.423953] wlan: [102:I:TXRX] hif_print_hal_shadow_register_cfg: i 23, val a0540c
01-01 00:09:45.438 102 102 I [kworke][0x145c680d][00:09:44.423959] wlan: [102:I:TXRX] hif_print_hal_shadow_register_cfg: i 24, val a06400
01-01 00:09:45.438 102 102 I [kworke][0x145c688a][00:09:44.423966] wlan: [102:I:TXRX] hif_print_hal_shadow_register_cfg: i 25, val a08400
01-01 00:09:45.440 971 971 I lt9611_connector_get_modes: hdmi_mode = 1
01-01 00:09:45.440 971 971 I lt9611_set_preferred_mode: lt9611 edid is true choose best mode
01-01 00:09:45.440 971 971 I : drm_mode_prune_invalid don't delete preferred mode Timings
01-01 00:09:45.462 102 102 I [kworke][0x14635ec5][00:09:44.447729] wlan: [102:I:HIF] hif_configure_irq: E
01-01 00:09:45.463 102 102 E wlan_pld: pld_is_ipa_offload_disabled:2692:: Not supported on type 0
01-01 00:09:45.463 102 102 E [kworke][0x14638169][00:09:44.448191] wlan: [102:E:POLICY_MGR] policy_mgr_init_cfg: max_conc_cxns 3 non-nan
01-01 00:09:45.463 102 102 E [kworke][0x1463953d][00:09:44.448455] wlan: [102:E:QDF] __cds_get_context: Module ID 66 context is Null (via hdd_update_ol_config)
01-01 00:09:45.465 102 102 E [kworke][0x146437cd][00:09:44.450623] wlan: [102:E:QDF] __cds_get_context: Module ID 66 context is Null (via cds_open)
01-01 00:09:45.466 102 102 F [kworke][0x14648d66][00:09:44.451764] wlan: [102:F:WMA] WMA --> wmi_unified_attach - success
01-01 00:09:45.469 102 102 E [kworke][0x146543c8][00:09:44.454196] wlan: [102:E:QDF] htc_wait_target: Target Ready! TX resource : 1 size:2176, MaxMsgsPerHTCBundle = 1
01-01 00:09:45.469 102 102 E [kworke][0x14654536][00:09:44.454215] wlan: [102:E:QDF] htc_setup_target_buffer_assignments: SVS Index : 1 TX : 0x100 : alloc:1
01-01 00:09:45.469 102 102 I [kworke][0x146559df][00:09:44.454490] wlan: [102:I:DP] dp_soc_tx_desc_sw_pools_alloc Tx Desc Alloc num_pool = 6, descs = 4096
01-01 00:09:45.480 102 102 I [kworke][0x14688836][00:09:44.465348] wlan: [102:I:DP] Peer pool init
01-01 00:09:45.494 102 102 I [kworke][0x146cca94][00:09:44.479886] wlan: [102:I:HIF] hif_event_history_init: SRNG events history initialized for group: 0
01-01 00:09:45.494 102 102 I [kworke][0x146ccc84][00:09:44.479912] wlan: [102:I:HIF] hif_event_history_init: SRNG events history initialized for group: 1
01-01 00:09:45.494 102 102 I [kworke][0x146cced8][00:09:44.479943] wlan: [102:I:HIF] hif_event_history_init: SRNG events history initialized for group: 2
01-01 00:09:45.494 102 102 I [kworke][0x146ccfc9][00:09:44.479956] wlan: [102:I:HIF] hif_event_history_init: SRNG events history initialized for group: 3
01-01 00:09:45.494 102 102 I [kworke][0x146cd080][00:09:44.479965] wlan: [102:I:HIF] hif_event_history_init: SRNG events history initialized for group: 4
01-01 00:09:45.494 102 102 I [kworke][0x146cd143][00:09:44.479975] wlan: [102:I:HIF] hif_event_history_init: SRNG events history initialized for group: 5
01-01 00:09:45.494 102 102 I [kworke][0x146cd229][00:09:44.479987] wlan: [102:I:HIF] hif_event_history_init: SRNG events history initialized for group: 6
01-01 00:09:45.496 199 199 I [kworke][0x146d3fc1][00:09:44.481449] wlan: [199:I:WMA] wma_rx_service_ready_event: Firmware build version : 10230123
01-01 00:09:45.496 199 199 I [kworke][0x146d403a][00:09:44.481455] wlan: [199:I:WMA] wma_rx_service_ready_event: Board id: 0, Board version: 8 0 0 0 1
01-01 00:09:45.497 199 199 I [kworke][0x146d6e26][00:09:44.482067] wlan: [199:I:WMA] wma_is_dbs_mandatory: MAC0 does not support both bands 2 DBS is mandatory
01-01 00:09:45.497 199 199 I [kworke][0x146d6fa8][00:09:44.482087] wlan: [199:I:WMI] extract_hw_bdf_status: BDF VER is 0, FW and BDF ver check skipped
01-01 00:09:45.497 199 199 E [kworke][0x146d700a][00:09:44.482092] wlan: [199:E:TIF] init_deinit_populate_twt_cap_ext2: Extraction of twt capability failed
01-01 00:09:45.497 199 199 E [kworke][0x146d706e][00:09:44.482098] wlan: [199:E:TIF] init_deinit_populate_dbs_or_sbs_cap_ext2: Extraction of twt capability failed
