06-23 02:18:40.214 1694 1939 I InputDispatcher: Dropping event because there is no touched window on display 0 to receive it: MotionEvent(deviceId=3, eventTime=35444783000, source=MOUSE, displayId=0, action=HOVER_MOVE, actionButton=0x00000000, flags=0x00000000, metaState=0x00000000, buttonState=0x00000000, classification=NONE, edgeFlags=0x00000000, xPrecision=1.0, yPrecision=1.0, xCursorPosition=1041.7, yCursorPosition=593.9, pointers=[0: (1041.7, 593.9)]), policyFlags=0x62000001
06-23 02:18:40.222 1694 1939 W InputDispatcher: Not sending touch gesture to 2c7b6f1 ActivityRecordInputSink com.crestron.byod.display/.MainActivity because it is not responsive
06-23 02:18:40.222 1694 1939 I InputDispatcher: Dropping event because there is no touched window on display 0 to receive it: MotionEvent(deviceId=3, eventTime=35452771000, source=MOUSE, displayId=0, action=HOVER_MOVE, actionButton=0x00000000, flags=0x00000000, metaState=0x00000000, buttonState=0x00000000, classification=NONE, edgeFlags=0x00000000, xPrecision=1.0, yPrecision=1.0, xCursorPosition=1057.6, yCursorPosition=606.3, pointers=[0: (1057.6, 606.3)]), policyFlags=0x62000001
06-23 02:18:40.230 1694 1939 W InputDispatcher: Not sending touch gesture to 2c7b6f1 ActivityRecordInputSink com.crestron.byod.display/.MainActivity because it is not responsive
06-23 02:18:40.230 1694 1939 I InputDispatcher: Dropping event because there is no touched window on display 0 to receive it: MotionEvent(deviceId=3, eventTime=35460775000, source=MOUSE, displayId=0, action=HOVER_MOVE, actionButton=0x00000000, flags=0x00000000, metaState=0x00000000, buttonState=0x00000000, classification=NONE, edgeFlags=0x00000000, xPrecision=1.0, yPrecision=1.0, xCursorPosition=1067.7, yCursorPosition=614.7, pointers=[0: (1067.7, 614.7)]), policyFlags=0x62000001
06-23 02:18:40.238 1694 1939 W InputDispatcher: Not sending touch gesture to 2c7b6f1 ActivityRecordInputSink com.crestron.byod.display/.MainActivity because it is not responsive
06-23 02:18:40.238 1694 1939 I InputDispatcher: Dropping event because there is no touched window on display 0 to receive it: MotionEvent(deviceId=3, eventTime=35468782000, source=MOUSE, displayId=0, action=HOVER_MOVE, actionButton=0x00000000, flags=0x00000000, metaState=0x00000000, buttonState=0x00000000, classification=NONE, edgeFlags=0x00000000, xPrecision=1.0, yPrecision=1.0, xCursorPosition=1079.0, yCursorPosition=622.8, pointers=[0: (1079.0, 622.8)]), policyFlags=0x62000001
06-23 02:18:40.246 1694 1939 W InputDispatcher: Not sending touch gesture to 2c7b6f1 ActivityRecordInputSink com.crestron.byod.display/.MainActivity because it is not responsive
06-23 02:18:40.246 1694 1939 I InputDispatcher: Dropping event because there is no touched window on display 0 to receive it: MotionEvent(deviceId=3, eventTime=35476776000, source=MOUSE, displayId=0, action=HOVER_MOVE, actionButton=0x00000000, flags=0x00000000, metaState=0x00000000, buttonState=0x00000000, classification=NONE, edgeFlags=0x00000000, xPrecision=1.0, yPrecision=1.0, xCursorPosition=1083.4, yCursorPosition=627.1, pointers=[0: (1083.4, 627.1)]), policyFlags=0x62000001
06-23 02:18:40.254 1694 1939 W InputDispatcher: Not sending touch gesture to 2c7b6f1 ActivityRecordInputSink com.crestron.byod.display/.MainActivity because it is not responsive
06-23 02:18:40.254 1694 1939 I InputDispatcher: Dropping event because there is no touched window on display 0 to receive it: MotionEvent(deviceId=3, eventTime=35484773000, source=MOUSE, displayId=0, action=HOVER_MOVE, actionButton=0x00000000, flags=0x00000000, metaState=0x00000000, buttonState=0x00000000, classification=NONE, edgeFlags=0x00000000, xPrecision=1.0, yPrecision=1.0, xCursorPosition=1087.3, yCursorPosition=629.7, pointers=[0: (1087.3, 629.7)]), policyFlags=0x62000001
06-23 02:18:40.262 1694 1939 W InputDispatcher: Not sending touch gesture to 2c7b6f1 ActivityRecordInputSink com.crestron.byod.display/.MainActivity because it is not responsive
06-23 02:18:40.262 1694 1939 I InputDispatcher: Dropping event because there is no touched window on display 0 to receive it: MotionEvent(deviceId=3, eventTime=35492762000, source=MOUSE, displayId=0, action=HOVER_MOVE, actionButton=0x00000000, flags=0x00000000, metaState=0x00000000, buttonState=0x00000000, classification=NONE, edgeFlags=0x00000000, xPrecision=1.0, yPrecision=1.0, xCursorPosition=1089.5, yCursorPosition=632.0, pointers=[0: (1089.5, 632.0)]), policyFlags=0x62000001
06-23 02:18:40.302 1694 1939 W InputDispatcher: Not sending touch gesture to 2c7b6f1 ActivityRecordInputSink com.crestron.byod.display/.MainActivity because it is not responsive
06-23 02:18:40.302 1694 1939 I InputDispatcher: Dropping event because there is no touched window on display 0 to receive it: MotionEvent(deviceId=3, eventTime=35532798000, source=MOUSE, displayId=0, action=HOVER_MOVE, actionButton=0x00000000, flags=0x00000000, metaState=0x00000000, buttonState=0x00000000, classification=NONE, edgeFlags=0x00000000, xPrecision=1.0, yPrecision=1.0, xCursorPosition=1090.5, yCursorPosition=633.0, pointers=[0: (1090.5, 633.0)]), policyFlags=0x62000001
06-23 02:18:40.310 1694 1939 W InputDispatcher: Not sending touch gesture to 2c7b6f1 ActivityRecordInputSink com.crestron.byod.display/.MainActivity because it is not responsive
06-23 02:18:40.310 1694 1939 I InputDispatcher: Dropping event because there is no touched window on display 0 to receive it: MotionEvent(deviceId=3, eventTime=35540781000, source=MOUSE, displayId=0, action=HOVER_MOVE, actionButton=0x00000000, flags=0x00000000, metaState=0x00000000, buttonState=0x00000000, classification=NONE, edgeFlags=0x00000000, xPrecision=1.0, yPrecision=1.0, xCursorPosition=1092.5, yCursorPosition=634.0, pointers=[0: (1092.5, 634.0)]), policyFlags=0x62000001
06-23 02:18:40.318 1694 1939 W InputDispatcher: Not sending touch gesture to 2c7b6f1 ActivityRecordInputSink com.crestron.byod.display/.MainActivity because it is not responsive
06-23 02:18:40.318 1694 1939 I InputDispatcher: Dropping event because there is no touched window on display 0 to receive it: MotionEvent(deviceId=3, eventTime=35548780000, source=MOUSE, displayId=0, action=HOVER_MOVE, actionButton=0x00000000, flags=0x00000000, metaState=0x00000000, buttonState=0x00000000, classification=NONE, edgeFlags=0x00000000, xPrecision=1.0, yPrecision=1.0, xCursorPosition=1094.6, yCursorPosition=637.1, pointers=[0: (1094.6, 637.1)]), policyFlags=0x62000001
06-23 02:18:40.326 1694 1939 W InputDispatcher: Not sending touch gesture to 2c7b6f1 ActivityRecordInputSink com.crestron.byod.display/.MainActivity because it is not responsive
06-23 02:18:40.326 1694 1939 I InputDispatcher: Dropping event because there is no touched window on display 0 to receive it: MotionEvent(deviceId=3, eventTime=35556780000, source=MOUSE, displayId=0, action=HOVER_MOVE, actionButton=0x00000000, flags=0x00000000, metaState=0x00000000, buttonState=0x00000000, classification=NONE, edgeFlags=0x00000000, xPrecision=1.0, yPrecision=1.0, xCursorPosition=1095.7, yCursorPosition=641.5, pointers=[0: (1095.7, 641.5)]), policyFlags=0x62000001
06-23 02:18:40.334 1694 1939 W InputDispatcher: Not sending touch gesture to 2c7b6f1 ActivityRecordInputSink com.crestron.byod.display/.MainActivity because it is not responsive
06-23 02:18:40.334 1694 1939 I InputDispatcher: Dropping event because there is no touched window on display 0 to receive it: MotionEvent(deviceId=3, eventTime=35564786000, source=MOUSE, displayId=0, action=HOVER_MOVE, actionButton=0x00000000, flags=0x00000000, metaState=0x00000000, buttonState=0x00000000, classification=NONE, edgeFlags=0x00000000, xPrecision=1.0, yPrecision=1.0, xCursorPosition=1099.2, yCursorPosition=646.2, pointers=[0: (1099.2, 646.2)]), policyFlags=0x62000001
06-23 02:18:40.342 1694 1939 W InputDispatcher: Not sending touch gesture to 2c7b6f1 ActivityRecordInputSink com.crestron.byod.display/.MainActivity because it is not responsive
06-23 02:18:40.342 1694 1939 I InputDispatcher: Dropping event because there is no touched window on display 0 to receive it: MotionEvent(deviceId=3, eventTime=35572780000, source=MOUSE, displayId=0, action=HOVER_MOVE, actionButton=0x00000000, flags=0x00000000, metaState=0x00000000, buttonState=0x00000000, classification=NONE, edgeFlags=0x00000000, xPrecision=1.0, yPrecision=1.0, xCursorPosition=1101.6, yCursorPosition=652.2, pointers=[0: (1101.6, 652.2)]), policyFlags=0x62000001
06-23 02:18:40.350 1694 1939 W InputDispatcher: Not sending touch gesture to 2c7b6f1 ActivityRecordInputSink com.crestron.byod.display/.MainActivity because it is not responsive
06-23 02:18:40.350 1694 1939 I InputDispatcher: Dropping event because there is no touched window on display 0 to receive it: MotionEvent(deviceId=3, eventTime=35580780000, source=MOUSE, displayId=0, action=HOVER_MOVE, actionButton=0x00000000, flags=0x00000000, metaState=0x00000000, buttonState=0x00000000, classification=NONE, edgeFlags=0x00000000, xPrecision=1.0, yPrecision=1.0, xCursorPosition=1105.1, yCursorPosition=655.7, pointers=[0: (1105.1, 655.7)]), policyFlags=0x62000001
06-23 02:18:40.358 1694 1939 W InputDispatcher: Not sending touch gesture to 2c7b6f1 ActivityRecordInputSink com.crestron.byod.display/.MainActivity because it is not responsive
06-23 02:18:40.358 1694 1939 I InputDispatcher: Dropping event because there is no touched window on display 0 to receive it: MotionEvent(deviceId=3, eventTime=35588775000, source=MOUSE, displayId=0, action=HOVER_MOVE, actionButton=0x00000000, flags=0x00000000, metaState=0x00000000, buttonState=0x00000000, classification=NONE, edgeFlags=0x00000000, xPrecision=1.0, yPrecision=1.0, xCursorPosition=1110.0, yCursorPosition=661.8, pointers=[0: (1110.0, 661.8)]), policyFlags=0x62000001
06-23 02:18:40.366 1694 1939 W InputDispatcher: Not sending touch gesture to 2c7b6f1 ActivityRecordInputSink com.crestron.byod.display/.MainActivity because it is not responsive
06-23 02:18:40.366 1694 1939 I InputDispatcher: Dropping event because there is no touched window on display 0 to receive it: MotionEvent(deviceId=3, eventTime=35596780000, source=MOUSE, displayId=0, action=HOVER_MOVE, actionButton=0x00000000, flags=0x00000000, metaState=0x00000000, buttonState=0x00000000, classification=NONE, edgeFlags=0x00000000, xPrecision=1.0, yPrecision=1.0, xCursorPosition=1113.6, yCursorPosition=665.4, pointers=[0: (1113.6, 665.4)]), policyFlags=0x62000001
06-23 02:18:40.374 1694 1939 W InputDispatcher: Not sending touch gesture to 2c7b6f1 ActivityRecordInputSink com.crestron.byod.display/.MainActivity because it is not responsive
06-23 02:18:40.374 1694 1939 I InputDispatcher: Dropping event because there is no touched window on display 0 to receive it: MotionEvent(deviceId=3, eventTime=35604769000, source=MOUSE, displayId=0, action=HOVER_MOVE, actionButton=0x00000000, flags=0x00000000, metaState=0x00000000, buttonState=0x00000000, classification=NONE, edgeFlags=0x00000000, xPrecision=1.0, yPrecision=1.0, xCursorPosition=1117.1, yCursorPosition=670.1, pointers=[0: (1117.1, 670.1)]), policyFlags=0x62000001
06-23 02:18:40.382 1694 1939 W InputDispatcher: Not sending touch gesture to 2c7b6f1 ActivityRecordInputSink com.crestron.byod.display/.MainActivity because it is not responsive
06-23 02:18:40.382 1694 1939 I InputDispatcher: Dropping event because there is no touched window on display 0 to receive it: MotionEvent(deviceId=3, eventTime=35612778000, source=MOUSE, displayId=0, action=HOVER_MOVE, actionButton=0x00000000, flags=0x00000000, metaState=0x00000000, buttonState=0x00000000, classification=NONE, edgeFlags=0x00000000, xPrecision=1.0, yPrecision=1.0, xCursorPosition=1119.4, yCursorPosition=672.4, pointers=[0: (1119.4, 672.4)]), policyFlags=0x62000001
06-23 02:18:40.390 1694 1939 W InputDispatcher: Not sending touch gesture to 2c7b6f1 ActivityRecordInputSink com.crestron.byod.display/.MainActivity because it is not responsive
06-23 02:18:40.390 1694 1939 I InputDispatcher: Dropping event because there is no touched window on display 0 to receive it: MotionEvent(deviceId=3, eventTime=35620783000, source=MOUSE, displayId=0, action=HOVER_MOVE, actionButton=0x00000000, flags=0x00000000, metaState=0x00000000, buttonState=0x00000000, classification=NONE, edgeFlags=0x00000000, xPrecision=1.0, yPrecision=1.0, xCursorPosition=1120.4, yCursorPosition=673.4, pointers=[0: (1120.4, 673.4)]), policyFlags=0x62000001
06-23 02:18:40.398 1694 1939 W InputDispatcher: Not sending touch gesture to 2c7b6f1 ActivityRecordInputSink com.crestron.byod.display/.MainActivity because it is not responsive
06-23 02:18:40.398 1694 1939 I InputDispatcher: Dropping event because there is no touched window on display 0 to receive it: MotionEvent(deviceId=3, eventTime=35628776000, source=MOUSE, displayId=0, action=HOVER_MOVE, actionButton=0x00000000, flags=0x00000000, metaState=0x00000000, buttonState=0x00000000, classification=NONE, edgeFlags=0x00000000, xPrecision=1.0, yPrecision=1.0, xCursorPosition=1121.4, yCursorPosition=674.4, pointers=[0: (1121.4, 674.4)]), policyFlags=0x62000001
06-23 02:18:40.438 1694 1939 W InputDispatcher: Not sending touch gesture to 2c7b6f1 ActivityRecordInputSink com.crestron.byod.display/.MainActivity because it is not responsive
06-23 02:18:40.438 1694 1939 I InputDispatcher: Dropping event because there is no touched window on display 0 to receive it: MotionEvent(deviceId=3, eventTime=35668783000, source=MOUSE, displayId=0, action=HOVER_MOVE, actionButton=0x00000000, flags=0x00000000, metaState=0x00000000, buttonState=0x00000000, classification=NONE, edgeFlags=0x00000000, xPrecision=1.0, yPrecision=1.0, xCursorPosition=1122.4, yCursorPosition=675.4, pointers=[0: (1122.4, 675.4)]), policyFlags=0x62000001
06-23 02:18:40.470 1694 1939 W InputDispatcher: Not sending touch gesture to 2c7b6f1 ActivityRecordInputSink com.crestron.byod.display/.MainActivity because it is not responsive
06-23 02:18:40.470 1694 1939 I InputDispatcher: Dropping event because there is no touched window on display 0 to receive it: MotionEvent(deviceId=3, eventTime=35700787000, source=MOUSE, displayId=0, action=HOVER_MOVE, actionButton=0x00000000, flags=0x00000000, metaState=0x00000000, buttonState=0x00000000, classification=NONE, edgeFlags=0x00000000, xPrecision=1.0, yPrecision=1.0, xCursorPosition=1123.4, yCursorPosition=675.4, pointers=[0: (1123.4, 675.4)]), policyFlags=0x62000001
06-23 02:18:40.477 4466 4466 I CEUDaemon: CEUDaemon(1): returning retVal=0 on socket=17
06-23 02:18:40.478 4466 4466 I CEUDaemon: CEUDaemon(1): Sendto Error
06-23 02:18:40.478 1694 1939 W InputDispatcher: Not sending touch gesture to 2c7b6f1 ActivityRecordInputSink com.crestron.byod.display/.MainActivity because it is not responsive
06-23 02:18:40.478 1694 1939 I InputDispatcher: Dropping event because there is no touched window on display 0 to receive it: MotionEvent(deviceId=3, eventTime=35708764000, source=MOUSE, displayId=0, action=HOVER_MOVE, actionButton=0x00000000, flags=0x00000000, metaState=0x00000000, buttonState=0x00000000, classification=NONE, edgeFlags=0x00000000, xPrecision=1.0, yPrecision=1.0, xCursorPosition=1125.4, yCursorPosition=675.4, pointers=[0: (1125.4, 675.4)]), policyFlags=0x62000001
06-23 02:18:40.486 1694 1939 W InputDispatcher: Not sending touch gesture to 2c7b6f1 ActivityRecordInputSink com.crestron.byod.display/.MainActivity because it is not responsive
06-23 02:18:40.487 1694 1939 I InputDispatcher: Dropping event because there is no touched window on display 0 to receive it: MotionEvent(deviceId=3, eventTime=35716775000, source=MOUSE, displayId=0, action=HOVER_MOVE, actionButton=0x00000000, flags=0x00000000, metaState=0x00000000, buttonState=0x00000000, classification=NONE, edgeFlags=0x00000000, xPrecision=1.0, yPrecision=1.0, xCursorPosition=1126.4, yCursorPosition=675.4, pointers=[0: (1126.4, 675.4)]), policyFlags=0x62000001
06-23 02:18:40.494 1694 1939 W InputDispatcher: Not sending touch gesture to 2c7b6f1 ActivityRecordInputSink com.crestron.byod.display/.MainActivity because it is not responsive
06-23 02:18:40.494 1694 1939 I InputDispatcher: Dropping event because there is no touched window on display 0 to receive it: MotionEvent(deviceId=3, eventTime=35724763000, source=MOUSE, displayId=0, action=HOVER_MOVE, actionButton=0x00000000, flags=0x00000000, metaState=0x00000000, buttonState=0x00000000, classification=NONE, edgeFlags=0x00000000, xPrecision=1.0, yPrecision=1.0, xCursorPosition=1127.4, yCursorPosition=676.4, pointers=[0: (1127.4, 676.4)]), policyFlags=0x62000001
06-23 02:18:40.502 1694 1939 W InputDispatcher: Not sending touch gesture to 2c7b6f1 ActivityRecordInputSink com.crestron.byod.display/.MainActivity because it is not responsive
06-23 02:18:40.502 1694 1939 I InputDispatcher: Dropping event because there is no touched window on display 0 to receive it: MotionEvent(deviceId=3, eventTime=35732772000, source=MOUSE, displayId=0, action=HOVER_MOVE, actionButton=0x00000000, flags=0x00000000, metaState=0x00000000, buttonState=0x00000000, classification=NONE, edgeFlags=0x00000000, xPrecision=1.0, yPrecision=1.0, xCursorPosition=1130.4, yCursorPosition=676.4, pointers=[0: (1130.4, 676.4)]), policyFlags=0x62000001
06-23 02:18:40.510 1694 1939 W InputDispatcher: Not sending touch gesture to 2c7b6f1 ActivityRecordInputSink com.crestron.byod.display/.MainActivity because it is not responsive
06-23 02:18:40.510 1694 1939 I InputDispatcher: Dropping event because there is no touched window on display 0 to receive it: MotionEvent(deviceId=3, eventTime=35740765000, source=MOUSE, displayId=0, action=HOVER_MOVE, actionButton=0x00000000, flags=0x00000000, metaState=0x00000000, buttonState=0x00000000, classification=NONE, edgeFlags=0x00000000, xPrecision=1.0, yPrecision=1.0, xCursorPosition=1132.4, yCursorPosition=676.4, pointers=[0: (1132.4, 676.4)]), policyFlags=0x62000001
06-23 02:18:40.518 1694 1939 W InputDispatcher: Not sending touch gesture to 2c7b6f1 ActivityRecordInputSink com.crestron.byod.display/.MainActivity because it is not responsive
06-23 02:18:40.518 1694 1939 I InputDispatcher: Dropping event because there is no touched window on display 0 to receive it: MotionEvent(deviceId=3, eventTime=35748781000, source=MOUSE, displayId=0, action=HOVER_MOVE, actionButton=0x00000000, flags=0x00000000, metaState=0x00000000, buttonState=0x00000000, classification=NONE, edgeFlags=0x00000000, xPrecision=1.0, yPrecision=1.0, xCursorPosition=1134.4, yCursorPosition=675.4, pointers=[0: (1134.4, 675.4)]), policyFlags=0x62000001
06-23 02:18:40.526 1694 1939 W InputDispatcher: Not sending touch gesture to 2c7b6f1 ActivityRecordInputSink com.crestron.byod.display/.MainActivity because it is not responsive
06-23 02:18:40.526 1694 1939 I InputDispatcher: Dropping event because there is no touched window on display 0 to receive it: MotionEvent(deviceId=3, eventTime=35756773000, source=MOUSE, displayId=0, action=HOVER_MOVE, actionButton=0x00000000, flags=0x00000000, metaState=0x00000000, buttonState=0x00000000, classification=NONE, edgeFlags=0x00000000, xPrecision=1.0, yPrecision=1.0, xCursorPosition=1136.4, yCursorPosition=675.4, pointers=[0: (1136.4, 675.4)]), policyFlags=0x62000001
06-23 02:18:40.534 1694 1939 W InputDispatcher: Not sending touch gesture to 2c7b6f1 ActivityRecordInputSink com.crestron.byod.display/.MainActivity because it is not responsive
06-23 02:18:40.534 1694 1939 I InputDispatcher: Dropping event because there is no touched window on display 0 to receive it: MotionEvent(deviceId=3, eventTime=35764770000, source=MOUSE, displayId=0, action=HOVER_MOVE, actionButton=0x00000000, flags=0x00000000, metaState=0x00000000, buttonState=0x00000000, classification=NONE, edgeFlags=0x00000000, xPrecision=1.0, yPrecision=1.0, xCursorPosition=1138.4, yCursorPosition=674.4, pointers=[0: (1138.4, 674.4)]), policyFlags=0x62000001
06-23 02:18:40.542 1694 1939 W InputDispatcher: Not sending touch gesture to 2c7b6f1 ActivityRecordInputSink com.crestron.byod.display/.MainActivity because it is not responsive
06-23 02:18:40.542 1694 1939 I InputDispatcher: Dropping event because there is no touched window on display 0 to receive it: MotionEvent(deviceId=3, eventTime=35772756000, source=MOUSE, displayId=0, action=HOVER_MOVE, actionButton=0x00000000, flags=0x00000000, metaState=0x00000000, buttonState=0x00000000, classification=NONE, edgeFlags=0x00000000, xPrecision=1.0, yPrecision=1.0, xCursorPosition=1141.4, yCursorPosition=674.4, pointers=[0: (1141.4, 674.4)]), policyFlags=0x62000001
06-23 02:18:40.550 1694 1939 W InputDispatcher: Not sending touch gesture to 2c7b6f1 ActivityRecordInputSink com.crestron.byod.display/.MainActivity because it is not responsive
06-23 02:18:40.550 1694 1939 I InputDispatcher: Dropping event because there is no touched window on display 0 to receive it: MotionEvent(deviceId=3, eventTime=35780782000, source=MOUSE, displayId=0, action=HOVER_MOVE, actionButton=0x00000000, flags=0x00000000, metaState=0x00000000, buttonState=0x00000000, classification=NONE, edgeFlags=0x00000000, xPrecision=1.0, yPrecision=1.0, xCursorPosition=1143.4, yCursorPosition=673.4, pointers=[0: (1143.4, 673.4)]), policyFlags=0x62000001
06-23 02:18:40.554 1694 1767 I am_pss : [3801,10060,.SplashAppServer,5432320,3735552,0,93011968,0,10,6]
06-23 02:18:40.560 1694 1767 I am_pss : [3709,10039,com.android.externalstorage,5387264,3649536,0,94732288,0,19,5]
06-23 02:18:40.566 1694 1939 W InputDispatcher: Not sending touch gesture to 2c7b6f1 ActivityRecordInputSink com.crestron.byod.display/.MainActivity because it is not responsive
06-23 02:18:40.566 1694 1939 I InputDispatcher: Dropping event because there is no touched window on display 0 to receive it: MotionEvent(deviceId=3, eventTime=35796785000, source=MOUSE, displayId=0, action=HOVER_MOVE, actionButton=0x00000000, flags=0x00000000, metaState=0x00000000, buttonState=0x00000000, classification=NONE, edgeFlags=0x00000000, xPrecision=1.0, yPrecision=1.0, xCursorPosition=1145.4, yCursorPosition=673.4, pointers=[0: (1145.4, 673.4)]), policyFlags=0x62000001
06-23 02:18:40.567 1694 1767 I am_pss : [3276,10048,com.android.printspooler,6137856,4460544,0,93642752,0,19,6]
06-23 02:18:40.572 1694 1767 I am_pss : [3423,10114,com.qualcomm.qtil.btdsda,5709824,3743744,0,96874496,0,10,5]
06-23 02:18:40.574 1694 1939 W InputDispatcher: Not sending touch gesture to 2c7b6f1 ActivityRecordInputSink com.crestron.byod.display/.MainActivity because it is not responsive
06-23 02:18:40.574 1694 1939 I InputDispatcher: Dropping event because there is no touched window on display 0 to receive it: MotionEvent(deviceId=3, eventTime=35804792000, source=MOUSE, displayId=0, action=HOVER_MOVE, actionButton=0x00000000, flags=0x00000000, metaState=0x00000000, buttonState=0x00000000, classification=NONE, edgeFlags=0x00000000, xPrecision=1.0, yPrecision=1.0, xCursorPosition=1147.4, yCursorPosition=672.4, pointers=[0: (1147.4, 672.4)]), policyFlags=0x62000001
06-23 02:18:40.630 1694 1939 W InputDispatcher: Not sending touch gesture to 2c7b6f1 ActivityRecordInputSink com.crestron.byod.display/.MainActivity because it is not responsive
06-23 02:18:40.630 1694 1939 I InputDispatcher: Dropping event because there is no touched window on display 0 to receive it: MotionEvent(deviceId=3, eventTime=35860784000, source=MOUSE, displayId=0, action=HOVER_MOVE, actionButton=0x00000000, flags=0x00000000, metaState=0x00000000, buttonState=0x00000000, classification=NONE, edgeFlags=0x00000000, xPrecision=1.0, yPrecision=1.0, xCursorPosition=1148.4, yCursorPosition=672.4, pointers=[0: (1148.4, 672.4)]), policyFlags=0x62000001
06-23 02:18:40.708 1125 2586 I WifiHAL : event received NL80211_CMD_VENDOR, vendor_id = 0x1374, subcmd = 0x6b
06-23 02:18:40.708 1418 1418 I cnss-daemon: nl80211 response handler invoked
06-23 02:18:40.708 1418 1418 I cnss-daemon: nl80211_response_handler: cmd 103, vendorID 4980, subcmd 107 received
06-19 16:43:01.317 2467 2467 I [schedu][0x363786d8][02:18:40.708977] wlan: [2467:I:OSIF] vdev 0, scan id 40964 type COMPLETED(1) reason COMPLETED(1) scan found 114 bss
06-23 02:18:40.786 4466 4466 I CEUDaemon: CEUDaemon(4): Rec'd 308 bytes from /dev/shm/common_ethernet_utility/ceu_wifi_cli.006149
06-23 02:18:40.786 4466 4466 I CEUDaemon: CEUDaemon(4): funcCEU 8
06-23 02:18:40.786 4466 4466 I CEUDaemon: CEUDaemon(4): WIFI_SET_BG_SCAN_OPTIONS
06-23 02:18:40.786 4466 4466 I CEUDaemon:
06-23 02:18:40.792 4466 4466 I CEUDaemon: CEUDaemon(1): Rec'd 290 bytes from /dev/shm/common_ethernet_utility/ceu_cli.006149 on socket=17
06-23 02:18:40.792 4466 4466 I CEUDaemon: CEUDaemon(1): funcCEU 13, applyNow false
06-23 02:18:40.792 4466 4466 I CEUDaemon: CEUDaemon(1): ADD REMOVE ROUTES TO INTERFACE|wlan0, 1, 0|
06-23 02:18:40.792 4466 4466 I CEUDaemon:
06-23 02:18:40.792 4466 4466 I CEUDaemon: SingleIpModeState: |0|
06-23 02:18:40.792 4466 4466 I CEUDaemon:
06-23 02:18:40.999 4466 4466 I CEUDaemon: Error: argument "eth0" is wrong: table id value is invalid
06-23 02:18:40.999 4466 4466 I CEUDaemon:
06-23 02:18:41.004 1694 1767 I am_pss : [4186,1000,com.android.dynsystem,5202944,3526656,0,91492352,0,19,5]
06-23 02:18:41.042 4466 4466 I CEUDaemon: sh: iptables: inaccessible or not found
06-23 02:18:41.092 1694 1767 I am_pss : [4235,1000,com.android.dynsystem:dynsystem,5493760,3682304,0,94040064,0,19,5]
06-23 02:18:41.098 1694 1767 I am_pss : [4253,10071,com.android.onetimeinitializer,5125120,3530752,0,91570176,0,19,6]
06-23 02:18:41.102 4466 4466 I CEUDaemon: AddRemoveRoutesToInterface: defrouter|| subnet |0.0.0.0| ipmask|0.0.0.0| ifname|wlan0|
06-23 02:18:41.102 4466 4466 I CEUDaemon:
06-23 02:18:41.128 4466 4466 I CEUDaemon: CEUDaemon(1): returning retVal=0 on socket=17
06-23 02:18:41.135 4469 4619 D CresNextSerializer: cresstoreCallback() invoked with JSON
06-23 02:18:41.261 1694 1767 I am_pss : [4295,10053,com.microsoft.teams.ipphone.partner.agent,17048576,6230016,0,83394560,0,19,5]
06-23 02:18:41.269 1694 1767 I am_pss : [4316,10038,com.android.packageinstaller,7352320,5750784,0,94023680,0,19,6]
06-19 16:43:01.942 544 544 I [kworke][0x36ee9320][02:18:41.333780] wlan: [544:I:PMO] pmo_core_enable_wow_in_fw: drv wow is enabled
06-19 16:43:01.983 544 544 I [kworke][0x36faae52][02:18:41.375103] wlan: [544:I:HIF] hif_try_complete_tasks: waiting for tasklets 0 grp tasklets 0 work 2
06-23 02:18:41.420 1032 1037 E Diag-Router: diag: failed to create control node for slate_adsp
06-23 02:18:41.420 1032 1036 E Diag-Router: diag: failed to create control node for slate_apps
06-23 02:18:41.420 1032 1036 E Diag-Router: diag: diag_glinkpkt_open_thread: Glinkpkt_open failed for perif: 12 with err: -1, retry_cnt: 5
06-23 02:18:41.420 1032 1037 E Diag-Router: diag: diag_glinkpkt_open_thread: Glinkpkt_open failed for perif: 13 with err: -1, retry_cnt: 5
06-23 02:18:41.456 1694 2585 D CompatibilityInfo: mCompatibilityFlags - 4
06-23 02:18:41.456 1694 2585 D CompatibilityInfo: applicationDensity - 160
06-23 02:18:41.456 1694 2585 D CompatibilityInfo: applicationScale - 1.0
06-23 02:18:41.460 3269 3269 I BluetoothLeService: onCreate: BluetoothLe Service
06-23 02:18:41.461 3269 3269 I BluetoothLeService: onStartCommand: BluetoothLe Service
06-23 02:18:41.461 3269 3269 I BluetoothLeClient: Server address: 127.0.0.1
06-23 02:18:41.461 3269 3269 I BluetoothLeClient: Server port: 49310
06-23 02:18:41.462 3269 7083 D TrafficStats: tagSocket(117) with statsTag=0xffffffff, statsUid=-1
06-23 02:18:41.464 3269 7083 I BluetoothLeClient: Connected......
06-23 02:18:41.465 3269 3269 I BluetoothLeService: Handling request: Initialize
06-23 02:18:41.465 3269 3269 I BluetoothLeService: Initializing BluetoothManager Application.
06-23 02:18:41.466 3269 7081 I BluetoothLeService: finished reading property:
06-23 02:18:41.471 3269 3269 D BluetoothLeService: Bluetooth name was already set
06-23 02:18:41.473 3269 3269 I BluetoothLeService: Bluetooth MAC Address: 02:00:00:00:00:00
06-23 02:18:41.503 4034 4227 V AIOPInternalCamera: getPeopleCountCallback 0
06-23 02:18:41.517 1694 1767 I am_pss : [4496,2000,com.android.shell,5587968,4005888,0,91951104,0,19,6]
06-23 02:18:41.539 1694 1923 I commit_sys_config_file: [settings-1-0,3]
06-23 02:18:41.822 4466 4466 I CEUDaemon: CEU_sendMsgCresStore: (1) sending NetworkAdapters CEU_DATA
06-23 02:18:42.015 1694 1906 D OomAdjuster: Not killing cached processes
06-23 02:18:42.024 1694 1767 I am_pss : [4732,10060,com.crestron.splash,5093376,3473408,0,90820608,0,19,6]
06-23 02:18:42.380 1694 1767 I am_pss : [4817,10127,com.qualcomm.qct.dlt,7022592,5099520,0,96006144,0,19,6]
06-23 02:18:42.525 1694 1767 I am_pss : [4863,10070,com.qualcomm.qti.qms.service.connectionsecurity,7477248,5910528,0,93220864,0,19,6]
06-19 16:43:03.742 199 199 I (virq : irq_count)- GICv3:IPI(2):176003 GICv3:arch_timer(11):71745 GICv3:ufshcd(29):20958 GICv3:IPI(1):11711 GICv3:i2c_geni(397):11610 GICv3:i2c_geni(398):9791 GICv3:ipcc_0(32):7329 ipcc:glink-native-adsp(528):5431 GICv3:apps_rsc-drv-2(21):4611 gic_msm_pci_msi:eth0(529):3016
06-19 16:43:03.742 199 199 I (cpu : irq_count)- 0:72699 1:34155 2:32690 3:39433 4:37045 5:38969 6:34586 7:42467
06-19 16:43:03.742 199 199 I (ipi : irq_count)- 0:11711 1:176004 2:0 3:0 4:0 5:153 6:0
06-23 02:18:43.475 3269 3269 I BluetoothLeService: Bluetooth le advertiser supported
06-23 02:18:43.475 3269 3269 I BluetoothLeService: Getting instance to GATT server
06-23 02:18:43.477 3269 3269 D BluetoothGattServer: registerCallback()
06-23 02:18:43.478 3269 3269 D BluetoothGattServer: registerCallback() - UUID=96cb036a-bdc2-41d7-b43f-63ba6d7ec910
06-23 02:18:43.480 2156 3928 D BtGatt.GattService: registerServer() - UUID=96cb036a-bdc2-41d7-b43f-63ba6d7ec910
06-23 02:18:43.482 2156 3522 I bt_stack: [INFO:bta_gatts_act.cc(246)] register application first_unuse rcb_idx=0
06-23 02:18:43.482 2156 3522 I bt_stack: [INFO:gatt_api.cc(1279)] GATT_Register 96cb036a-bdc2-41d7-b43f-63ba6d7ec910
06-23 02:18:43.482 2156 3522 I bt_stack: [INFO:gatt_api.cc(1300)] allocated gatt_if=6
06-23 02:18:43.482 2156 2454 D BtGatt.GattService: onServerRegistered() - UUID=96cb036a-bdc2-41d7-b43f-63ba6d7ec910, serverIf=6
06-23 02:18:43.483 3269 3341 D BluetoothGattServer: onServerRegistered() - status=0 serverIf=6
06-23 02:18:43.483 3269 3269 D BluetoothLeService: Adding device information service
06-23 02:18:43.484 3269 3269 D BluetoothLeService: setting model device to 'Generic Crestron Device'
06-23 02:18:43.484 3269 3269 D BluetoothGattServer: addService() - service: 0000180a-0000-1000-8000-00805f9b34fb
06-23 02:18:43.485 2156 3928 D BtGatt.GattService: addService() - uuid=0000180a-0000-1000-8000-00805f9b34fb
06-23 02:18:43.486 2156 3522 I bt_stack: [INFO:bta_gatts_api.cc(123)] bta_gatts_add_service_impl: rcb_idx=0
06-23 02:18:43.486 2156 3522 I bt_stack: [INFO:gatt_api.cc(204)] GATTS_AddService
06-23 02:18:43.486 2156 3522 I bt_stack: [INFO:gatt_api.cc(317)] GATTS_AddService: service parsed correctly, now starting
06-23 02:18:43.486 2156 3522 I bt_stack: [INFO:gatt_sr_hash.cc(124)] gatts_calculate_database_hash: hash=485740551E7CD3DA190BCC6DAED0FCFD
06-23 02:18:43.486 2156 2454 D BtGatt.GattService: onServiceAdded(), status=0
06-23 02:18:43.487 3269 3341 D BluetoothGattServer: onServiceAdded() - handle=40 uuid=0000180a-0000-1000-8000-00805f9b34fb status=0
06-23 02:18:43.525 1030 1090 E sec_channel : Modemcomm: Init Instance on handle:0 failed with -3
06-23 02:18:43.525 1030 1090 E sec_channel : Modemcomm: Failed to get handle of SSGSCA service as well - exiting
06-23 02:18:43.646 1694 2585 I EthernetTracker: interfaceLinkStateChanged, iface: eth0, up: true
06-23 02:18:43.646 1694 1976 D EthernetNetworkFactory: updateInterfaceLinkState, iface: eth0, up: true
06-23 02:18:43.838 4466 4466 I CEUDaemon: processAddrEvent: ------------- CEUConfigured
06-23 02:18:43.838 4466 4466 I CEUDaemon: processAddrEvent: Calling CS_UPDATE_OBJECT ------- ADAPTER_TYPE_LAN
06-23 02:18:43.838 4466 4466 I CEUDaemon: CEUDaemon: processAddrEvent() 1 calling updateAndroidDNS
06-23 02:18:43.900 4466 4466 I CEUDaemon: idx 1 addr 192.168.124.1
06-23 02:18:43.927 4466 4466 I CEUDaemon: CEU_sendMsgCresStore: (1) sending Ethernet CEU_DATA
06-23 02:18:44.057 4034 4055 E CresStoreWrapper: cresstore_destroy failed with error code: -14
06-23 02:18:44.486 3269 3269 D BluetoothLeService: Adding advertising service
06-23 02:18:44.487 3269 3269 D BluetoothLeService: deviceService = android.bluetooth.BluetoothGattService@5d2ed4a
06-23 02:18:44.487 3269 3269 D BluetoothLeService: mBeaconUUID = A58BF14EDB0E407EAD7B1D0A84528254
06-23 02:18:44.487 3269 3269 D BluetoothLeService: mMajorNumber = 0
06-23 02:18:44.488 3269 3269 D BluetoothLeService: mMinorNumber = 0
06-23 02:18:44.488 3269 3269 D BluetoothLeService: mTxPower = 128
06-23 02:18:44.488 3269 3269 D BluetoothGattServer: addService() - service: 3fd58693-6dbf-465a-8503-a94234b3b5f4
06-23 02:18:44.489 2156 3928 D BtGatt.GattService: addService() - uuid=3fd58693-6dbf-465a-8503-a94234b3b5f4
06-23 02:18:44.490 2156 3522 I bt_stack: [INFO:bta_gatts_api.cc(123)] bta_gatts_add_service_impl: rcb_idx=0
06-23 02:18:44.490 2156 3522 I bt_stack: [INFO:gatt_api.cc(204)] GATTS_AddService
06-23 02:18:44.490 2156 3522 I bt_stack: [INFO:gatt_api.cc(317)] GATTS_AddService: service parsed correctly, now starting
06-23 02:18:44.490 2156 3522 I bt_stack: [INFO:gatt_sr_hash.cc(124)] gatts_calculate_database_hash: hash=E0FA51C5F1420F1AD9D2E07EB3B464D0
06-23 02:18:44.490 3269 3269 I BluetoothLeService: Handling request: LE_UUID=A58BF14E-DB0E-407E-AD7B-1D0A84528254
06-23 02:18:44.490 2156 2454 D BtGatt.GattService: onServiceAdded(), status=0
06-23 02:18:44.490 3269 3269 I BluetoothLeService: UUID #: A58BF14E-DB0E-407E-AD7B-1D0A84528254
06-23 02:18:44.490 3269 3269 I BluetoothLeService: Handling request: LE_MAJOR_NUM=0
06-23 02:18:44.490 3269 3269 D BluetoothLeService: updating major to:LE_MAJOR_NUM=0
06-23 02:18:44.490 3269 3269 I BluetoothLeService: Major #: 0
06-23 02:18:44.490 3269 3269 I BluetoothLeService: Handling request: LE_MINOR_NUM=0
06-23 02:18:44.491 3269 3269 I BluetoothLeService: Minor #: 0
06-23 02:18:44.491 3269 3269 I BluetoothLeService: Handling request: LE_TX=0
06-23 02:18:44.491 3269 3269 I BluetoothLeService: TX: 0
06-23 02:18:44.491 3269 3269 I BluetoothLeService: Handling request: LE_DEV_NAME=UC-SB2-C
06-23 02:18:44.491 3269 3269 I BluetoothLeService: Updating friendly name: LE_DEV_NAME=UC-SB2-C
06-23 02:18:44.491 3269 3269 I BluetoothLeService: Bluetooth name: UC-SB2-C
06-23 02:18:44.491 3269 3341 D BluetoothGattServer: onServiceAdded() - handle=49 uuid=3fd58693-6dbf-465a-8503-a94234b3b5f4 status=0
06-23 02:18:44.493 3269 3269 I BluetoothLeService: Bluetooth name already set.
06-23 02:18:44.493 3269 3269 I BluetoothLeService: Handling request: LE_ADD_SERVICES
06-23 02:18:45.022 1694 3074 I ActivityManager: Force stopping com.microsoft.skype.teams.ipphone appid=10042 user=0: from pid 7194
06-23 02:18:45.023 1694 3074 I am_uid_stopped: 10042
06-23 02:18:45.024 1694 3074 I ActivityManager: Killing 5006:com.microsoft.skype.teams.ipphone/u0a42 (adj 915): stop com.microsoft.skype.teams.ipphone due to from pid 7194
06-23 02:18:45.024 1694 3074 I am_kill : [0,5006,com.microsoft.skype.teams.ipphone,915,stop com.microsoft.skype.teams.ipphone due to from pid 7194]
06-23 02:18:45.031 1694 1773 I libprocessgroup: Successfully killed process cgroup uid 10042 pid 5006 in 5ms
06-23 02:18:45.034 1694 1694 I notification_cancel_all: [1000,1694,com.microsoft.skype.teams.ipphone,0,0,0,5,NULL]
06-23 02:18:45.035 1694 1767 I am_pss : [3969,10064,com.microsoft.teams.ipphone.admin.agent,19354624,16781312,0,117628928,0,19,7]
06-23 02:18:45.044 1694 1767 I am_pss : [4163,10028,com.microsoft.intune.aospagent,56225792,51990528,0,161730560,0,19,8]
06-23 02:18:45.050 1694 1767 I am_pss : [4429,10094,com.android.remoteprovisioner,8243200,5906432,0,102731776,0,19,6]
06-23 02:18:45.070 1694 3074 V ActivityManager: Got obituary of 5006:com.microsoft.skype.teams.ipphone
06-23 02:18:45.070 1694 2585 D ConnectivityService: ConnectivityService NetworkRequestInfo binderDied(uid/pid:10042/5006, [NetworkRequest [ REQUEST id=41, [ Capabilities: INTERNET&NOT_RESTRICTED&TRUSTED&NOT_VCN_MANAGED Uid: 10042 RequestorUid: 10042 RequestorPkg: com.microsoft.skype.teams.ipphone UnderlyingNetworks: Null] ]], android.os.BinderProxy@a6901b1)
06-23 02:18:45.070 1694 3075 D ConnectivityService: ConnectivityService NetworkRequestInfo binderDied(uid/pid:10042/5006, [NetworkRequest [ LISTEN id=42, [ Capabilities: INTERNET&NOT_RESTRICTED&TRUSTED&NOT_VPN&NOT_VCN_MANAGED Uid: 10042 RequestorUid: 10042 RequestorPkg: com.microsoft.skype.teams.ipphone UnderlyingNetworks: Null] ]], android.os.BinderProxy@35bcc58)
06-23 02:18:45.070 1694 1977 D ConnectivityService: releasing NetworkRequest [ REQUEST id=41, [ Capabilities: INTERNET&NOT_RESTRICTED&TRUSTED&NOT_VCN_MANAGED Uid: 10042 RequestorUid: 10042 RequestorPkg: com.microsoft.skype.teams.ipphone UnderlyingNetworks: Null] ] (release request)
06-23 02:18:45.071 969 969 I Zygote : Process 5006 exited due to signal 9 (Killed)
06-23 02:18:45.071 1694 1976 D EthernetNetworkFactory: eth0: onNetworkUnneeded for request: NetworkRequest [ REQUEST id=41, [ Capabilities: INTERNET&NOT_RESTRICTED&TRUSTED&NOT_VCN_MANAGED Uid: 10042 RequestorUid: 10042 RequestorPkg: com.microsoft.skype.teams.ipphone UnderlyingNetworks: Null] ]
06-19 16:43:06.535 1 1 I init : Control message: Processed ctl.stop for 'cr8021Xmon_eth0' from pid: 7247 (stop cr8021Xmon_eth0)
06-19 16:43:06.550 1 1 I init : Control message: Processed ctl.stop for 'crest8021X' from pid: 7248 (stop crest8021X)
06-23 02:18:45.949 4466 4466 I CEUDaemon: CEU_sendMsgCresStore: (1) sending NetworkAdapters CEU_DATA
06-19 16:43:06.564 1 1 I init : Control message: Processed ctl.stop for 'cr8021Xmon_eth1' from pid: 7249 (stop cr8021Xmon_eth1)
06-23 02:18:45.966 1694 1776 W libprocessgroup: Failed to open /dev/stune/background/cgroup.procs: No such file or directory
06-19 16:43:06.582 1 1 I init : Control message: Processed ctl.stop for 'crest8021X_eth1' from pid: 7250 (stop crest8021X_eth1)
06-23 02:18:46.421 1032 1037 E Diag-Router: diag: failed to create control node for slate_adsp
06-23 02:18:46.421 1032 1036 E Diag-Router: diag: failed to create control node for slate_apps
06-23 02:18:46.421 1032 1036 E Diag-Router: diag: diag_glinkpkt_open_thread: Glinkpkt_open failed for perif: 12 with err: -1, retry_cnt: 6
06-23 02:18:46.421 1032 1037 E Diag-Router: diag: diag_glinkpkt_open_thread: Glinkpkt_open failed for perif: 13 with err: -1, retry_cnt: 6
06-23 02:18:46.503 4034 4227 V AIOPInternalCamera: getPeopleCountCallback 0
06-23 02:18:47.138 1694 3074 I ActivityManager: Background started FGS: Allowed [callingPackage: com.android.shell; callingUid: 0; uidState: NONE; intent: Intent { cmp=com.crestron.settings/.server.NucService }; code:SYSTEM_UID; tempAllowListReason:; targetSdkVersion:27; callerTargetSdkVersion:33; startForegroundCount:0; bindFromPackage:null]
06-23 02:18:47.139 1694 3074 I am_uid_running: 10057
06-23 02:18:47.139 1694 3074 D CompatibilityChangeReporter: Compat change id reported: 135634846; UID 10057; state: DISABLED
06-23 02:18:47.140 1694 1770 D CompatibilityChangeReporter: Compat change id reported: 143937733; UID 10057; state: DISABLED
06-23 02:18:47.140 1694 3074 D OomAdjuster: Not killing cached processes
06-23 02:18:47.141 1694 3074 I am_uid_active: 10057
06-23 02:18:47.146 3801 3885 D SplashSocketThread: launching app with package: com.microsoft.skype.teams.ipphone using uri:
06-23 02:18:47.147 3801 3885 D SplashSocketThread: launching app with package: com.microsoft.skype.teams.ipphone using uri:
06-23 02:18:47.149 1694 1767 I am_pss : [3269,10062,com.crestron.home,36626432,20307968,0,124690432,0,4,7]
06-23 02:18:47.149 1694 3074 D CompatibilityChangeReporter: Compat change id reported: 161252188; UID 10042; state: DISABLED
06-23 02:18:47.149 1694 3074 I ActivityTaskManager: START u0 {act=android.intent.action.MAIN cat=[android.intent.category.LAUNCHER] flg=0x10010000 pkg=com.microsoft.skype.teams.ipphone cmp=com.microsoft.skype.teams.ipphone/com.microsoft.skype.teams.Launcher} from uid 10060
06-23 02:18:47.150 1694 3074 D CompatibilityChangeReporter: Compat change id reported: 265464455; UID 10042; state: DISABLED
06-23 02:18:47.150 1694 3074 D CompatibilityChangeReporter: Compat change id reported: 265452344; UID 10042; state: DISABLED
06-23 02:18:47.150 1694 3074 D CompatibilityChangeReporter: Compat change id reported: 266124927; UID 10042; state: DISABLED
06-23 02:18:47.150 1694 3074 D CompatibilityChangeReporter: Compat change id reported: 265451093; UID 10042; state: DISABLED
06-23 02:18:47.150 1694 3074 D CompatibilityChangeReporter: Compat change id reported: 265456536; UID 10042; state: DISABLED
06-23 02:18:47.151 1694 3074 D CompatibilityChangeReporter: Compat change id reported: 255940284; UID 10042; state: DISABLED
06-23 02:18:47.151 1694 3074 D CompatibilityChangeReporter: Compat change id reported: 236283604; UID 10042; state: DISABLED
06-23 02:18:47.151 1694 3074 D CompatibilityChangeReporter: Compat change id reported: 263959004; UID 10042; state: DISABLED
06-23 02:18:47.151 1694 3074 D CompatibilityChangeReporter: Compat change id reported: 264304459; UID 10042; state: DISABLED
06-23 02:18:47.151 1694 3074 D CompatibilityChangeReporter: Compat change id reported: 264301586; UID 10042; state: DISABLED
06-23 02:18:47.151 1694 3074 D CompatibilityChangeReporter: Compat change id reported: 254631730; UID 10042; state: DISABLED
06-23 02:18:47.151 1694 3074 D CompatibilityChangeReporter: Compat change id reported: 273509367; UID 10042; state: DISABLED
06-23 02:18:47.151 1694 3074 D CompatibilityChangeReporter: Compat change id reported: 263259275; UID 10042; state: DISABLED
06-23 02:18:47.151 970 970 D Zygote : Forked child process 7320
06-23 02:18:47.152 1694 1770 I am_proc_start: [0,7320,10057,com.crestron.settings,service,{com.crestron.settings/com.crestron.settings.server.NucService}]
06-23 02:18:47.152 1694 1770 I ActivityManager: Start proc 7320:com.crestron.settings/u0a57 for service {com.crestron.settings/com.crestron.settings.server.NucService}
06-23 02:18:47.153 1694 3074 D CompatibilityChangeReporter: Compat change id reported: 194480991; UID 10042; state: ENABLED
06-23 02:18:47.155 1150 1180 E ANDR-PERF-RESOURCEQS: ANDR-PERF-RESOURCEQS: AddAndApply() 167: Failed to apply optimization [3, 0]
06-23 02:18:47.156 1694 1767 I am_pss : [3282,10027,android.process.media,9809920,7663616,0,104472576,0,19,6]
06-23 02:18:47.156 1694 3074 D CompatibilityChangeReporter: Compat change id reported: 174042980; UID 10042; state: DISABLED
06-23 02:18:47.156 1694 3074 E CellBroadcastUtils: getDefaultCellBroadcastReceiverPackageName: no package found
06-23 02:18:47.157 1694 3074 I wm_task_created: [26,-1]
06-23 02:18:47.159 7320 7320 I Zygote : seccomp disabled by setenforce 0
06-23 02:18:47.160 1150 1180 E ANDR-PERF-RESOURCEQS: ANDR-PERF-RESOURCEQS: AddAndApply() 167: Failed to apply optimization [3, 0]
06-23 02:18:47.161 1150 1180 E ANDR-PERF-OPTSHANDLER: ANDR-PERF-OPTSHANDLER: grp_migrate_action_apply() 3093: Unable to read default migrate values
06-23 02:18:47.161 1150 1180 E ANDR-PERF-RESOURCEQS: ANDR-PERF-RESOURCEQS: AddAndApply() 167: Failed to apply optimization [3, 61]
06-23 02:18:47.161 1150 1180 E ANDR-PERF-UTIL: ANDR-PERF-UTIL: save_node_val() 366: Failed to read /proc/sys/walt/sched_busy_hysteresis_enable_cpus
06-23 02:18:47.161 1150 1180 E ANDR-PERF-OPTSHANDLER: ANDR-PERF-OPTSHANDLER: modify_sysfsnode() 1070: Failed to read /proc/sys/walt/sched_busy_hysteresis_enable_cpus
06-23 02:18:47.161 1150 1180 E ANDR-PERF-RESOURCEQS: ANDR-PERF-RESOURCEQS: AddAndApply() 167: Failed to apply optimization [3, 29]
06-23 02:18:47.161 1150 1180 E ANDR-PERF-UTIL: ANDR-PERF-UTIL: save_node_val() 366: Failed to read /proc/sys/walt/sched_busy_hyst_ns
06-23 02:18:47.161 1150 1180 E ANDR-PERF-OPTSHANDLER: ANDR-PERF-OPTSHANDLER: modify_sysfsnode() 1070: Failed to read /proc/sys/walt/sched_busy_hyst_ns
06-23 02:18:47.161 1150 1180 E ANDR-PERF-RESOURCEQS: ANDR-PERF-RESOURCEQS: AddAndApply() 167: Failed to apply optimization [1, 2]
06-23 02:18:47.161 1150 1180 E ANDR-PERF-UTIL: ANDR-PERF-UTIL: save_node_val() 366: Failed to read /proc/sys/walt/sched_upmigrate
06-23 02:18:47.161 1150 1180 E ANDR-PERF-OPTSHANDLER: ANDR-PERF-OPTSHANDLER: read_curmigrate_val() 2809: Failed to read /proc/sys/walt/sched_upmigrate
06-23 02:18:47.161 1150 1180 E ANDR-PERF-UTIL: ANDR-PERF-UTIL: save_node_val() 366: Failed to read /proc/sys/walt/sched_downmigrate
06-23 02:18:47.161 1150 1180 E ANDR-PERF-OPTSHANDLER: ANDR-PERF-OPTSHANDLER: read_curmigrate_val() 2809: Failed to read /proc/sys/walt/sched_downmigrate
06-23 02:18:47.161 1150 1180 E ANDR-PERF-OPTSHANDLER: ANDR-PERF-OPTSHANDLER: migrate_action_apply() 2859: Unable to read default migrate values
06-23 02:18:47.161 1150 1180 E ANDR-PERF-RESOURCEQS: ANDR-PERF-RESOURCEQS: AddAndApply() 167: Failed to apply optimization [3, 56]
06-23 02:18:47.161 1150 1180 E ANDR-PERF-UTIL: ANDR-PERF-UTIL: save_node_val() 366: Failed to read /proc/sys/walt/sched_upmigrate
06-23 02:18:47.161 1150 1180 E ANDR-PERF-OPTSHANDLER: ANDR-PERF-OPTSHANDLER: read_curmigrate_val() 2809: Failed to read /proc/sys/walt/sched_upmigrate
06-23 02:18:47.161 1150 1180 E ANDR-PERF-UTIL: ANDR-PERF-UTIL: save_node_val() 366: Failed to read /proc/sys/walt/sched_downmigrate
06-23 02:18:47.161 1150 1180 E ANDR-PERF-OPTSHANDLER: ANDR-PERF-OPTSHANDLER: read_curmigrate_val() 2809: Failed to read /proc/sys/walt/sched_downmigrate
06-23 02:18:47.161 1150 1180 E ANDR-PERF-OPTSHANDLER: ANDR-PERF-OPTSHANDLER: migrate_action_apply() 2859: Unable to read default migrate values
06-23 02:18:47.161 1150 1180 E ANDR-PERF-RESOURCEQS: ANDR-PERF-RESOURCEQS: AddAndApply() 167: Failed to apply optimization [3, 56]
06-23 02:18:47.163 1150 1180 E ANDR-PERF-RESOURCEQS: ANDR-PERF-RESOURCEQS: AddAndApply() 167: Failed to apply optimization [3, 0]
06-23 02:18:47.163 1694 3074 D CompatibilityChangeReporter: Compat change id reported: 184838306; UID 10042; state: DISABLED
06-23 02:18:47.163 1694 3074 D CompatibilityChangeReporter: Compat change id reported: 185004937; UID 10042; state: DISABLED
06-23 02:18:47.163 1694 3074 D CompatibilityChangeReporter: Compat change id reported: 181136395; UID 10042; state: DISABLED
06-23 02:18:47.163 1694 3074 D CompatibilityChangeReporter: Compat change id reported: 174042936; UID 10042; state: DISABLED
06-23 02:18:47.163 1694 1767 I am_pss : [3290,10022,android.process.acore,12669952,9846784,0,111366144,0,19,6]
06-23 02:18:47.163 1694 3074 D CompatibilityChangeReporter: Compat change id reported: 197654537; UID 10042; state: ENABLED
06-23 02:18:47.163 1694 3074 I wm_task_moved: [26,1,4]
06-23 02:18:47.163 1694 3074 I wm_task_to_front: [0,26]
06-23 02:18:47.163 1694 3074 I wm_create_task: [0,26]
06-23 02:18:47.163 1694 3074 I wm_create_activity: [0,149470355,26,com.microsoft.skype.teams.ipphone/com.microsoft.skype.teams.Launcher,android.intent.action.MAIN,NULL,NULL,268500992]
06-23 02:18:47.163 1694 3074 I wm_task_moved: [26,1,4]
06-23 02:18:47.164 1694 3074 I ActivityNotifier: DynamicDDS service disabled
06-23 02:18:47.164 4535 4535 I wm_on_top_resumed_lost_called: [189134434,com.crestron.byod.display.MainActivity,topStateChangedWhenResumed]
06-23 02:18:47.164 1694 3074 D ActivityTrigger: ActivityTrigger activityPauseTrigger
06-23 02:18:47.164 1694 3074 I wm_pause_activity: [0,189134434,com.crestron.byod.display/.MainActivity,userLeaving=true,pauseBackTasks]
06-23 02:18:47.165 1694 3074 D CompatibilityChangeReporter: Compat change id reported: 194833441; UID 10042; state: ENABLED
06-23 02:18:47.165 1694 2585 I ActivityManager: Background started FGS: Allowed [callingPackage: com.android.shell; callingUid: 0; uidState: NONE; intent: Intent { act=android.intent.action.MAIN cat=[android.intent.category.LAUNCHER] cmp=com.crestron.ucpr/.UCPRService }; code:SYSTEM_UID; tempAllowListReason:; targetSdkVersion:30; callerTargetSdkVersion:33; startForegroundCount:0; bindFromPackage:null]
06-23 02:18:47.165 1694 2585 I am_uid_running: 10030
06-23 02:18:47.166 1694 2585 D CompatibilityChangeReporter: Compat change id reported: 135634846; UID 10030; state: DISABLED
06-23 02:18:47.166 1694 1770 D CompatibilityChangeReporter: Compat change id reported: 143937733; UID 10030; state: ENABLED
06-23 02:18:47.166 4535 4535 V BYODDisplay: onPause
06-23 02:18:47.166 1694 2585 I am_uid_active: 10030
06-23 02:18:47.166 1694 1760 I am_uid_running: 10042
06-23 02:18:47.166 1694 1760 D CompatibilityChangeReporter: Compat change id reported: 135634846; UID 10042; state: DISABLED
06-23 02:18:47.166 1694 1760 D CompatibilityChangeReporter: Compat change id reported: 177438394; UID 10042; state: DISABLED
06-23 02:18:47.166 1694 1760 D CompatibilityChangeReporter: Compat change id reported: 135772972; UID 10042; state: DISABLED
06-23 02:18:47.166 1694 1760 D CompatibilityChangeReporter: Compat change id reported: 135754954; UID 10042; state: ENABLED
06-23 02:18:47.167 4535 4535 I wm_on_paused_called: [189134434,com.crestron.byod.display.MainActivity,performPause]
06-23 02:18:47.167 1694 1760 D WindowManager: framework set brightness value = NaN
06-23 02:18:47.169 1694 3075 I wm_add_to_stopping: [0,189134434,com.crestron.byod.display/.MainActivity,makeInvisible]
06-23 02:18:47.169 1694 3075 I wm_add_to_stopping: [0,248402598,com.crestron.splash/.Splash,makeInvisible]
06-23 02:18:47.169 1694 1757 I sysui_multi_action: [757,803,799,window_time_0,802,25]
06-23 02:18:47.170 1694 1760 D WindowManager: framework set brightness value = NaN
06-23 02:18:47.171 1694 1767 I am_pss : [4034,10055,com.crestron.vendor,29007872,18587648,0,100220928,0,4,5]
06-23 02:18:47.174 7320 7320 W estron.settings: Using default instruction set features for ARM CPU variant (cortex-a9) using conservative defaults
06-23 02:18:47.178 970 970 D Zygote : Forked child process 7339
